[INFO] fetching crate refiner 0.1.1...
[INFO] testing refiner-0.1.1 against 1.99.0-beta.8+cargoflags=--release for beta-release-1.100-2
[INFO] extracting crate refiner 0.1.1 into /workspace/builds/worker-0-tc1/source
[INFO] started tweaking crates.io crate refiner 0.1.1
[INFO] finished tweaking crates.io crate refiner 0.1.1
[INFO] tweaked toml for crates.io crate refiner 0.1.1 written to /workspace/builds/worker-0-tc1/source/Cargo.toml
[INFO] validating manifest of crates.io crate refiner 0.1.1 on toolchain 1.99.0-beta.8
[INFO] running `Command { std: CARGO_HOME="/workspace/cargo-home" RUSTUP_HOME="/workspace/rustup-home" "/workspace/cargo-home/bin/cargo" "+1.99.0-beta.8" "metadata" "--manifest-path" "Cargo.toml" "--no-deps", kill_on_drop: false }`
[INFO] crate crates.io crate refiner 0.1.1 already has a lockfile, it will not be regenerated
[INFO] running `Command { std: CARGO_HOME="/workspace/cargo-home" RUSTUP_HOME="/workspace/rustup-home" "/workspace/cargo-home/bin/cargo" "+1.99.0-beta.8" "fetch" "--manifest-path" "Cargo.toml", kill_on_drop: false }`
[INFO] [stderr]     Blocking waiting for file lock on package cache
[INFO] [stderr]     Updating crates.io index
[INFO] [stderr]  Downloading crates ...
[INFO] [stderr]   Downloaded rustc_version v0.4.0
[INFO] [stderr]   Downloaded is_slice v0.4.0
[INFO] [stderr]   Downloaded typing_tools v0.3.0
[INFO] [stderr]   Downloaded test_tools v0.5.0
[INFO] [stderr]   Downloaded inspect_type v0.5.0
[INFO] [stderr]   Downloaded basic-toml v0.1.8
[INFO] [stderr]   Downloaded glob v0.3.1
[INFO] [stderr]   Downloaded interval_adapter v0.2.3
[INFO] [stderr]   Downloaded serde v1.0.197
[INFO] [stderr]   Downloaded derive_tools v0.2.0
[INFO] [stderr]   Downloaded winapi-util v0.1.6
[INFO] [stderr]   Downloaded error_tools v0.4.0
[INFO] [stderr]   Downloaded diagnostics_tools v0.3.0
[INFO] [stderr]   Downloaded convert_case v0.4.0
[INFO] [stderr]   Downloaded literally v0.1.3
[INFO] [stderr]   Downloaded mod_interface v0.4.0
[INFO] [stderr]   Downloaded derive_tools_meta v0.2.0
[INFO] [stderr]   Downloaded implements v0.3.0
[INFO] [stderr]   Downloaded itoa v1.0.10
[INFO] [stderr]   Downloaded impls_index v0.2.0
[INFO] [stderr]   Downloaded thiserror-impl v1.0.57
[INFO] [stderr]   Downloaded impls_index_meta v0.2.0
[INFO] [stderr]   Downloaded meta_tools v0.5.0
[INFO] [stderr]   Downloaded dissimilar v1.0.7
[INFO] [stderr]   Downloaded paste v1.0.14
[INFO] [stderr]   Downloaded mod_interface_meta v0.3.0
[INFO] [stderr]   Downloaded for_each v0.3.0
[INFO] [stderr]   Downloaded yansi v0.5.1
[INFO] [stderr]   Downloaded either v1.6.1
[INFO] [stderr]   Downloaded quote v1.0.35
[INFO] [stderr]   Downloaded rustversion v1.0.14
[INFO] [stderr]   Downloaded macro_tools v0.2.0
[INFO] [stderr]   Downloaded semver v1.0.22
[INFO] [stderr]   Downloaded thiserror v1.0.57
[INFO] [stderr]   Downloaded proc-macro2 v1.0.78
[INFO] [stderr]   Downloaded ryu v1.0.17
[INFO] [stderr]   Downloaded diff v0.1.13
[INFO] [stderr]   Downloaded serde_derive v1.0.197
[INFO] [stderr]   Downloaded trybuild v1.0.89
[INFO] [stderr]   Downloaded num-traits v0.2.18
[INFO] [stderr]   Downloaded derive_more v0.99.17
[INFO] [stderr]   Downloaded anyhow v1.0.80
[INFO] [stderr]   Downloaded pretty_assertions v1.4.0
[INFO] [stderr]   Downloaded winterval v0.1.5
[INFO] [stderr]   Downloaded serde_json v1.0.114
[INFO] [stderr]   Downloaded type_constructor v0.1.19
[INFO] [stderr]   Downloaded mem_tools v0.1.1
[INFO] [stderr]   Downloaded data_type v0.1.9
[INFO] [stderr]   Downloaded syn v2.0.50
[INFO] running `Command { std: "docker" "create" "-v" "/var/lib/crater-agent-workspace/builds/worker-0-tc1/source:/opt/rustwide/workdir:ro,Z" "-v" "/var/lib/crater-agent-workspace/builds/worker-0-tc1/target:/opt/rustwide/target:rw,Z" "-v" "/var/lib/crater-agent-workspace/cargo-home:/opt/rustwide/cargo-home:ro,Z" "-v" "/var/lib/crater-agent-workspace/rustup-home:/opt/rustwide/rustup-home:ro,Z" "-m" "1610612736" "--network" "none" "ghcr.io/rust-lang/crates-build-env/linux@sha256:77db811e55d90add9212f6832c23229e3de5f1c1f9905e8cb07319ea15df73ac" "sleep" "infinity", kill_on_drop: false }`
[INFO] [stdout] 4fec5a006be7bbce7c6fc16e95566473f0c5478d2c2a3ce78b346b5c9eb0b6c7
[INFO] running `Command { std: "docker" "start" "4fec5a006be7bbce7c6fc16e95566473f0c5478d2c2a3ce78b346b5c9eb0b6c7", kill_on_drop: false }`
[INFO] running `Command { std: "docker" "inspect" "4fec5a006be7bbce7c6fc16e95566473f0c5478d2c2a3ce78b346b5c9eb0b6c7", kill_on_drop: false }`
[INFO] running `Command { std: "docker" "exec" "-e" "SOURCE_DIR=/opt/rustwide/workdir" "-e" "CARGO_HOME=/opt/rustwide/cargo-home" "-e" "RUSTUP_HOME=/opt/rustwide/rustup-home" "-e" "CARGO_TARGET_DIR=/opt/rustwide/target" "-w" "/opt/rustwide/workdir" "--user" "0:0" "4fec5a006be7bbce7c6fc16e95566473f0c5478d2c2a3ce78b346b5c9eb0b6c7" "/opt/rustwide/cargo-home/bin/cargo" "+1.99.0-beta.8" "metadata" "--no-deps" "--format-version=1", kill_on_drop: false }`
[INFO] running `Command { std: "docker" "inspect" "4fec5a006be7bbce7c6fc16e95566473f0c5478d2c2a3ce78b346b5c9eb0b6c7", kill_on_drop: false }`
[INFO] running `Command { std: "docker" "exec" "-e" "SOURCE_DIR=/opt/rustwide/workdir" "-e" "CARGO_HOME=/opt/rustwide/cargo-home" "-e" "RUSTUP_HOME=/opt/rustwide/rustup-home" "-e" "CARGO_TARGET_DIR=/opt/rustwide/target" "-e" "CARGO_INCREMENTAL=0" "-e" "RUST_BACKTRACE=full" "-e" "RUSTFLAGS=--cap-lints=warn" "-e" "RUSTDOCFLAGS=--cap-lints=warn" "-w" "/opt/rustwide/workdir" "--user" "0:0" "4fec5a006be7bbce7c6fc16e95566473f0c5478d2c2a3ce78b346b5c9eb0b6c7" "/opt/rustwide/cargo-home/bin/cargo" "+1.99.0-beta.8" "build" "--frozen" "--message-format=json" "--release", kill_on_drop: false }`
[INFO] [stderr]    Compiling proc-macro2 v1.0.78
[INFO] [stderr]    Compiling unicode-ident v1.0.12
[INFO] [stderr]    Compiling syn v1.0.109
[INFO] [stderr]    Compiling interval_adapter v0.2.3
[INFO] [stderr]    Compiling convert_case v0.4.0
[INFO] [stderr]    Compiling paste v1.0.14
[INFO] [stderr]    Compiling anyhow v1.0.80
[INFO] [stderr]    Compiling thiserror v1.0.57
[INFO] [stderr]    Compiling for_each v0.3.0
[INFO] [stderr]    Compiling literally v0.1.3
[INFO] [stderr]    Compiling quote v1.0.35
[INFO] [stderr]    Compiling syn v2.0.50
[INFO] [stderr]    Compiling thiserror-impl v1.0.57
[INFO] [stderr]    Compiling error_tools v0.4.0
[INFO] [stderr]    Compiling macro_tools v0.2.0
[INFO] [stderr]    Compiling derive_tools_meta v0.2.0
[INFO] [stderr]    Compiling derive_more v0.99.17
[INFO] [stderr]    Compiling impls_index_meta v0.2.0
[INFO] [stderr]    Compiling impls_index v0.2.0
[INFO] [stderr]    Compiling derive_tools v0.2.0
[INFO] [stderr]    Compiling mod_interface_meta v0.3.0
[INFO] [stderr]    Compiling mod_interface v0.4.0
[INFO] [stderr]    Compiling meta_tools v0.5.0
[INFO] [stderr]    Compiling refiner v0.1.1 (/opt/rustwide/workdir)
[INFO] [stdout] warning: unexpected `cfg` condition value: `no_std`
[INFO] [stdout]  --> src/lib.rs:1:15
[INFO] [stdout]   |
[INFO] [stdout] 1 | #![ cfg_attr( feature = "no_std", no_std ) ]
[INFO] [stdout]   |               ^^^^^^^^^^^^^^^^^^
[INFO] [stdout]   |
[INFO] [stdout]   = note: expected values for `feature` are: `default`, `enabled`, and `full`
[INFO] [stdout]   = help: consider adding `no_std` as a feature in `Cargo.toml`
[INFO] [stdout]   = note: see <https://doc.rust-lang.org/nightly/rustc/check-cfg/cargo-specifics.html> for more information about checking conditional configuration
[INFO] [stdout]   = note: `#[warn(unexpected_cfgs)]` on by default
[INFO] [stdout] 
[INFO] [stdout] 
[INFO] [stdout] warning: unexpected `cfg` condition value: `no_std`
[INFO] [stdout]   --> src/lib.rs:10:16
[INFO] [stdout]    |
[INFO] [stdout] 10 |   #[ cfg( not( feature = "no_std" ) ) ]
[INFO] [stdout]    |                ^^^^^^^^^^^^^^^^^^
[INFO] [stdout]    |
[INFO] [stdout]    = note: expected values for `feature` are: `default`, `enabled`, and `full`
[INFO] [stdout]    = help: consider adding `no_std` as a feature in `Cargo.toml`
[INFO] [stdout]    = note: see <https://doc.rust-lang.org/nightly/rustc/check-cfg/cargo-specifics.html> for more information about checking conditional configuration
[INFO] [stdout] 
[INFO] [stdout] 
[INFO] [stdout] warning: unexpected `cfg` condition value: `no_std`
[INFO] [stdout]   --> src/lib.rs:13:16
[INFO] [stdout]    |
[INFO] [stdout] 13 |   #[ cfg( not( feature = "no_std" ) ) ]
[INFO] [stdout]    |                ^^^^^^^^^^^^^^^^^^
[INFO] [stdout]    |
[INFO] [stdout]    = note: expected values for `feature` are: `default`, `enabled`, and `full`
[INFO] [stdout]    = help: consider adding `no_std` as a feature in `Cargo.toml`
[INFO] [stdout]    = note: see <https://doc.rust-lang.org/nightly/rustc/check-cfg/cargo-specifics.html> for more information about checking conditional configuration
[INFO] [stdout] 
[INFO] [stdout] 
[INFO] [stderr]     Finished `release` profile [optimized] target(s) in 7.58s
[INFO] running `Command { std: "docker" "inspect" "4fec5a006be7bbce7c6fc16e95566473f0c5478d2c2a3ce78b346b5c9eb0b6c7", kill_on_drop: false }`
[INFO] running `Command { std: "docker" "exec" "-e" "SOURCE_DIR=/opt/rustwide/workdir" "-e" "CARGO_HOME=/opt/rustwide/cargo-home" "-e" "RUSTUP_HOME=/opt/rustwide/rustup-home" "-e" "CARGO_TARGET_DIR=/opt/rustwide/target" "-e" "CARGO_INCREMENTAL=0" "-e" "RUST_BACKTRACE=full" "-e" "RUSTFLAGS=--cap-lints=warn" "-e" "RUSTDOCFLAGS=--cap-lints=warn" "-w" "/opt/rustwide/workdir" "--user" "0:0" "4fec5a006be7bbce7c6fc16e95566473f0c5478d2c2a3ce78b346b5c9eb0b6c7" "/opt/rustwide/cargo-home/bin/cargo" "+1.99.0-beta.8" "test" "--frozen" "--no-run" "--message-format=json" "--release", kill_on_drop: false }`
[INFO] [stderr]    Compiling semver v1.0.22
[INFO] [stderr]    Compiling serde v1.0.197
[INFO] [stderr]    Compiling autocfg v1.1.0
[INFO] [stderr]    Compiling serde_json v1.0.114
[INFO] [stderr]    Compiling yansi v0.5.1
[INFO] [stderr]    Compiling rustversion v1.0.14
[INFO] [stderr]    Compiling diff v0.1.13
[INFO] [stderr]    Compiling trybuild v1.0.89
[INFO] [stderr]    Compiling ryu v1.0.17
[INFO] [stderr]    Compiling itoa v1.0.10
[INFO] [stderr]    Compiling winterval v0.1.5
[INFO] [stderr]    Compiling once_cell v1.19.0
[INFO] [stderr]    Compiling glob v0.3.1
[INFO] [stderr]    Compiling implements v0.3.0
[INFO] [stderr]    Compiling serde_derive v1.0.197
[INFO] [stderr]    Compiling type_constructor v0.1.19
[INFO] [stderr]    Compiling either v1.6.1
[INFO] [stderr]    Compiling dissimilar v1.0.7
[INFO] [stderr]    Compiling is_slice v0.4.0
[INFO] [stderr]    Compiling termcolor v1.4.1
[INFO] [stderr]    Compiling mem_tools v0.1.1
[INFO] [stdout] warning: unexpected `cfg` condition value: `no_std`
[INFO] [stdout]  --> src/lib.rs:1:15
[INFO] [stdout]   |
[INFO] [stdout] 1 | #![ cfg_attr( feature = "no_std", no_std ) ]
[INFO] [stdout]   |               ^^^^^^^^^^^^^^^^^^
[INFO] [stdout]   |
[INFO] [stdout]   = note: expected values for `feature` are: `default`, `enabled`, and `full`
[INFO] [stdout]   = help: consider adding `no_std` as a feature in `Cargo.toml`
[INFO] [stdout]   = note: see <https://doc.rust-lang.org/nightly/rustc/check-cfg/cargo-specifics.html> for more information about checking conditional configuration
[INFO] [stdout]   = note: `#[warn(unexpected_cfgs)]` on by default
[INFO] [stdout] 
[INFO] [stdout] 
[INFO] [stdout] warning: unexpected `cfg` condition value: `no_std`
[INFO] [stdout]   --> src/lib.rs:10:16
[INFO] [stdout]    |
[INFO] [stdout] 10 |   #[ cfg( not( feature = "no_std" ) ) ]
[INFO] [stdout]    |                ^^^^^^^^^^^^^^^^^^
[INFO] [stdout]    |
[INFO] [stdout]    = note: expected values for `feature` are: `default`, `enabled`, and `full`
[INFO] [stdout]    = help: consider adding `no_std` as a feature in `Cargo.toml`
[INFO] [stdout]    = note: see <https://doc.rust-lang.org/nightly/rustc/check-cfg/cargo-specifics.html> for more information about checking conditional configuration
[INFO] [stdout] 
[INFO] [stdout] 
[INFO] [stdout] warning: unexpected `cfg` condition value: `no_std`
[INFO] [stdout]   --> src/lib.rs:13:16
[INFO] [stdout]    |
[INFO] [stdout] 13 |   #[ cfg( not( feature = "no_std" ) ) ]
[INFO] [stdout]    |                ^^^^^^^^^^^^^^^^^^
[INFO] [stdout]    |
[INFO] [stdout]    = note: expected values for `feature` are: `default`, `enabled`, and `full`
[INFO] [stdout]    = help: consider adding `no_std` as a feature in `Cargo.toml`
[INFO] [stdout]    = note: see <https://doc.rust-lang.org/nightly/rustc/check-cfg/cargo-specifics.html> for more information about checking conditional configuration
[INFO] [stdout] 
[INFO] [stdout] 
[INFO] [stderr]    Compiling pretty_assertions v1.4.0
[INFO] [stderr]    Compiling data_type v0.1.9
[INFO] [stderr]    Compiling num-traits v0.2.18
[INFO] [stderr]    Compiling diagnostics_tools v0.3.0
[INFO] [stderr]    Compiling rustc_version v0.4.0
[INFO] [stderr]    Compiling inspect_type v0.5.0
[INFO] [stderr]    Compiling test_tools v0.5.0
[INFO] [stderr]    Compiling typing_tools v0.3.0
[INFO] [stderr]    Compiling basic-toml v0.1.8
[INFO] [stderr]    Compiling refiner v0.1.1 (/opt/rustwide/workdir)
[INFO] [stdout] warning: unexpected `cfg` condition value: `no_std`
[INFO] [stdout]  --> src/lib.rs:1:15
[INFO] [stdout]   |
[INFO] [stdout] 1 | #![ cfg_attr( feature = "no_std", no_std ) ]
[INFO] [stdout]   |               ^^^^^^^^^^^^^^^^^^
[INFO] [stdout]   |
[INFO] [stdout]   = note: expected values for `feature` are: `default`, `enabled`, and `full`
[INFO] [stdout]   = help: consider adding `no_std` as a feature in `Cargo.toml`
[INFO] [stdout]   = note: see <https://doc.rust-lang.org/nightly/rustc/check-cfg/cargo-specifics.html> for more information about checking conditional configuration
[INFO] [stdout]   = note: `#[warn(unexpected_cfgs)]` on by default
[INFO] [stdout] 
[INFO] [stdout] 
[INFO] [stdout] warning: unexpected `cfg` condition value: `no_std`
[INFO] [stdout]   --> src/lib.rs:10:16
[INFO] [stdout]    |
[INFO] [stdout] 10 |   #[ cfg( not( feature = "no_std" ) ) ]
[INFO] [stdout]    |                ^^^^^^^^^^^^^^^^^^
[INFO] [stdout]    |
[INFO] [stdout]    = note: expected values for `feature` are: `default`, `enabled`, and `full`
[INFO] [stdout]    = help: consider adding `no_std` as a feature in `Cargo.toml`
[INFO] [stdout]    = note: see <https://doc.rust-lang.org/nightly/rustc/check-cfg/cargo-specifics.html> for more information about checking conditional configuration
[INFO] [stdout] 
[INFO] [stdout] 
[INFO] [stdout] warning: unexpected `cfg` condition value: `no_std`
[INFO] [stdout]   --> src/lib.rs:13:16
[INFO] [stdout]    |
[INFO] [stdout] 13 |   #[ cfg( not( feature = "no_std" ) ) ]
[INFO] [stdout]    |                ^^^^^^^^^^^^^^^^^^
[INFO] [stdout]    |
[INFO] [stdout]    = note: expected values for `feature` are: `default`, `enabled`, and `full`
[INFO] [stdout]    = help: consider adding `no_std` as a feature in `Cargo.toml`
[INFO] [stdout]    = note: see <https://doc.rust-lang.org/nightly/rustc/check-cfg/cargo-specifics.html> for more information about checking conditional configuration
[INFO] [stdout] 
[INFO] [stdout] 
[INFO] [stdout] warning: missing documentation for the crate
[INFO] [stdout]   --> tests/smoke_test.rs:3:1
[INFO] [stdout]    |
[INFO] [stdout]  3 | / #[ ignore ]
[INFO] [stdout]  4 | | #[ test ]
[INFO] [stdout]  5 | | fn local_smoke_test()
[INFO] [stdout] ...  |
[INFO] [stdout] 14 | |   ::test_tools::smoke_test_for_published_run();
[INFO] [stdout] 15 | | }
[INFO] [stdout]    | |_^
[INFO] [stdout]    |
[INFO] [stdout]    = note: requested on the command line with `-D missing-docs`
[INFO] [stdout] 
[INFO] [stdout] 
[INFO] [stderr]     Finished `release` profile [optimized] target(s) in 18.35s
[INFO] running `Command { std: "docker" "inspect" "4fec5a006be7bbce7c6fc16e95566473f0c5478d2c2a3ce78b346b5c9eb0b6c7", kill_on_drop: false }`
[INFO] running `Command { std: "docker" "exec" "-e" "SOURCE_DIR=/opt/rustwide/workdir" "-e" "CARGO_HOME=/opt/rustwide/cargo-home" "-e" "RUSTUP_HOME=/opt/rustwide/rustup-home" "-e" "CARGO_TARGET_DIR=/opt/rustwide/target" "-e" "CARGO_INCREMENTAL=0" "-e" "RUST_BACKTRACE=full" "-e" "RUSTFLAGS=--cap-lints=warn" "-e" "RUSTDOCFLAGS=--cap-lints=warn" "-w" "/opt/rustwide/workdir" "--user" "0:0" "4fec5a006be7bbce7c6fc16e95566473f0c5478d2c2a3ce78b346b5c9eb0b6c7" "/opt/rustwide/cargo-home/bin/cargo" "+1.99.0-beta.8" "test" "--frozen" "--release", kill_on_drop: false }`
[INFO] [stderr] warning: unexpected `cfg` condition value: `no_std`
[INFO] [stderr]  --> src/lib.rs:1:15
[INFO] [stderr]   |
[INFO] [stderr] 1 | #![ cfg_attr( feature = "no_std", no_std ) ]
[INFO] [stderr]   |               ^^^^^^^^^^^^^^^^^^
[INFO] [stderr]   |
[INFO] [stderr]   = note: expected values for `feature` are: `default`, `enabled`, and `full`
[INFO] [stderr]   = help: consider adding `no_std` as a feature in `Cargo.toml`
[INFO] [stderr]   = note: see <https://doc.rust-lang.org/nightly/rustc/check-cfg/cargo-specifics.html> for more information about checking conditional configuration
[INFO] [stderr]   = note: `#[warn(unexpected_cfgs)]` on by default
[INFO] [stderr] 
[INFO] [stderr] warning: unexpected `cfg` condition value: `no_std`
[INFO] [stderr]   --> src/lib.rs:10:16
[INFO] [stderr]    |
[INFO] [stderr] 10 |   #[ cfg( not( feature = "no_std" ) ) ]
[INFO] [stderr]    |                ^^^^^^^^^^^^^^^^^^
[INFO] [stderr]    |
[INFO] [stderr]    = note: expected values for `feature` are: `default`, `enabled`, and `full`
[INFO] [stderr]    = help: consider adding `no_std` as a feature in `Cargo.toml`
[INFO] [stderr]    = note: see <https://doc.rust-lang.org/nightly/rustc/check-cfg/cargo-specifics.html> for more information about checking conditional configuration
[INFO] [stderr] 
[INFO] [stderr] warning: unexpected `cfg` condition value: `no_std`
[INFO] [stderr]   --> src/lib.rs:13:16
[INFO] [stderr]    |
[INFO] [stderr] 13 |   #[ cfg( not( feature = "no_std" ) ) ]
[INFO] [stderr]    |                ^^^^^^^^^^^^^^^^^^
[INFO] [stderr]    |
[INFO] [stderr]    = note: expected values for `feature` are: `default`, `enabled`, and `full`
[INFO] [stderr]    = help: consider adding `no_std` as a feature in `Cargo.toml`
[INFO] [stderr]    = note: see <https://doc.rust-lang.org/nightly/rustc/check-cfg/cargo-specifics.html> for more information about checking conditional configuration
[INFO] [stderr] 
[INFO] [stderr] warning: `refiner` (lib) generated 3 warnings
[INFO] [stderr] warning: missing documentation for the crate
[INFO] [stderr]   --> tests/smoke_test.rs:3:1
[INFO] [stderr]    |
[INFO] [stderr]  3 | / #[ ignore ]
[INFO] [stderr]  4 | | #[ test ]
[INFO] [stderr]  5 | | fn local_smoke_test()
[INFO] [stderr] ...  |
[INFO] [stderr] 14 | |   ::test_tools::smoke_test_for_published_run();
[INFO] [stderr] 15 | | }
[INFO] [stderr]    | |_^
[INFO] [stderr]    |
[INFO] [stderr]    = note: requested on the command line with `-D missing-docs`
[INFO] [stderr] 
[INFO] [stderr] warning: `refiner` (lib test) generated 3 warnings (3 duplicates)
[INFO] [stderr] warning: `refiner` (test "smoke_test") generated 1 warning
[INFO] [stderr]     Finished `release` profile [optimized] target(s) in 0.10s
[INFO] [stderr]      Running unittests src/lib.rs (/opt/rustwide/target/release/deps/refiner-b8b4788971ee36c3)
[INFO] [stdout] 
[INFO] [stdout] running 0 tests
[INFO] [stdout] 
[INFO] [stdout] test result: ok. 0 passed; 0 failed; 0 ignored; 0 measured; 0 filtered out; finished in 0.00s
[INFO] [stdout] 
[INFO] [stderr]      Running unittests src/main.rs (/opt/rustwide/target/release/deps/refiner-beb1c1799039db33)
[INFO] [stdout] 
[INFO] [stdout] running 0 tests
[INFO] [stdout] 
[INFO] [stdout] test result: ok. 0 passed; 0 failed; 0 ignored; 0 measured; 0 filtered out; finished in 0.00s
[INFO] [stdout] 
[INFO] [stderr]      Running tests/smoke_test.rs (/opt/rustwide/target/release/deps/smoke_test-3f3ba2b043c1cb9b)
[INFO] [stdout] 
[INFO] [stdout] running 2 tests
[INFO] [stdout] test local_smoke_test ... ignored
[INFO] [stdout] test published_smoke_test ... FAILED
[INFO] [stdout] 
[INFO] [stdout] failures:
[INFO] [stdout] 
[INFO] [stdout] ---- published_smoke_test stdout ----
[INFO] [stdout] smoke_test_run module_name:refiner module_path:/opt/rustwide/workdir
[INFO] [stdout]     Creating binary (application) `refiner_published_smoke_test` package
[INFO] [stdout] note: see more `Cargo.toml` keys and their definitions at https://doc.rust-lang.org/cargo/reference/manifest.html
[INFO] [stdout] 
[INFO] [stdout] 
[INFO] [stdout] [package]
[INFO] [stdout]         edition = "2021"
[INFO] [stdout]         name = "refiner_smoke_test"
[INFO] [stdout]         version = "0.0.1"
[INFO] [stdout] 
[INFO] [stdout]         [dependencies]
[INFO] [stdout]         refiner = { version = "*"  }
[INFO] [stdout] 
[INFO] [stdout] 
[INFO] [stdout] #[ allow( unused_imports ) ]
[INFO] [stdout]         fn main()
[INFO] [stdout]         {
[INFO] [stdout]           use refiner;
[INFO] [stdout]         }
[INFO] [stdout] 
[INFO] [stdout] status : exit status: 101
[INFO] [stdout] 
[INFO] [stdout]     Updating crates.io index
[INFO] [stdout] warning: spurious network error (3 tries remaining): [6] Could not resolve hostname (Could not resolve host: index.crates.io)
[INFO] [stdout] warning: spurious network error (2 tries remaining): [6] Could not resolve hostname (Could not resolve host: index.crates.io)
[INFO] [stdout] warning: spurious network error (1 try remaining): [6] Could not resolve hostname (Could not resolve host: index.crates.io)
[INFO] [stdout] error: failed to get `refiner` as a dependency of package `refiner_smoke_test v0.0.1 (/tmp/refiner_published_smoke_test/refiner_published_smoke_test)`
[INFO] [stdout] 
[INFO] [stdout] Caused by:
[INFO] [stdout]   failed to load source for dependency `refiner`
[INFO] [stdout] 
[INFO] [stdout] Caused by:
[INFO] [stdout]   unable to update registry `crates-io`
[INFO] [stdout] 
[INFO] [stdout] Caused by:
[INFO] [stdout]   download of config.json failed
[INFO] [stdout] 
[INFO] [stdout] Caused by:
[INFO] [stdout]   [6] Could not resolve hostname (Could not resolve host: index.crates.io)
[INFO] [stdout] 
[INFO] [stdout] 
[INFO] [stdout] thread 'published_smoke_test' (1416) panicked at /opt/rustwide/cargo-home/registry/src/index.crates.io-1949cf8c6b5b557f/test_tools-0.5.0/src/test/smoke_test.rs:169:7:
[INFO] [stdout] Smoke test failed
[INFO] [stdout] stack backtrace:
[INFO] [stdout]    0:     0x64e00e614761 - <<std[70759c8f55707aa4]::sys::backtrace::BacktraceLock>::print::DisplayBacktrace as core[df12db4294e9bfd3]::fmt::Display>::fmt
[INFO] [stdout]    1:     0x64e00e628e7a - core[df12db4294e9bfd3]::fmt::write
[INFO] [stdout]    2:     0x64e00e61906c - <alloc[2182bb758b4b3781]::vec::Vec<u8> as core[df12db4294e9bfd3]::io::write::Write>::write_fmt
[INFO] [stdout]    3:     0x64e00e5ef856 - std[70759c8f55707aa4]::panicking::default_hook::{closure#0}
[INFO] [stdout]    4:     0x64e00e60c609 - std[70759c8f55707aa4]::panicking::default_hook
[INFO] [stdout]    5:     0x64e00e5a7c60 - test[9d35eded1c95d3be]::test_main_inner::<test[9d35eded1c95d3be]::test_main_static::{closure#0}>::{closure#0}
[INFO] [stdout]    6:     0x64e00e60c7c2 - std[70759c8f55707aa4]::panicking::panic_with_hook
[INFO] [stdout]    7:     0x64e00e5ef934 - std[70759c8f55707aa4]::panicking::panic_handler::{closure#0}
[INFO] [stdout]    8:     0x64e00e5e8569 - std[70759c8f55707aa4]::sys::backtrace::__rust_end_short_backtrace::<std[70759c8f55707aa4]::panicking::panic_handler::{closure#0}, !>
[INFO] [stdout]    9:     0x64e00e5f04fd - __rustc[8fa7c3cbc660c2b3]::rust_begin_unwind
[INFO] [stdout]   10:     0x64e00e6295ac - core[df12db4294e9bfd3]::panicking::panic_fmt
[INFO] [stdout]   11:     0x64e00e59a202 - <test_tools[a3f3aa6f37d86cd2]::test::smoke_test::private::SmokeModuleTest>::perform
[INFO] [stdout]   12:     0x64e00e59a8d9 - test_tools[a3f3aa6f37d86cd2]::test::smoke_test::private::smoke_test_run
[INFO] [stdout]   13:     0x64e00e5986fa - <smoke_test[a1a5cbf77fc6f11a]::published_smoke_test::{closure#0} as core[df12db4294e9bfd3]::ops::function::FnOnce<()>>::call_once
[INFO] [stdout]   14:     0x64e00e59af4b - test[9d35eded1c95d3be]::__rust_begin_short_backtrace::<core[df12db4294e9bfd3]::result::Result<(), alloc[2182bb758b4b3781]::string::String>, fn() -> core[df12db4294e9bfd3]::result::Result<(), alloc[2182bb758b4b3781]::string::String>>
[INFO] [stdout]   15:     0x64e00e5a85b5 - test[9d35eded1c95d3be]::run_test::{closure#0}
[INFO] [stdout]   16:     0x64e00e5a1e74 - std[70759c8f55707aa4]::sys::backtrace::__rust_begin_short_backtrace::<test[9d35eded1c95d3be]::run_test::{closure#1}, ()>
[INFO] [stdout]   17:     0x64e00e5ab712 - <std[70759c8f55707aa4]::thread::lifecycle::spawn_unchecked<test[9d35eded1c95d3be]::run_test::{closure#1}, ()>::{closure#1} as core[df12db4294e9bfd3]::ops::function::FnOnce<()>>::call_once::{shim:vtable#0}
[INFO] [stdout]   18:     0x64e00e613e49 - <std[70759c8f55707aa4]::sys::thread::unix::Thread>::new::thread_start
[INFO] [stdout]   19:     0x78c55826cdfa - <unknown>
[INFO] [stdout]   20:     0x78c5583003d4 - clone
[INFO] [stdout]   21:                0x0 - <unknown>
[INFO] [stdout] 
[INFO] [stdout] 
[INFO] [stdout] failures:
[INFO] [stdout]     published_smoke_test
[INFO] [stdout] 
[INFO] [stdout] test result: FAILED. 0 passed; 1 failed; 1 ignored; 0 measured; 0 filtered out; finished in 11.25s
[INFO] [stdout] 
[INFO] [stderr] error: test failed, to rerun pass `--test smoke_test`
[INFO] running `Command { std: "docker" "inspect" "4fec5a006be7bbce7c6fc16e95566473f0c5478d2c2a3ce78b346b5c9eb0b6c7", kill_on_drop: false }`
[INFO] running `Command { std: "docker" "rm" "-f" "4fec5a006be7bbce7c6fc16e95566473f0c5478d2c2a3ce78b346b5c9eb0b6c7", kill_on_drop: false }`
[INFO] [stdout] 4fec5a006be7bbce7c6fc16e95566473f0c5478d2c2a3ce78b346b5c9eb0b6c7
