[INFO] fetching crate reference-browser-gnome 0.1.0...
[INFO] testing reference-browser-gnome-0.1.0 against 1.99.0-beta.8+cargoflags=--release for beta-release-1.100-2
[INFO] extracting crate reference-browser-gnome 0.1.0 into /workspace/builds/worker-1-tc1/source
[INFO] started tweaking crates.io crate reference-browser-gnome 0.1.0
[INFO] finished tweaking crates.io crate reference-browser-gnome 0.1.0
[INFO] tweaked toml for crates.io crate reference-browser-gnome 0.1.0 written to /workspace/builds/worker-1-tc1/source/Cargo.toml
[INFO] validating manifest of crates.io crate reference-browser-gnome 0.1.0 on toolchain 1.99.0-beta.8
[INFO] running `Command { std: CARGO_HOME="/workspace/cargo-home" RUSTUP_HOME="/workspace/rustup-home" "/workspace/cargo-home/bin/cargo" "+1.99.0-beta.8" "metadata" "--manifest-path" "Cargo.toml" "--no-deps", kill_on_drop: false }`
[INFO] crate crates.io crate reference-browser-gnome 0.1.0 already has a lockfile, it will not be regenerated
[INFO] running `Command { std: CARGO_HOME="/workspace/cargo-home" RUSTUP_HOME="/workspace/rustup-home" "/workspace/cargo-home/bin/cargo" "+1.99.0-beta.8" "fetch" "--manifest-path" "Cargo.toml", kill_on_drop: false }`
[INFO] [stderr]     Updating crates.io index
[INFO] [stderr]  Downloading crates ...
[INFO] [stderr]   Downloaded quote v1.0.32
[INFO] [stderr]   Downloaded tuple v0.5.1
[INFO] [stderr]   Downloaded wasm-bindgen-futures v0.4.34
[INFO] [stderr]   Downloaded rustc_version v0.4.0
[INFO] [stderr]   Downloaded wasm-bindgen-shared v0.2.84
[INFO] [stderr]   Downloaded version-compare v0.1.1
[INFO] [stderr]   Downloaded serde_spanned v0.6.1
[INFO] [stderr]   Downloaded field-offset v0.3.5
[INFO] [stderr]   Downloaded proc-macro-crate v1.3.1
[INFO] [stderr]   Downloaded graphene-sys v0.17.0
[INFO] [stderr]   Downloaded glib-build-tools v0.17.0
[INFO] [stderr]   Downloaded wasm-bindgen-macro v0.2.84
[INFO] [stderr]   Downloaded toml_datetime v0.6.1
[INFO] [stderr]   Downloaded gdk-pixbuf-sys v0.17.0
[INFO] [stderr]   Downloaded cairo-sys-rs v0.17.0
[INFO] [stderr]   Downloaded serde v1.0.181
[INFO] [stderr]   Downloaded wasm-bindgen-macro-support v0.2.84
[INFO] [stderr]   Downloaded ipnet v2.7.2
[INFO] [stderr]   Downloaded system-deps v6.0.5
[INFO] [stderr]   Downloaded wasm-bindgen-backend v0.2.84
[INFO] [stderr]   Downloaded lock_api v0.4.10
[INFO] [stderr]   Downloaded pango-sys v0.17.0
[INFO] [stderr]   Downloaded gobject-sys v0.17.4
[INFO] [stderr]   Downloaded gsk4-sys v0.6.3
[INFO] [stderr]   Downloaded email_address v0.2.4
[INFO] [stderr]   Downloaded gtk4-macros v0.6.6
[INFO] [stderr]   Downloaded graphene-rs v0.17.1
[INFO] [stderr]   Downloaded parking_lot_core v0.9.8
[INFO] [stderr]   Downloaded semver v1.0.17
[INFO] [stderr]   Downloaded libadwaita-sys v0.4.1
[INFO] [stderr]   Downloaded target-lexicon v0.12.7
[INFO] [stderr]   Downloaded gdk-pixbuf v0.17.0
[INFO] [stderr]   Downloaded winreg v0.10.1
[INFO] [stderr]   Downloaded redox_syscall v0.3.5
[INFO] [stderr]   Downloaded toml v0.7.3
[INFO] [stderr]   Downloaded glib-macros v0.17.9
[INFO] [stderr]   Downloaded proc-macro2 v1.0.66
[INFO] [stderr]   Downloaded hyper-rustls v0.23.2
[INFO] [stderr]   Downloaded pango v0.17.4
[INFO] [stderr]   Downloaded cfg-expr v0.15.1
[INFO] [stderr]   Downloaded gdk4-sys v0.6.3
[INFO] [stderr]   Downloaded cairo-rs v0.17.0
[INFO] [stderr]   Downloaded bumpalo v3.12.1
[INFO] [stderr]   Downloaded js-sys v0.3.61
[INFO] [stderr]   Downloaded base64 v0.21.2
[INFO] [stderr]   Downloaded tracing-core v0.1.30
[INFO] [stderr]   Downloaded libadwaita v0.4.1
[INFO] [stderr]   Downloaded glib-sys v0.17.4
[INFO] [stderr]   Downloaded gio-sys v0.17.4
[INFO] [stderr]   Downloaded gsk4 v0.6.3
[INFO] [stderr]   Downloaded gdk4 v0.6.3
[INFO] [stderr]   Downloaded tokio-util v0.7.8
[INFO] [stderr]   Downloaded toml_edit v0.19.8
[INFO] [stderr]   Downloaded gtk4-sys v0.6.3
[INFO] [stderr]   Downloaded winnow v0.4.6
[INFO] [stderr]   Downloaded serde_json v1.0.104
[INFO] [stderr]   Downloaded reqwest v0.11.17
[INFO] [stderr]   Downloaded wasm-bindgen v0.2.84
[INFO] [stderr]   Downloaded h2 v0.3.18
[INFO] [stderr]   Downloaded serde_derive v1.0.181
[INFO] [stderr]   Downloaded syn v2.0.28
[INFO] [stderr]   Downloaded gio v0.17.10
[INFO] [stderr]   Downloaded glib v0.17.9
[INFO] [stderr]   Downloaded gtk4 v0.6.6
[INFO] [stderr]   Downloaded libc v0.2.142
[INFO] [stderr]   Downloaded tokio v1.28.0
[INFO] [stderr]   Downloaded web-sys v0.3.61
[INFO] running `Command { std: "docker" "create" "-v" "/var/lib/crater-agent-workspace/builds/worker-1-tc1/source:/opt/rustwide/workdir:ro,Z" "-v" "/var/lib/crater-agent-workspace/builds/worker-1-tc1/target:/opt/rustwide/target:rw,Z" "-v" "/var/lib/crater-agent-workspace/cargo-home:/opt/rustwide/cargo-home:ro,Z" "-v" "/var/lib/crater-agent-workspace/rustup-home:/opt/rustwide/rustup-home:ro,Z" "-m" "1610612736" "--network" "none" "ghcr.io/rust-lang/crates-build-env/linux@sha256:77db811e55d90add9212f6832c23229e3de5f1c1f9905e8cb07319ea15df73ac" "sleep" "infinity", kill_on_drop: false }`
[INFO] [stdout] e2a3ed38d1d05ca0d9be28d135dad6a851574efec25291ec9d7b87cb97c2a64a
[INFO] running `Command { std: "docker" "start" "e2a3ed38d1d05ca0d9be28d135dad6a851574efec25291ec9d7b87cb97c2a64a", kill_on_drop: false }`
[INFO] running `Command { std: "docker" "inspect" "e2a3ed38d1d05ca0d9be28d135dad6a851574efec25291ec9d7b87cb97c2a64a", kill_on_drop: false }`
[INFO] running `Command { std: "docker" "exec" "-e" "SOURCE_DIR=/opt/rustwide/workdir" "-e" "CARGO_HOME=/opt/rustwide/cargo-home" "-e" "RUSTUP_HOME=/opt/rustwide/rustup-home" "-e" "CARGO_TARGET_DIR=/opt/rustwide/target" "-w" "/opt/rustwide/workdir" "--user" "0:0" "e2a3ed38d1d05ca0d9be28d135dad6a851574efec25291ec9d7b87cb97c2a64a" "/opt/rustwide/cargo-home/bin/cargo" "+1.99.0-beta.8" "metadata" "--no-deps" "--format-version=1", kill_on_drop: false }`
[INFO] running `Command { std: "docker" "inspect" "e2a3ed38d1d05ca0d9be28d135dad6a851574efec25291ec9d7b87cb97c2a64a", kill_on_drop: false }`
[INFO] running `Command { std: "docker" "exec" "-e" "SOURCE_DIR=/opt/rustwide/workdir" "-e" "CARGO_HOME=/opt/rustwide/cargo-home" "-e" "RUSTUP_HOME=/opt/rustwide/rustup-home" "-e" "CARGO_TARGET_DIR=/opt/rustwide/target" "-e" "CARGO_INCREMENTAL=0" "-e" "RUST_BACKTRACE=full" "-e" "RUSTFLAGS=--cap-lints=warn" "-e" "RUSTDOCFLAGS=--cap-lints=warn" "-w" "/opt/rustwide/workdir" "--user" "0:0" "e2a3ed38d1d05ca0d9be28d135dad6a851574efec25291ec9d7b87cb97c2a64a" "/opt/rustwide/cargo-home/bin/cargo" "+1.99.0-beta.8" "build" "--frozen" "--message-format=json" "--release", kill_on_drop: false }`
[INFO] [stderr]    Compiling autocfg v1.1.0
[INFO] [stderr]    Compiling serde v1.0.181
[INFO] [stderr]    Compiling hashbrown v0.12.3
[INFO] [stderr]    Compiling winnow v0.4.6
[INFO] [stderr]    Compiling target-lexicon v0.12.7
[INFO] [stderr]    Compiling heck v0.4.1
[INFO] [stderr]    Compiling smallvec v1.10.0
[INFO] [stderr]    Compiling version-compare v0.1.1
[INFO] [stderr]    Compiling pkg-config v0.3.27
[INFO] [stderr]    Compiling libc v0.2.142
[INFO] [stderr]    Compiling proc-macro2 v1.0.66
[INFO] [stderr]    Compiling unicode-ident v1.0.8
[INFO] [stderr]    Compiling once_cell v1.17.1
[INFO] [stderr]    Compiling pin-project-lite v0.2.9
[INFO] [stderr]    Compiling futures-core v0.3.28
[INFO] [stderr]    Compiling futures-task v0.3.28
[INFO] [stderr]    Compiling memchr v2.5.0
[INFO] [stderr]    Compiling version_check v0.9.4
[INFO] [stderr]    Compiling futures-util v0.3.28
[INFO] [stderr]    Compiling futures-io v0.3.28
[INFO] [stderr]    Compiling pin-utils v0.1.0
[INFO] [stderr]    Compiling cfg-if v1.0.0
[INFO] [stderr]    Compiling futures-channel v0.3.28
[INFO] [stderr]    Compiling syn v1.0.109
[INFO] [stderr]    Compiling anyhow v1.0.71
[INFO] [stderr]    Compiling log v0.4.17
[INFO] [stderr]    Compiling thiserror v1.0.40
[INFO] [stderr]    Compiling indexmap v1.9.3
[INFO] [stderr]    Compiling slab v0.4.8
[INFO] [stderr]    Compiling cc v1.0.79
[INFO] [stderr]    Compiling lock_api v0.4.10
[INFO] [stderr]    Compiling parking_lot_core v0.9.8
[INFO] [stderr]    Compiling bitflags v1.3.2
[INFO] [stderr]    Compiling bytes v1.4.0
[INFO] [stderr]    Compiling scopeguard v1.2.0
[INFO] [stderr]    Compiling tokio v1.28.0
[INFO] [stderr]    Compiling itoa v1.0.6
[INFO] [stderr]    Compiling untrusted v0.7.1
[INFO] [stderr]    Compiling proc-macro-error-attr v1.0.4
[INFO] [stderr]    Compiling proc-macro-error v1.0.4
[INFO] [stderr]    Compiling semver v1.0.17
[INFO] [stderr]    Compiling spin v0.5.2
[INFO] [stderr]    Compiling cfg-expr v0.15.1
[INFO] [stderr]    Compiling gio v0.17.10
[INFO] [stderr]    Compiling quote v1.0.32
[INFO] [stderr]    Compiling socket2 v0.4.9
[INFO] [stderr]    Compiling mio v0.8.6
[INFO] [stderr]    Compiling num_cpus v1.15.0
[INFO] [stderr]    Compiling signal-hook-registry v1.4.1
[INFO] [stderr]    Compiling serde_derive v1.0.181
[INFO] [stderr]    Compiling tracing-core v0.1.30
[INFO] [stderr]    Compiling fnv v1.0.7
[INFO] [stderr]    Compiling rustc_version v0.4.0
[INFO] [stderr]    Compiling http v0.2.9
[INFO] [stderr]    Compiling memoffset v0.8.0
[INFO] [stderr]    Compiling parking_lot v0.12.1
[INFO] [stderr]    Compiling syn v2.0.28
[INFO] [stderr]    Compiling rustls v0.20.8
[INFO] [stderr]    Compiling ring v0.16.20
[INFO] [stderr]    Compiling futures-sink v0.3.28
[INFO] [stderr]    Compiling httparse v1.8.0
[INFO] [stderr]    Compiling tinyvec_macros v0.1.1
[INFO] [stderr]    Compiling tinyvec v1.6.0
[INFO] [stderr]    Compiling field-offset v0.3.5
[INFO] [stderr]    Compiling try-lock v0.2.4
[INFO] [stderr]    Compiling percent-encoding v2.2.0
[INFO] [stderr]    Compiling want v0.3.0
[INFO] [stderr]    Compiling num-traits v0.2.15
[INFO] [stderr]    Compiling unicode-bidi v0.3.13
[INFO] [stderr]    Compiling tracing v0.1.37
[INFO] [stderr]    Compiling form_urlencoded v1.1.0
[INFO] [stderr]    Compiling tower-service v0.3.2
[INFO] [stderr]    Compiling ryu v1.0.13
[INFO] [stderr]    Compiling httpdate v1.0.2
[INFO] [stderr]    Compiling serde_json v1.0.104
[INFO] [stderr]    Compiling glib-build-tools v0.17.0
[INFO] [stderr]    Compiling base64 v0.21.2
[INFO] [stderr]    Compiling reference-browser-gnome v0.1.0 (/opt/rustwide/workdir)
[INFO] [stderr]    Compiling encoding_rs v0.8.32
[INFO] [stderr]    Compiling mime v0.3.17
[INFO] [stderr]    Compiling ipnet v2.7.2
[INFO] [stderr]    Compiling humantime v2.1.0
[INFO] [stderr]    Compiling rustls-pemfile v1.0.2
[INFO] [stderr]    Compiling unicode-normalization v0.1.22
[INFO] [stderr]    Compiling http-body v0.4.5
[INFO] [stderr]    Compiling idna v0.3.0
[INFO] [stderr]    Compiling url v2.3.1
[INFO] [stderr]    Compiling toml_datetime v0.6.1
[INFO] [stderr]    Compiling serde_spanned v0.6.1
[INFO] [stderr]    Compiling toml_edit v0.19.8
[INFO] [stderr]    Compiling serde_urlencoded v0.7.1
[INFO] [stderr]    Compiling humantime-serde v1.1.1
[INFO] [stderr]    Compiling email_address v0.2.4
[INFO] [stderr]    Compiling tuple v0.5.1
[INFO] [stderr]    Compiling futures-macro v0.3.28
[INFO] [stderr]    Compiling thiserror-impl v1.0.40
[INFO] [stderr]    Compiling tokio-macros v2.1.0
[INFO] [stderr]    Compiling toml v0.7.3
[INFO] [stderr]    Compiling proc-macro-crate v1.3.1
[INFO] [stderr]    Compiling system-deps v6.0.5
[INFO] [stderr]    Compiling glib-macros v0.17.9
[INFO] [stderr]    Compiling gtk4-macros v0.6.6
[INFO] [stderr]    Compiling futures-executor v0.3.28
[INFO] [stderr]    Compiling glib-sys v0.17.4
[INFO] [stderr]    Compiling gobject-sys v0.17.4
[INFO] [stderr]    Compiling gio-sys v0.17.4
[INFO] [stderr]    Compiling gdk-pixbuf-sys v0.17.0
[INFO] [stderr]    Compiling cairo-sys-rs v0.17.0
[INFO] [stderr]    Compiling pango-sys v0.17.0
[INFO] [stderr]    Compiling gdk4-sys v0.6.3
[INFO] [stderr]    Compiling graphene-sys v0.17.0
[INFO] [stderr]    Compiling gsk4-sys v0.6.3
[INFO] [stderr]    Compiling gtk4-sys v0.6.3
[INFO] [stderr]    Compiling libadwaita-sys v0.4.1
[INFO] [stderr]    Compiling webpki v0.22.0
[INFO] [stderr]    Compiling sct v0.7.0
[INFO] [stderr]    Compiling webpki-roots v0.22.6
[INFO] [stderr]    Compiling tokio-util v0.7.8
[INFO] [stderr]    Compiling h2 v0.3.18
[INFO] [stderr]    Compiling glib v0.17.9
[INFO] [stderr]    Compiling tokio-rustls v0.23.4
[INFO] [stderr]    Compiling hyper v0.14.26
[INFO] [stderr]    Compiling hyper-rustls v0.23.2
[INFO] [stderr]    Compiling reqwest v0.11.17
[INFO] [stderr]    Compiling cairo-rs v0.17.0
[INFO] [stderr]    Compiling graphene-rs v0.17.1
[INFO] [stderr]    Compiling gdk-pixbuf v0.17.0
[INFO] [stderr]    Compiling pango v0.17.4
[INFO] [stderr]    Compiling gdk4 v0.6.3
[INFO] [stderr]    Compiling gsk4 v0.6.3
[INFO] [stderr]    Compiling gtk4 v0.6.6
[INFO] [stderr]    Compiling libadwaita v0.4.1
[INFO] [stdout] warning: use of deprecated constant `std::i32::MAX`: replaced by the `MAX` associated constant on this type
[INFO] [stdout]    --> src/window/mod.rs:576:38
[INFO] [stdout]     |
[INFO] [stdout] 576 |         .read_bytes_future(std::i32::MAX as usize, PRIORITY_DEFAULT)
[INFO] [stdout]     |                                      ^^^
[INFO] [stdout]     |
[INFO] [stdout]     = note: `#[warn(deprecated)]` on by default
[INFO] [stdout] 
[INFO] [stdout] 
[INFO] [stdout] warning: use of deprecated constant `std::i32::MAX`: replaced by the `MAX` associated constant on this type
[INFO] [stdout]    --> src/window/imp.rs:286:38
[INFO] [stdout]     |
[INFO] [stdout] 286 |         .read_bytes_future(std::i32::MAX as usize, glib::PRIORITY_DEFAULT)
[INFO] [stdout]     |                                      ^^^
[INFO] [stdout] 
[INFO] [stdout] 
[INFO] [stdout] warning: hiding a lifetime that's elided elsewhere is confusing
[INFO] [stdout]   --> src/athn_document/mod.rs:71:15
[INFO] [stdout]    |
[INFO] [stdout] 71 |     mut line: std::str::Lines,
[INFO] [stdout]    |               ^^^^^^^^^^^^^^^ the lifetime is hidden here
[INFO] [stdout] ...
[INFO] [stdout] 74 | ) -> Result<DocumentBuilder, &str> {
[INFO] [stdout]    |                              ^^^^ the same lifetime is elided here
[INFO] [stdout]    |
[INFO] [stdout]    = help: the same lifetime is referred to in inconsistent ways, making the signature confusing
[INFO] [stdout]    = note: `#[warn(mismatched_lifetime_syntaxes)]` on by default
[INFO] [stdout] help: use `'_` for type paths
[INFO] [stdout]    |
[INFO] [stdout] 71 |     mut line: std::str::Lines<'_>,
[INFO] [stdout]    |                              ++++
[INFO] [stdout] 
[INFO] [stdout] 
[INFO] [stderr]     Finished `release` profile [optimized] target(s) in 2m 38s
[INFO] running `Command { std: "docker" "inspect" "e2a3ed38d1d05ca0d9be28d135dad6a851574efec25291ec9d7b87cb97c2a64a", kill_on_drop: false }`
[INFO] running `Command { std: "docker" "exec" "-e" "SOURCE_DIR=/opt/rustwide/workdir" "-e" "CARGO_HOME=/opt/rustwide/cargo-home" "-e" "RUSTUP_HOME=/opt/rustwide/rustup-home" "-e" "CARGO_TARGET_DIR=/opt/rustwide/target" "-e" "CARGO_INCREMENTAL=0" "-e" "RUST_BACKTRACE=full" "-e" "RUSTFLAGS=--cap-lints=warn" "-e" "RUSTDOCFLAGS=--cap-lints=warn" "-w" "/opt/rustwide/workdir" "--user" "0:0" "e2a3ed38d1d05ca0d9be28d135dad6a851574efec25291ec9d7b87cb97c2a64a" "/opt/rustwide/cargo-home/bin/cargo" "+1.99.0-beta.8" "test" "--frozen" "--no-run" "--message-format=json" "--release", kill_on_drop: false }`
[INFO] [stderr]    Compiling once_cell v1.17.1
[INFO] [stderr]    Compiling pin-project-lite v0.2.9
[INFO] [stderr]    Compiling smallvec v1.10.0
[INFO] [stderr]    Compiling futures-io v0.3.28
[INFO] [stderr]    Compiling pin-utils v0.1.0
[INFO] [stderr]    Compiling cfg-if v1.0.0
[INFO] [stderr]    Compiling libc v0.2.142
[INFO] [stderr]    Compiling futures-core v0.3.28
[INFO] [stderr]    Compiling futures-task v0.3.28
[INFO] [stderr]    Compiling slab v0.4.8
[INFO] [stderr]    Compiling memchr v2.5.0
[INFO] [stderr]    Compiling thiserror v1.0.40
[INFO] [stderr]    Compiling bitflags v1.3.2
[INFO] [stderr]    Compiling bytes v1.4.0
[INFO] [stderr]    Compiling scopeguard v1.2.0
[INFO] [stderr]    Compiling spin v0.5.2
[INFO] [stderr]    Compiling log v0.4.17
[INFO] [stderr]    Compiling itoa v1.0.6
[INFO] [stderr]    Compiling untrusted v0.7.1
[INFO] [stderr]    Compiling serde v1.0.181
[INFO] [stderr]    Compiling lock_api v0.4.10
[INFO] [stderr]    Compiling futures-channel v0.3.28
[INFO] [stderr]    Compiling fnv v1.0.7
[INFO] [stderr]    Compiling tinyvec_macros v0.1.1
[INFO] [stderr]    Compiling hashbrown v0.12.3
[INFO] [stderr]    Compiling futures-sink v0.3.28
[INFO] [stderr]    Compiling tinyvec v1.6.0
[INFO] [stderr]    Compiling try-lock v0.2.4
[INFO] [stderr]    Compiling percent-encoding v2.2.0
[INFO] [stderr]    Compiling memoffset v0.8.0
[INFO] [stderr]    Compiling httparse v1.8.0
[INFO] [stderr]    Compiling unicode-bidi v0.3.13
[INFO] [stderr]    Compiling tower-service v0.3.2
[INFO] [stderr]    Compiling ryu v1.0.13
[INFO] [stderr]    Compiling want v0.3.0
[INFO] [stderr]    Compiling tracing-core v0.1.30
[INFO] [stderr]    Compiling form_urlencoded v1.1.0
[INFO] [stderr]    Compiling httpdate v1.0.2
[INFO] [stderr]    Compiling field-offset v0.3.5
[INFO] [stderr]    Compiling base64 v0.21.2
[INFO] [stderr]    Compiling num-traits v0.2.15
[INFO] [stderr]    Compiling encoding_rs v0.8.32
[INFO] [stderr]    Compiling mime v0.3.17
[INFO] [stderr]    Compiling futures-util v0.3.28
[INFO] [stderr]    Compiling http v0.2.9
[INFO] [stderr]    Compiling ipnet v2.7.2
[INFO] [stderr]    Compiling humantime v2.1.0
[INFO] [stderr]    Compiling glib-sys v0.17.4
[INFO] [stderr]    Compiling parking_lot_core v0.9.8
[INFO] [stderr]    Compiling num_cpus v1.15.0
[INFO] [stderr]    Compiling ring v0.16.20
[INFO] [stderr]    Compiling mio v0.8.6
[INFO] [stderr]    Compiling signal-hook-registry v1.4.1
[INFO] [stderr]    Compiling parking_lot v0.12.1
[INFO] [stderr]    Compiling socket2 v0.4.9
[INFO] [stderr]    Compiling tracing v0.1.37
[INFO] [stderr]    Compiling indexmap v1.9.3
[INFO] [stderr]    Compiling gobject-sys v0.17.4
[INFO] [stderr]    Compiling cairo-sys-rs v0.17.0
[INFO] [stderr]    Compiling graphene-sys v0.17.0
[INFO] [stderr]    Compiling tokio v1.28.0
[INFO] [stderr]    Compiling webpki v0.22.0
[INFO] [stderr]    Compiling gio-sys v0.17.4
[INFO] [stderr]    Compiling pango-sys v0.17.0
[INFO] [stderr]    Compiling sct v0.7.0
[INFO] [stderr]    Compiling unicode-normalization v0.1.22
[INFO] [stderr]    Compiling rustls-pemfile v1.0.2
[INFO] [stderr]    Compiling rustls v0.20.8
[INFO] [stderr]    Compiling webpki-roots v0.22.6
[INFO] [stderr]    Compiling idna v0.3.0
[INFO] [stderr]    Compiling http-body v0.4.5
[INFO] [stderr]    Compiling url v2.3.1
[INFO] [stderr]    Compiling gdk-pixbuf-sys v0.17.0
[INFO] [stderr]    Compiling gdk4-sys v0.6.3
[INFO] [stderr]    Compiling gsk4-sys v0.6.3
[INFO] [stderr]    Compiling gtk4-sys v0.6.3
[INFO] [stderr]    Compiling serde_urlencoded v0.7.1
[INFO] [stderr]    Compiling serde_json v1.0.104
[INFO] [stderr]    Compiling tuple v0.5.1
[INFO] [stderr]    Compiling email_address v0.2.4
[INFO] [stderr]    Compiling humantime-serde v1.1.1
[INFO] [stderr]    Compiling futures-executor v0.3.28
[INFO] [stderr]    Compiling glib v0.17.9
[INFO] [stderr]    Compiling libadwaita-sys v0.4.1
[INFO] [stderr]    Compiling tokio-util v0.7.8
[INFO] [stderr]    Compiling tokio-rustls v0.23.4
[INFO] [stderr]    Compiling h2 v0.3.18
[INFO] [stderr]    Compiling hyper v0.14.26
[INFO] [stderr]    Compiling gio v0.17.10
[INFO] [stderr]    Compiling cairo-rs v0.17.0
[INFO] [stderr]    Compiling graphene-rs v0.17.1
[INFO] [stderr]    Compiling hyper-rustls v0.23.2
[INFO] [stderr]    Compiling reqwest v0.11.17
[INFO] [stderr]    Compiling gdk-pixbuf v0.17.0
[INFO] [stderr]    Compiling pango v0.17.4
[INFO] [stderr]    Compiling gdk4 v0.6.3
[INFO] [stderr]    Compiling gsk4 v0.6.3
[INFO] [stderr]    Compiling gtk4 v0.6.6
[INFO] [stderr]    Compiling libadwaita v0.4.1
[INFO] [stderr]    Compiling reference-browser-gnome v0.1.0 (/opt/rustwide/workdir)
[INFO] [stdout] warning: use of deprecated constant `std::i32::MAX`: replaced by the `MAX` associated constant on this type
[INFO] [stdout]    --> src/window/mod.rs:576:38
[INFO] [stdout]     |
[INFO] [stdout] 576 |         .read_bytes_future(std::i32::MAX as usize, PRIORITY_DEFAULT)
[INFO] [stdout]     |                                      ^^^
[INFO] [stdout]     |
[INFO] [stdout]     = note: `#[warn(deprecated)]` on by default
[INFO] [stdout] 
[INFO] [stdout] 
[INFO] [stdout] warning: use of deprecated constant `std::i32::MAX`: replaced by the `MAX` associated constant on this type
[INFO] [stdout]    --> src/window/imp.rs:286:38
[INFO] [stdout]     |
[INFO] [stdout] 286 |         .read_bytes_future(std::i32::MAX as usize, glib::PRIORITY_DEFAULT)
[INFO] [stdout]     |                                      ^^^
[INFO] [stdout] 
[INFO] [stdout] 
[INFO] [stdout] warning: hiding a lifetime that's elided elsewhere is confusing
[INFO] [stdout]   --> src/athn_document/mod.rs:71:15
[INFO] [stdout]    |
[INFO] [stdout] 71 |     mut line: std::str::Lines,
[INFO] [stdout]    |               ^^^^^^^^^^^^^^^ the lifetime is hidden here
[INFO] [stdout] ...
[INFO] [stdout] 74 | ) -> Result<DocumentBuilder, &str> {
[INFO] [stdout]    |                              ^^^^ the same lifetime is elided here
[INFO] [stdout]    |
[INFO] [stdout]    = help: the same lifetime is referred to in inconsistent ways, making the signature confusing
[INFO] [stdout]    = note: `#[warn(mismatched_lifetime_syntaxes)]` on by default
[INFO] [stdout] help: use `'_` for type paths
[INFO] [stdout]    |
[INFO] [stdout] 71 |     mut line: std::str::Lines<'_>,
[INFO] [stdout]    |                              ++++
[INFO] [stdout] 
[INFO] [stdout] 
[INFO] [stderr]     Finished `release` profile [optimized] target(s) in 2m 12s
[INFO] running `Command { std: "docker" "inspect" "e2a3ed38d1d05ca0d9be28d135dad6a851574efec25291ec9d7b87cb97c2a64a", kill_on_drop: false }`
[INFO] running `Command { std: "docker" "exec" "-e" "SOURCE_DIR=/opt/rustwide/workdir" "-e" "CARGO_HOME=/opt/rustwide/cargo-home" "-e" "RUSTUP_HOME=/opt/rustwide/rustup-home" "-e" "CARGO_TARGET_DIR=/opt/rustwide/target" "-e" "CARGO_INCREMENTAL=0" "-e" "RUST_BACKTRACE=full" "-e" "RUSTFLAGS=--cap-lints=warn" "-e" "RUSTDOCFLAGS=--cap-lints=warn" "-w" "/opt/rustwide/workdir" "--user" "0:0" "e2a3ed38d1d05ca0d9be28d135dad6a851574efec25291ec9d7b87cb97c2a64a" "/opt/rustwide/cargo-home/bin/cargo" "+1.99.0-beta.8" "test" "--frozen" "--release", kill_on_drop: false }`
[INFO] [stderr] warning: use of deprecated constant `std::i32::MAX`: replaced by the `MAX` associated constant on this type
[INFO] [stderr]    --> src/window/mod.rs:576:38
[INFO] [stderr]     |
[INFO] [stderr] 576 |         .read_bytes_future(std::i32::MAX as usize, PRIORITY_DEFAULT)
[INFO] [stderr]     |                                      ^^^
[INFO] [stderr]     |
[INFO] [stderr]     = note: `#[warn(deprecated)]` on by default
[INFO] [stderr] 
[INFO] [stderr] warning: use of deprecated constant `std::i32::MAX`: replaced by the `MAX` associated constant on this type
[INFO] [stderr]    --> src/window/imp.rs:286:38
[INFO] [stderr]     |
[INFO] [stderr] 286 |         .read_bytes_future(std::i32::MAX as usize, glib::PRIORITY_DEFAULT)
[INFO] [stderr]     |                                      ^^^
[INFO] [stderr] 
[INFO] [stderr] warning: hiding a lifetime that's elided elsewhere is confusing
[INFO] [stderr]   --> src/athn_document/mod.rs:71:15
[INFO] [stderr]    |
[INFO] [stderr] 71 |     mut line: std::str::Lines,
[INFO] [stderr]    |               ^^^^^^^^^^^^^^^ the lifetime is hidden here
[INFO] [stderr] ...
[INFO] [stderr] 74 | ) -> Result<DocumentBuilder, &str> {
[INFO] [stderr]    |                              ^^^^ the same lifetime is elided here
[INFO] [stderr]    |
[INFO] [stderr]    = help: the same lifetime is referred to in inconsistent ways, making the signature confusing
[INFO] [stderr]    = note: `#[warn(mismatched_lifetime_syntaxes)]` on by default
[INFO] [stderr] help: use `'_` for type paths
[INFO] [stderr]    |
[INFO] [stderr] 71 |     mut line: std::str::Lines<'_>,
[INFO] [stderr]    |                              ++++
[INFO] [stderr] 
[INFO] [stderr] warning: `reference-browser-gnome` (bin "reference-browser-gnome" test) generated 3 warnings (run `cargo fix --bin "reference-browser-gnome" -p reference-browser-gnome --tests` to apply 1 suggestion)
[INFO] [stderr]     Finished `release` profile [optimized] target(s) in 0.35s
[INFO] [stderr]      Running unittests src/main.rs (/opt/rustwide/target/release/deps/reference_browser_gnome-db7f7a80163ec615)
[INFO] [stdout] 
[INFO] [stdout] running 64 tests
[INFO] [stdout] test athn_document::form::tests::advanced_int_field ... ok
[INFO] [stdout] test athn_document::form::tests::basic_date_field ... ok
[INFO] [stdout] test athn_document::form::tests::basic_file_field ... ok
[INFO] [stdout] test athn_document::form::tests::basic_email_field ... ok
[INFO] [stdout] test athn_document::form::tests::basic_float_field ... ok
[INFO] [stdout] test athn_document::form::tests::advanced_string_field ... ok
[INFO] [stdout] test athn_document::form::tests::basic_string_field ... ok
[INFO] [stdout] test athn_document::form::tests::basic_int_field ... ok
[INFO] [stdout] test athn_document::form::tests::advanced_float_field ... ok
[INFO] [stdout] test athn_document::form::tests::create_invalid_id ... ok
[INFO] [stdout] test athn_document::form::tests::create_valid_id ... ok
[INFO] [stdout] test athn_document::form::tests::default_date_field ... ok
[INFO] [stdout] test athn_document::form::tests::boolean_field ... ok
[INFO] [stdout] test athn_document::form::tests::basic_tel_field ... ok
[INFO] [stdout] test athn_document::form::tests::invalid_int_field ... ok
[INFO] [stdout] test athn_document::form::tests::default_email_field ... ok
[INFO] [stdout] test athn_document::form::tests::invalid_float_field ... ok
[INFO] [stdout] test athn_document::form::tests::submit_field_with_dest ... ok
[INFO] [stdout] test athn_document::form::tests::submit_field_with_redirect_and_label ... ok
[INFO] [stdout] test athn_document::line_types::tests::admonition_test ... ok
[INFO] [stdout] test athn_document::form::tests::default_tel_field ... ok
[INFO] [stdout] test athn_document::form::tests::optional_boolean_field ... ok
[INFO] [stdout] test athn_document::line_types::tests::dropdown_test ... ok
[INFO] [stdout] test athn_document::line_types::tests::olist_test ... ok
[INFO] [stdout] test athn_document::line_types::tests::short_text_line ... ok
[INFO] [stdout] test athn_document::line_types::tests::text_preformatted_test ... ok
[INFO] [stdout] test athn_document::line_types::tests::unlabeled_link_test ... ok
[INFO] [stdout] test athn_document::tests::documentbuilder_tests::build_test ... ok
[INFO] [stdout] test athn_document::tests::documentbuilder_tests::multiple_header_lines ... ok
[INFO] [stdout] test athn_document::form::tests::enum_file_field ... ok
[INFO] [stdout] test athn_document::form::tests::enum_string_field ... ok
[INFO] [stdout] test athn_document::form::tests::invalid_email_field ... ok
[INFO] [stdout] test athn_document::form::tests::submit_field_with_redirect ... ok
[INFO] [stdout] test athn_document::tests::metadatabuilder_tests::set_cache ... ok
[INFO] [stdout] test athn_document::line_types::tests::heading_test ... ok
[INFO] [stdout] test athn_document::tests::metadatabuilder_tests::set_lang ... ok
[INFO] [stdout] test athn_document::tests::documentbuilder_tests::single_footer_line ... ok
[INFO] [stdout] test athn_document::tests::documentbuilder_tests::single_header_line ... ok
[INFO] [stdout] test athn_document::tests::documentbuilder_tests::single_main_line ... ok
[INFO] [stdout] test athn_document::tests::metadatabuilder_tests::build_test ... ok
[INFO] [stdout] test athn_document::tests::metadatabuilder_tests::set_single_author ... ok
[INFO] [stdout] test athn_document::tests::metadatabuilder_tests::set_title ... ok
[INFO] [stdout] test athn_document::form::tests::now_date_field ... FAILED
[INFO] [stdout] test athn_document::tests::metadatabuilder_tests::set_subtitle ... ok
[INFO] [stdout] test athn_document::line_types::tests::link_test ... ok
[INFO] [stdout] test athn_document::tests::metadatabuilder_tests::set_too_many_authors ... ok
[INFO] [stdout] test athn_document::tests::metadatabuilder_tests::set_too_many_licenses ... ok
[INFO] [stdout] test athn_document::line_types::tests::preformatted_test ... ok
[INFO] [stdout] test athn_document::line_types::tests::separator_line ... ok
[INFO] [stdout] test athn_document::tests::documentbuilder_tests::multiple_footer_lines ... ok
[INFO] [stdout] test float::tests::calculate_10_digits ... ok
[INFO] [stdout] test window::input::tests::equal_to_id ... ok
[INFO] [stdout] test window::input::tests::not_equal_to_id ... ok
[INFO] [stdout] test athn_document::tests::metadatabuilder_tests::set_license ... ok
[INFO] [stdout] test athn_document::tests::metadatabuilder_tests::set_multiple_author ... ok
[INFO] [stdout] test athn_document::tests::metadatabuilder_tests::set_multiple_langs ... ok
[INFO] [stdout] test athn_document::line_types::tests::quote_test ... ok
[INFO] [stdout] test athn_document::tests::documentbuilder_tests::multiple_main_lines ... ok
[INFO] [stdout] test athn_document::line_types::tests::ulist_test ... ok
[INFO] [stdout] test athn_document::tests::parse_tests::basic_example ... FAILED
[INFO] [stdout] test athn_document::tests::parse_tests::form ... FAILED
[INFO] [stdout] test float::tests::calculate_0_digits ... ok
[INFO] [stdout] test float::tests::calculate_2_digits ... ok
[INFO] [stdout] test athn_document::tests::metadatabuilder_tests::set_multiple_licenses ... ok
[INFO] [stdout] 
[INFO] [stdout] failures:
[INFO] [stdout] 
[INFO] [stdout] ---- athn_document::form::tests::now_date_field stdout ----
[INFO] [stdout] 
[INFO] [stdout] thread 'athn_document::form::tests::now_date_field' (3519) panicked at src/athn_document/form.rs:800:9:
[INFO] [stdout] assertion `left == right` failed
[INFO] [stdout]   left: Date(ID { id: "test" }, DateField { global: GlobalProperties { optional: false, label: Some("This is a test"), default: None, conditional: None }, min: Some(SystemTime { tv_sec: 1792336213, tv_nsec: 538725465 }), max: None, time: false, date: false })
[INFO] [stdout]  right: Date(ID { id: "test" }, DateField { global: GlobalProperties { optional: false, label: Some("This is a test"), default: None, conditional: None }, min: Some(SystemTime { tv_sec: 1792336213, tv_nsec: 538723705 }), max: None, time: false, date: false })
[INFO] [stdout] stack backtrace:
[INFO] [stdout]    0:     0x570ca56c44f7 - <unknown>
[INFO] [stdout]    1:     0x570ca56a9c1a - <unknown>
[INFO] [stdout]    2:     0x570ca56c3aab - <unknown>
[INFO] [stdout]    3:     0x570ca56c358f - <unknown>
[INFO] [stdout]    4:     0x570ca56c31ba - <unknown>
[INFO] [stdout]    5:     0x570ca56c2cf2 - <unknown>
[INFO] [stdout]    6:     0x570ca56ea061 - <unknown>
[INFO] [stdout]    7:     0x570ca56ea019 - <unknown>
[INFO] [stdout]    8:     0x570ca56ea52c - <unknown>
[INFO] [stdout]    9:     0x570ca56a9aab - <unknown>
[INFO] [stdout]   10:     0x570ca56a99c9 - <unknown>
[INFO] [stdout]   11:     0x570ca568d8d5 - <unknown>
[INFO] [stdout]   12:     0x570ca569fdca - <unknown>
[INFO] [stdout]   13:     0x570ca570201b - <unknown>
[INFO] [stdout]   14:     0x570ca56fd60f - <unknown>
[INFO] [stdout]   15:     0x570ca56fd08c - <unknown>
[INFO] [stdout]   16:     0x570ca571a26c - <unknown>
[INFO] [stdout]   17:     0x570ca56eb772 - <unknown>
[INFO] [stdout]   18:     0x7bf357a15dfa - <unknown>
[INFO] [stdout]   19:     0x7bf357aa93d4 - clone
[INFO] [stdout]   20:                0x0 - <unknown>
[INFO] [stdout] 
[INFO] [stdout] ---- athn_document::tests::parse_tests::basic_example stdout ----
[INFO] [stdout] 
[INFO] [stdout] thread 'athn_document::tests::parse_tests::basic_example' (3555) panicked at src/athn_document/tests.rs:12:9:
[INFO] [stdout] assertion `left == right` failed
[INFO] [stdout]   left: Document { metadata: Metadata { title: "Test", subtitle: Some("Subtitle test"), author: Some(["Author 1", "Author 2"]), license: Some(["CC0-1.0"]), language: Some(["en"]), cache: Some(0) }, main: [TextLine("()"), TextLine("Little text line makes the test fail"), LinkLine(Link { url: "https://example.com/", label: Some("Link line with label, the next one will be without") }), LinkLine(Link { url: "https://localhost/", label: None }), PreformattedLine(false, "Preformatted line"), PreformattedLine(true, "Textual preformatted line"), SeparatorLine, UListLine(One, "Unordered list"), UListLine(Two, "Subitem"), UListLine(Six, "Subsubsubsubsubitem"), OListLine(One, "1.", "Ordered list"), OListLine(One, "2.", "With multiple lines"), OListLine(Two, "a)", "And subitems"), DropdownLine("Dropdown", "This is a dropdown line"), AdmonitionLine(Note, "Note admonition"), AdmonitionLine(Warning, "Warning admonition"), AdmonitionLine(Danger, "Danger admonition"), HeadingLine(One, "Heading 1"), HeadingLine(Two, "Heading 2"), HeadingLine(Four, "Heading 4"), QuoteLine("I never said that  - Albert Einstein")], header: Some([Link { url: "/index.athn", label: Some("Homepage") }, Link { url: "/about.athn", label: Some("About") }]), footer: Some([TextLine("This is just a boring old footer"), LinkLine(Link { url: "/privacy.athn", label: Some("Privacy policy") })]) }
[INFO] [stdout]  right: Document { metadata: Metadata { title: "", subtitle: None, author: None, license: None, language: None, cache: None }, main: [], header: None, footer: None }
[INFO] [stdout] stack backtrace:
[INFO] [stdout]    0:     0x570ca56c44f7 - <unknown>
[INFO] [stdout]    1:     0x570ca56a9c1a - <unknown>
[INFO] [stdout]    2:     0x570ca56c3aab - <unknown>
[INFO] [stdout]    3:     0x570ca56c358f - <unknown>
[INFO] [stdout]    4:     0x570ca56c31ba - <unknown>
[INFO] [stdout]    5:     0x570ca56c2cf2 - <unknown>
[INFO] [stdout]    6:     0x570ca56ea061 - <unknown>
[INFO] [stdout]    7:     0x570ca56ea019 - <unknown>
[INFO] [stdout]    8:     0x570ca56ea52c - <unknown>
[INFO] [stdout]    9:     0x570ca56a9aab - <unknown>
[INFO] [stdout]   10:     0x570ca56a99c9 - <unknown>
[INFO] [stdout]   11:     0x570ca568d845 - <unknown>
[INFO] [stdout]   12:     0x570ca56a2f03 - <unknown>
[INFO] [stdout]   13:     0x570ca570201b - <unknown>
[INFO] [stdout]   14:     0x570ca56fd60f - <unknown>
[INFO] [stdout]   15:     0x570ca56fd08c - <unknown>
[INFO] [stdout]   16:     0x570ca571a26c - <unknown>
[INFO] [stdout]   17:     0x570ca56eb772 - <unknown>
[INFO] [stdout]   18:     0x7bf357a15dfa - <unknown>
[INFO] [stdout]   19:     0x7bf357aa93d4 - clone
[INFO] [stdout]   20:                0x0 - <unknown>
[INFO] [stdout] 
[INFO] [stdout] ---- athn_document::tests::parse_tests::form stdout ----
[INFO] [stdout] 
[INFO] [stdout] thread 'athn_document::tests::parse_tests::form' (3556) panicked at src/athn_document/tests.rs:23:9:
[INFO] [stdout] assertion `left == right` failed
[INFO] [stdout]   left: Document { metadata: Metadata { title: "Form test", subtitle: None, author: None, license: None, language: None, cache: None }, main: [TextLine("The next line is where the first form starts"), TextLine("This form has all the different types of form fields in it"), FormFieldLine(1, String(ID { id: "string" }, StringField { global: GlobalProperties { optional: true, label: None, default: Some("Hello world!"), conditional: None }, min: None, max: None, multiline: false, secret: false, variant: None })), FormFieldLine(1, Integer(ID { id: "int" }, IntField { global: GlobalProperties { optional: false, label: None, default: Some(1), conditional: None }, min: None, max: Some(1000), step: Some(2), positive: true })), FormFieldLine(1, Float(ID { id: "float" }, FloatField { global: GlobalProperties { optional: false, label: None, default: None, conditional: None }, min: Some(-1000.0), max: Some(1000.0), step: None, positive: false })), FormFieldLine(1, Boolean(ID { id: "bool" }, BoolField { global: GlobalProperties { optional: false, label: Some("Gotta test out the label functionality"), default: None, conditional: None } })), FormFieldLine(1, File(ID { id: "file" }, FileField { global: GlobalProperties { optional: false, label: None, default: None, conditional: None }, max: Some(1000000), allowed_types: Some(["image/*"]) })), FormFieldLine(1, List(ID { id: "list" }, ListField { global: GlobalProperties { optional: false, label: Some("The next two fields are gonna be in the list"), default: Some(2), conditional: None }, min: None, max: Some(4), children: Some([ID { id: "date" }, ID { id: "email" }]) })), FormFieldLine(1, Date(ID { id: "date" }, DateField { global: GlobalProperties { optional: false, label: None, default: Some(SystemTime { tv_sec: 1792336213, tv_nsec: 546098294 }), conditional: None }, min: None, max: None, time: false, date: false })), FormFieldLine(1, Email(ID { id: "email" }, EmailField { global: GlobalProperties { optional: true, label: Some("You dont *have to* subscribe"), default: None, conditional: None } })), FormFieldLine(1, Phone(ID { id: "phone" }, TelField { global: GlobalProperties { optional: true, label: None, default: None, conditional: None }, country: None })), FormFieldLine(1, Submit(ID { id: "Send" }, SubmitField { destination: "/one", label: None, redirect: false })), TextLine("???This is not a form field because it isnt in a form section"), TextLine("Then the second form"), TextLine(" "), TextLine("This form has some funky fields with weird configurations to push the parser to its limits"), FormFieldLine(2, Submit(ID { id: "Send" }, SubmitField { destination: "/two", label: None, redirect: false }))], header: None, footer: None }
[INFO] [stdout]  right: Document { metadata: Metadata { title: "", subtitle: None, author: None, license: None, language: None, cache: None }, main: [], header: None, footer: None }
[INFO] [stdout] stack backtrace:
[INFO] [stdout]    0:     0x570ca56c44f7 - <unknown>
[INFO] [stdout]    1:     0x570ca56a9c1a - <unknown>
[INFO] [stdout]    2:     0x570ca56c3aab - <unknown>
[INFO] [stdout]    3:     0x570ca56c358f - <unknown>
[INFO] [stdout]    4:     0x570ca56c31ba - <unknown>
[INFO] [stdout]    5:     0x570ca56c2cf2 - <unknown>
[INFO] [stdout]    6:     0x570ca56ea061 - <unknown>
[INFO] [stdout]    7:     0x570ca56ea019 - <unknown>
[INFO] [stdout]    8:     0x570ca56ea52c - <unknown>
[INFO] [stdout]    9:     0x570ca56a9aab - <unknown>
[INFO] [stdout]   10:     0x570ca56a99c9 - <unknown>
[INFO] [stdout]   11:     0x570ca568d845 - <unknown>
[INFO] [stdout]   12:     0x570ca56a33a3 - <unknown>
[INFO] [stdout]   13:     0x570ca570201b - <unknown>
[INFO] [stdout]   14:     0x570ca56fd60f - <unknown>
[INFO] [stdout]   15:     0x570ca56fd08c - <unknown>
[INFO] [stdout]   16:     0x570ca571a26c - <unknown>
[INFO] [stdout]   17:     0x570ca56eb772 - <unknown>
[INFO] [stdout]   18:     0x7bf357a15dfa - <unknown>
[INFO] [stdout]   19:     0x7bf357aa93d4 - clone
[INFO] [stdout]   20:                0x0 - <unknown>
[INFO] [stdout] 
[INFO] [stdout] 
[INFO] [stdout] failures:
[INFO] [stdout]     athn_document::form::tests::now_date_field
[INFO] [stdout]     athn_document::tests::parse_tests::basic_example
[INFO] [stdout]     athn_document::tests::parse_tests::form
[INFO] [stdout] 
[INFO] [stdout] test result: FAILED. 61 passed; 3 failed; 0 ignored; 0 measured; 0 filtered out; finished in 0.01s
[INFO] [stdout] 
[INFO] [stderr] error: test failed, to rerun pass `--bin reference-browser-gnome`
[INFO] running `Command { std: "docker" "inspect" "e2a3ed38d1d05ca0d9be28d135dad6a851574efec25291ec9d7b87cb97c2a64a", kill_on_drop: false }`
[INFO] running `Command { std: "docker" "rm" "-f" "e2a3ed38d1d05ca0d9be28d135dad6a851574efec25291ec9d7b87cb97c2a64a", kill_on_drop: false }`
[INFO] [stdout] e2a3ed38d1d05ca0d9be28d135dad6a851574efec25291ec9d7b87cb97c2a64a
