[INFO] fetching crate redshank-cli 0.2.2...
[INFO] testing redshank-cli-0.2.2 against 1.99.0-beta.8+cargoflags=--release for beta-release-1.100-2
[INFO] extracting crate redshank-cli 0.2.2 into /workspace/builds/worker-5-tc1/source
[INFO] started tweaking crates.io crate redshank-cli 0.2.2
[INFO] removed 0 missing tests
[INFO] finished tweaking crates.io crate redshank-cli 0.2.2
[INFO] tweaked toml for crates.io crate redshank-cli 0.2.2 written to /workspace/builds/worker-5-tc1/source/Cargo.toml
[INFO] validating manifest of crates.io crate redshank-cli 0.2.2 on toolchain 1.99.0-beta.8
[INFO] running `Command { std: CARGO_HOME="/workspace/cargo-home" RUSTUP_HOME="/workspace/rustup-home" "/workspace/cargo-home/bin/cargo" "+1.99.0-beta.8" "metadata" "--manifest-path" "Cargo.toml" "--no-deps", kill_on_drop: false }`
[INFO] crate crates.io crate redshank-cli 0.2.2 already has a lockfile, it will not be regenerated
[INFO] running `Command { std: CARGO_HOME="/workspace/cargo-home" RUSTUP_HOME="/workspace/rustup-home" "/workspace/cargo-home/bin/cargo" "+1.99.0-beta.8" "fetch" "--manifest-path" "Cargo.toml", kill_on_drop: false }`
[INFO] [stderr]     Updating crates.io index
[INFO] [stderr]  Downloading crates ...
[INFO] [stderr]   Downloaded redshank-tui v0.2.2
[INFO] [stderr]   Downloaded rtoolbox v0.0.4
[INFO] [stderr]   Downloaded hashlink v0.11.0
[INFO] [stderr]   Downloaded rsqlite-vfs v0.1.0
[INFO] [stderr]   Downloaded rustls-webpki v0.103.12
[INFO] [stderr]   Downloaded rusqlite v0.38.0
[INFO] [stderr]   Downloaded redshank-core v0.2.2
[INFO] [stderr]   Downloaded euclid v0.22.13
[INFO] [stderr]   Downloaded zip v2.4.2
[INFO] [stderr]   Downloaded redshank-fetchers v0.2.2
[INFO] [stderr]   Downloaded bzip2 v0.5.2
[INFO] [stderr]   Downloaded deflate64 v0.1.12
[INFO] [stderr]   Downloaded portable-pty v0.9.0
[INFO] [stderr]   Downloaded shared_library v0.1.9
[INFO] [stderr]   Downloaded serial2 v0.2.34
[INFO] [stderr]   Downloaded nix v0.28.0
[INFO] [stderr]   Downloaded libsqlite3-sys v0.36.0
[INFO] [stderr]   Downloaded sqlite-wasm-rs v0.5.2
[INFO] [stderr]   Downloaded aws-lc-sys v0.39.1
[INFO] running `Command { std: "docker" "create" "-v" "/var/lib/crater-agent-workspace/builds/worker-5-tc1/source:/opt/rustwide/workdir:ro,Z" "-v" "/var/lib/crater-agent-workspace/builds/worker-5-tc1/target:/opt/rustwide/target:rw,Z" "-v" "/var/lib/crater-agent-workspace/cargo-home:/opt/rustwide/cargo-home:ro,Z" "-v" "/var/lib/crater-agent-workspace/rustup-home:/opt/rustwide/rustup-home:ro,Z" "-m" "1610612736" "--network" "none" "ghcr.io/rust-lang/crates-build-env/linux@sha256:77db811e55d90add9212f6832c23229e3de5f1c1f9905e8cb07319ea15df73ac" "sleep" "infinity", kill_on_drop: false }`
[INFO] [stdout] 7ab9840422068189c84f980d6e4144667d5735c1db76f6bc4a2a295b1341a63d
[INFO] running `Command { std: "docker" "start" "7ab9840422068189c84f980d6e4144667d5735c1db76f6bc4a2a295b1341a63d", kill_on_drop: false }`
[INFO] running `Command { std: "docker" "inspect" "7ab9840422068189c84f980d6e4144667d5735c1db76f6bc4a2a295b1341a63d", kill_on_drop: false }`
[INFO] running `Command { std: "docker" "exec" "-e" "SOURCE_DIR=/opt/rustwide/workdir" "-e" "CARGO_HOME=/opt/rustwide/cargo-home" "-e" "RUSTUP_HOME=/opt/rustwide/rustup-home" "-e" "CARGO_TARGET_DIR=/opt/rustwide/target" "-w" "/opt/rustwide/workdir" "--user" "0:0" "7ab9840422068189c84f980d6e4144667d5735c1db76f6bc4a2a295b1341a63d" "/opt/rustwide/cargo-home/bin/cargo" "+1.99.0-beta.8" "metadata" "--no-deps" "--format-version=1", kill_on_drop: false }`
[INFO] running `Command { std: "docker" "inspect" "7ab9840422068189c84f980d6e4144667d5735c1db76f6bc4a2a295b1341a63d", kill_on_drop: false }`
[INFO] running `Command { std: "docker" "exec" "-e" "SOURCE_DIR=/opt/rustwide/workdir" "-e" "CARGO_HOME=/opt/rustwide/cargo-home" "-e" "RUSTUP_HOME=/opt/rustwide/rustup-home" "-e" "CARGO_TARGET_DIR=/opt/rustwide/target" "-e" "CARGO_INCREMENTAL=0" "-e" "RUST_BACKTRACE=full" "-e" "RUSTFLAGS=--cap-lints=warn" "-e" "RUSTDOCFLAGS=--cap-lints=warn" "-w" "/opt/rustwide/workdir" "--user" "0:0" "7ab9840422068189c84f980d6e4144667d5735c1db76f6bc4a2a295b1341a63d" "/opt/rustwide/cargo-home/bin/cargo" "+1.99.0-beta.8" "build" "--frozen" "--message-format=json" "--release", kill_on_drop: false }`
[INFO] [stderr]    Compiling libc v0.2.183
[INFO] [stderr]    Compiling hashbrown v0.16.1
[INFO] [stderr]    Compiling typenum v1.19.0
[INFO] [stderr]    Compiling bitflags v2.11.0
[INFO] [stderr]    Compiling tracing-core v0.1.36
[INFO] [stderr]    Compiling aws-lc-rs v1.16.2
[INFO] [stderr]    Compiling http v1.4.0
[INFO] [stderr]    Compiling zerovec-derive v0.11.2
[INFO] [stderr]    Compiling zeroize_derive v1.4.3
[INFO] [stderr]    Compiling tokio-macros v2.6.1
[INFO] [stderr]    Compiling zerofrom-derive v0.1.6
[INFO] [stderr]    Compiling yoke-derive v0.8.1
[INFO] [stderr]    Compiling futures-util v0.3.32
[INFO] [stderr]    Compiling darling_core v0.23.0
[INFO] [stderr]    Compiling deranged v0.5.8
[INFO] [stderr]    Compiling itertools v0.14.0
[INFO] [stderr]    Compiling strum_macros v0.27.2
[INFO] [stderr]    Compiling zeroize v1.8.2
[INFO] [stderr]    Compiling rustls-pki-types v1.14.0
[INFO] [stderr]    Compiling tracing v0.1.44
[INFO] [stderr]    Compiling indexmap v2.13.0
[INFO] [stderr]    Compiling futures-channel v0.3.32
[INFO] [stderr]    Compiling unicode-segmentation v1.12.0
[INFO] [stderr]    Compiling http-body v1.0.1
[INFO] [stderr]    Compiling num_threads v0.1.7
[INFO] [stderr]    Compiling time-core v0.1.8
[INFO] [stderr]    Compiling indoc v2.0.7
[INFO] [stderr]    Compiling signal-hook v0.3.18
[INFO] [stderr]    Compiling generic-array v0.14.7
[INFO] [stderr]    Compiling instability v0.3.11
[INFO] [stderr]    Compiling num-conv v0.2.0
[INFO] [stderr]    Compiling convert_case v0.10.0
[INFO] [stderr]    Compiling compact_str v0.9.0
[INFO] [stderr]    Compiling zerofrom v0.1.6
[INFO] [stderr]    Compiling kasuari v0.4.12
[INFO] [stderr]    Compiling lru v0.16.3
[INFO] [stderr]    Compiling yoke v0.8.1
[INFO] [stderr]    Compiling jobserver v0.1.34
[INFO] [stderr]    Compiling rustix v1.1.4
[INFO] [stderr]    Compiling rustls-native-certs v0.8.3
[INFO] [stderr]    Compiling derive_more-impl v2.1.1
[INFO] [stderr]    Compiling cc v1.2.57
[INFO] [stderr]    Compiling errno v0.3.14
[INFO] [stderr]    Compiling parking_lot_core v0.9.12
[INFO] [stderr]    Compiling mio v1.1.1
[INFO] [stderr]    Compiling parking_lot v0.12.5
[INFO] [stderr]    Compiling zerovec v0.11.5
[INFO] [stderr]    Compiling signal-hook-registry v1.4.8
[INFO] [stderr]    Compiling socket2 v0.6.3
[INFO] [stderr]    Compiling zerotrie v0.2.3
[INFO] [stderr]    Compiling time v0.3.47
[INFO] [stderr]    Compiling crypto-common v0.1.7
[INFO] [stderr]    Compiling block-buffer v0.10.4
[INFO] [stderr]    Compiling unicode-truncate v2.0.1
[INFO] [stderr]    Compiling digest v0.10.7
[INFO] [stderr]    Compiling serde_json v1.0.149
[INFO] [stderr]    Compiling tokio v1.50.0
[INFO] [stderr]    Compiling simd-adler32 v0.3.8
[INFO] [stderr]    Compiling litrs v1.0.0
[INFO] [stderr]    Compiling tinystr v0.8.2
[INFO] [stderr]    Compiling potential_utf v0.1.4
[INFO] [stderr]    Compiling icu_collections v2.1.1
[INFO] [stderr]    Compiling icu_locale_core v2.1.1
[INFO] [stderr]    Compiling strum v0.27.2
[INFO] [stderr]    Compiling signal-hook-mio v0.2.5
[INFO] [stderr]    Compiling getrandom v0.4.2
[INFO] [stderr]    Compiling ratatui-core v0.1.0
[INFO] [stderr]    Compiling derive_more v2.1.1
[INFO] [stderr]    Compiling inout v0.1.4
[INFO] [stderr]    Compiling serde_urlencoded v0.7.1
[INFO] [stderr]    Compiling http-body-util v0.1.3
[INFO] [stderr]    Compiling hashlink v0.11.0
[INFO] [stderr]    Compiling line-clipping v0.3.5
[INFO] [stderr]    Compiling cmake v0.1.57
[INFO] [stderr]    Compiling document-features v0.2.12
[INFO] [stderr]    Compiling encoding_rs v0.8.35
[INFO] [stderr]    Compiling getrandom v0.3.4
[INFO] [stderr]    Compiling crc-catalog v2.4.0
[INFO] [stderr]    Compiling miniz_oxide v0.8.9
[INFO] [stderr]    Compiling darling_macro v0.23.0
[INFO] [stderr]    Compiling petgraph v0.8.3
[INFO] [stderr]    Compiling crc v3.4.0
[INFO] [stderr]    Compiling chrono v0.4.44
[INFO] [stderr]    Compiling cipher v0.4.4
[INFO] [stderr]    Compiling uuid v1.22.0
[INFO] [stderr]    Compiling darling v0.23.0
[INFO] [stderr]    Compiling hmac v0.12.1
[INFO] [stderr]    Compiling regex v1.12.3
[INFO] [stderr]    Compiling bumpalo v3.20.2
[INFO] [stderr]    Compiling zip v2.4.2
[INFO] [stderr]    Compiling crossterm v0.29.0
[INFO] [stderr]    Compiling icu_provider v2.1.1
[INFO] [stderr]    Compiling zopfli v0.8.3
[INFO] [stderr]    Compiling aws-lc-sys v0.39.1
[INFO] [stderr]    Compiling icu_normalizer v2.1.1
[INFO] [stderr]    Compiling icu_properties v2.1.2
[INFO] [stderr]    Compiling zstd-sys v2.0.16+zstd.1.5.7
[INFO] [stderr]    Compiling libsqlite3-sys v0.36.0
[INFO] [stderr]    Compiling lzma-sys v0.1.20
[INFO] [stderr]    Compiling bzip2-sys v0.1.13+1.0.8
[INFO] [stderr]    Compiling ratatui-widgets v0.3.0
[INFO] [stderr]    Compiling xz2 v0.1.7
[INFO] [stderr]    Compiling bzip2 v0.5.2
[INFO] [stderr]    Compiling ratatui-crossterm v0.1.0
[INFO] [stderr]    Compiling flate2 v1.1.9
[INFO] [stderr]    Compiling idna_adapter v1.2.1
[INFO] [stderr]    Compiling idna v1.1.0
[INFO] [stderr]    Compiling aes v0.8.4
[INFO] [stderr]    Compiling pbkdf2 v0.12.2
[INFO] [stderr]    Compiling url v2.5.8
[INFO] [stderr]    Compiling lzma-rs v0.3.0
[INFO] [stderr]    Compiling sha1 v0.10.6
[INFO] [stderr]    Compiling clap_derive v4.6.0
[INFO] [stderr]    Compiling deflate64 v0.1.12
[INFO] [stderr]    Compiling constant_time_eq v0.3.1
[INFO] [stderr]    Compiling rtoolbox v0.0.4
[INFO] [stderr]    Compiling matchers v0.2.0
[INFO] [stderr]    Compiling tracing-serde v0.2.0
[INFO] [stderr]    Compiling tracing-log v0.2.0
[INFO] [stderr]    Compiling ratatui-macros v0.7.0
[INFO] [stderr]    Compiling thread_local v1.1.9
[INFO] [stderr]    Compiling ratatui v0.30.0
[INFO] [stderr]    Compiling redshank-cli v0.2.2 (/opt/rustwide/workdir)
[INFO] [stderr]    Compiling tracing-subscriber v0.3.23
[INFO] [stderr]    Compiling rpassword v7.4.0
[INFO] [stderr]    Compiling anyhow v1.0.102
[INFO] [stderr]    Compiling clap v4.6.0
[INFO] [stderr]    Compiling tokio-util v0.7.18
[INFO] [stderr]    Compiling tower v0.5.3
[INFO] [stderr]    Compiling h2 v0.4.13
[INFO] [stderr]    Compiling tower-http v0.6.8
[INFO] [stderr]    Compiling hyper v1.8.1
[INFO] [stderr]    Compiling hyper-util v0.1.20
[INFO] [stderr]    Compiling zstd-safe v7.2.4
[INFO] [stderr]    Compiling zstd v0.13.3
[INFO] [stderr]    Compiling rustls v0.23.37
[INFO] [stderr]    Compiling rustls-webpki v0.103.12
[INFO] [stderr]    Compiling tokio-rustls v0.26.4
[INFO] [stderr]    Compiling rustls-platform-verifier v0.6.2
[INFO] [stderr]    Compiling hyper-rustls v0.27.7
[INFO] [stderr]    Compiling reqwest v0.13.2
[INFO] [stderr]    Compiling rusqlite v0.38.0
[INFO] [stderr]    Compiling redshank-core v0.2.2
[INFO] [stderr]    Compiling redshank-fetchers v0.2.2
[INFO] [stderr]    Compiling redshank-tui v0.2.2
[INFO] [stderr]     Finished `release` profile [optimized] target(s) in 4m 22s
[INFO] running `Command { std: "docker" "inspect" "7ab9840422068189c84f980d6e4144667d5735c1db76f6bc4a2a295b1341a63d", kill_on_drop: false }`
[INFO] running `Command { std: "docker" "exec" "-e" "SOURCE_DIR=/opt/rustwide/workdir" "-e" "CARGO_HOME=/opt/rustwide/cargo-home" "-e" "RUSTUP_HOME=/opt/rustwide/rustup-home" "-e" "CARGO_TARGET_DIR=/opt/rustwide/target" "-e" "CARGO_INCREMENTAL=0" "-e" "RUST_BACKTRACE=full" "-e" "RUSTFLAGS=--cap-lints=warn" "-e" "RUSTDOCFLAGS=--cap-lints=warn" "-w" "/opt/rustwide/workdir" "--user" "0:0" "7ab9840422068189c84f980d6e4144667d5735c1db76f6bc4a2a295b1341a63d" "/opt/rustwide/cargo-home/bin/cargo" "+1.99.0-beta.8" "test" "--frozen" "--no-run" "--message-format=json" "--release", kill_on_drop: false }`
[INFO] [stderr]    Compiling libc v0.2.183
[INFO] [stderr]    Compiling cfg_aliases v0.1.1
[INFO] [stderr]    Compiling thiserror v1.0.69
[INFO] [stderr]    Compiling thiserror-impl v1.0.69
[INFO] [stderr]    Compiling shell-words v1.1.1
[INFO] [stderr]    Compiling downcast-rs v1.2.1
[INFO] [stderr]    Compiling redshank-cli v0.2.2 (/opt/rustwide/workdir)
[INFO] [stderr]    Compiling nix v0.28.0
[INFO] [stderr]    Compiling errno v0.3.14
[INFO] [stderr]    Compiling parking_lot_core v0.9.12
[INFO] [stderr]    Compiling mio v1.1.1
[INFO] [stderr]    Compiling socket2 v0.6.3
[INFO] [stderr]    Compiling time v0.3.47
[INFO] [stderr]    Compiling getrandom v0.4.2
[INFO] [stderr]    Compiling lzma-sys v0.1.20
[INFO] [stderr]    Compiling getrandom v0.3.4
[INFO] [stderr]    Compiling rtoolbox v0.0.4
[INFO] [stderr]    Compiling filedescriptor v0.8.3
[INFO] [stderr]    Compiling serial2 v0.2.34
[INFO] [stderr]    Compiling xz2 v0.1.7
[INFO] [stderr]    Compiling signal-hook-registry v1.4.8
[INFO] [stderr]    Compiling parking_lot v0.12.5
[INFO] [stderr]    Compiling signal-hook v0.3.18
[INFO] [stderr]    Compiling rpassword v7.4.0
[INFO] [stderr]    Compiling uuid v1.22.0
[INFO] [stderr]    Compiling signal-hook-mio v0.2.5
[INFO] [stderr]    Compiling tokio v1.50.0
[INFO] [stderr]    Compiling crossterm v0.29.0
[INFO] [stderr]    Compiling portable-pty v0.9.0
[INFO] [stderr]    Compiling ratatui-widgets v0.3.0
[INFO] [stderr]    Compiling zip v2.4.2
[INFO] [stderr]    Compiling ratatui-crossterm v0.1.0
[INFO] [stderr]    Compiling ratatui-macros v0.7.0
[INFO] [stderr]    Compiling ratatui v0.30.0
[INFO] [stderr]    Compiling tokio-util v0.7.18
[INFO] [stderr]    Compiling tokio-rustls v0.26.4
[INFO] [stderr]    Compiling tower v0.5.3
[INFO] [stderr]    Compiling h2 v0.4.13
[INFO] [stderr]    Compiling tower-http v0.6.8
[INFO] [stderr]    Compiling hyper v1.8.1
[INFO] [stderr]    Compiling hyper-util v0.1.20
[INFO] [stderr]    Compiling hyper-rustls v0.27.7
[INFO] [stderr]    Compiling reqwest v0.13.2
[INFO] [stderr]    Compiling redshank-core v0.2.2
[INFO] [stderr]    Compiling redshank-fetchers v0.2.2
[INFO] [stderr]    Compiling redshank-tui v0.2.2
[INFO] [stderr]     Finished `release` profile [optimized] target(s) in 1m 44s
[INFO] running `Command { std: "docker" "inspect" "7ab9840422068189c84f980d6e4144667d5735c1db76f6bc4a2a295b1341a63d", kill_on_drop: false }`
[INFO] running `Command { std: "docker" "exec" "-e" "SOURCE_DIR=/opt/rustwide/workdir" "-e" "CARGO_HOME=/opt/rustwide/cargo-home" "-e" "RUSTUP_HOME=/opt/rustwide/rustup-home" "-e" "CARGO_TARGET_DIR=/opt/rustwide/target" "-e" "CARGO_INCREMENTAL=0" "-e" "RUST_BACKTRACE=full" "-e" "RUSTFLAGS=--cap-lints=warn" "-e" "RUSTDOCFLAGS=--cap-lints=warn" "-w" "/opt/rustwide/workdir" "--user" "0:0" "7ab9840422068189c84f980d6e4144667d5735c1db76f6bc4a2a295b1341a63d" "/opt/rustwide/cargo-home/bin/cargo" "+1.99.0-beta.8" "test" "--frozen" "--release", kill_on_drop: false }`
[INFO] [stderr]    Compiling redshank-cli v0.2.2 (/opt/rustwide/workdir)
[INFO] [stderr]     Finished `release` profile [optimized] target(s) in 25.30s
[INFO] [stderr]      Running unittests src/main.rs (/opt/rustwide/target/release/deps/redshank-8e3cbdb25dc264c0)
[INFO] [stdout] 
[INFO] [stdout] running 35 tests
[INFO] [stdout] test tests::cli_parses_configure_credentials_alias ... ok
[INFO] [stdout] test setup::tests::apply_input_sets_ollama_base_url ... ok
[INFO] [stdout] test setup::tests::every_group_has_at_least_one_field ... ok
[INFO] [stdout] test tests::cli_parses_fetch_for_uk_corporate_intelligence ... ok
[INFO] [stdout] test setup::tests::apply_input_ignores_unknown_field ... ok
[INFO] [stdout] test tests::cli_parses_global_flags ... ok
[INFO] [stdout] test tests::cli_parses_fetch_kebab_case_alias ... ok
[INFO] [stdout] test tests::build_agent_config_infers_ollama_provider ... ok
[INFO] [stdout] test setup::tests::no_bundle_field_left_behind ... ok
[INFO] [stdout] test setup::tests::groups_are_unique ... ok
[INFO] [stdout] test tests::cli_rejects_unknown_configure_subcommand ... ok
[INFO] [stdout] test setup::tests::all_field_names_unique ... ok
[INFO] [stdout] test tests::cli_parses_setup_alias ... ok
[INFO] [stdout] test tests::cli_parses_run_with_objective ... ok
[INFO] [stdout] test setup::tests::all_field_names_valid_in_apply_input ... ok
[INFO] [stdout] test tests::cli_rejects_unknown_fetch_source ... ok
[INFO] [stdout] test tests::cli_parses_configure ... ok
[INFO] [stdout] test tests::cli_parses_session_list ... ok
[INFO] [stdout] test tests::cli_parses_short_global_flags ... ok
[INFO] [stdout] test tests::cli_parses_tui_with_session ... ok
[INFO] [stdout] test tests::cli_parses_session_delete ... ok
[INFO] [stdout] test tests::cli_parses_session_resume ... ok
[INFO] [stdout] test tests::cli_parses_version_subcommand ... ok
[INFO] [stdout] test tests::format_model_listing_marks_active_model ... ok
[INFO] [stdout] test tests::cmd_tui_no_tui_returns_without_hanging ... ok
[INFO] [stdout] test setup::tests::apply_input_sets_anthropic_api_key ... ok
[INFO] [stdout] test tests::parse_core_reasoning_maps_off_to_none ... ok
[INFO] [stdout] test tests::format_model_listing_groups_openrouter_models ... ok
[INFO] [stdout] test tests::format_model_listing_prefixes_ollama_models ... ok
[INFO] [stdout] test tests::cli_rejects_unknown_session_subcommand ... ok
[INFO] [stdout] test tests::version_string_format ... ok
[INFO] [stdout] test tests::cli_parses_fetch_with_source_and_query ... ok
[INFO] [stdout] test tests::git_sha_is_set ... FAILED
[INFO] [stdout] test tests::format_model_listing_prefixes_openrouter_models ... ok
[INFO] [stdout] test tests::session_list_empty_succeeds ... ok
[INFO] [stdout] 
[INFO] [stdout] failures:
[INFO] [stdout] 
[INFO] [stdout] ---- tests::git_sha_is_set stdout ----
[INFO] [stdout] 
[INFO] [stdout] thread 'tests::git_sha_is_set' (5146) panicked at src/main.rs:1085:9:
[INFO] [stdout] assertion `left != right` failed
[INFO] [stdout]   left: "unknown"
[INFO] [stdout]  right: "unknown"
[INFO] [stdout] stack backtrace:
[INFO] [stdout]    0:     0x555ad088ecc1 - <<std[70759c8f55707aa4]::sys::backtrace::BacktraceLock>::print::DisplayBacktrace as core[df12db4294e9bfd3]::fmt::Display>::fmt
[INFO] [stdout]    1:     0x555ad08a6cfa - core[df12db4294e9bfd3]::fmt::write
[INFO] [stdout]    2:     0x555ad08942fc - <alloc[2182bb758b4b3781]::vec::Vec<u8> as core[df12db4294e9bfd3]::io::write::Write>::write_fmt
[INFO] [stdout]    3:     0x555ad0867436 - std[70759c8f55707aa4]::panicking::default_hook::{closure#0}
[INFO] [stdout]    4:     0x555ad0885b89 - std[70759c8f55707aa4]::panicking::default_hook
[INFO] [stdout]    5:     0x555ad00a1b80 - test[9d35eded1c95d3be]::test_main_inner::<test[9d35eded1c95d3be]::test_main_static::{closure#0}>::{closure#0}
[INFO] [stdout]    6:     0x555ad0885eb2 - std[70759c8f55707aa4]::panicking::panic_with_hook
[INFO] [stdout]    7:     0x555ad08674e2 - std[70759c8f55707aa4]::panicking::panic_handler::{closure#0}
[INFO] [stdout]    8:     0x555ad085f8a9 - std[70759c8f55707aa4]::sys::backtrace::__rust_end_short_backtrace::<std[70759c8f55707aa4]::panicking::panic_handler::{closure#0}, !>
[INFO] [stdout]    9:     0x555ad08683dd - __rustc[8fa7c3cbc660c2b3]::rust_begin_unwind
[INFO] [stdout]   10:     0x555ad08a74dc - core[df12db4294e9bfd3]::panicking::panic_fmt
[INFO] [stdout]   11:     0x555ad08a73f3 - core[df12db4294e9bfd3]::panicking::assert_failed_inner
[INFO] [stdout]   12:     0x555ad0124800 - core[df12db4294e9bfd3]::panicking::assert_failed::<&str, &str>
[INFO] [stdout]   13:     0x555ad001759f - redshank[4d67525e24a23558]::tests::git_sha_is_set
[INFO] [stdout]   14:     0x555ad002afbe - <redshank[4d67525e24a23558]::tests::git_sha_is_set::{closure#0} as core[df12db4294e9bfd3]::ops::function::FnOnce<()>>::call_once
[INFO] [stdout]   15:     0x555ad0094e6b - test[9d35eded1c95d3be]::__rust_begin_short_backtrace::<core[df12db4294e9bfd3]::result::Result<(), alloc[2182bb758b4b3781]::string::String>, fn() -> core[df12db4294e9bfd3]::result::Result<(), alloc[2182bb758b4b3781]::string::String>>
[INFO] [stdout]   16:     0x555ad00a24d5 - test[9d35eded1c95d3be]::run_test::{closure#0}
[INFO] [stdout]   17:     0x555ad009bd94 - std[70759c8f55707aa4]::sys::backtrace::__rust_begin_short_backtrace::<test[9d35eded1c95d3be]::run_test::{closure#1}, ()>
[INFO] [stdout]   18:     0x555ad00a5632 - <std[70759c8f55707aa4]::thread::lifecycle::spawn_unchecked<test[9d35eded1c95d3be]::run_test::{closure#1}, ()>::{closure#1} as core[df12db4294e9bfd3]::ops::function::FnOnce<()>>::call_once::{shim:vtable#0}
[INFO] [stdout]   19:     0x555ad088d539 - <std[70759c8f55707aa4]::sys::thread::unix::Thread>::new::thread_start
[INFO] [stdout]   20:     0x72a029a12dfa - <unknown>
[INFO] [stdout]   21:     0x72a029aa63d4 - clone
[INFO] [stdout]   22:                0x0 - <unknown>
[INFO] [stdout] 
[INFO] [stdout] 
[INFO] [stdout] failures:
[INFO] [stdout]     tests::git_sha_is_set
[INFO] [stdout] 
[INFO] [stdout] test result: FAILED. 34 passed; 1 failed; 0 ignored; 0 measured; 0 filtered out; finished in 0.05s
[INFO] [stdout] 
[INFO] [stderr] error: test failed, to rerun pass `--bin redshank`
[INFO] running `Command { std: "docker" "inspect" "7ab9840422068189c84f980d6e4144667d5735c1db76f6bc4a2a295b1341a63d", kill_on_drop: false }`
[INFO] running `Command { std: "docker" "rm" "-f" "7ab9840422068189c84f980d6e4144667d5735c1db76f6bc4a2a295b1341a63d", kill_on_drop: false }`
[INFO] [stdout] 7ab9840422068189c84f980d6e4144667d5735c1db76f6bc4a2a295b1341a63d
