[INFO] fetching crate redpanda 0.5.0...
[INFO] testing redpanda-0.5.0 against 1.99.0-beta.8+cargoflags=--release for beta-release-1.100-2
[INFO] extracting crate redpanda 0.5.0 into /workspace/builds/worker-3-tc1/source
[INFO] started tweaking crates.io crate redpanda 0.5.0
[INFO] finished tweaking crates.io crate redpanda 0.5.0
[INFO] tweaked toml for crates.io crate redpanda 0.5.0 written to /workspace/builds/worker-3-tc1/source/Cargo.toml
[INFO] validating manifest of crates.io crate redpanda 0.5.0 on toolchain 1.99.0-beta.8
[INFO] running `Command { std: CARGO_HOME="/workspace/cargo-home" RUSTUP_HOME="/workspace/rustup-home" "/workspace/cargo-home/bin/cargo" "+1.99.0-beta.8" "metadata" "--manifest-path" "Cargo.toml" "--no-deps", kill_on_drop: false }`
[INFO] running `Command { std: CARGO_HOME="/workspace/cargo-home" RUSTUP_HOME="/workspace/rustup-home" "/workspace/cargo-home/bin/cargo" "+1.99.0-beta.8" "generate-lockfile" "--manifest-path" "Cargo.toml", kill_on_drop: false }`
[INFO] [stderr]     Updating crates.io index
[INFO] [stderr]      Locking 122 packages to highest compatible versions
[INFO] [stderr]       Adding rand v0.8.8 (available: v0.10.3)
[INFO] [stderr]       Adding rdkafka v0.29.0 (available: v0.39.0)
[INFO] [stderr]       Adding thiserror v1.0.69 (available: v2.0.21)
[INFO] [stderr]       Adding tracing-test v0.1.0 (available: v0.2.6)
[INFO] running `Command { std: CARGO_HOME="/workspace/cargo-home" RUSTUP_HOME="/workspace/rustup-home" "/workspace/cargo-home/bin/cargo" "+1.99.0-beta.8" "fetch" "--manifest-path" "Cargo.toml", kill_on_drop: false }`
[INFO] [stderr]  Downloading crates ...
[INFO] [stderr]   Downloaded rdkafka v0.29.0
[INFO] [stderr]   Downloaded tracing-test v0.1.0
[INFO] [stderr]   Downloaded tracing-test-macro v0.1.0
[INFO] [stderr]   Downloaded rdkafka-sys v4.10.0+2.12.1
[INFO] running `Command { std: "docker" "create" "-v" "/var/lib/crater-agent-workspace/builds/worker-3-tc1/source:/opt/rustwide/workdir:ro,Z" "-v" "/var/lib/crater-agent-workspace/builds/worker-3-tc1/target:/opt/rustwide/target:rw,Z" "-v" "/var/lib/crater-agent-workspace/cargo-home:/opt/rustwide/cargo-home:ro,Z" "-v" "/var/lib/crater-agent-workspace/rustup-home:/opt/rustwide/rustup-home:ro,Z" "-m" "1610612736" "--network" "none" "ghcr.io/rust-lang/crates-build-env/linux@sha256:77db811e55d90add9212f6832c23229e3de5f1c1f9905e8cb07319ea15df73ac" "sleep" "infinity", kill_on_drop: false }`
[INFO] [stdout] bc77bd88cbc58b02439c77563874ad36204ee843d151f36faf22e5db1e95d87a
[INFO] running `Command { std: "docker" "start" "bc77bd88cbc58b02439c77563874ad36204ee843d151f36faf22e5db1e95d87a", kill_on_drop: false }`
[INFO] running `Command { std: "docker" "inspect" "bc77bd88cbc58b02439c77563874ad36204ee843d151f36faf22e5db1e95d87a", kill_on_drop: false }`
[INFO] running `Command { std: "docker" "exec" "-e" "SOURCE_DIR=/opt/rustwide/workdir" "-e" "CARGO_HOME=/opt/rustwide/cargo-home" "-e" "RUSTUP_HOME=/opt/rustwide/rustup-home" "-e" "CARGO_TARGET_DIR=/opt/rustwide/target" "-w" "/opt/rustwide/workdir" "--user" "0:0" "bc77bd88cbc58b02439c77563874ad36204ee843d151f36faf22e5db1e95d87a" "/opt/rustwide/cargo-home/bin/cargo" "+1.99.0-beta.8" "metadata" "--no-deps" "--format-version=1", kill_on_drop: false }`
[INFO] running `Command { std: "docker" "inspect" "bc77bd88cbc58b02439c77563874ad36204ee843d151f36faf22e5db1e95d87a", kill_on_drop: false }`
[INFO] running `Command { std: "docker" "exec" "-e" "SOURCE_DIR=/opt/rustwide/workdir" "-e" "CARGO_HOME=/opt/rustwide/cargo-home" "-e" "RUSTUP_HOME=/opt/rustwide/rustup-home" "-e" "CARGO_TARGET_DIR=/opt/rustwide/target" "-e" "CARGO_INCREMENTAL=0" "-e" "RUST_BACKTRACE=full" "-e" "RUSTFLAGS=--cap-lints=warn" "-e" "RUSTDOCFLAGS=--cap-lints=warn" "-w" "/opt/rustwide/workdir" "--user" "0:0" "bc77bd88cbc58b02439c77563874ad36204ee843d151f36faf22e5db1e95d87a" "/opt/rustwide/cargo-home/bin/cargo" "+1.99.0-beta.8" "build" "--frozen" "--message-format=json" "--release", kill_on_drop: false }`
[INFO] [stderr]    Compiling syn v3.0.9
[INFO] [stderr]    Compiling syn v2.0.119
[INFO] [stderr]    Compiling libz-sys v1.1.30
[INFO] [stderr]    Compiling toml_edit v0.25.17+spec-1.1.0
[INFO] [stderr]    Compiling zstd-sys v2.1.2+zstd.1.5.7
[INFO] [stderr]    Compiling futures-channel v0.3.34
[INFO] [stderr]    Compiling cmake v0.1.58
[INFO] [stderr]    Compiling log v0.4.34
[INFO] [stderr]    Compiling sharded-slab v0.1.7
[INFO] [stderr]    Compiling tracing-log v0.2.0
[INFO] [stderr]    Compiling thread_local v1.1.10
[INFO] [stderr]    Compiling rdkafka-sys v4.10.0+2.12.1
[INFO] [stderr]    Compiling proc-macro-crate v3.5.0
[INFO] [stderr]    Compiling tracing-subscriber v0.3.23
[INFO] [stderr]    Compiling futures-macro v0.3.34
[INFO] [stderr]    Compiling serde_derive v1.0.229
[INFO] [stderr]    Compiling tokio-macros v2.7.2
[INFO] [stderr]    Compiling futures-util v0.3.34
[INFO] [stderr]    Compiling tokio v1.53.3
[INFO] [stderr]    Compiling num_enum_derive v0.7.6
[INFO] [stderr]    Compiling tracing-attributes v0.1.31
[INFO] [stderr]    Compiling serde v1.0.229
[INFO] [stderr]    Compiling num_enum v0.7.6
[INFO] [stderr]    Compiling thiserror-impl v1.0.69
[INFO] [stderr]    Compiling tracing v0.1.44
[INFO] [stderr]    Compiling futures-executor v0.3.34
[INFO] [stderr]    Compiling thiserror v1.0.69
[INFO] [stderr]    Compiling futures v0.3.34
[INFO] [stderr]    Compiling rdkafka v0.29.0
[INFO] [stderr]    Compiling redpanda v0.5.0 (/opt/rustwide/workdir)
[INFO] [stdout] warning: hiding a lifetime that's elided elsewhere is confusing
[INFO] [stdout]   --> src/consumer.rs:93:19
[INFO] [stdout]    |
[INFO] [stdout] 93 |     pub fn stream(&self) -> MessageStream {
[INFO] [stdout]    |                   ^^^^^     ^^^^^^^^^^^^^ the same lifetime is hidden here
[INFO] [stdout]    |                   |
[INFO] [stdout]    |                   the lifetime is elided here
[INFO] [stdout]    |
[INFO] [stdout]    = help: the same lifetime is referred to in inconsistent ways, making the signature confusing
[INFO] [stdout]    = note: `#[warn(mismatched_lifetime_syntaxes)]` on by default
[INFO] [stdout] help: use `'_` for type paths
[INFO] [stdout]    |
[INFO] [stdout] 93 |     pub fn stream(&self) -> MessageStream<'_> {
[INFO] [stdout]    |                                          ++++
[INFO] [stdout] 
[INFO] [stdout] 
[INFO] [stderr]     Finished `release` profile [optimized] target(s) in 2m 43s
[INFO] running `Command { std: "docker" "inspect" "bc77bd88cbc58b02439c77563874ad36204ee843d151f36faf22e5db1e95d87a", kill_on_drop: false }`
[INFO] running `Command { std: "docker" "exec" "-e" "SOURCE_DIR=/opt/rustwide/workdir" "-e" "CARGO_HOME=/opt/rustwide/cargo-home" "-e" "RUSTUP_HOME=/opt/rustwide/rustup-home" "-e" "CARGO_TARGET_DIR=/opt/rustwide/target" "-e" "CARGO_INCREMENTAL=0" "-e" "RUST_BACKTRACE=full" "-e" "RUSTFLAGS=--cap-lints=warn" "-e" "RUSTDOCFLAGS=--cap-lints=warn" "-w" "/opt/rustwide/workdir" "--user" "0:0" "bc77bd88cbc58b02439c77563874ad36204ee843d151f36faf22e5db1e95d87a" "/opt/rustwide/cargo-home/bin/cargo" "+1.99.0-beta.8" "test" "--frozen" "--no-run" "--message-format=json" "--release", kill_on_drop: false }`
[INFO] [stderr]    Compiling regex-syntax v0.8.11
[INFO] [stderr]    Compiling matchers v0.0.1
[INFO] [stderr]    Compiling tracing-serde v0.1.3
[INFO] [stderr]    Compiling tracing-log v0.1.4
[INFO] [stderr]    Compiling tracing-test-macro v0.1.0
[INFO] [stdout] warning: hiding a lifetime that's elided elsewhere is confusing
[INFO] [stdout]   --> src/consumer.rs:93:19
[INFO] [stdout]    |
[INFO] [stdout] 93 |     pub fn stream(&self) -> MessageStream {
[INFO] [stdout]    |                   ^^^^^     ^^^^^^^^^^^^^ the same lifetime is hidden here
[INFO] [stdout]    |                   |
[INFO] [stdout]    |                   the lifetime is elided here
[INFO] [stdout]    |
[INFO] [stdout]    = help: the same lifetime is referred to in inconsistent ways, making the signature confusing
[INFO] [stdout]    = note: `#[warn(mismatched_lifetime_syntaxes)]` on by default
[INFO] [stdout] help: use `'_` for type paths
[INFO] [stdout]    |
[INFO] [stdout] 93 |     pub fn stream(&self) -> MessageStream<'_> {
[INFO] [stdout]    |                                          ++++
[INFO] [stdout] 
[INFO] [stdout] 
[INFO] [stderr]    Compiling regex-automata v0.4.18
[INFO] [stderr]    Compiling regex v1.13.1
[INFO] [stderr]    Compiling tracing-subscriber v0.2.25
[INFO] [stderr]    Compiling tracing-test v0.1.0
[INFO] [stderr]    Compiling redpanda v0.5.0 (/opt/rustwide/workdir)
[INFO] [stdout] warning: hiding a lifetime that's elided elsewhere is confusing
[INFO] [stdout]   --> src/consumer.rs:93:19
[INFO] [stdout]    |
[INFO] [stdout] 93 |     pub fn stream(&self) -> MessageStream {
[INFO] [stdout]    |                   ^^^^^     ^^^^^^^^^^^^^ the same lifetime is hidden here
[INFO] [stdout]    |                   |
[INFO] [stdout]    |                   the lifetime is elided here
[INFO] [stdout]    |
[INFO] [stdout]    = help: the same lifetime is referred to in inconsistent ways, making the signature confusing
[INFO] [stdout]    = note: `#[warn(mismatched_lifetime_syntaxes)]` on by default
[INFO] [stdout] help: use `'_` for type paths
[INFO] [stdout]    |
[INFO] [stdout] 93 |     pub fn stream(&self) -> MessageStream<'_> {
[INFO] [stdout]    |                                          ++++
[INFO] [stdout] 
[INFO] [stdout] 
[INFO] [stderr]     Finished `release` profile [optimized] target(s) in 35.67s
[INFO] running `Command { std: "docker" "inspect" "bc77bd88cbc58b02439c77563874ad36204ee843d151f36faf22e5db1e95d87a", kill_on_drop: false }`
[INFO] running `Command { std: "docker" "exec" "-e" "SOURCE_DIR=/opt/rustwide/workdir" "-e" "CARGO_HOME=/opt/rustwide/cargo-home" "-e" "RUSTUP_HOME=/opt/rustwide/rustup-home" "-e" "CARGO_TARGET_DIR=/opt/rustwide/target" "-e" "CARGO_INCREMENTAL=0" "-e" "RUST_BACKTRACE=full" "-e" "RUSTFLAGS=--cap-lints=warn" "-e" "RUSTDOCFLAGS=--cap-lints=warn" "-w" "/opt/rustwide/workdir" "--user" "0:0" "bc77bd88cbc58b02439c77563874ad36204ee843d151f36faf22e5db1e95d87a" "/opt/rustwide/cargo-home/bin/cargo" "+1.99.0-beta.8" "test" "--frozen" "--release", kill_on_drop: false }`
[INFO] [stderr] warning: hiding a lifetime that's elided elsewhere is confusing
[INFO] [stderr]   --> src/consumer.rs:93:19
[INFO] [stderr]    |
[INFO] [stderr] 93 |     pub fn stream(&self) -> MessageStream {
[INFO] [stderr]    |                   ^^^^^     ^^^^^^^^^^^^^ the same lifetime is hidden here
[INFO] [stderr]    |                   |
[INFO] [stderr]    |                   the lifetime is elided here
[INFO] [stderr]    |
[INFO] [stderr]    = help: the same lifetime is referred to in inconsistent ways, making the signature confusing
[INFO] [stderr]    = note: `#[warn(mismatched_lifetime_syntaxes)]` on by default
[INFO] [stderr] help: use `'_` for type paths
[INFO] [stderr]    |
[INFO] [stderr] 93 |     pub fn stream(&self) -> MessageStream<'_> {
[INFO] [stderr]    |                                          ++++
[INFO] [stderr] 
[INFO] [stderr] warning: `redpanda` (lib) generated 1 warning (run `cargo fix --lib -p redpanda` to apply 1 suggestion)
[INFO] [stderr] warning: `redpanda` (lib test) generated 1 warning (1 duplicate)
[INFO] [stderr]     Finished `release` profile [optimized] target(s) in 0.11s
[INFO] [stderr]      Running unittests src/lib.rs (/opt/rustwide/target/release/deps/redpanda-a4d2c14dda353788)
[INFO] [stdout] 
[INFO] [stdout] running 15 tests
[INFO] [stdout] test tests::test_admin_create_delete_topic ... FAILED
[INFO] [stdout] test tests::test_admin_invalid_server ... FAILED
[INFO] [stdout] test tests::test_admin_some_bad_servers ... FAILED
[INFO] [stdout] test tests::test_admin_valid_server ... FAILED
[INFO] [stdout] test tests::test_consumer_invalid_server ... FAILED
[INFO] [stdout] test tests::test_consumer_some_bad_servers ... FAILED
[INFO] [stdout] test tests::test_consumer_subscription ... FAILED
[INFO] [stdout] test tests::test_consumer_valid_server ... FAILED
[INFO] [stdout] test tests::test_producer_consumer_valid_topic ... FAILED
[INFO] [stdout] test tests::test_producer_invalid_server ... FAILED
[INFO] [stdout] test tests::test_producer_record ... FAILED
[INFO] [stderr] error: test failed, to rerun pass `--lib`
[INFO] [stdout] test tests::test_producer_valid_server ... FAILED
[INFO] [stdout] test tests::test_consumer_invalid_topic ... FAILED
[INFO] [stdout] test tests::test_metadata_topic_names ... FAILED
[INFO] [stdout] test tests::test_producer_some_bad_servers ... FAILED
[INFO] [stdout] 
[INFO] [stdout] failures:
[INFO] [stdout] 
[INFO] [stdout] ---- tests::test_admin_create_delete_topic stdout ----
[INFO] [stdout] 
[INFO] [stdout] thread 'tests::test_admin_create_delete_topic' (1839) panicked at /opt/rustwide/cargo-home/registry/src/index.crates.io-1949cf8c6b5b557f/tracing-subscriber-0.2.25/src/filter/env/directive.rs:167:14:
[INFO] [stdout] called `Result::unwrap()` on an `Err` value: Syntax(
[INFO] [stdout] ~~~~~~~~~~~~~~~~~~~~~~~~~~~~~~~~~~~~~~~~~~~~~~~~~~~~~~~~~~~~~~~~~~~~~~~~~~~~~~~
[INFO] [stdout] regex parse error:
[INFO] [stdout] ~~~~~~~~~~~~~~~~~~~~~~~~~~~~~~~~~~~~~~~~~~~~~~~~~~~~~~~~~~~~~~~~~~~~~~~~~~~~~~~
[INFO] [stdout]  1: (?x)
[INFO] [stdout]  2:                 ^(?P<global_level>(?i:trace|debug|info|warn|error|off|[0-5]))$ |
[INFO] [stdout]                                           ^
[INFO] [stdout]  3:                  #                 ^^^.
[INFO] [stdout]  4:                  #                     `note: we match log level names case-insensitively
[INFO] [stdout]  5:                 ^
[INFO] [stdout]  6:                 (?: # target name or span name
[INFO] [stdout]  7:                     (?P<target>[\w:-]+)|(?P<span>\[[^\]]*\])
[INFO] [stdout]  8:                 ){1,2}
[INFO] [stdout]  9:                 (?: # level or nothing
[INFO] [stdout] 10:                     =(?P<level>(?i:trace|debug|info|warn|error|off|[0-5]))?
[INFO] [stdout] 11:                      #          ^^^.
[INFO] [stdout] 12:                      #              `note: we match log level names case-insensitively
[INFO] [stdout] 13:                 )?
[INFO] [stdout] 14:                 $
[INFO] [stdout] 15:                 
[INFO] [stdout] ~~~~~~~~~~~~~~~~~~~~~~~~~~~~~~~~~~~~~~~~~~~~~~~~~~~~~~~~~~~~~~~~~~~~~~~~~~~~~~~
[INFO] [stdout] error: Unicode-aware case insensitivity matching is not available (make sure the unicode-case feature is enabled)
[INFO] [stdout] ~~~~~~~~~~~~~~~~~~~~~~~~~~~~~~~~~~~~~~~~~~~~~~~~~~~~~~~~~~~~~~~~~~~~~~~~~~~~~~~
[INFO] [stdout] )
[INFO] [stdout] stack backtrace:
[INFO] [stdout]    0:     0x62ad1a51efa1 - <<std[70759c8f55707aa4]::sys::backtrace::BacktraceLock>::print::DisplayBacktrace as core[df12db4294e9bfd3]::fmt::Display>::fmt
[INFO] [stdout]    1:     0x62ad1a53596a - core[df12db4294e9bfd3]::fmt::write
[INFO] [stdout]    2:     0x62ad1a52368c - <alloc[2182bb758b4b3781]::vec::Vec<u8> as core[df12db4294e9bfd3]::io::write::Write>::write_fmt
[INFO] [stdout]    3:     0x62ad1a4fa456 - std[70759c8f55707aa4]::panicking::default_hook::{closure#0}
[INFO] [stdout]    4:     0x62ad1a516aa9 - std[70759c8f55707aa4]::panicking::default_hook
[INFO] [stdout]    5:     0x62ad1a2038d0 - test[9d35eded1c95d3be]::test_main_inner::<test[9d35eded1c95d3be]::test_main_static::{closure#0}>::{closure#0}
[INFO] [stdout]    6:     0x62ad1a516dd2 - std[70759c8f55707aa4]::panicking::panic_with_hook
[INFO] [stdout]    7:     0x62ad1a4fa502 - std[70759c8f55707aa4]::panicking::panic_handler::{closure#0}
[INFO] [stdout]    8:     0x62ad1a4f30c9 - std[70759c8f55707aa4]::sys::backtrace::__rust_end_short_backtrace::<std[70759c8f55707aa4]::panicking::panic_handler::{closure#0}, !>
[INFO] [stdout]    9:     0x62ad1a4fb0fd - __rustc[8fa7c3cbc660c2b3]::rust_begin_unwind
[INFO] [stdout]   10:     0x62ad1a53614c - core[df12db4294e9bfd3]::panicking::panic_fmt
[INFO] [stdout]   11:     0x62ad1a535f22 - core[df12db4294e9bfd3]::result::unwrap_failed
[INFO] [stdout]   12:     0x62ad1a25824c - <std[70759c8f55707aa4]::sync::once::Once>::call_once::<<lazy_static[d708de45b64ffd20]::lazy::Lazy<regex[259826aba62adcac]::regex::string::Regex>>::get<<<tracing_subscriber[2a25d0274795c18d]::filter::env::directive::Directive as core[df12db4294e9bfd3]::str::traits::FromStr>::from_str::DIRECTIVE_RE as core[df12db4294e9bfd3]::ops::deref::Deref>::deref::__static_ref_initialize>::{closure#0}>::{closure#0}
[INFO] [stdout]   13:     0x62ad1a500049 - <std[70759c8f55707aa4]::sys::sync::once::futex::Once>::call
[INFO] [stdout]   14:     0x62ad1a259f45 - <tracing_subscriber[2a25d0274795c18d]::filter::env::directive::Directive as core[df12db4294e9bfd3]::str::traits::FromStr>::from_str
[INFO] [stdout]   15:     0x62ad1a244fda - <&mut <tracing_subscriber[2a25d0274795c18d]::filter::env::EnvFilter>::new<&str>::{closure#0} as core[df12db4294e9bfd3]::ops::function::FnMut<(&str,)>>::call_mut
[INFO] [stdout]   16:     0x62ad1a23ee65 - <core[df12db4294e9bfd3]::iter::adapters::filter_map::FilterMap<core[df12db4294e9bfd3]::str::iter::Split<char>, <tracing_subscriber[2a25d0274795c18d]::filter::env::EnvFilter>::new<&str>::{closure#0}> as core[df12db4294e9bfd3]::iter::traits::iterator::Iterator>::next
[INFO] [stdout]   17:     0x62ad1a23ea31 - <alloc[2182bb758b4b3781]::vec::Vec<tracing_subscriber[2a25d0274795c18d]::filter::env::directive::Directive> as alloc[2182bb758b4b3781]::vec::spec_from_iter::SpecFromIter<tracing_subscriber[2a25d0274795c18d]::filter::env::directive::Directive, core[df12db4294e9bfd3]::iter::adapters::filter_map::FilterMap<core[df12db4294e9bfd3]::str::iter::Split<char>, <tracing_subscriber[2a25d0274795c18d]::filter::env::EnvFilter>::new<&str>::{closure#0}>>>::from_iter
[INFO] [stdout]   18:     0x62ad1a2448e2 - <tracing_subscriber[2a25d0274795c18d]::filter::env::EnvFilter as core[df12db4294e9bfd3]::convert::From<&str>>::from
[INFO] [stdout]   19:     0x62ad1a237a89 - tracing_test[d071fbdb9b44108b]::subscriber::get_subscriber
[INFO] [stdout]   20:     0x62ad1a1cd36b - <std[70759c8f55707aa4]::sync::once::Once>::call_once::<redpanda[42b20e29dc04b0a0]::tests::test_admin_create_delete_topic::{closure#0}>::{closure#0}
[INFO] [stdout]   21:     0x62ad1a500049 - <std[70759c8f55707aa4]::sys::sync::once::futex::Once>::call
[INFO] [stdout]   22:     0x62ad1a1d8dad - redpanda[42b20e29dc04b0a0]::tests::test_admin_create_delete_topic
[INFO] [stdout]   23:     0x62ad1a1f0549 - <redpanda[42b20e29dc04b0a0]::tests::test_admin_create_delete_topic::{closure#0} as core[df12db4294e9bfd3]::ops::function::FnOnce<()>>::call_once
[INFO] [stdout]   24:     0x62ad1a1f6bbb - test[9d35eded1c95d3be]::__rust_begin_short_backtrace::<core[df12db4294e9bfd3]::result::Result<(), alloc[2182bb758b4b3781]::string::String>, fn() -> core[df12db4294e9bfd3]::result::Result<(), alloc[2182bb758b4b3781]::string::String>>
[INFO] [stdout]   25:     0x62ad1a204225 - test[9d35eded1c95d3be]::run_test::{closure#0}
[INFO] [stdout]   26:     0x62ad1a1fdae4 - std[70759c8f55707aa4]::sys::backtrace::__rust_begin_short_backtrace::<test[9d35eded1c95d3be]::run_test::{closure#1}, ()>
[INFO] [stdout]   27:     0x62ad1a207382 - <std[70759c8f55707aa4]::thread::lifecycle::spawn_unchecked<test[9d35eded1c95d3be]::run_test::{closure#1}, ()>::{closure#1} as core[df12db4294e9bfd3]::ops::function::FnOnce<()>>::call_once::{shim:vtable#0}
[INFO] [stdout]   28:     0x62ad1a51e1a9 - <std[70759c8f55707aa4]::sys::thread::unix::Thread>::new::thread_start
[INFO] [stdout]   29:     0x785a40879dfa - <unknown>
[INFO] [stdout]   30:     0x785a4090d3d4 - clone
[INFO] [stdout]   31:                0x0 - <unknown>
[INFO] [stdout] 
[INFO] [stdout] ---- tests::test_admin_invalid_server stdout ----
[INFO] [stdout] 
[INFO] [stdout] thread 'tests::test_admin_invalid_server' (1840) panicked at src/tests.rs:249:1:
[INFO] [stdout] Once instance has previously been poisoned
[INFO] [stdout] stack backtrace:
[INFO] [stdout]    0:     0x62ad1a51efa1 - <<std[70759c8f55707aa4]::sys::backtrace::BacktraceLock>::print::DisplayBacktrace as core[df12db4294e9bfd3]::fmt::Display>::fmt
[INFO] [stdout]    1:     0x62ad1a53596a - core[df12db4294e9bfd3]::fmt::write
[INFO] [stdout]    2:     0x62ad1a52368c - <alloc[2182bb758b4b3781]::vec::Vec<u8> as core[df12db4294e9bfd3]::io::write::Write>::write_fmt
[INFO] [stdout]    3:     0x62ad1a4fa456 - std[70759c8f55707aa4]::panicking::default_hook::{closure#0}
[INFO] [stdout]    4:     0x62ad1a516aa9 - std[70759c8f55707aa4]::panicking::default_hook
[INFO] [stdout]    5:     0x62ad1a2038d0 - test[9d35eded1c95d3be]::test_main_inner::<test[9d35eded1c95d3be]::test_main_static::{closure#0}>::{closure#0}
[INFO] [stdout]    6:     0x62ad1a516dd2 - std[70759c8f55707aa4]::panicking::panic_with_hook
[INFO] [stdout]    7:     0x62ad1a4fa534 - std[70759c8f55707aa4]::panicking::panic_handler::{closure#0}
[INFO] [stdout]    8:     0x62ad1a4f30c9 - std[70759c8f55707aa4]::sys::backtrace::__rust_end_short_backtrace::<std[70759c8f55707aa4]::panicking::panic_handler::{closure#0}, !>
[INFO] [stdout]    9:     0x62ad1a4fb0fd - __rustc[8fa7c3cbc660c2b3]::rust_begin_unwind
[INFO] [stdout]   10:     0x62ad1a53614c - core[df12db4294e9bfd3]::panicking::panic_fmt
[INFO] [stdout]   11:     0x62ad1a500181 - <std[70759c8f55707aa4]::sys::sync::once::futex::Once>::call
[INFO] [stdout]   12:     0x62ad1a1d7194 - redpanda[42b20e29dc04b0a0]::tests::test_admin_invalid_server
[INFO] [stdout]   13:     0x62ad1a1f0429 - <redpanda[42b20e29dc04b0a0]::tests::test_admin_invalid_server::{closure#0} as core[df12db4294e9bfd3]::ops::function::FnOnce<()>>::call_once
[INFO] [stdout]   14:     0x62ad1a1f6bbb - test[9d35eded1c95d3be]::__rust_begin_short_backtrace::<core[df12db4294e9bfd3]::result::Result<(), alloc[2182bb758b4b3781]::string::String>, fn() -> core[df12db4294e9bfd3]::result::Result<(), alloc[2182bb758b4b3781]::string::String>>
[INFO] [stdout]   15:     0x62ad1a204225 - test[9d35eded1c95d3be]::run_test::{closure#0}
[INFO] [stdout]   16:     0x62ad1a1fdae4 - std[70759c8f55707aa4]::sys::backtrace::__rust_begin_short_backtrace::<test[9d35eded1c95d3be]::run_test::{closure#1}, ()>
[INFO] [stdout]   17:     0x62ad1a207382 - <std[70759c8f55707aa4]::thread::lifecycle::spawn_unchecked<test[9d35eded1c95d3be]::run_test::{closure#1}, ()>::{closure#1} as core[df12db4294e9bfd3]::ops::function::FnOnce<()>>::call_once::{shim:vtable#0}
[INFO] [stdout]   18:     0x62ad1a51e1a9 - <std[70759c8f55707aa4]::sys::thread::unix::Thread>::new::thread_start
[INFO] [stdout]   19:     0x785a40879dfa - <unknown>
[INFO] [stdout]   20:     0x785a4090d3d4 - clone
[INFO] [stdout]   21:                0x0 - <unknown>
[INFO] [stdout] 
[INFO] [stdout] ---- tests::test_admin_some_bad_servers stdout ----
[INFO] [stdout] 
[INFO] [stdout] thread 'tests::test_admin_some_bad_servers' (1841) panicked at src/tests.rs:261:1:
[INFO] [stdout] Once instance has previously been poisoned
[INFO] [stdout] stack backtrace:
[INFO] [stdout]    0:     0x62ad1a51efa1 - <<std[70759c8f55707aa4]::sys::backtrace::BacktraceLock>::print::DisplayBacktrace as core[df12db4294e9bfd3]::fmt::Display>::fmt
[INFO] [stdout]    1:     0x62ad1a53596a - core[df12db4294e9bfd3]::fmt::write
[INFO] [stdout]    2:     0x62ad1a52368c - <alloc[2182bb758b4b3781]::vec::Vec<u8> as core[df12db4294e9bfd3]::io::write::Write>::write_fmt
[INFO] [stdout]    3:     0x62ad1a4fa456 - std[70759c8f55707aa4]::panicking::default_hook::{closure#0}
[INFO] [stdout]    4:     0x62ad1a516aa9 - std[70759c8f55707aa4]::panicking::default_hook
[INFO] [stdout]    5:     0x62ad1a2038d0 - test[9d35eded1c95d3be]::test_main_inner::<test[9d35eded1c95d3be]::test_main_static::{closure#0}>::{closure#0}
[INFO] [stdout]    6:     0x62ad1a516dd2 - std[70759c8f55707aa4]::panicking::panic_with_hook
[INFO] [stdout]    7:     0x62ad1a4fa534 - std[70759c8f55707aa4]::panicking::panic_handler::{closure#0}
[INFO] [stdout]    8:     0x62ad1a4f30c9 - std[70759c8f55707aa4]::sys::backtrace::__rust_end_short_backtrace::<std[70759c8f55707aa4]::panicking::panic_handler::{closure#0}, !>
[INFO] [stdout]    9:     0x62ad1a4fb0fd - __rustc[8fa7c3cbc660c2b3]::rust_begin_unwind
[INFO] [stdout]   10:     0x62ad1a53614c - core[df12db4294e9bfd3]::panicking::panic_fmt
[INFO] [stdout]   11:     0x62ad1a500181 - <std[70759c8f55707aa4]::sys::sync::once::futex::Once>::call
[INFO] [stdout]   12:     0x62ad1a1d8134 - redpanda[42b20e29dc04b0a0]::tests::test_admin_some_bad_servers
[INFO] [stdout]   13:     0x62ad1a1f04c9 - <redpanda[42b20e29dc04b0a0]::tests::test_admin_some_bad_servers::{closure#0} as core[df12db4294e9bfd3]::ops::function::FnOnce<()>>::call_once
[INFO] [stdout]   14:     0x62ad1a1f6bbb - test[9d35eded1c95d3be]::__rust_begin_short_backtrace::<core[df12db4294e9bfd3]::result::Result<(), alloc[2182bb758b4b3781]::string::String>, fn() -> core[df12db4294e9bfd3]::result::Result<(), alloc[2182bb758b4b3781]::string::String>>
[INFO] [stdout]   15:     0x62ad1a204225 - test[9d35eded1c95d3be]::run_test::{closure#0}
[INFO] [stdout]   16:     0x62ad1a1fdae4 - std[70759c8f55707aa4]::sys::backtrace::__rust_begin_short_backtrace::<test[9d35eded1c95d3be]::run_test::{closure#1}, ()>
[INFO] [stdout]   17:     0x62ad1a207382 - <std[70759c8f55707aa4]::thread::lifecycle::spawn_unchecked<test[9d35eded1c95d3be]::run_test::{closure#1}, ()>::{closure#1} as core[df12db4294e9bfd3]::ops::function::FnOnce<()>>::call_once::{shim:vtable#0}
[INFO] [stdout]   18:     0x62ad1a51e1a9 - <std[70759c8f55707aa4]::sys::thread::unix::Thread>::new::thread_start
[INFO] [stdout]   19:     0x785a40879dfa - <unknown>
[INFO] [stdout]   20:     0x785a4090d3d4 - clone
[INFO] [stdout]   21:                0x0 - <unknown>
[INFO] [stdout] 
[INFO] [stdout] ---- tests::test_admin_valid_server stdout ----
[INFO] [stdout] 
[INFO] [stdout] thread 'tests::test_admin_valid_server' (1842) panicked at src/tests.rs:274:1:
[INFO] [stdout] Once instance has previously been poisoned
[INFO] [stdout] stack backtrace:
[INFO] [stdout]    0:     0x62ad1a51efa1 - <<std[70759c8f55707aa4]::sys::backtrace::BacktraceLock>::print::DisplayBacktrace as core[df12db4294e9bfd3]::fmt::Display>::fmt
[INFO] [stdout]    1:     0x62ad1a53596a - core[df12db4294e9bfd3]::fmt::write
[INFO] [stdout]    2:     0x62ad1a52368c - <alloc[2182bb758b4b3781]::vec::Vec<u8> as core[df12db4294e9bfd3]::io::write::Write>::write_fmt
[INFO] [stdout]    3:     0x62ad1a4fa456 - std[70759c8f55707aa4]::panicking::default_hook::{closure#0}
[INFO] [stdout]    4:     0x62ad1a516aa9 - std[70759c8f55707aa4]::panicking::default_hook
[INFO] [stdout]    5:     0x62ad1a2038d0 - test[9d35eded1c95d3be]::test_main_inner::<test[9d35eded1c95d3be]::test_main_static::{closure#0}>::{closure#0}
[INFO] [stdout]    6:     0x62ad1a516dd2 - std[70759c8f55707aa4]::panicking::panic_with_hook
[INFO] [stdout]    7:     0x62ad1a4fa534 - std[70759c8f55707aa4]::panicking::panic_handler::{closure#0}
[INFO] [stdout]    8:     0x62ad1a4f30c9 - std[70759c8f55707aa4]::sys::backtrace::__rust_end_short_backtrace::<std[70759c8f55707aa4]::panicking::panic_handler::{closure#0}, !>
[INFO] [stdout]    9:     0x62ad1a4fb0fd - __rustc[8fa7c3cbc660c2b3]::rust_begin_unwind
[INFO] [stdout]   10:     0x62ad1a53614c - core[df12db4294e9bfd3]::panicking::panic_fmt
[INFO] [stdout]   11:     0x62ad1a500181 - <std[70759c8f55707aa4]::sys::sync::once::futex::Once>::call
[INFO] [stdout]   12:     0x62ad1a1d6e34 - redpanda[42b20e29dc04b0a0]::tests::test_admin_valid_server
[INFO] [stdout]   13:     0x62ad1a1f0409 - <redpanda[42b20e29dc04b0a0]::tests::test_admin_valid_server::{closure#0} as core[df12db4294e9bfd3]::ops::function::FnOnce<()>>::call_once
[INFO] [stdout]   14:     0x62ad1a1f6bbb - test[9d35eded1c95d3be]::__rust_begin_short_backtrace::<core[df12db4294e9bfd3]::result::Result<(), alloc[2182bb758b4b3781]::string::String>, fn() -> core[df12db4294e9bfd3]::result::Result<(), alloc[2182bb758b4b3781]::string::String>>
[INFO] [stdout]   15:     0x62ad1a204225 - test[9d35eded1c95d3be]::run_test::{closure#0}
[INFO] [stdout]   16:     0x62ad1a1fdae4 - std[70759c8f55707aa4]::sys::backtrace::__rust_begin_short_backtrace::<test[9d35eded1c95d3be]::run_test::{closure#1}, ()>
[INFO] [stdout]   17:     0x62ad1a207382 - <std[70759c8f55707aa4]::thread::lifecycle::spawn_unchecked<test[9d35eded1c95d3be]::run_test::{closure#1}, ()>::{closure#1} as core[df12db4294e9bfd3]::ops::function::FnOnce<()>>::call_once::{shim:vtable#0}
[INFO] [stdout]   18:     0x62ad1a51e1a9 - <std[70759c8f55707aa4]::sys::thread::unix::Thread>::new::thread_start
[INFO] [stdout]   19:     0x785a40879dfa - <unknown>
[INFO] [stdout]   20:     0x785a4090d3d4 - clone
[INFO] [stdout]   21:                0x0 - <unknown>
[INFO] [stdout] 
[INFO] [stdout] ---- tests::test_consumer_invalid_server stdout ----
[INFO] [stdout] 
[INFO] [stdout] thread 'tests::test_consumer_invalid_server' (1843) panicked at src/tests.rs:23:1:
[INFO] [stdout] Once instance has previously been poisoned
[INFO] [stdout] stack backtrace:
[INFO] [stdout]    0:     0x62ad1a51efa1 - <<std[70759c8f55707aa4]::sys::backtrace::BacktraceLock>::print::DisplayBacktrace as core[df12db4294e9bfd3]::fmt::Display>::fmt
[INFO] [stdout]    1:     0x62ad1a53596a - core[df12db4294e9bfd3]::fmt::write
[INFO] [stdout]    2:     0x62ad1a52368c - <alloc[2182bb758b4b3781]::vec::Vec<u8> as core[df12db4294e9bfd3]::io::write::Write>::write_fmt
[INFO] [stdout]    3:     0x62ad1a4fa456 - std[70759c8f55707aa4]::panicking::default_hook::{closure#0}
[INFO] [stdout]    4:     0x62ad1a516aa9 - std[70759c8f55707aa4]::panicking::default_hook
[INFO] [stdout]    5:     0x62ad1a2038d0 - test[9d35eded1c95d3be]::test_main_inner::<test[9d35eded1c95d3be]::test_main_static::{closure#0}>::{closure#0}
[INFO] [stdout]    6:     0x62ad1a516dd2 - std[70759c8f55707aa4]::panicking::panic_with_hook
[INFO] [stdout]    7:     0x62ad1a4fa534 - std[70759c8f55707aa4]::panicking::panic_handler::{closure#0}
[INFO] [stdout]    8:     0x62ad1a4f30c9 - std[70759c8f55707aa4]::sys::backtrace::__rust_end_short_backtrace::<std[70759c8f55707aa4]::panicking::panic_handler::{closure#0}, !>
[INFO] [stdout]    9:     0x62ad1a4fb0fd - __rustc[8fa7c3cbc660c2b3]::rust_begin_unwind
[INFO] [stdout]   10:     0x62ad1a53614c - core[df12db4294e9bfd3]::panicking::panic_fmt
[INFO] [stdout]   11:     0x62ad1a500181 - <std[70759c8f55707aa4]::sys::sync::once::futex::Once>::call
[INFO] [stdout]   12:     0x62ad1a1d877a - redpanda[42b20e29dc04b0a0]::tests::test_consumer_invalid_server
[INFO] [stdout]   13:     0x62ad1a1f0509 - <redpanda[42b20e29dc04b0a0]::tests::test_consumer_invalid_server::{closure#0} as core[df12db4294e9bfd3]::ops::function::FnOnce<()>>::call_once
[INFO] [stdout]   14:     0x62ad1a1f6bbb - test[9d35eded1c95d3be]::__rust_begin_short_backtrace::<core[df12db4294e9bfd3]::result::Result<(), alloc[2182bb758b4b3781]::string::String>, fn() -> core[df12db4294e9bfd3]::result::Result<(), alloc[2182bb758b4b3781]::string::String>>
[INFO] [stdout]   15:     0x62ad1a204225 - test[9d35eded1c95d3be]::run_test::{closure#0}
[INFO] [stdout]   16:     0x62ad1a1fdae4 - std[70759c8f55707aa4]::sys::backtrace::__rust_begin_short_backtrace::<test[9d35eded1c95d3be]::run_test::{closure#1}, ()>
[INFO] [stdout]   17:     0x62ad1a207382 - <std[70759c8f55707aa4]::thread::lifecycle::spawn_unchecked<test[9d35eded1c95d3be]::run_test::{closure#1}, ()>::{closure#1} as core[df12db4294e9bfd3]::ops::function::FnOnce<()>>::call_once::{shim:vtable#0}
[INFO] [stdout]   18:     0x62ad1a51e1a9 - <std[70759c8f55707aa4]::sys::thread::unix::Thread>::new::thread_start
[INFO] [stdout]   19:     0x785a40879dfa - <unknown>
[INFO] [stdout]   20:     0x785a4090d3d4 - clone
[INFO] [stdout]   21:                0x0 - <unknown>
[INFO] [stdout] 
[INFO] [stdout] ---- tests::test_consumer_some_bad_servers stdout ----
[INFO] [stdout] 
[INFO] [stdout] thread 'tests::test_consumer_some_bad_servers' (1845) panicked at src/tests.rs:43:1:
[INFO] [stdout] Once instance has previously been poisoned
[INFO] [stdout] stack backtrace:
[INFO] [stdout]    0:     0x62ad1a51efa1 - <<std[70759c8f55707aa4]::sys::backtrace::BacktraceLock>::print::DisplayBacktrace as core[df12db4294e9bfd3]::fmt::Display>::fmt
[INFO] [stdout]    1:     0x62ad1a53596a - core[df12db4294e9bfd3]::fmt::write
[INFO] [stdout]    2:     0x62ad1a52368c - <alloc[2182bb758b4b3781]::vec::Vec<u8> as core[df12db4294e9bfd3]::io::write::Write>::write_fmt
[INFO] [stdout]    3:     0x62ad1a4fa456 - std[70759c8f55707aa4]::panicking::default_hook::{closure#0}
[INFO] [stdout]    4:     0x62ad1a516aa9 - std[70759c8f55707aa4]::panicking::default_hook
[INFO] [stdout]    5:     0x62ad1a2038d0 - test[9d35eded1c95d3be]::test_main_inner::<test[9d35eded1c95d3be]::test_main_static::{closure#0}>::{closure#0}
[INFO] [stdout]    6:     0x62ad1a516dd2 - std[70759c8f55707aa4]::panicking::panic_with_hook
[INFO] [stdout]    7:     0x62ad1a4fa534 - std[70759c8f55707aa4]::panicking::panic_handler::{closure#0}
[INFO] [stdout]    8:     0x62ad1a4f30c9 - std[70759c8f55707aa4]::sys::backtrace::__rust_end_short_backtrace::<std[70759c8f55707aa4]::panicking::panic_handler::{closure#0}, !>
[INFO] [stdout]    9:     0x62ad1a4fb0fd - __rustc[8fa7c3cbc660c2b3]::rust_begin_unwind
[INFO] [stdout]   10:     0x62ad1a53614c - core[df12db4294e9bfd3]::panicking::panic_fmt
[INFO] [stdout]   11:     0x62ad1a500181 - <std[70759c8f55707aa4]::sys::sync::once::futex::Once>::call
[INFO] [stdout]   12:     0x62ad1a1d90ca - redpanda[42b20e29dc04b0a0]::tests::test_consumer_some_bad_servers
[INFO] [stdout]   13:     0x62ad1a1f0569 - <redpanda[42b20e29dc04b0a0]::tests::test_consumer_some_bad_servers::{closure#0} as core[df12db4294e9bfd3]::ops::function::FnOnce<()>>::call_once
[INFO] [stdout]   14:     0x62ad1a1f6bbb - test[9d35eded1c95d3be]::__rust_begin_short_backtrace::<core[df12db4294e9bfd3]::result::Result<(), alloc[2182bb758b4b3781]::string::String>, fn() -> core[df12db4294e9bfd3]::result::Result<(), alloc[2182bb758b4b3781]::string::String>>
[INFO] [stdout]   15:     0x62ad1a204225 - test[9d35eded1c95d3be]::run_test::{closure#0}
[INFO] [stdout]   16:     0x62ad1a1fdae4 - std[70759c8f55707aa4]::sys::backtrace::__rust_begin_short_backtrace::<test[9d35eded1c95d3be]::run_test::{closure#1}, ()>
[INFO] [stdout]   17:     0x62ad1a207382 - <std[70759c8f55707aa4]::thread::lifecycle::spawn_unchecked<test[9d35eded1c95d3be]::run_test::{closure#1}, ()>::{closure#1} as core[df12db4294e9bfd3]::ops::function::FnOnce<()>>::call_once::{shim:vtable#0}
[INFO] [stdout]   18:     0x62ad1a51e1a9 - <std[70759c8f55707aa4]::sys::thread::unix::Thread>::new::thread_start
[INFO] [stdout]   19:     0x785a40879dfa - <unknown>
[INFO] [stdout]   20:     0x785a4090d3d4 - clone
[INFO] [stdout]   21:                0x0 - <unknown>
[INFO] [stdout] 
[INFO] [stdout] ---- tests::test_consumer_subscription stdout ----
[INFO] [stdout] 
[INFO] [stdout] thread 'tests::test_consumer_subscription' (1846) panicked at src/tests.rs:111:1:
[INFO] [stdout] Once instance has previously been poisoned
[INFO] [stdout] stack backtrace:
[INFO] [stdout]    0:     0x62ad1a51efa1 - <<std[70759c8f55707aa4]::sys::backtrace::BacktraceLock>::print::DisplayBacktrace as core[df12db4294e9bfd3]::fmt::Display>::fmt
[INFO] [stdout]    1:     0x62ad1a53596a - core[df12db4294e9bfd3]::fmt::write
[INFO] [stdout]    2:     0x62ad1a52368c - <alloc[2182bb758b4b3781]::vec::Vec<u8> as core[df12db4294e9bfd3]::io::write::Write>::write_fmt
[INFO] [stdout]    3:     0x62ad1a4fa456 - std[70759c8f55707aa4]::panicking::default_hook::{closure#0}
[INFO] [stdout]    4:     0x62ad1a516aa9 - std[70759c8f55707aa4]::panicking::default_hook
[INFO] [stdout]    5:     0x62ad1a2038d0 - test[9d35eded1c95d3be]::test_main_inner::<test[9d35eded1c95d3be]::test_main_static::{closure#0}>::{closure#0}
[INFO] [stdout]    6:     0x62ad1a516dd2 - std[70759c8f55707aa4]::panicking::panic_with_hook
[INFO] [stdout]    7:     0x62ad1a4fa534 - std[70759c8f55707aa4]::panicking::panic_handler::{closure#0}
[INFO] [stdout]    8:     0x62ad1a4f30c9 - std[70759c8f55707aa4]::sys::backtrace::__rust_end_short_backtrace::<std[70759c8f55707aa4]::panicking::panic_handler::{closure#0}, !>
[INFO] [stdout]    9:     0x62ad1a4fb0fd - __rustc[8fa7c3cbc660c2b3]::rust_begin_unwind
[INFO] [stdout]   10:     0x62ad1a53614c - core[df12db4294e9bfd3]::panicking::panic_fmt
[INFO] [stdout]   11:     0x62ad1a500181 - <std[70759c8f55707aa4]::sys::sync::once::futex::Once>::call
[INFO] [stdout]   12:     0x62ad1a1d77da - redpanda[42b20e29dc04b0a0]::tests::test_consumer_subscription
[INFO] [stdout]   13:     0x62ad1a1f0469 - <redpanda[42b20e29dc04b0a0]::tests::test_consumer_subscription::{closure#0} as core[df12db4294e9bfd3]::ops::function::FnOnce<()>>::call_once
[INFO] [stdout]   14:     0x62ad1a1f6bbb - test[9d35eded1c95d3be]::__rust_begin_short_backtrace::<core[df12db4294e9bfd3]::result::Result<(), alloc[2182bb758b4b3781]::string::String>, fn() -> core[df12db4294e9bfd3]::result::Result<(), alloc[2182bb758b4b3781]::string::String>>
[INFO] [stdout]   15:     0x62ad1a204225 - test[9d35eded1c95d3be]::run_test::{closure#0}
[INFO] [stdout]   16:     0x62ad1a1fdae4 - std[70759c8f55707aa4]::sys::backtrace::__rust_begin_short_backtrace::<test[9d35eded1c95d3be]::run_test::{closure#1}, ()>
[INFO] [stdout]   17:     0x62ad1a207382 - <std[70759c8f55707aa4]::thread::lifecycle::spawn_unchecked<test[9d35eded1c95d3be]::run_test::{closure#1}, ()>::{closure#1} as core[df12db4294e9bfd3]::ops::function::FnOnce<()>>::call_once::{shim:vtable#0}
[INFO] [stdout]   18:     0x62ad1a51e1a9 - <std[70759c8f55707aa4]::sys::thread::unix::Thread>::new::thread_start
[INFO] [stdout]   19:     0x785a40879dfa - <unknown>
[INFO] [stdout]   20:     0x785a4090d3d4 - clone
[INFO] [stdout]   21:                0x0 - <unknown>
[INFO] [stdout] 
[INFO] [stdout] ---- tests::test_consumer_valid_server stdout ----
[INFO] [stdout] 
[INFO] [stdout] thread 'tests::test_consumer_valid_server' (1847) panicked at src/tests.rs:58:1:
[INFO] [stdout] Once instance has previously been poisoned
[INFO] [stdout] stack backtrace:
[INFO] [stdout]    0:     0x62ad1a51efa1 - <<std[70759c8f55707aa4]::sys::backtrace::BacktraceLock>::print::DisplayBacktrace as core[df12db4294e9bfd3]::fmt::Display>::fmt
[INFO] [stdout]    1:     0x62ad1a53596a - core[df12db4294e9bfd3]::fmt::write
[INFO] [stdout]    2:     0x62ad1a52368c - <alloc[2182bb758b4b3781]::vec::Vec<u8> as core[df12db4294e9bfd3]::io::write::Write>::write_fmt
[INFO] [stdout]    3:     0x62ad1a4fa456 - std[70759c8f55707aa4]::panicking::default_hook::{closure#0}
[INFO] [stdout]    4:     0x62ad1a516aa9 - std[70759c8f55707aa4]::panicking::default_hook
[INFO] [stdout]    5:     0x62ad1a2038d0 - test[9d35eded1c95d3be]::test_main_inner::<test[9d35eded1c95d3be]::test_main_static::{closure#0}>::{closure#0}
[INFO] [stdout]    6:     0x62ad1a516dd2 - std[70759c8f55707aa4]::panicking::panic_with_hook
[INFO] [stdout]    7:     0x62ad1a4fa534 - std[70759c8f55707aa4]::panicking::panic_handler::{closure#0}
[INFO] [stdout]    8:     0x62ad1a4f30c9 - std[70759c8f55707aa4]::sys::backtrace::__rust_end_short_backtrace::<std[70759c8f55707aa4]::panicking::panic_handler::{closure#0}, !>
[INFO] [stdout]    9:     0x62ad1a4fb0fd - __rustc[8fa7c3cbc660c2b3]::rust_begin_unwind
[INFO] [stdout]   10:     0x62ad1a53614c - core[df12db4294e9bfd3]::panicking::panic_fmt
[INFO] [stdout]   11:     0x62ad1a500181 - <std[70759c8f55707aa4]::sys::sync::once::futex::Once>::call
[INFO] [stdout]   12:     0x62ad1a1d7aea - redpanda[42b20e29dc04b0a0]::tests::test_consumer_valid_server
[INFO] [stdout]   13:     0x62ad1a1f0489 - <redpanda[42b20e29dc04b0a0]::tests::test_consumer_valid_server::{closure#0} as core[df12db4294e9bfd3]::ops::function::FnOnce<()>>::call_once
[INFO] [stdout]   14:     0x62ad1a1f6bbb - test[9d35eded1c95d3be]::__rust_begin_short_backtrace::<core[df12db4294e9bfd3]::result::Result<(), alloc[2182bb758b4b3781]::string::String>, fn() -> core[df12db4294e9bfd3]::result::Result<(), alloc[2182bb758b4b3781]::string::String>>
[INFO] [stdout]   15:     0x62ad1a204225 - test[9d35eded1c95d3be]::run_test::{closure#0}
[INFO] [stdout]   16:     0x62ad1a1fdae4 - std[70759c8f55707aa4]::sys::backtrace::__rust_begin_short_backtrace::<test[9d35eded1c95d3be]::run_test::{closure#1}, ()>
[INFO] [stdout]   17:     0x62ad1a207382 - <std[70759c8f55707aa4]::thread::lifecycle::spawn_unchecked<test[9d35eded1c95d3be]::run_test::{closure#1}, ()>::{closure#1} as core[df12db4294e9bfd3]::ops::function::FnOnce<()>>::call_once::{shim:vtable#0}
[INFO] [stdout]   18:     0x62ad1a51e1a9 - <std[70759c8f55707aa4]::sys::thread::unix::Thread>::new::thread_start
[INFO] [stdout]   19:     0x785a40879dfa - <unknown>
[INFO] [stdout]   20:     0x785a4090d3d4 - clone
[INFO] [stdout]   21:                0x0 - <unknown>
[INFO] [stdout] 
[INFO] [stdout] ---- tests::test_producer_consumer_valid_topic stdout ----
[INFO] [stdout] 
[INFO] [stdout] thread 'tests::test_producer_consumer_valid_topic' (1849) panicked at src/tests.rs:178:1:
[INFO] [stdout] Once instance has previously been poisoned
[INFO] [stdout] stack backtrace:
[INFO] [stdout]    0:     0x62ad1a51efa1 - <<std[70759c8f55707aa4]::sys::backtrace::BacktraceLock>::print::DisplayBacktrace as core[df12db4294e9bfd3]::fmt::Display>::fmt
[INFO] [stdout]    1:     0x62ad1a53596a - core[df12db4294e9bfd3]::fmt::write
[INFO] [stdout]    2:     0x62ad1a52368c - <alloc[2182bb758b4b3781]::vec::Vec<u8> as core[df12db4294e9bfd3]::io::write::Write>::write_fmt
[INFO] [stdout]    3:     0x62ad1a4fa456 - std[70759c8f55707aa4]::panicking::default_hook::{closure#0}
[INFO] [stdout]    4:     0x62ad1a516aa9 - std[70759c8f55707aa4]::panicking::default_hook
[INFO] [stdout]    5:     0x62ad1a2038d0 - test[9d35eded1c95d3be]::test_main_inner::<test[9d35eded1c95d3be]::test_main_static::{closure#0}>::{closure#0}
[INFO] [stdout]    6:     0x62ad1a516dd2 - std[70759c8f55707aa4]::panicking::panic_with_hook
[INFO] [stdout]    7:     0x62ad1a4fa534 - std[70759c8f55707aa4]::panicking::panic_handler::{closure#0}
[INFO] [stdout]    8:     0x62ad1a4f30c9 - std[70759c8f55707aa4]::sys::backtrace::__rust_end_short_backtrace::<std[70759c8f55707aa4]::panicking::panic_handler::{closure#0}, !>
[INFO] [stdout]    9:     0x62ad1a4fb0fd - __rustc[8fa7c3cbc660c2b3]::rust_begin_unwind
[INFO] [stdout]   10:     0x62ad1a53614c - core[df12db4294e9bfd3]::panicking::panic_fmt
[INFO] [stdout]   11:     0x62ad1a500181 - <std[70759c8f55707aa4]::sys::sync::once::futex::Once>::call
[INFO] [stdout]   12:     0x62ad1a1d96fd - redpanda[42b20e29dc04b0a0]::tests::test_producer_consumer_valid_topic
[INFO] [stdout]   13:     0x62ad1a1f05a9 - <redpanda[42b20e29dc04b0a0]::tests::test_producer_consumer_valid_topic::{closure#0} as core[df12db4294e9bfd3]::ops::function::FnOnce<()>>::call_once
[INFO] [stdout]   14:     0x62ad1a1f6bbb - test[9d35eded1c95d3be]::__rust_begin_short_backtrace::<core[df12db4294e9bfd3]::result::Result<(), alloc[2182bb758b4b3781]::string::String>, fn() -> core[df12db4294e9bfd3]::result::Result<(), alloc[2182bb758b4b3781]::string::String>>
[INFO] [stdout]   15:     0x62ad1a204225 - test[9d35eded1c95d3be]::run_test::{closure#0}
[INFO] [stdout]   16:     0x62ad1a1fdae4 - std[70759c8f55707aa4]::sys::backtrace::__rust_begin_short_backtrace::<test[9d35eded1c95d3be]::run_test::{closure#1}, ()>
[INFO] [stdout]   17:     0x62ad1a207382 - <std[70759c8f55707aa4]::thread::lifecycle::spawn_unchecked<test[9d35eded1c95d3be]::run_test::{closure#1}, ()>::{closure#1} as core[df12db4294e9bfd3]::ops::function::FnOnce<()>>::call_once::{shim:vtable#0}
[INFO] [stdout]   18:     0x62ad1a51e1a9 - <std[70759c8f55707aa4]::sys::thread::unix::Thread>::new::thread_start
[INFO] [stdout]   19:     0x785a40879dfa - <unknown>
[INFO] [stdout]   20:     0x785a4090d3d4 - clone
[INFO] [stdout]   21:                0x0 - <unknown>
[INFO] [stdout] 
[INFO] [stdout] ---- tests::test_producer_invalid_server stdout ----
[INFO] [stdout] 
[INFO] [stdout] thread 'tests::test_producer_invalid_server' (1850) panicked at src/tests.rs:135:1:
[INFO] [stdout] Once instance has previously been poisoned
[INFO] [stdout] stack backtrace:
[INFO] [stdout]    0:     0x62ad1a51efa1 - <<std[70759c8f55707aa4]::sys::backtrace::BacktraceLock>::print::DisplayBacktrace as core[df12db4294e9bfd3]::fmt::Display>::fmt
[INFO] [stdout]    1:     0x62ad1a53596a - core[df12db4294e9bfd3]::fmt::write
[INFO] [stdout]    2:     0x62ad1a52368c - <alloc[2182bb758b4b3781]::vec::Vec<u8> as core[df12db4294e9bfd3]::io::write::Write>::write_fmt
[INFO] [stdout]    3:     0x62ad1a4fa456 - std[70759c8f55707aa4]::panicking::default_hook::{closure#0}
[INFO] [stdout]    4:     0x62ad1a516aa9 - std[70759c8f55707aa4]::panicking::default_hook
[INFO] [stdout]    5:     0x62ad1a2038d0 - test[9d35eded1c95d3be]::test_main_inner::<test[9d35eded1c95d3be]::test_main_static::{closure#0}>::{closure#0}
[INFO] [stdout]    6:     0x62ad1a516dd2 - std[70759c8f55707aa4]::panicking::panic_with_hook
[INFO] [stdout]    7:     0x62ad1a4fa534 - std[70759c8f55707aa4]::panicking::panic_handler::{closure#0}
[INFO] [stdout]    8:     0x62ad1a4f30c9 - std[70759c8f55707aa4]::sys::backtrace::__rust_end_short_backtrace::<std[70759c8f55707aa4]::panicking::panic_handler::{closure#0}, !>
[INFO] [stdout]    9:     0x62ad1a4fb0fd - __rustc[8fa7c3cbc660c2b3]::rust_begin_unwind
[INFO] [stdout]   10:     0x62ad1a53614c - core[df12db4294e9bfd3]::panicking::panic_fmt
[INFO] [stdout]   11:     0x62ad1a500181 - <std[70759c8f55707aa4]::sys::sync::once::futex::Once>::call
[INFO] [stdout]   12:     0x62ad1a1d8a8a - redpanda[42b20e29dc04b0a0]::tests::test_producer_invalid_server
[INFO] [stdout]   13:     0x62ad1a1f0529 - <redpanda[42b20e29dc04b0a0]::tests::test_producer_invalid_server::{closure#0} as core[df12db4294e9bfd3]::ops::function::FnOnce<()>>::call_once
[INFO] [stdout]   14:     0x62ad1a1f6bbb - test[9d35eded1c95d3be]::__rust_begin_short_backtrace::<core[df12db4294e9bfd3]::result::Result<(), alloc[2182bb758b4b3781]::string::String>, fn() -> core[df12db4294e9bfd3]::result::Result<(), alloc[2182bb758b4b3781]::string::String>>
[INFO] [stdout]   15:     0x62ad1a204225 - test[9d35eded1c95d3be]::run_test::{closure#0}
[INFO] [stdout]   16:     0x62ad1a1fdae4 - std[70759c8f55707aa4]::sys::backtrace::__rust_begin_short_backtrace::<test[9d35eded1c95d3be]::run_test::{closure#1}, ()>
[INFO] [stdout]   17:     0x62ad1a207382 - <std[70759c8f55707aa4]::thread::lifecycle::spawn_unchecked<test[9d35eded1c95d3be]::run_test::{closure#1}, ()>::{closure#1} as core[df12db4294e9bfd3]::ops::function::FnOnce<()>>::call_once::{shim:vtable#0}
[INFO] [stdout]   18:     0x62ad1a51e1a9 - <std[70759c8f55707aa4]::sys::thread::unix::Thread>::new::thread_start
[INFO] [stdout]   19:     0x785a40879dfa - <unknown>
[INFO] [stdout]   20:     0x785a4090d3d4 - clone
[INFO] [stdout]   21:                0x0 - <unknown>
[INFO] [stdout] 
[INFO] [stdout] ---- tests::test_producer_record stdout ----
[INFO] [stdout] 
[INFO] [stdout] thread 'tests::test_producer_record' (1851) panicked at src/tests.rs:210:1:
[INFO] [stdout] Once instance has previously been poisoned
[INFO] [stdout] stack backtrace:
[INFO] [stdout]    0:     0x62ad1a51efa1 - <<std[70759c8f55707aa4]::sys::backtrace::BacktraceLock>::print::DisplayBacktrace as core[df12db4294e9bfd3]::fmt::Display>::fmt
[INFO] [stdout]    1:     0x62ad1a53596a - core[df12db4294e9bfd3]::fmt::write
[INFO] [stdout]    2:     0x62ad1a52368c - <alloc[2182bb758b4b3781]::vec::Vec<u8> as core[df12db4294e9bfd3]::io::write::Write>::write_fmt
[INFO] [stdout]    3:     0x62ad1a4fa456 - std[70759c8f55707aa4]::panicking::default_hook::{closure#0}
[INFO] [stdout]    4:     0x62ad1a516aa9 - std[70759c8f55707aa4]::panicking::default_hook
[INFO] [stdout]    5:     0x62ad1a2038d0 - test[9d35eded1c95d3be]::test_main_inner::<test[9d35eded1c95d3be]::test_main_static::{closure#0}>::{closure#0}
[INFO] [stdout]    6:     0x62ad1a516dd2 - std[70759c8f55707aa4]::panicking::panic_with_hook
[INFO] [stdout]    7:     0x62ad1a4fa534 - std[70759c8f55707aa4]::panicking::panic_handler::{closure#0}
[INFO] [stdout]    8:     0x62ad1a4f30c9 - std[70759c8f55707aa4]::sys::backtrace::__rust_end_short_backtrace::<std[70759c8f55707aa4]::panicking::panic_handler::{closure#0}, !>
[INFO] [stdout]    9:     0x62ad1a4fb0fd - __rustc[8fa7c3cbc660c2b3]::rust_begin_unwind
[INFO] [stdout]   10:     0x62ad1a53614c - core[df12db4294e9bfd3]::panicking::panic_fmt
[INFO] [stdout]   11:     0x62ad1a500181 - <std[70759c8f55707aa4]::sys::sync::once::futex::Once>::call
[INFO] [stdout]   12:     0x62ad1a1d6aed - redpanda[42b20e29dc04b0a0]::tests::test_producer_record
[INFO] [stdout]   13:     0x62ad1a1f03e9 - <redpanda[42b20e29dc04b0a0]::tests::test_producer_record::{closure#0} as core[df12db4294e9bfd3]::ops::function::FnOnce<()>>::call_once
[INFO] [stdout]   14:     0x62ad1a1f6bbb - test[9d35eded1c95d3be]::__rust_begin_short_backtrace::<core[df12db4294e9bfd3]::result::Result<(), alloc[2182bb758b4b3781]::string::String>, fn() -> core[df12db4294e9bfd3]::result::Result<(), alloc[2182bb758b4b3781]::string::String>>
[INFO] [stdout]   15:     0x62ad1a204225 - test[9d35eded1c95d3be]::run_test::{closure#0}
[INFO] [stdout]   16:     0x62ad1a1fdae4 - std[70759c8f55707aa4]::sys::backtrace::__rust_begin_short_backtrace::<test[9d35eded1c95d3be]::run_test::{closure#1}, ()>
[INFO] [stdout]   17:     0x62ad1a207382 - <std[70759c8f55707aa4]::thread::lifecycle::spawn_unchecked<test[9d35eded1c95d3be]::run_test::{closure#1}, ()>::{closure#1} as core[df12db4294e9bfd3]::ops::function::FnOnce<()>>::call_once::{shim:vtable#0}
[INFO] [stdout]   18:     0x62ad1a51e1a9 - <std[70759c8f55707aa4]::sys::thread::unix::Thread>::new::thread_start
[INFO] [stdout]   19:     0x785a40879dfa - <unknown>
[INFO] [stdout]   20:     0x785a4090d3d4 - clone
[INFO] [stdout]   21:                0x0 - <unknown>
[INFO] [stdout] 
[INFO] [stdout] ---- tests::test_producer_valid_server stdout ----
[INFO] [stdout] 
[INFO] [stdout] thread 'tests::test_producer_valid_server' (1853) panicked at src/tests.rs:166:1:
[INFO] [stdout] Once instance has previously been poisoned
[INFO] [stdout] stack backtrace:
[INFO] [stdout]    0:     0x62ad1a51efa1 - <<std[70759c8f55707aa4]::sys::backtrace::BacktraceLock>::print::DisplayBacktrace as core[df12db4294e9bfd3]::fmt::Display>::fmt
[INFO] [stdout]    1:     0x62ad1a53596a - core[df12db4294e9bfd3]::fmt::write
[INFO] [stdout]    2:     0x62ad1a52368c - <alloc[2182bb758b4b3781]::vec::Vec<u8> as core[df12db4294e9bfd3]::io::write::Write>::write_fmt
[INFO] [stdout]    3:     0x62ad1a4fa456 - std[70759c8f55707aa4]::panicking::default_hook::{closure#0}
[INFO] [stdout]    4:     0x62ad1a516aa9 - std[70759c8f55707aa4]::panicking::default_hook
[INFO] [stdout]    5:     0x62ad1a2038d0 - test[9d35eded1c95d3be]::test_main_inner::<test[9d35eded1c95d3be]::test_main_static::{closure#0}>::{closure#0}
[INFO] [stdout]    6:     0x62ad1a516dd2 - std[70759c8f55707aa4]::panicking::panic_with_hook
[INFO] [stdout]    7:     0x62ad1a4fa534 - std[70759c8f55707aa4]::panicking::panic_handler::{closure#0}
[INFO] [stdout]    8:     0x62ad1a4f30c9 - std[70759c8f55707aa4]::sys::backtrace::__rust_end_short_backtrace::<std[70759c8f55707aa4]::panicking::panic_handler::{closure#0}, !>
[INFO] [stdout]    9:     0x62ad1a4fb0fd - __rustc[8fa7c3cbc660c2b3]::rust_begin_unwind
[INFO] [stdout]   10:     0x62ad1a53614c - core[df12db4294e9bfd3]::panicking::panic_fmt
[INFO] [stdout]   11:     0x62ad1a500181 - <std[70759c8f55707aa4]::sys::sync::once::futex::Once>::call
[INFO] [stdout]   12:     0x62ad1a1d7dfa - redpanda[42b20e29dc04b0a0]::tests::test_producer_valid_server
[INFO] [stdout]   13:     0x62ad1a1f04a9 - <redpanda[42b20e29dc04b0a0]::tests::test_producer_valid_server::{closure#0} as core[df12db4294e9bfd3]::ops::function::FnOnce<()>>::call_once
[INFO] [stdout]   14:     0x62ad1a1f6bbb - test[9d35eded1c95d3be]::__rust_begin_short_backtrace::<core[df12db4294e9bfd3]::result::Result<(), alloc[2182bb758b4b3781]::string::String>, fn() -> core[df12db4294e9bfd3]::result::Result<(), alloc[2182bb758b4b3781]::string::String>>
[INFO] [stdout]   15:     0x62ad1a204225 - test[9d35eded1c95d3be]::run_test::{closure#0}
[INFO] [stdout]   16:     0x62ad1a1fdae4 - std[70759c8f55707aa4]::sys::backtrace::__rust_begin_short_backtrace::<test[9d35eded1c95d3be]::run_test::{closure#1}, ()>
[INFO] [stdout]   17:     0x62ad1a207382 - <std[70759c8f55707aa4]::thread::lifecycle::spawn_unchecked<test[9d35eded1c95d3be]::run_test::{closure#1}, ()>::{closure#1} as core[df12db4294e9bfd3]::ops::function::FnOnce<()>>::call_once::{shim:vtable#0}
[INFO] [stdout]   18:     0x62ad1a51e1a9 - <std[70759c8f55707aa4]::sys::thread::unix::Thread>::new::thread_start
[INFO] [stdout]   19:     0x785a40879dfa - <unknown>
[INFO] [stdout]   20:     0x785a4090d3d4 - clone
[INFO] [stdout]   21:                0x0 - <unknown>
[INFO] [stdout] 
[INFO] [stdout] ---- tests::test_consumer_invalid_topic stdout ----
[INFO] [stdout] 
[INFO] [stdout] thread 'tests::test_consumer_invalid_topic' (1844) panicked at src/tests.rs:72:1:
[INFO] [stdout] Once instance has previously been poisoned
[INFO] [stdout] stack backtrace:
[INFO] [stdout]    0:     0x62ad1a51efa1 - <<std[70759c8f55707aa4]::sys::backtrace::BacktraceLock>::print::DisplayBacktrace as core[df12db4294e9bfd3]::fmt::Display>::fmt
[INFO] [stdout]    1:     0x62ad1a53596a - core[df12db4294e9bfd3]::fmt::write
[INFO] [stdout]    2:     0x62ad1a52368c - <alloc[2182bb758b4b3781]::vec::Vec<u8> as core[df12db4294e9bfd3]::io::write::Write>::write_fmt
[INFO] [stdout]    3:     0x62ad1a4fa456 - std[70759c8f55707aa4]::panicking::default_hook::{closure#0}
[INFO] [stdout]    4:     0x62ad1a516aa9 - std[70759c8f55707aa4]::panicking::default_hook
[INFO] [stdout]    5:     0x62ad1a2038d0 - test[9d35eded1c95d3be]::test_main_inner::<test[9d35eded1c95d3be]::test_main_static::{closure#0}>::{closure#0}
[INFO] [stdout]    6:     0x62ad1a516dd2 - std[70759c8f55707aa4]::panicking::panic_with_hook
[INFO] [stdout]    7:     0x62ad1a4fa534 - std[70759c8f55707aa4]::panicking::panic_handler::{closure#0}
[INFO] [stdout]    8:     0x62ad1a4f30c9 - std[70759c8f55707aa4]::sys::backtrace::__rust_end_short_backtrace::<std[70759c8f55707aa4]::panicking::panic_handler::{closure#0}, !>
[INFO] [stdout]    9:     0x62ad1a4fb0fd - __rustc[8fa7c3cbc660c2b3]::rust_begin_unwind
[INFO] [stdout]   10:     0x62ad1a53614c - core[df12db4294e9bfd3]::panicking::panic_fmt
[INFO] [stdout]   11:     0x62ad1a500181 - <std[70759c8f55707aa4]::sys::sync::once::futex::Once>::call
[INFO] [stdout]   12:     0x62ad1a1d846a - redpanda[42b20e29dc04b0a0]::tests::test_consumer_invalid_topic
[INFO] [stdout]   13:     0x62ad1a1f04e9 - <redpanda[42b20e29dc04b0a0]::tests::test_consumer_invalid_topic::{closure#0} as core[df12db4294e9bfd3]::ops::function::FnOnce<()>>::call_once
[INFO] [stdout]   14:     0x62ad1a1f6bbb - test[9d35eded1c95d3be]::__rust_begin_short_backtrace::<core[df12db4294e9bfd3]::result::Result<(), alloc[2182bb758b4b3781]::string::String>, fn() -> core[df12db4294e9bfd3]::result::Result<(), alloc[2182bb758b4b3781]::string::String>>
[INFO] [stdout]   15:     0x62ad1a204225 - test[9d35eded1c95d3be]::run_test::{closure#0}
[INFO] [stdout]   16:     0x62ad1a1fdae4 - std[70759c8f55707aa4]::sys::backtrace::__rust_begin_short_backtrace::<test[9d35eded1c95d3be]::run_test::{closure#1}, ()>
[INFO] [stdout]   17:     0x62ad1a207382 - <std[70759c8f55707aa4]::thread::lifecycle::spawn_unchecked<test[9d35eded1c95d3be]::run_test::{closure#1}, ()>::{closure#1} as core[df12db4294e9bfd3]::ops::function::FnOnce<()>>::call_once::{shim:vtable#0}
[INFO] [stdout]   18:     0x62ad1a51e1a9 - <std[70759c8f55707aa4]::sys::thread::unix::Thread>::new::thread_start
[INFO] [stdout]   19:     0x785a40879dfa - <unknown>
[INFO] [stdout]   20:     0x785a4090d3d4 - clone
[INFO] [stdout]   21:                0x0 - <unknown>
[INFO] [stdout] 
[INFO] [stdout] ---- tests::test_metadata_topic_names stdout ----
[INFO] [stdout] 
[INFO] [stdout] thread 'tests::test_metadata_topic_names' (1848) panicked at src/tests.rs:89:1:
[INFO] [stdout] Once instance has previously been poisoned
[INFO] [stdout] stack backtrace:
[INFO] [stdout]    0:     0x62ad1a51efa1 - <<std[70759c8f55707aa4]::sys::backtrace::BacktraceLock>::print::DisplayBacktrace as core[df12db4294e9bfd3]::fmt::Display>::fmt
[INFO] [stdout]    1:     0x62ad1a53596a - core[df12db4294e9bfd3]::fmt::write
[INFO] [stdout]    2:     0x62ad1a52368c - <alloc[2182bb758b4b3781]::vec::Vec<u8> as core[df12db4294e9bfd3]::io::write::Write>::write_fmt
[INFO] [stdout]    3:     0x62ad1a4fa456 - std[70759c8f55707aa4]::panicking::default_hook::{closure#0}
[INFO] [stdout]    4:     0x62ad1a516aa9 - std[70759c8f55707aa4]::panicking::default_hook
[INFO] [stdout]    5:     0x62ad1a2038d0 - test[9d35eded1c95d3be]::test_main_inner::<test[9d35eded1c95d3be]::test_main_static::{closure#0}>::{closure#0}
[INFO] [stdout]    6:     0x62ad1a516dd2 - std[70759c8f55707aa4]::panicking::panic_with_hook
[INFO] [stdout]    7:     0x62ad1a4fa534 - std[70759c8f55707aa4]::panicking::panic_handler::{closure#0}
[INFO] [stdout]    8:     0x62ad1a4f30c9 - std[70759c8f55707aa4]::sys::backtrace::__rust_end_short_backtrace::<std[70759c8f55707aa4]::panicking::panic_handler::{closure#0}, !>
[INFO] [stdout]    9:     0x62ad1a4fb0fd - __rustc[8fa7c3cbc660c2b3]::rust_begin_unwind
[INFO] [stdout]   10:     0x62ad1a53614c - core[df12db4294e9bfd3]::panicking::panic_fmt
[INFO] [stdout]   11:     0x62ad1a500181 - <std[70759c8f55707aa4]::sys::sync::once::futex::Once>::call
[INFO] [stdout]   12:     0x62ad1a1d74ca - redpanda[42b20e29dc04b0a0]::tests::test_metadata_topic_names
[INFO] [stdout]   13:     0x62ad1a1f0449 - <redpanda[42b20e29dc04b0a0]::tests::test_metadata_topic_names::{closure#0} as core[df12db4294e9bfd3]::ops::function::FnOnce<()>>::call_once
[INFO] [stdout]   14:     0x62ad1a1f6bbb - test[9d35eded1c95d3be]::__rust_begin_short_backtrace::<core[df12db4294e9bfd3]::result::Result<(), alloc[2182bb758b4b3781]::string::String>, fn() -> core[df12db4294e9bfd3]::result::Result<(), alloc[2182bb758b4b3781]::string::String>>
[INFO] [stdout]   15:     0x62ad1a204225 - test[9d35eded1c95d3be]::run_test::{closure#0}
[INFO] [stdout]   16:     0x62ad1a1fdae4 - std[70759c8f55707aa4]::sys::backtrace::__rust_begin_short_backtrace::<test[9d35eded1c95d3be]::run_test::{closure#1}, ()>
[INFO] [stdout]   17:     0x62ad1a207382 - <std[70759c8f55707aa4]::thread::lifecycle::spawn_unchecked<test[9d35eded1c95d3be]::run_test::{closure#1}, ()>::{closure#1} as core[df12db4294e9bfd3]::ops::function::FnOnce<()>>::call_once::{shim:vtable#0}
[INFO] [stdout]   18:     0x62ad1a51e1a9 - <std[70759c8f55707aa4]::sys::thread::unix::Thread>::new::thread_start
[INFO] [stdout]   19:     0x785a40879dfa - <unknown>
[INFO] [stdout]   20:     0x785a4090d3d4 - clone
[INFO] [stdout]   21:                0x0 - <unknown>
[INFO] [stdout] 
[INFO] [stdout] ---- tests::test_producer_some_bad_servers stdout ----
[INFO] [stdout] 
[INFO] [stdout] thread 'tests::test_producer_some_bad_servers' (1852) panicked at src/tests.rs:153:1:
[INFO] [stdout] Once instance has previously been poisoned
[INFO] [stdout] stack backtrace:
[INFO] [stdout]    0:     0x62ad1a51efa1 - <<std[70759c8f55707aa4]::sys::backtrace::BacktraceLock>::print::DisplayBacktrace as core[df12db4294e9bfd3]::fmt::Display>::fmt
[INFO] [stdout]    1:     0x62ad1a53596a - core[df12db4294e9bfd3]::fmt::write
[INFO] [stdout]    2:     0x62ad1a52368c - <alloc[2182bb758b4b3781]::vec::Vec<u8> as core[df12db4294e9bfd3]::io::write::Write>::write_fmt
[INFO] [stdout]    3:     0x62ad1a4fa456 - std[70759c8f55707aa4]::panicking::default_hook::{closure#0}
[INFO] [stdout]    4:     0x62ad1a516aa9 - std[70759c8f55707aa4]::panicking::default_hook
[INFO] [stdout]    5:     0x62ad1a2038d0 - test[9d35eded1c95d3be]::test_main_inner::<test[9d35eded1c95d3be]::test_main_static::{closure#0}>::{closure#0}
[INFO] [stdout]    6:     0x62ad1a516dd2 - std[70759c8f55707aa4]::panicking::panic_with_hook
[INFO] [stdout]    7:     0x62ad1a4fa534 - std[70759c8f55707aa4]::panicking::panic_handler::{closure#0}
[INFO] [stdout]    8:     0x62ad1a4f30c9 - std[70759c8f55707aa4]::sys::backtrace::__rust_end_short_backtrace::<std[70759c8f55707aa4]::panicking::panic_handler::{closure#0}, !>
[INFO] [stdout]    9:     0x62ad1a4fb0fd - __rustc[8fa7c3cbc660c2b3]::rust_begin_unwind
[INFO] [stdout]   10:     0x62ad1a53614c - core[df12db4294e9bfd3]::panicking::panic_fmt
[INFO] [stdout]   11:     0x62ad1a500181 - <std[70759c8f55707aa4]::sys::sync::once::futex::Once>::call
[INFO] [stdout]   12:     0x62ad1a1d93da - redpanda[42b20e29dc04b0a0]::tests::test_producer_some_bad_servers
[INFO] [stdout]   13:     0x62ad1a1f0589 - <redpanda[42b20e29dc04b0a0]::tests::test_producer_some_bad_servers::{closure#0} as core[df12db4294e9bfd3]::ops::function::FnOnce<()>>::call_once
[INFO] [stdout]   14:     0x62ad1a1f6bbb - test[9d35eded1c95d3be]::__rust_begin_short_backtrace::<core[df12db4294e9bfd3]::result::Result<(), alloc[2182bb758b4b3781]::string::String>, fn() -> core[df12db4294e9bfd3]::result::Result<(), alloc[2182bb758b4b3781]::string::String>>
[INFO] [stdout]   15:     0x62ad1a204225 - test[9d35eded1c95d3be]::run_test::{closure#0}
[INFO] [stdout]   16:     0x62ad1a1fdae4 - std[70759c8f55707aa4]::sys::backtrace::__rust_begin_short_backtrace::<test[9d35eded1c95d3be]::run_test::{closure#1}, ()>
[INFO] [stdout]   17:     0x62ad1a207382 - <std[70759c8f55707aa4]::thread::lifecycle::spawn_unchecked<test[9d35eded1c95d3be]::run_test::{closure#1}, ()>::{closure#1} as core[df12db4294e9bfd3]::ops::function::FnOnce<()>>::call_once::{shim:vtable#0}
[INFO] [stdout]   18:     0x62ad1a51e1a9 - <std[70759c8f55707aa4]::sys::thread::unix::Thread>::new::thread_start
[INFO] [stdout]   19:     0x785a40879dfa - <unknown>
[INFO] [stdout]   20:     0x785a4090d3d4 - clone
[INFO] [stdout]   21:                0x0 - <unknown>
[INFO] [stdout] 
[INFO] [stdout] 
[INFO] [stdout] failures:
[INFO] [stdout]     tests::test_admin_create_delete_topic
[INFO] [stdout]     tests::test_admin_invalid_server
[INFO] [stdout]     tests::test_admin_some_bad_servers
[INFO] [stdout]     tests::test_admin_valid_server
[INFO] [stdout]     tests::test_consumer_invalid_server
[INFO] [stdout]     tests::test_consumer_invalid_topic
[INFO] [stdout]     tests::test_consumer_some_bad_servers
[INFO] [stdout]     tests::test_consumer_subscription
[INFO] [stdout]     tests::test_consumer_valid_server
[INFO] [stdout]     tests::test_metadata_topic_names
[INFO] [stdout]     tests::test_producer_consumer_valid_topic
[INFO] [stdout]     tests::test_producer_invalid_server
[INFO] [stdout]     tests::test_producer_record
[INFO] [stdout]     tests::test_producer_some_bad_servers
[INFO] [stdout]     tests::test_producer_valid_server
[INFO] [stdout] 
[INFO] [stdout] test result: FAILED. 0 passed; 15 failed; 0 ignored; 0 measured; 0 filtered out; finished in 0.01s
[INFO] [stdout] 
[INFO] running `Command { std: "docker" "inspect" "bc77bd88cbc58b02439c77563874ad36204ee843d151f36faf22e5db1e95d87a", kill_on_drop: false }`
[INFO] running `Command { std: "docker" "rm" "-f" "bc77bd88cbc58b02439c77563874ad36204ee843d151f36faf22e5db1e95d87a", kill_on_drop: false }`
[INFO] [stdout] bc77bd88cbc58b02439c77563874ad36204ee843d151f36faf22e5db1e95d87a
