[INFO] fetching crate redox-pkg 0.3.3...
[INFO] testing redox-pkg-0.3.3 against 1.100.0-beta.1+cargoflags=--release for beta-release-1.100-2
[INFO] extracting crate redox-pkg 0.3.3 into /workspace/builds/worker-3-tc2/source
[INFO] started tweaking crates.io crate redox-pkg 0.3.3
[INFO] removed 0 missing tests
[INFO] finished tweaking crates.io crate redox-pkg 0.3.3
[INFO] tweaked toml for crates.io crate redox-pkg 0.3.3 written to /workspace/builds/worker-3-tc2/source/Cargo.toml
[INFO] validating manifest of crates.io crate redox-pkg 0.3.3 on toolchain 1.100.0-beta.1
[INFO] running `Command { std: CARGO_HOME="/workspace/cargo-home" RUSTUP_HOME="/workspace/rustup-home" "/workspace/cargo-home/bin/cargo" "+1.100.0-beta.1" "metadata" "--manifest-path" "Cargo.toml" "--no-deps", kill_on_drop: false }`
[INFO] crate crates.io crate redox-pkg 0.3.3 already has a lockfile, it will not be regenerated
[INFO] running `Command { std: CARGO_HOME="/workspace/cargo-home" RUSTUP_HOME="/workspace/rustup-home" "/workspace/cargo-home/bin/cargo" "+1.100.0-beta.1" "fetch" "--manifest-path" "Cargo.toml", kill_on_drop: false }`
[INFO] running `Command { std: "docker" "create" "-v" "/var/lib/crater-agent-workspace/builds/worker-3-tc2/source:/opt/rustwide/workdir:ro,Z" "-v" "/var/lib/crater-agent-workspace/builds/worker-3-tc2/target:/opt/rustwide/target:rw,Z" "-v" "/var/lib/crater-agent-workspace/cargo-home:/opt/rustwide/cargo-home:ro,Z" "-v" "/var/lib/crater-agent-workspace/rustup-home:/opt/rustwide/rustup-home:ro,Z" "-m" "1610612736" "--network" "none" "ghcr.io/rust-lang/crates-build-env/linux@sha256:77db811e55d90add9212f6832c23229e3de5f1c1f9905e8cb07319ea15df73ac" "sleep" "infinity", kill_on_drop: false }`
[INFO] [stdout] eeabeadf017de8e98eb84f0c4f0b717f646e190953a7a690eb31ba04af6a2e64
[INFO] running `Command { std: "docker" "start" "eeabeadf017de8e98eb84f0c4f0b717f646e190953a7a690eb31ba04af6a2e64", kill_on_drop: false }`
[INFO] running `Command { std: "docker" "inspect" "eeabeadf017de8e98eb84f0c4f0b717f646e190953a7a690eb31ba04af6a2e64", kill_on_drop: false }`
[INFO] running `Command { std: "docker" "exec" "-e" "SOURCE_DIR=/opt/rustwide/workdir" "-e" "CARGO_HOME=/opt/rustwide/cargo-home" "-e" "RUSTUP_HOME=/opt/rustwide/rustup-home" "-e" "CARGO_TARGET_DIR=/opt/rustwide/target" "-w" "/opt/rustwide/workdir" "--user" "0:0" "eeabeadf017de8e98eb84f0c4f0b717f646e190953a7a690eb31ba04af6a2e64" "/opt/rustwide/cargo-home/bin/cargo" "+1.100.0-beta.1" "metadata" "--no-deps" "--format-version=1", kill_on_drop: false }`
[INFO] running `Command { std: "docker" "inspect" "eeabeadf017de8e98eb84f0c4f0b717f646e190953a7a690eb31ba04af6a2e64", kill_on_drop: false }`
[INFO] running `Command { std: "docker" "exec" "-e" "SOURCE_DIR=/opt/rustwide/workdir" "-e" "CARGO_HOME=/opt/rustwide/cargo-home" "-e" "RUSTUP_HOME=/opt/rustwide/rustup-home" "-e" "CARGO_TARGET_DIR=/opt/rustwide/target" "-e" "CARGO_INCREMENTAL=0" "-e" "RUST_BACKTRACE=full" "-e" "RUSTFLAGS=--cap-lints=warn" "-e" "RUSTDOCFLAGS=--cap-lints=warn" "-w" "/opt/rustwide/workdir" "--user" "0:0" "eeabeadf017de8e98eb84f0c4f0b717f646e190953a7a690eb31ba04af6a2e64" "/opt/rustwide/cargo-home/bin/cargo" "+1.100.0-beta.1" "build" "--frozen" "--message-format=json" "--release", kill_on_drop: false }`
[INFO] [stderr]    Compiling syn v2.0.119
[INFO] [stderr]    Compiling subtle v2.6.1
[INFO] [stderr]    Compiling getrandom v0.4.3
[INFO] [stderr]    Compiling cc v1.5.1
[INFO] [stderr]    Compiling keccak v0.2.2
[INFO] [stderr]    Compiling dryoc v1.0.0
[INFO] [stderr]    Compiling curve25519-dalek v4.1.3
[INFO] [stderr]    Compiling bytemuck_derive v1.12.1
[INFO] [stderr]    Compiling thiserror v2.0.21
[INFO] [stderr]    Compiling getrandom v0.2.17
[INFO] [stderr]    Compiling constant_time_eq v0.4.2
[INFO] [stderr]    Compiling winnow v1.0.4
[INFO] [stderr]    Compiling serde v1.0.229
[INFO] [stderr]    Compiling toml_datetime v1.1.1+spec-1.1.0
[INFO] [stderr]    Compiling serde_spanned v1.1.1
[INFO] [stderr]    Compiling thiserror-impl v2.0.21
[INFO] [stderr]    Compiling rustls v0.23.45
[INFO] [stderr]    Compiling toml_writer v1.1.2+spec-1.1.0
[INFO] [stderr]    Compiling http v1.5.0
[INFO] [stderr]    Compiling memsafe v1.0.2
[INFO] [stderr]    Compiling base64 v0.23.1
[INFO] [stderr]    Compiling utf8-zero v0.8.1
[INFO] [stderr]    Compiling rand v0.10.3
[INFO] [stderr]    Compiling toml_parser v1.1.3+spec-1.1.0
[INFO] [stderr]    Compiling hex v0.4.3
[INFO] [stderr]    Compiling toml v1.1.6+spec-1.1.0
[INFO] [stderr]    Compiling bytemuck v1.25.2
[INFO] [stderr]    Compiling ring v0.17.14
[INFO] [stderr]    Compiling blake3 v1.8.7
[INFO] [stderr]    Compiling ureq-proto v0.6.4
[INFO] [stderr]    Compiling zeroize_derive v1.5.0
[INFO] [stderr]    Compiling curve25519-dalek-derive v0.1.1
[INFO] [stderr]    Compiling zeroize v1.9.0
[INFO] [stderr]    Compiling hybrid-array v0.4.15
[INFO] [stderr]    Compiling sponge-cursor v0.1.0
[INFO] [stderr]    Compiling rustls-pki-types v1.15.1
[INFO] [stderr]    Compiling webpki-roots v1.0.9
[INFO] [stderr]    Compiling block-buffer v0.12.1
[INFO] [stderr]    Compiling crypto-common v0.2.2
[INFO] [stderr]    Compiling inout v0.2.2
[INFO] [stderr]    Compiling digest v0.11.3
[INFO] [stderr]    Compiling cipher v0.5.2
[INFO] [stderr]    Compiling sha2 v0.11.0
[INFO] [stderr]    Compiling sha3 v0.12.0
[INFO] [stderr]    Compiling salsa20 v0.11.0
[INFO] [stderr]    Compiling chacha20 v0.10.2
[INFO] [stderr]    Compiling lzma-rust2 v0.20.1
[INFO] [stderr]    Compiling pkgar-core v0.2.4
[INFO] [stderr]    Compiling pkgar-keys v0.2.4
[INFO] [stderr]    Compiling pkgar v0.2.4
[INFO] [stderr]    Compiling rustls-webpki v0.103.15
[INFO] [stderr]    Compiling ureq v3.4.2
[INFO] [stderr]    Compiling redox-pkg v0.3.3 (/opt/rustwide/workdir)
[INFO] [stderr]     Finished `release` profile [optimized] target(s) in 1m 10s
[INFO] running `Command { std: "docker" "inspect" "eeabeadf017de8e98eb84f0c4f0b717f646e190953a7a690eb31ba04af6a2e64", kill_on_drop: false }`
[INFO] running `Command { std: "docker" "exec" "-e" "SOURCE_DIR=/opt/rustwide/workdir" "-e" "CARGO_HOME=/opt/rustwide/cargo-home" "-e" "RUSTUP_HOME=/opt/rustwide/rustup-home" "-e" "CARGO_TARGET_DIR=/opt/rustwide/target" "-e" "CARGO_INCREMENTAL=0" "-e" "RUST_BACKTRACE=full" "-e" "RUSTFLAGS=--cap-lints=warn" "-e" "RUSTDOCFLAGS=--cap-lints=warn" "-w" "/opt/rustwide/workdir" "--user" "0:0" "eeabeadf017de8e98eb84f0c4f0b717f646e190953a7a690eb31ba04af6a2e64" "/opt/rustwide/cargo-home/bin/cargo" "+1.100.0-beta.1" "test" "--frozen" "--no-run" "--message-format=json" "--release", kill_on_drop: false }`
[INFO] [stderr]    Compiling redox-pkg v0.3.3 (/opt/rustwide/workdir)
[INFO] [stderr]     Finished `release` profile [optimized] target(s) in 6.54s
[INFO] running `Command { std: "docker" "inspect" "eeabeadf017de8e98eb84f0c4f0b717f646e190953a7a690eb31ba04af6a2e64", kill_on_drop: false }`
[INFO] running `Command { std: "docker" "exec" "-e" "SOURCE_DIR=/opt/rustwide/workdir" "-e" "CARGO_HOME=/opt/rustwide/cargo-home" "-e" "RUSTUP_HOME=/opt/rustwide/rustup-home" "-e" "CARGO_TARGET_DIR=/opt/rustwide/target" "-e" "CARGO_INCREMENTAL=0" "-e" "RUST_BACKTRACE=full" "-e" "RUSTFLAGS=--cap-lints=warn" "-e" "RUSTDOCFLAGS=--cap-lints=warn" "-w" "/opt/rustwide/workdir" "--user" "0:0" "eeabeadf017de8e98eb84f0c4f0b717f646e190953a7a690eb31ba04af6a2e64" "/opt/rustwide/cargo-home/bin/cargo" "+1.100.0-beta.1" "test" "--frozen" "--release", kill_on_drop: false }`
[INFO] [stderr]     Finished `release` profile [optimized] target(s) in 0.13s
[INFO] [stderr]      Running unittests src/lib.rs (/opt/rustwide/target/release/build/redox-pkg/8bd036659f23a510/out/pkg-8bd036659f23a510)
[INFO] [stdout] 
[INFO] [stdout] running 16 tests
[INFO] [stdout] test package::tests::deserialize_empty_version ... ok
[INFO] [stdout] test package::tests::deserialize_empty_depends ... ok
[INFO] [stdout] test package::tests::roundtrip ... ok
[INFO] [stdout] test package::tests::deserialize_repository_outdated ... ok
[INFO] [stdout] test package_state::tests::test_install_simple_success ... ok
[INFO] [stdout] test package_state::tests::test_toml_integration ... ok
[INFO] [stdout] test package_state::tests::test_uninstall_with_dependencies_unmarked ... ok
[INFO] [stdout] test package::tests::deserialize_repository ... ok
[INFO] [stdout] test package_state::tests::test_install_missing_dependency ... ok
[INFO] [stdout] test package::tests::deserialize_with_invalid_name_fails - should panic ... ok
[INFO] [stdout] test package::tests::deserialize_with_invalid_dependency_name_fails - should panic ... ok
[INFO] [stdout] test package_state::tests::test_uninstall_with_dependencies_marked ... ok
[INFO] [stdout] test package::tests::deserialize_with_depends ... ok
[INFO] [stdout] test package::tests::package_name_split ... ok
[INFO] [stdout] test package::tests::deserialize_no_depends ... ok
[INFO] [stdout] test package_state::tests::test_uninstall_dependent ... ok
[INFO] [stdout] 
[INFO] [stdout] test result: ok. 16 passed; 0 failed; 0 ignored; 0 measured; 0 filtered out; finished in 0.01s
[INFO] [stdout] 
[INFO] [stderr]      Running tests/integration_test.rs (/opt/rustwide/target/release/build/redox-pkg/c473d6567b391202/out/integration_test-c473d6567b391202)
[INFO] [stdout] 
[INFO] [stdout] running 2 tests
[INFO] [stdout] test test_pkg_update ... FAILED
[INFO] [stdout] test test_pkg_install ... FAILED
[INFO] [stdout] 
[INFO] [stdout] failures:
[INFO] [stdout] 
[INFO] [stdout] ---- test_pkg_update stdout ----
[INFO] [stdout] Error: Os { code: 30, kind: ReadOnlyFilesystem, message: "Read-only file system" }
[INFO] [stdout] 
[INFO] [stdout] ---- test_pkg_install stdout ----
[INFO] [stdout] Error: Os { code: 30, kind: ReadOnlyFilesystem, message: "Read-only file system" }
[INFO] [stdout] 
[INFO] [stdout] 
[INFO] [stdout] failures:
[INFO] [stdout]     test_pkg_install
[INFO] [stdout]     test_pkg_update
[INFO] [stdout] 
[INFO] [stdout] test result: FAILED. 0 passed; 2 failed; 0 ignored; 0 measured; 0 filtered out; finished in 0.00s
[INFO] [stdout] 
[INFO] [stderr] error: test failed, to rerun pass `--test integration_test`
[INFO] running `Command { std: "docker" "inspect" "eeabeadf017de8e98eb84f0c4f0b717f646e190953a7a690eb31ba04af6a2e64", kill_on_drop: false }`
[INFO] running `Command { std: "docker" "rm" "-f" "eeabeadf017de8e98eb84f0c4f0b717f646e190953a7a690eb31ba04af6a2e64", kill_on_drop: false }`
[INFO] [stdout] eeabeadf017de8e98eb84f0c4f0b717f646e190953a7a690eb31ba04af6a2e64
