[INFO] fetching crate redoubt-zero-derive 0.1.0-rc.18...
[INFO] testing redoubt-zero-derive-0.1.0-rc.18 against 1.99.0-beta.8+cargoflags=--release for beta-release-1.100-2
[INFO] extracting crate redoubt-zero-derive 0.1.0-rc.18 into /workspace/builds/worker-4-tc1/source
[INFO] started tweaking crates.io crate redoubt-zero-derive 0.1.0-rc.18
[INFO] removed 0 missing tests
[INFO] finished tweaking crates.io crate redoubt-zero-derive 0.1.0-rc.18
[INFO] tweaked toml for crates.io crate redoubt-zero-derive 0.1.0-rc.18 written to /workspace/builds/worker-4-tc1/source/Cargo.toml
[INFO] validating manifest of crates.io crate redoubt-zero-derive 0.1.0-rc.18 on toolchain 1.99.0-beta.8
[INFO] running `Command { std: CARGO_HOME="/workspace/cargo-home" RUSTUP_HOME="/workspace/rustup-home" "/workspace/cargo-home/bin/cargo" "+1.99.0-beta.8" "metadata" "--manifest-path" "Cargo.toml" "--no-deps", kill_on_drop: false }`
[INFO] crate crates.io crate redoubt-zero-derive 0.1.0-rc.18 already has a lockfile, it will not be regenerated
[INFO] running `Command { std: CARGO_HOME="/workspace/cargo-home" RUSTUP_HOME="/workspace/rustup-home" "/workspace/cargo-home/bin/cargo" "+1.99.0-beta.8" "fetch" "--manifest-path" "Cargo.toml", kill_on_drop: false }`
[INFO] [stderr]     Updating crates.io index
[INFO] [stderr]  Downloading crates ...
[INFO] [stderr]   Downloaded trybuild v1.0.114
[INFO] [stderr]   Downloaded redoubt-mem v0.1.0-rc.18
[INFO] [stderr]   Downloaded redoubt-util v0.1.0-rc.18
[INFO] [stderr]   Downloaded redoubt-zero-core v0.1.0-rc.18
[INFO] [stderr]   Downloaded redoubt-mem-core v0.1.0-rc.18
[INFO] [stderr]   Downloaded redoubt-asm v0.1.0-rc.18
[INFO] [stderr]   Downloaded pest_derive v2.8.4
[INFO] [stderr]   Downloaded pest_generator v2.8.4
[INFO] [stderr]   Downloaded pest_meta v2.8.4
[INFO] [stderr]   Downloaded insta v1.45.0
[INFO] running `Command { std: "docker" "create" "-v" "/var/lib/crater-agent-workspace/builds/worker-4-tc1/source:/opt/rustwide/workdir:ro,Z" "-v" "/var/lib/crater-agent-workspace/builds/worker-4-tc1/target:/opt/rustwide/target:rw,Z" "-v" "/var/lib/crater-agent-workspace/cargo-home:/opt/rustwide/cargo-home:ro,Z" "-v" "/var/lib/crater-agent-workspace/rustup-home:/opt/rustwide/rustup-home:ro,Z" "-m" "1610612736" "--network" "none" "ghcr.io/rust-lang/crates-build-env/linux@sha256:77db811e55d90add9212f6832c23229e3de5f1c1f9905e8cb07319ea15df73ac" "sleep" "infinity", kill_on_drop: false }`
[INFO] [stdout] 60cd3ca63c805531372b6e9f1cc4331548d19d9ef5a4fe27dd7881676bcca6be
[INFO] running `Command { std: "docker" "start" "60cd3ca63c805531372b6e9f1cc4331548d19d9ef5a4fe27dd7881676bcca6be", kill_on_drop: false }`
[INFO] running `Command { std: "docker" "inspect" "60cd3ca63c805531372b6e9f1cc4331548d19d9ef5a4fe27dd7881676bcca6be", kill_on_drop: false }`
[INFO] running `Command { std: "docker" "exec" "-e" "SOURCE_DIR=/opt/rustwide/workdir" "-e" "CARGO_HOME=/opt/rustwide/cargo-home" "-e" "RUSTUP_HOME=/opt/rustwide/rustup-home" "-e" "CARGO_TARGET_DIR=/opt/rustwide/target" "-w" "/opt/rustwide/workdir" "--user" "0:0" "60cd3ca63c805531372b6e9f1cc4331548d19d9ef5a4fe27dd7881676bcca6be" "/opt/rustwide/cargo-home/bin/cargo" "+1.99.0-beta.8" "metadata" "--no-deps" "--format-version=1", kill_on_drop: false }`
[INFO] running `Command { std: "docker" "inspect" "60cd3ca63c805531372b6e9f1cc4331548d19d9ef5a4fe27dd7881676bcca6be", kill_on_drop: false }`
[INFO] running `Command { std: "docker" "exec" "-e" "SOURCE_DIR=/opt/rustwide/workdir" "-e" "CARGO_HOME=/opt/rustwide/cargo-home" "-e" "RUSTUP_HOME=/opt/rustwide/rustup-home" "-e" "CARGO_TARGET_DIR=/opt/rustwide/target" "-e" "CARGO_INCREMENTAL=0" "-e" "RUST_BACKTRACE=full" "-e" "RUSTFLAGS=--cap-lints=warn" "-e" "RUSTDOCFLAGS=--cap-lints=warn" "-w" "/opt/rustwide/workdir" "--user" "0:0" "60cd3ca63c805531372b6e9f1cc4331548d19d9ef5a4fe27dd7881676bcca6be" "/opt/rustwide/cargo-home/bin/cargo" "+1.99.0-beta.8" "build" "--frozen" "--message-format=json" "--release", kill_on_drop: false }`
[INFO] [stderr]    Compiling find-msvc-tools v0.1.6
[INFO] [stderr]    Compiling proc-macro2 v1.0.104
[INFO] [stderr]    Compiling redoubt-asm v0.1.0-rc.18
[INFO] [stderr]    Compiling cc v1.2.51
[INFO] [stderr]    Compiling quote v1.0.42
[INFO] [stderr]    Compiling syn v2.0.111
[INFO] [stderr]    Compiling redoubt-mem-core v0.1.0-rc.18
[INFO] [stderr]    Compiling redoubt-mem v0.1.0-rc.18
[INFO] [stderr]    Compiling redoubt-util v0.1.0-rc.18
[INFO] [stderr]    Compiling redoubt-zero-core v0.1.0-rc.18
[INFO] [stderr]    Compiling redoubt-zero-derive v0.1.0-rc.18 (/opt/rustwide/workdir)
[INFO] [stderr]     Finished `release` profile [optimized] target(s) in 8.45s
[INFO] running `Command { std: "docker" "inspect" "60cd3ca63c805531372b6e9f1cc4331548d19d9ef5a4fe27dd7881676bcca6be", kill_on_drop: false }`
[INFO] running `Command { std: "docker" "exec" "-e" "SOURCE_DIR=/opt/rustwide/workdir" "-e" "CARGO_HOME=/opt/rustwide/cargo-home" "-e" "RUSTUP_HOME=/opt/rustwide/rustup-home" "-e" "CARGO_TARGET_DIR=/opt/rustwide/target" "-e" "CARGO_INCREMENTAL=0" "-e" "RUST_BACKTRACE=full" "-e" "RUSTFLAGS=--cap-lints=warn" "-e" "RUSTDOCFLAGS=--cap-lints=warn" "-w" "/opt/rustwide/workdir" "--user" "0:0" "60cd3ca63c805531372b6e9f1cc4331548d19d9ef5a4fe27dd7881676bcca6be" "/opt/rustwide/cargo-home/bin/cargo" "+1.99.0-beta.8" "test" "--frozen" "--no-run" "--message-format=json" "--release", kill_on_drop: false }`
[INFO] [stderr]    Compiling serde_core v1.0.228
[INFO] [stderr]    Compiling syn v2.0.111
[INFO] [stderr]    Compiling rustix v1.1.3
[INFO] [stderr]    Compiling memchr v2.7.6
[INFO] [stderr]    Compiling serde v1.0.228
[INFO] [stderr]    Compiling target-triple v1.0.0
[INFO] [stderr]    Compiling ucd-trie v0.1.7
[INFO] [stderr]    Compiling serde_json v1.0.148
[INFO] [stderr]    Compiling toml_parser v1.0.6+spec-1.1.0
[INFO] [stderr]    Compiling toml_datetime v0.7.5+spec-1.1.0
[INFO] [stderr]    Compiling redoubt-mem-core v0.1.0-rc.18
[INFO] [stderr]    Compiling proc-macro2 v1.0.104
[INFO] [stderr]    Compiling redoubt-asm v0.1.0-rc.18
[INFO] [stderr]    Compiling unicode-ident v1.0.22
[INFO] [stderr]    Compiling getrandom v0.3.4
[INFO] [stderr]    Compiling quote v1.0.42
[INFO] [stderr]    Compiling indexmap v2.12.1
[INFO] [stderr]    Compiling pest v2.8.4
[INFO] [stderr]    Compiling redoubt-mem v0.1.0-rc.18
[INFO] [stderr]    Compiling pest_meta v2.8.4
[INFO] [stderr]    Compiling serde_spanned v1.0.4
[INFO] [stderr]    Compiling toml_edit v0.23.10+spec-1.0.0
[INFO] [stderr]    Compiling fastrand v2.3.0
[INFO] [stderr]    Compiling zmij v1.0.0
[INFO] [stderr]    Compiling toml_writer v1.0.6+spec-1.1.0
[INFO] [stderr]    Compiling toml v0.9.10+spec-1.1.0
[INFO] [stderr]    Compiling proc-macro-crate v3.4.0
[INFO] [stderr]    Compiling pest_generator v2.8.4
[INFO] [stderr]    Compiling tempfile v3.24.0
[INFO] [stderr]    Compiling serde_derive v1.0.228
[INFO] [stderr]    Compiling redoubt-zero-derive v0.1.0-rc.18 (/opt/rustwide/workdir)
[INFO] [stderr]    Compiling pest_derive v2.8.4
[INFO] [stderr]    Compiling redoubt-util v0.1.0-rc.18
[INFO] [stderr]    Compiling console v0.15.11
[INFO] [stderr]    Compiling prettyplease v0.2.37
[INFO] [stderr]    Compiling similar v2.7.0
[INFO] [stderr]    Compiling glob v0.3.3
[INFO] [stderr]    Compiling insta v1.45.0
[INFO] [stderr]    Compiling trybuild v1.0.114
[INFO] [stderr]    Compiling redoubt-zero-core v0.1.0-rc.18
[INFO] [stderr]     Finished `release` profile [optimized] target(s) in 2m 27s
[INFO] running `Command { std: "docker" "inspect" "60cd3ca63c805531372b6e9f1cc4331548d19d9ef5a4fe27dd7881676bcca6be", kill_on_drop: false }`
[INFO] running `Command { std: "docker" "exec" "-e" "SOURCE_DIR=/opt/rustwide/workdir" "-e" "CARGO_HOME=/opt/rustwide/cargo-home" "-e" "RUSTUP_HOME=/opt/rustwide/rustup-home" "-e" "CARGO_TARGET_DIR=/opt/rustwide/target" "-e" "CARGO_INCREMENTAL=0" "-e" "RUST_BACKTRACE=full" "-e" "RUSTFLAGS=--cap-lints=warn" "-e" "RUSTDOCFLAGS=--cap-lints=warn" "-w" "/opt/rustwide/workdir" "--user" "0:0" "60cd3ca63c805531372b6e9f1cc4331548d19d9ef5a4fe27dd7881676bcca6be" "/opt/rustwide/cargo-home/bin/cargo" "+1.99.0-beta.8" "test" "--frozen" "--release", kill_on_drop: false }`
[INFO] [stderr]     Finished `release` profile [optimized] target(s) in 0.14s
[INFO] [stderr]      Running unittests src/lib.rs (/opt/rustwide/target/release/deps/redoubt_zero_derive-7c716c2d29c9151a)
[INFO] [stdout] 
[INFO] [stdout] running 43 tests
[INFO] [stdout] test tests::expand::snapshot_enum_fails ... ok
[INFO] [stdout] test tests::expand::snapshot_immut_ref_without_skip_fails ... ok
[INFO] [stdout] test tests::expand::snapshot_named_struct_skip_on_sentinel_fails ... ok
[INFO] [stdout] test tests::expand::snapshot_empty_struct_ok ... ok
[INFO] [stdout] test tests::expand::snapshot_named_struct_with_lifetime_generics_ok ... ok
[INFO] [stdout] test tests::expand::snapshot_named_struct_with_memzer_skip_on_immut_ref ... ok
[INFO] [stdout] test tests::expand::snapshot_named_struct_ok ... ok
[INFO] [stdout] test tests::expand::snapshot_tuple_immut_ref_without_skip_fails ... ok
[INFO] [stdout] test tests::expand::snapshot_named_struct_with_memzer_drop ... ok
[INFO] [stdout] test tests::expand::snapshot_named_struct_with_generics_and_memzer_drop ... ok
[INFO] [stdout] test tests::expand::snapshot_named_struct_without_sentinel_no_assert_zeroize_on_drop_impl ... ok
[INFO] [stdout] test tests::expand::snapshot_tuple_struct_ok ... ok
[INFO] [stdout] test tests::expand::snapshot_tuple_struct_with_memzer_drop ... ok
[INFO] [stdout] test tests::expand::snapshot_tuple_struct_skip_on_sentinel_fails ... ok
[INFO] [stdout] test tests::expand::snapshot_named_struct_with_multiple_memzer_attrs ... ok
[INFO] [stdout] test tests::expand::snapshot_tuple_struct_with_mut_ref ... ok
[INFO] [stdout] test tests::expand::snapshot_tuple_struct_without_sentinel_no_assert_zeroize_on_drop_impl ... ok
[INFO] [stdout] test tests::expand::snapshot_unit_struct_no_assert_zeroize_on_drop_impl ... ok
[INFO] [stdout] test tests::expand::snapshot_tuple_struct_with_non_zeroize_on_drop_sentinel_types ... ok
[INFO] [stdout] test tests::expand::test_find_root_with_candidates_itself ... ok
[INFO] [stdout] test tests::expand::snapshot_tuple_struct_with_multiple_memzer_attrs ... ok
[INFO] [stdout] test tests::expand::test_find_root_with_candidates_not_found ... ok
[INFO] [stdout] test tests::expand::test_fast_zeroize_routes_through_zeroize_collection ... ok
[INFO] [stdout] test tests::expand::test_find_root_with_candidates_name ... ok
[INFO] [stdout] test tests::expand::test_find_root_with_candidates_path_not_found ... ok
[INFO] [stdout] test tests::is_zeroize_on_drop_sentinel::test_is_zeroize_on_drop_sentinel_type_with_array ... ok
[INFO] [stdout] test tests::expand::test_find_root_with_candidates_path_itself ... ok
[INFO] [stdout] test tests::expand::test_find_root_with_candidates_path_itself_invalid ... ok
[INFO] [stdout] test tests::is_zeroize_on_drop_sentinel::test_is_zeroize_on_drop_sentinel_type_with_reference ... ok
[INFO] [stdout] test tests::is_zeroize_on_drop_sentinel::test_is_zeroize_on_drop_sentinel_type_with_qualified_path ... ok
[INFO] [stdout] test tests::expand::snapshot_tuple_struct_with_memzer_skip ... ok
[INFO] [stdout] test tests::is_zeroize_on_drop_sentinel::test_is_zeroize_on_drop_sentinel_type_with_vec ... ok
[INFO] [stdout] test tests::reference_types::test_is_immut_reference_type_with_immut_ref ... ok
[INFO] [stdout] test tests::reference_types::test_is_immut_reference_type_with_owned ... ok
[INFO] [stdout] test tests::reference_types::test_is_mut_reference_type_with_immut_ref ... ok
[INFO] [stdout] test tests::reference_types::test_is_mut_reference_type_with_mut_ref ... ok
[INFO] [stdout] test tests::reference_types::test_is_mut_reference_type_with_owned ... ok
[INFO] [stdout] test tests::reference_types::test_is_immut_reference_type_with_mut_ref ... ok
[INFO] [stdout] test tests::is_zeroize_on_drop_sentinel::test_is_zeroize_on_drop_sentinel_type_with_drop_sentinel ... ok
[INFO] [stdout] test tests::expand::snapshot_named_struct_with_memzer_skip_on_one_field ... ok
[INFO] [stdout] test tests::is_zeroize_on_drop_sentinel::test_is_zeroize_on_drop_sentinel_type_with_tuple ... ok
[INFO] [stdout] test tests::expand::test_find_root_with_candidates_path_name ... FAILED
[INFO] [stdout] test tests::expand::test_find_root_with_candidates_path_name_invalid ... FAILED
[INFO] [stdout] 
[INFO] [stdout] failures:
[INFO] [stdout] 
[INFO] [stdout] ---- tests::expand::test_find_root_with_candidates_path_name stdout ----
[INFO] [stdout] 
[INFO] [stdout] thread 'tests::expand::test_find_root_with_candidates_path_name' (1418) panicked at src/tests/expand.rs:74:5:
[INFO] [stdout] assertion failed: format!("{:?}", ts).contains("dummy_zero")
[INFO] [stdout] stack backtrace:
[INFO] [stdout]    0:     0x7f1228d9d821 - std[70759c8f55707aa4]::backtrace_rs::backtrace::libunwind::trace
[INFO] [stdout]                                at /rustc/dfb0accb7f508ae8be965d8629557221c889dd98/library/std/src/../../backtrace/src/backtrace/libunwind.rs:117:9
[INFO] [stdout]    1:     0x7f1228d9d821 - std[70759c8f55707aa4]::backtrace_rs::backtrace::trace_unsynchronized::<std[70759c8f55707aa4]::sys::backtrace::_print_fmt::{closure#1}>
[INFO] [stdout]                                at /rustc/dfb0accb7f508ae8be965d8629557221c889dd98/library/std/src/../../backtrace/src/backtrace/mod.rs:66:14
[INFO] [stdout]    2:     0x7f1228d9d821 - std[70759c8f55707aa4]::sys::backtrace::_print_fmt
[INFO] [stdout]                                at /rustc/dfb0accb7f508ae8be965d8629557221c889dd98/library/std/src/sys/backtrace.rs:74:9
[INFO] [stdout]    3:     0x7f1228d9d821 - <<std[70759c8f55707aa4]::sys::backtrace::BacktraceLock>::print::DisplayBacktrace as core[df12db4294e9bfd3]::fmt::Display>::fmt
[INFO] [stdout]                                at /rustc/dfb0accb7f508ae8be965d8629557221c889dd98/library/std/src/sys/backtrace.rs:44:26
[INFO] [stdout]    4:     0x7f1228de4aea - <core[df12db4294e9bfd3]::fmt::rt::Argument>::fmt
[INFO] [stdout]                                at /rustc/dfb0accb7f508ae8be965d8629557221c889dd98/library/core/src/fmt/rt.rs:152:76
[INFO] [stdout]    5:     0x7f1228de4aea - core[df12db4294e9bfd3]::fmt::write
[INFO] [stdout]    6:     0x7f1228dae7cc - core[df12db4294e9bfd3]::io::write::default_write_fmt::<alloc[2182bb758b4b3781]::vec::Vec<u8>>
[INFO] [stdout]                                at /rustc/dfb0accb7f508ae8be965d8629557221c889dd98/library/core/src/io/write.rs:402:11
[INFO] [stdout]    7:     0x7f1228dae7cc - <alloc[2182bb758b4b3781]::vec::Vec<u8> as core[df12db4294e9bfd3]::io::write::Write>::write_fmt
[INFO] [stdout]                                at /rustc/dfb0accb7f508ae8be965d8629557221c889dd98/library/core/src/io/write.rs:335:13
[INFO] [stdout]    8:     0x7f1228d671a6 - <std[70759c8f55707aa4]::sys::backtrace::BacktraceLock>::print
[INFO] [stdout]                                at /rustc/dfb0accb7f508ae8be965d8629557221c889dd98/library/std/src/sys/backtrace.rs:47:9
[INFO] [stdout]    9:     0x7f1228d671a6 - std[70759c8f55707aa4]::panicking::default_hook::{closure#0}
[INFO] [stdout]                                at /rustc/dfb0accb7f508ae8be965d8629557221c889dd98/library/std/src/panicking.rs:292:27
[INFO] [stdout]   10:     0x7f1228d8e2a9 - std[70759c8f55707aa4]::panicking::default_hook
[INFO] [stdout]                                at /rustc/dfb0accb7f508ae8be965d8629557221c889dd98/library/std/src/panicking.rs:316:9
[INFO] [stdout]   11:     0x635f1d1ea540 - test[9d35eded1c95d3be]::test_main_inner::<test[9d35eded1c95d3be]::test_main_static::{closure#0}>::{closure#0}
[INFO] [stdout]   12:     0x7f1228d8e5d2 - <alloc[2182bb758b4b3781]::boxed::Box<dyn for<'a, 'b> core[df12db4294e9bfd3]::ops::function::Fn<(&'a std[70759c8f55707aa4]::panic::PanicHookInfo<'b>,), Output = ()> + core[df12db4294e9bfd3]::marker::Send + core[df12db4294e9bfd3]::marker::Sync> as core[df12db4294e9bfd3]::ops::function::Fn<(&std[70759c8f55707aa4]::panic::PanicHookInfo,)>>::call
[INFO] [stdout]                                at /rustc/dfb0accb7f508ae8be965d8629557221c889dd98/library/alloc/src/boxed.rs:2334:9
[INFO] [stdout]   13:     0x7f1228d8e5d2 - std[70759c8f55707aa4]::panicking::panic_with_hook
[INFO] [stdout]                                at /rustc/dfb0accb7f508ae8be965d8629557221c889dd98/library/std/src/panicking.rs:823:13
[INFO] [stdout]   14:     0x7f1228d67284 - std[70759c8f55707aa4]::panicking::panic_handler::{closure#0}
[INFO] [stdout]                                at /rustc/dfb0accb7f508ae8be965d8629557221c889dd98/library/std/src/panicking.rs:681:13
[INFO] [stdout]   15:     0x7f1228d5e8a9 - std[70759c8f55707aa4]::sys::backtrace::__rust_end_short_backtrace::<std[70759c8f55707aa4]::panicking::panic_handler::{closure#0}, !>
[INFO] [stdout]                                at /rustc/dfb0accb7f508ae8be965d8629557221c889dd98/library/std/src/sys/backtrace.rs:182:18
[INFO] [stdout]   16:     0x7f1228d68b5d - __rustc[8fa7c3cbc660c2b3]::rust_begin_unwind
[INFO] [stdout]                                at /rustc/dfb0accb7f508ae8be965d8629557221c889dd98/library/std/src/panicking.rs:679:5
[INFO] [stdout]   17:     0x7f1228de557c - core[df12db4294e9bfd3]::panicking::panic_fmt
[INFO] [stdout]                                at /rustc/dfb0accb7f508ae8be965d8629557221c889dd98/library/core/src/panicking.rs:80:14
[INFO] [stdout]   18:     0x7f1228de5542 - core[df12db4294e9bfd3]::panicking::panic
[INFO] [stdout]                                at /rustc/dfb0accb7f508ae8be965d8629557221c889dd98/library/core/src/panicking.rs:150:5
[INFO] [stdout]   19:     0x635f1d079790 - redoubt_zero_derive[f28c099fe3a341e9]::tests::expand::test_find_root_with_candidates_path_name
[INFO] [stdout]   20:     0x635f1d08a259 - <redoubt_zero_derive[f28c099fe3a341e9]::tests::expand::test_find_root_with_candidates_path_name::{closure#0} as core[df12db4294e9bfd3]::ops::function::FnOnce<()>>::call_once
[INFO] [stdout]   21:     0x635f1d1dd82b - test[9d35eded1c95d3be]::__rust_begin_short_backtrace::<core[df12db4294e9bfd3]::result::Result<(), alloc[2182bb758b4b3781]::string::String>, fn() -> core[df12db4294e9bfd3]::result::Result<(), alloc[2182bb758b4b3781]::string::String>>
[INFO] [stdout]   22:     0x635f1d1eae95 - test[9d35eded1c95d3be]::run_test::{closure#0}
[INFO] [stdout]   23:     0x635f1d1e4754 - std[70759c8f55707aa4]::sys::backtrace::__rust_begin_short_backtrace::<test[9d35eded1c95d3be]::run_test::{closure#1}, ()>
[INFO] [stdout]   24:     0x635f1d1edff2 - <std[70759c8f55707aa4]::thread::lifecycle::spawn_unchecked<test[9d35eded1c95d3be]::run_test::{closure#1}, ()>::{closure#1} as core[df12db4294e9bfd3]::ops::function::FnOnce<()>>::call_once::{shim:vtable#0}
[INFO] [stdout]   25:     0x7f1228d99df9 - <alloc[2182bb758b4b3781]::boxed::Box<dyn core[df12db4294e9bfd3]::ops::function::FnOnce<(), Output = ()> + core[df12db4294e9bfd3]::marker::Send> as core[df12db4294e9bfd3]::ops::function::FnOnce<()>>::call_once
[INFO] [stdout]                                at /rustc/dfb0accb7f508ae8be965d8629557221c889dd98/library/alloc/src/boxed.rs:2320:9
[INFO] [stdout]   26:     0x7f1228d99df9 - <std[70759c8f55707aa4]::sys::thread::unix::Thread>::new::thread_start
[INFO] [stdout]                                at /rustc/dfb0accb7f508ae8be965d8629557221c889dd98/library/std/src/sys/thread/unix.rs:123:17
[INFO] [stdout]   27:     0x7f1228af6dfa - <unknown>
[INFO] [stdout]   28:     0x7f1228b8a3d4 - clone
[INFO] [stdout]   29:                0x0 - <unknown>
[INFO] [stdout] 
[INFO] [stdout] ---- tests::expand::test_find_root_with_candidates_path_name_invalid stdout ----
[INFO] [stdout] 
[INFO] [stdout] thread 'tests::expand::test_find_root_with_candidates_path_name_invalid' (1419) panicked at src/tests/expand.rs:90:5:
[INFO] [stdout] assertion failed: format!("{:?}", ts).contains("dummy_zero")
[INFO] [stdout] stack backtrace:
[INFO] [stdout]    0:     0x7f1228d9d821 - std[70759c8f55707aa4]::backtrace_rs::backtrace::libunwind::trace
[INFO] [stdout]                                at /rustc/dfb0accb7f508ae8be965d8629557221c889dd98/library/std/src/../../backtrace/src/backtrace/libunwind.rs:117:9
[INFO] [stdout]    1:     0x7f1228d9d821 - std[70759c8f55707aa4]::backtrace_rs::backtrace::trace_unsynchronized::<std[70759c8f55707aa4]::sys::backtrace::_print_fmt::{closure#1}>
[INFO] [stdout]                                at /rustc/dfb0accb7f508ae8be965d8629557221c889dd98/library/std/src/../../backtrace/src/backtrace/mod.rs:66:14
[INFO] [stdout]    2:     0x7f1228d9d821 - std[70759c8f55707aa4]::sys::backtrace::_print_fmt
[INFO] [stdout]                                at /rustc/dfb0accb7f508ae8be965d8629557221c889dd98/library/std/src/sys/backtrace.rs:74:9
[INFO] [stdout]    3:     0x7f1228d9d821 - <<std[70759c8f55707aa4]::sys::backtrace::BacktraceLock>::print::DisplayBacktrace as core[df12db4294e9bfd3]::fmt::Display>::fmt
[INFO] [stdout]                                at /rustc/dfb0accb7f508ae8be965d8629557221c889dd98/library/std/src/sys/backtrace.rs:44:26
[INFO] [stdout]    4:     0x7f1228de4aea - <core[df12db4294e9bfd3]::fmt::rt::Argument>::fmt
[INFO] [stdout]                                at /rustc/dfb0accb7f508ae8be965d8629557221c889dd98/library/core/src/fmt/rt.rs:152:76
[INFO] [stdout]    5:     0x7f1228de4aea - core[df12db4294e9bfd3]::fmt::write
[INFO] [stdout]    6:     0x7f1228dae7cc - core[df12db4294e9bfd3]::io::write::default_write_fmt::<alloc[2182bb758b4b3781]::vec::Vec<u8>>
[INFO] [stdout]                                at /rustc/dfb0accb7f508ae8be965d8629557221c889dd98/library/core/src/io/write.rs:402:11
[INFO] [stdout]    7:     0x7f1228dae7cc - <alloc[2182bb758b4b3781]::vec::Vec<u8> as core[df12db4294e9bfd3]::io::write::Write>::write_fmt
[INFO] [stdout]                                at /rustc/dfb0accb7f508ae8be965d8629557221c889dd98/library/core/src/io/write.rs:335:13
[INFO] [stdout]    8:     0x7f1228d671a6 - <std[70759c8f55707aa4]::sys::backtrace::BacktraceLock>::print
[INFO] [stdout]                                at /rustc/dfb0accb7f508ae8be965d8629557221c889dd98/library/std/src/sys/backtrace.rs:47:9
[INFO] [stdout]    9:     0x7f1228d671a6 - std[70759c8f55707aa4]::panicking::default_hook::{closure#0}
[INFO] [stdout]                                at /rustc/dfb0accb7f508ae8be965d8629557221c889dd98/library/std/src/panicking.rs:292:27
[INFO] [stdout]   10:     0x7f1228d8e2a9 - std[70759c8f55707aa4]::panicking::default_hook
[INFO] [stdout]                                at /rustc/dfb0accb7f508ae8be965d8629557221c889dd98/library/std/src/panicking.rs:316:9
[INFO] [stdout]   11:     0x635f1d1ea540 - test[9d35eded1c95d3be]::test_main_inner::<test[9d35eded1c95d3be]::test_main_static::{closure#0}>::{closure#0}
[INFO] [stdout]   12:     0x7f1228d8e5d2 - <alloc[2182bb758b4b3781]::boxed::Box<dyn for<'a, 'b> core[df12db4294e9bfd3]::ops::function::Fn<(&'a std[70759c8f55707aa4]::panic::PanicHookInfo<'b>,), Output = ()> + core[df12db4294e9bfd3]::marker::Send + core[df12db4294e9bfd3]::marker::Sync> as core[df12db4294e9bfd3]::ops::function::Fn<(&std[70759c8f55707aa4]::panic::PanicHookInfo,)>>::call
[INFO] [stdout]                                at /rustc/dfb0accb7f508ae8be965d8629557221c889dd98/library/alloc/src/boxed.rs:2334:9
[INFO] [stdout]   13:     0x7f1228d8e5d2 - std[70759c8f55707aa4]::panicking::panic_with_hook
[INFO] [stdout]                                at /rustc/dfb0accb7f508ae8be965d8629557221c889dd98/library/std/src/panicking.rs:823:13
[INFO] [stdout]   14:     0x7f1228d67284 - std[70759c8f55707aa4]::panicking::panic_handler::{closure#0}
[INFO] [stdout]                                at /rustc/dfb0accb7f508ae8be965d8629557221c889dd98/library/std/src/panicking.rs:681:13
[INFO] [stdout]   15:     0x7f1228d5e8a9 - std[70759c8f55707aa4]::sys::backtrace::__rust_end_short_backtrace::<std[70759c8f55707aa4]::panicking::panic_handler::{closure#0}, !>
[INFO] [stdout]                                at /rustc/dfb0accb7f508ae8be965d8629557221c889dd98/library/std/src/sys/backtrace.rs:182:18
[INFO] [stdout]   16:     0x7f1228d68b5d - __rustc[8fa7c3cbc660c2b3]::rust_begin_unwind
[INFO] [stdout]                                at /rustc/dfb0accb7f508ae8be965d8629557221c889dd98/library/std/src/panicking.rs:679:5
[INFO] [stdout]   17:     0x7f1228de557c - core[df12db4294e9bfd3]::panicking::panic_fmt
[INFO] [stdout]                                at /rustc/dfb0accb7f508ae8be965d8629557221c889dd98/library/core/src/panicking.rs:80:14
[INFO] [stdout]   18:     0x7f1228de5542 - core[df12db4294e9bfd3]::panicking::panic
[INFO] [stdout]                                at /rustc/dfb0accb7f508ae8be965d8629557221c889dd98/library/core/src/panicking.rs:150:5
[INFO] [stdout]   19:     0x635f1d07c5ba - redoubt_zero_derive[f28c099fe3a341e9]::tests::expand::test_find_root_with_candidates_path_name_invalid
[INFO] [stdout]   20:     0x635f1d08a379 - <redoubt_zero_derive[f28c099fe3a341e9]::tests::expand::test_find_root_with_candidates_path_name_invalid::{closure#0} as core[df12db4294e9bfd3]::ops::function::FnOnce<()>>::call_once
[INFO] [stdout]   21:     0x635f1d1dd82b - test[9d35eded1c95d3be]::__rust_begin_short_backtrace::<core[df12db4294e9bfd3]::result::Result<(), alloc[2182bb758b4b3781]::string::String>, fn() -> core[df12db4294e9bfd3]::result::Result<(), alloc[2182bb758b4b3781]::string::String>>
[INFO] [stdout]   22:     0x635f1d1eae95 - test[9d35eded1c95d3be]::run_test::{closure#0}
[INFO] [stdout]   23:     0x635f1d1e4754 - std[70759c8f55707aa4]::sys::backtrace::__rust_begin_short_backtrace::<test[9d35eded1c95d3be]::run_test::{closure#1}, ()>
[INFO] [stdout]   24:     0x635f1d1edff2 - <std[70759c8f55707aa4]::thread::lifecycle::spawn_unchecked<test[9d35eded1c95d3be]::run_test::{closure#1}, ()>::{closure#1} as core[df12db4294e9bfd3]::ops::function::FnOnce<()>>::call_once::{shim:vtable#0}
[INFO] [stdout]   25:     0x7f1228d99df9 - <alloc[2182bb758b4b3781]::boxed::Box<dyn core[df12db4294e9bfd3]::ops::function::FnOnce<(), Output = ()> + core[df12db4294e9bfd3]::marker::Send> as core[df12db4294e9bfd3]::ops::function::FnOnce<()>>::call_once
[INFO] [stdout]                                at /rustc/dfb0accb7f508ae8be965d8629557221c889dd98/library/alloc/src/boxed.rs:2320:9
[INFO] [stdout]   26:     0x7f1228d99df9 - <std[70759c8f55707aa4]::sys::thread::unix::Thread>::new::thread_start
[INFO] [stdout]                                at /rustc/dfb0accb7f508ae8be965d8629557221c889dd98/library/std/src/sys/thread/unix.rs:123:17
[INFO] [stdout]   27:     0x7f1228af6dfa - <unknown>
[INFO] [stdout]   28:     0x7f1228b8a3d4 - clone
[INFO] [stdout]   29:                0x0 - <unknown>
[INFO] [stdout] 
[INFO] [stdout] 
[INFO] [stdout] failures:
[INFO] [stdout]     tests::expand::test_find_root_with_candidates_path_name
[INFO] [stdout]     tests::expand::test_find_root_with_candidates_path_name_invalid
[INFO] [stdout] 
[INFO] [stdout] test result: FAILED. 41 passed; 2 failed; 0 ignored; 0 measured; 0 filtered out; finished in 0.11s
[INFO] [stdout] 
[INFO] [stderr] error: test failed, to rerun pass `--lib`
[INFO] running `Command { std: "docker" "inspect" "60cd3ca63c805531372b6e9f1cc4331548d19d9ef5a4fe27dd7881676bcca6be", kill_on_drop: false }`
[INFO] running `Command { std: "docker" "rm" "-f" "60cd3ca63c805531372b6e9f1cc4331548d19d9ef5a4fe27dd7881676bcca6be", kill_on_drop: false }`
[INFO] [stdout] 60cd3ca63c805531372b6e9f1cc4331548d19d9ef5a4fe27dd7881676bcca6be
