[INFO] fetching crate redoubt-hex 0.1.0-rc.18...
[INFO] testing redoubt-hex-0.1.0-rc.18 against 1.100.0-beta.1+cargoflags=--release for beta-release-1.100-2
[INFO] extracting crate redoubt-hex 0.1.0-rc.18 into /workspace/builds/worker-5-tc2/source
[INFO] started tweaking crates.io crate redoubt-hex 0.1.0-rc.18
[INFO] finished tweaking crates.io crate redoubt-hex 0.1.0-rc.18
[INFO] tweaked toml for crates.io crate redoubt-hex 0.1.0-rc.18 written to /workspace/builds/worker-5-tc2/source/Cargo.toml
[INFO] validating manifest of crates.io crate redoubt-hex 0.1.0-rc.18 on toolchain 1.100.0-beta.1
[INFO] running `Command { std: CARGO_HOME="/workspace/cargo-home" RUSTUP_HOME="/workspace/rustup-home" "/workspace/cargo-home/bin/cargo" "+1.100.0-beta.1" "metadata" "--manifest-path" "Cargo.toml" "--no-deps", kill_on_drop: false }`
[INFO] crate crates.io crate redoubt-hex 0.1.0-rc.18 already has a lockfile, it will not be regenerated
[INFO] running `Command { std: CARGO_HOME="/workspace/cargo-home" RUSTUP_HOME="/workspace/rustup-home" "/workspace/cargo-home/bin/cargo" "+1.100.0-beta.1" "fetch" "--manifest-path" "Cargo.toml", kill_on_drop: false }`
[INFO] running `Command { std: "docker" "create" "-v" "/var/lib/crater-agent-workspace/builds/worker-5-tc2/source:/opt/rustwide/workdir:ro,Z" "-v" "/var/lib/crater-agent-workspace/builds/worker-5-tc2/target:/opt/rustwide/target:rw,Z" "-v" "/var/lib/crater-agent-workspace/cargo-home:/opt/rustwide/cargo-home:ro,Z" "-v" "/var/lib/crater-agent-workspace/rustup-home:/opt/rustwide/rustup-home:ro,Z" "-m" "1610612736" "--network" "none" "ghcr.io/rust-lang/crates-build-env/linux@sha256:77db811e55d90add9212f6832c23229e3de5f1c1f9905e8cb07319ea15df73ac" "sleep" "infinity", kill_on_drop: false }`
[INFO] [stdout] 416780993e2cf26757a573616f16dad5125ce4e24b3111ec4dfd471bbc55fef1
[INFO] running `Command { std: "docker" "start" "416780993e2cf26757a573616f16dad5125ce4e24b3111ec4dfd471bbc55fef1", kill_on_drop: false }`
[INFO] running `Command { std: "docker" "inspect" "416780993e2cf26757a573616f16dad5125ce4e24b3111ec4dfd471bbc55fef1", kill_on_drop: false }`
[INFO] running `Command { std: "docker" "exec" "-e" "SOURCE_DIR=/opt/rustwide/workdir" "-e" "CARGO_HOME=/opt/rustwide/cargo-home" "-e" "RUSTUP_HOME=/opt/rustwide/rustup-home" "-e" "CARGO_TARGET_DIR=/opt/rustwide/target" "-w" "/opt/rustwide/workdir" "--user" "0:0" "416780993e2cf26757a573616f16dad5125ce4e24b3111ec4dfd471bbc55fef1" "/opt/rustwide/cargo-home/bin/cargo" "+1.100.0-beta.1" "metadata" "--no-deps" "--format-version=1", kill_on_drop: false }`
[INFO] running `Command { std: "docker" "inspect" "416780993e2cf26757a573616f16dad5125ce4e24b3111ec4dfd471bbc55fef1", kill_on_drop: false }`
[INFO] running `Command { std: "docker" "exec" "-e" "SOURCE_DIR=/opt/rustwide/workdir" "-e" "CARGO_HOME=/opt/rustwide/cargo-home" "-e" "RUSTUP_HOME=/opt/rustwide/rustup-home" "-e" "CARGO_TARGET_DIR=/opt/rustwide/target" "-e" "CARGO_INCREMENTAL=0" "-e" "RUST_BACKTRACE=full" "-e" "RUSTFLAGS=--cap-lints=warn" "-e" "RUSTDOCFLAGS=--cap-lints=warn" "-w" "/opt/rustwide/workdir" "--user" "0:0" "416780993e2cf26757a573616f16dad5125ce4e24b3111ec4dfd471bbc55fef1" "/opt/rustwide/cargo-home/bin/cargo" "+1.100.0-beta.1" "build" "--frozen" "--message-format=json" "--release", kill_on_drop: false }`
[INFO] [stderr]    Compiling proc-macro2 v1.0.104
[INFO] [stderr]    Compiling find-msvc-tools v0.1.6
[INFO] [stderr]    Compiling thiserror v2.0.17
[INFO] [stderr]    Compiling redoubt-asm v0.1.0-rc.18
[INFO] [stderr]    Compiling cc v1.2.51
[INFO] [stderr]    Compiling quote v1.0.42
[INFO] [stderr]    Compiling syn v2.0.111
[INFO] [stderr]    Compiling redoubt-hex v0.1.0-rc.18 (/opt/rustwide/workdir)
[INFO] [stderr]    Compiling thiserror-impl v2.0.17
[INFO] [stderr]     Finished `release` profile [optimized] target(s) in 5.75s
[INFO] running `Command { std: "docker" "inspect" "416780993e2cf26757a573616f16dad5125ce4e24b3111ec4dfd471bbc55fef1", kill_on_drop: false }`
[INFO] running `Command { std: "docker" "exec" "-e" "SOURCE_DIR=/opt/rustwide/workdir" "-e" "CARGO_HOME=/opt/rustwide/cargo-home" "-e" "RUSTUP_HOME=/opt/rustwide/rustup-home" "-e" "CARGO_TARGET_DIR=/opt/rustwide/target" "-e" "CARGO_INCREMENTAL=0" "-e" "RUST_BACKTRACE=full" "-e" "RUSTFLAGS=--cap-lints=warn" "-e" "RUSTDOCFLAGS=--cap-lints=warn" "-w" "/opt/rustwide/workdir" "--user" "0:0" "416780993e2cf26757a573616f16dad5125ce4e24b3111ec4dfd471bbc55fef1" "/opt/rustwide/cargo-home/bin/cargo" "+1.100.0-beta.1" "test" "--frozen" "--no-run" "--message-format=json" "--release", kill_on_drop: false }`
[INFO] [stderr]    Compiling libc v0.2.178
[INFO] [stderr]    Compiling winnow v0.7.14
[INFO] [stderr]    Compiling zerocopy v0.8.31
[INFO] [stderr]    Compiling memchr v2.7.6
[INFO] [stderr]    Compiling indexmap v2.12.1
[INFO] [stderr]    Compiling regex-syntax v0.8.8
[INFO] [stderr]    Compiling redoubt-mem-core v0.1.0-rc.18
[INFO] [stderr]    Compiling redoubt-forensics-core v0.1.0-rc.18
[INFO] [stderr]    Compiling rstest_macros v0.27.0
[INFO] [stderr]    Compiling relative-path v1.9.3
[INFO] [stderr]    Compiling quiesce v0.0.1
[INFO] [stderr]    Compiling syn v2.0.111
[INFO] [stderr]    Compiling glob v0.3.3
[INFO] [stderr]    Compiling cfg-if v1.0.4
[INFO] [stderr]    Compiling futures-core v0.3.31
[INFO] [stderr]    Compiling futures-timer v3.0.4
[INFO] [stderr]    Compiling futures-util v0.3.31
[INFO] [stderr]    Compiling aho-corasick v1.1.4
[INFO] [stderr]    Compiling redoubt-forensics-allocator v0.1.0-rc.18
[INFO] [stderr]    Compiling redoubt-mem v0.1.0-rc.18
[INFO] [stderr]    Compiling toml_parser v1.0.6+spec-1.1.0
[INFO] [stderr]    Compiling getrandom v0.3.4
[INFO] [stderr]    Compiling wait-timeout v0.2.1
[INFO] [stderr]    Compiling rand_core v0.9.3
[INFO] [stderr]    Compiling tempfile v3.24.0
[INFO] [stderr]    Compiling regex-automata v0.4.13
[INFO] [stderr]    Compiling rand_xorshift v0.4.0
[INFO] [stderr]    Compiling rand v0.9.5
[INFO] [stderr]    Compiling rusty-fork v0.3.1
[INFO] [stderr]    Compiling toml_edit v0.23.10+spec-1.0.0
[INFO] [stderr]    Compiling ppv-lite86 v0.2.21
[INFO] [stderr]    Compiling proc-macro-crate v3.4.0
[INFO] [stderr]    Compiling rand_chacha v0.9.0
[INFO] [stderr]    Compiling proptest v1.9.0
[INFO] [stderr]    Compiling regex v1.12.2
[INFO] [stderr]    Compiling thiserror-impl v2.0.17
[INFO] [stderr]    Compiling redoubt-forensics-macros v0.1.0-rc.18
[INFO] [stderr]    Compiling redoubt-forensics v0.1.0-rc.18
[INFO] [stderr]    Compiling thiserror v2.0.17
[INFO] [stderr]    Compiling redoubt-hex v0.1.0-rc.18 (/opt/rustwide/workdir)
[INFO] [stderr]    Compiling rstest v0.27.0
[INFO] [stderr]     Finished `release` profile [optimized] target(s) in 29.95s
[INFO] running `Command { std: "docker" "inspect" "416780993e2cf26757a573616f16dad5125ce4e24b3111ec4dfd471bbc55fef1", kill_on_drop: false }`
[INFO] running `Command { std: "docker" "exec" "-e" "SOURCE_DIR=/opt/rustwide/workdir" "-e" "CARGO_HOME=/opt/rustwide/cargo-home" "-e" "RUSTUP_HOME=/opt/rustwide/rustup-home" "-e" "CARGO_TARGET_DIR=/opt/rustwide/target" "-e" "CARGO_INCREMENTAL=0" "-e" "RUST_BACKTRACE=full" "-e" "RUSTFLAGS=--cap-lints=warn" "-e" "RUSTDOCFLAGS=--cap-lints=warn" "-w" "/opt/rustwide/workdir" "--user" "0:0" "416780993e2cf26757a573616f16dad5125ce4e24b3111ec4dfd471bbc55fef1" "/opt/rustwide/cargo-home/bin/cargo" "+1.100.0-beta.1" "test" "--frozen" "--release", kill_on_drop: false }`
[INFO] [stderr]     Finished `release` profile [optimized] target(s) in 0.18s
[INFO] [stderr]      Running unittests src/lib.rs (/opt/rustwide/target/release/build/redoubt-hex/c5cfc53e4fa0074b/out/redoubt_hex-c5cfc53e4fa0074b)
[INFO] [stdout] 
[INFO] [stdout] running 67 tests
[INFO] [stdout] test tests::backend::asm::probes::every_register::test_r8_is_seen ... ok
[INFO] [stdout] test tests::backend::asm::probes::test_bytes_to_hex_leaves_the_residue_its_case_declares::case_1_registers_left_full ... ok
[INFO] [stdout] test tests::backend::asm::probes::every_register::test_rdx_is_seen ... ok
[INFO] [stdout] test tests::backend::asm::probes::every_register::test_rsi_is_seen ... ok
[INFO] [stdout] test tests::backend::asm::probes::every_register::test_r10_is_seen ... ok
[INFO] [stdout] test tests::backend::asm::probes::every_register::test_rcx_is_seen ... ok
[INFO] [stdout] test tests::backend::asm::probes::test_bytes_to_hex_leaves_the_residue_its_case_declares::case_2_nothing_ran ... ok
[INFO] [stdout] test tests::backend::asm::probes::test_dirty_registers_fills_every_register_in_the_budget ... ok
[INFO] [stdout] test tests::backend::asm::probes::every_register::test_rax_is_seen ... ok
[INFO] [stdout] test tests::backend::asm::probes::test_hex_to_bytes_leaves_the_residue_its_case_declares::case_3_real ... ok
[INFO] [stdout] test tests::backend::asm::probes::every_register::test_r11_is_seen ... ok
[INFO] [stdout] test tests::backend::asm::probes::test_an_empty_register_file_reads_as_empty ... ok
[INFO] [stdout] test tests::backend::asm::probes::test_hex_to_bytes_refusing_leaves_the_residue_its_case_declares::case_1_registers_left_full ... ok
[INFO] [stdout] test tests::backend::asm::probes::test_hex_to_bytes_leaves_the_residue_its_case_declares::case_2_nothing_ran ... ok
[INFO] [stdout] test tests::backend::asm::probes::every_register::test_r9_is_seen ... ok
[INFO] [stdout] test tests::backend::asm::probes::test_bytes_to_hex_leaves_the_residue_its_case_declares::case_3_real ... ok
[INFO] [stdout] test tests::backend::asm::probes::every_register::test_rdi_is_seen ... ok
[INFO] [stdout] test tests::backend::asm::probes::test_hex_to_bytes_leaves_the_residue_its_case_declares::case_1_registers_left_full ... ok
[INFO] [stdout] test tests::backend::seam::decode::test_hex_to_bytes_reads_as_parsing_on_nothing::case_1_rust ... ok
[INFO] [stdout] test tests::backend::seam::encode::test_bytes_to_hex_writes_as_formatting_on_every_byte::case_1_rust ... ok
[INFO] [stdout] test tests::backend::asm::probes::test_hex_to_bytes_refusing_leaves_the_residue_its_case_declares::case_3_real ... ok
[INFO] [stdout] test tests::backend::seam::decode::test_hex_to_bytes_refuses_one_character_that_is_not_a_digit_at_every_position::case_1_rust ... ok
[INFO] [stdout] test tests::backend::seam::decode::test_hex_to_bytes_refuses_one_character_that_is_not_a_digit_at_every_position::case_2_auto ... ok
[INFO] [stdout] test tests::backend::seam::decode::test_hex_to_bytes_reads_as_parsing_on_every_pair_of_bytes::case_2_auto ... ok
[INFO] [stdout] test tests::backend::test_this_target_has_the_assembly ... ok
[INFO] [stdout] test tests::backend::seam::encode::test_bytes_to_hex_writes_as_formatting_on_nothing::case_2_auto ... ok
[INFO] [stdout] test tests::backend::seam::encode::test_bytes_to_hex_writes_as_formatting_on_every_byte::case_2_auto ... ok
[INFO] [stdout] test tests::backend::asm::probes::test_hex_to_bytes_refusing_leaves_the_residue_its_case_declares::case_2_nothing_ran ... ok
[INFO] [stdout] test tests::backend::seam::encode::test_bytes_to_hex_writes_as_formatting_on_nothing::case_1_rust ... ok
[INFO] [stdout] test tests::backend::seam::decode::test_hex_to_bytes_reads_as_parsing_on_nothing::case_2_auto ... ok
[INFO] [stdout] test tests::backend::asm::probes::test_the_list_names_as_many_registers_as_there_are_tests ... ok
[INFO] [stdout] test tests::decode::test_hex_to_bytes_reads_both_cases ... ok
[INFO] [stdout] test tests::decode::test_hex_to_bytes_reports_a_character_that_is_not_a_digit_and_leaves_zeros ... ok
[INFO] [stdout] test tests::decode::test_hex_to_bytes_reports_a_destination_too_long ... ok
[INFO] [stdout] test tests::forensics::decode::test_decoding_an_odd_length_leaves_nothing ... ignored, Reads no secret: the length is refused before a character is read.
[INFO] [stdout] test tests::forensics::decode::test_decoding_an_odd_length_through_a_backend_leaves_nothing ... ignored, Reads no secret: the length is refused before a character is read.
[INFO] [stdout] test tests::forensics::decode::test_decoding_into_the_wrong_destination_leaves_nothing ... ignored, Reads no secret: the lengths are refused before a character is read.
[INFO] [stdout] test tests::forensics::decode::test_decoding_through_a_backend_into_the_wrong_destination_leaves_nothing ... ignored, Reads no secret: the lengths are refused before a character is read.
[INFO] [stdout] test tests::encode::test_bytes_to_hex_reports_a_destination_too_short ... ok
[INFO] [stdout] test tests::decode::test_hex_to_bytes_reports_a_destination_too_short ... ok
[INFO] [stdout] test tests::decode::test_hex_to_bytes_reports_an_odd_length ... ok
[INFO] [stdout] test tests::encode::test_bytes_to_hex_writes_lowercase_digits ... ok
[INFO] [stdout] test tests::encode::test_bytes_to_hex_reports_a_destination_too_long ... ok
[INFO] [stdout] test tests::backend::seam::encode::test_bytes_to_hex_writes_as_formatting_on_every_length::case_2_auto ... ok
[INFO] [stdout] test tests::forensics::encode::test_encoding_into_the_wrong_destination_leaves_nothing ... ignored, Reads no secret: the lengths are refused before a byte is read.
[INFO] [stdout] test tests::forensics::encode::test_encoding_through_a_backend_into_the_wrong_destination_leaves_nothing ... ignored, Reads no secret: the lengths are refused before a byte is read.
[INFO] [stdout] test tests::backend::seam::encode::test_bytes_to_hex_writes_as_formatting_on_every_length::case_1_rust ... ok
[INFO] [stdout] test tests::backend::seam::decode::test_hex_to_bytes_reads_as_parsing_on_every_pair_of_bytes::case_1_rust ... ok
[INFO] [stdout] test tests::backend::seam::decode::test_hex_to_bytes_reads_as_parsing_on_any_digits ... ok
[INFO] [stdout] test tests::roundtrip::test_bytes_come_back_as_they_went_in ... ok
[INFO] [stdout] test tests::roundtrip::test_bytes_come_back_through_a_backend_at_every_length::case_1_rust ... ok
[INFO] [stdout] test tests::backend::seam::encode::test_bytes_to_hex_writes_as_formatting_on_any_bytes ... ok
[INFO] [stdout] test tests::roundtrip::test_bytes_come_back_through_a_backend_at_every_length::case_2_auto ... ok
[INFO] [stdout] test tests::forensics::decode::test_what_a_decoding_wrote_is_found_while_the_bytes_hold_it ... ok
[INFO] [stdout] test tests::forensics::encode::test_what_an_encoding_through_a_backend_wrote_is_found_while_the_digits_hold_it ... ok
[INFO] [stdout] test tests::forensics::encode::test_what_an_encoding_wrote_is_found_while_the_digits_hold_it ... ok
[INFO] [stdout] test tests::forensics::decode::test_what_a_decoding_through_a_backend_wrote_is_found_while_the_bytes_hold_it ... ok
[INFO] [stdout] test tests::forensics::decode::test_decoding_through_a_backend_leaves_nothing ... FAILED
[INFO] [stdout] test tests::forensics::decode::test_decoding_leaves_nothing ... FAILED
[INFO] [stdout] test tests::forensics::decode::test_decoding_a_character_that_is_not_a_digit_leaves_nothing ... FAILED
[INFO] [stdout] test tests::forensics::decode::test_decoding_through_a_backend_a_character_that_is_not_a_digit_leaves_nothing ... FAILED
[INFO] [stdout] test tests::forensics::decode::test_decoding_over_a_secret_leaves_nothing ... FAILED
[INFO] [stdout] test tests::forensics::encode::test_encoding_leaves_nothing ... FAILED
[INFO] [stdout] test tests::forensics::decode::test_decoding_through_a_backend_over_a_secret_leaves_nothing ... FAILED
[INFO] [stdout] test tests::forensics::encode::test_encoding_through_a_backend_leaves_nothing ... FAILED
[INFO] [stdout] test tests::forensics::encode::test_encoding_over_a_secret_leaves_nothing ... FAILED
[INFO] [stdout] test tests::forensics::encode::test_encoding_through_a_backend_over_a_secret_leaves_nothing ... FAILED
[INFO] [stdout] 
[INFO] [stdout] failures:
[INFO] [stdout] 
[INFO] [stdout] ---- tests::forensics::decode::test_decoding_through_a_backend_leaves_nothing stdout ----
[INFO] [stdout] 
[INFO] [stdout]   nothing held yet             score            9  widest     5  runs          71165  swept       3059392  whole no
[INFO] [stdout]   a decoding, of the digits    score          748  widest    64  runs         938552  swept      32916384  whole yes
[INFO] [stdout]                                score          +739  widest    +59  runs         +867387  swept      +29856992  and the whole secret surfaced
[INFO] [stdout] 
[INFO] [stdout] 
[INFO] [stdout] thread 'tests::forensics::decode::test_decoding_through_a_backend_leaves_nothing' (1178) panicked at /opt/rustwide/cargo-home/registry/src/index.crates.io-1949cf8c6b5b557f/redoubt-forensics-core-0.1.0-rc.18/src/verdicts.rs:55:5:
[INFO] [stdout] the whole secret was left behind by a decoding, of the digits: score          748  widest    64  runs         938552  swept      32916384  whole yes
[INFO] [stdout] stack backtrace:
[INFO] [stdout]    0:     0x57e6fbe5a7b1 - <<std[617be2ca0a6fd877]::sys::backtrace::BacktraceLock>::print::DisplayBacktrace as core[a373ad73a504971]::fmt::Display>::fmt
[INFO] [stdout]    1:     0x57e6fbe6fffa - core[a373ad73a504971]::fmt::write
[INFO] [stdout]    2:     0x57e6fbe5ee2c - <alloc[2e1b2a31b91974c5]::vec::Vec<u8> as core[a373ad73a504971]::io::write::Write>::write_fmt
[INFO] [stdout]    3:     0x57e6fbe35776 - std[617be2ca0a6fd877]::panicking::default_hook::{closure#0}
[INFO] [stdout]    4:     0x57e6fbe52b79 - std[617be2ca0a6fd877]::panicking::default_hook
[INFO] [stdout]    5:     0x57e6fbdd4d40 - test[aada8e7e76ba119b]::test_main_inner::{closure#0}
[INFO] [stdout]    6:     0x57e6fbe52d32 - std[617be2ca0a6fd877]::panicking::panic_with_hook
[INFO] [stdout]    7:     0x57e6fbe35822 - std[617be2ca0a6fd877]::panicking::panic_handler::{closure#0}
[INFO] [stdout]    8:     0x57e6fbe2e3e9 - std[617be2ca0a6fd877]::sys::backtrace::__rust_end_short_backtrace::<std[617be2ca0a6fd877]::panicking::panic_handler::{closure#0}, !>
[INFO] [stdout]    9:     0x57e6fbe3630d - __rustc[ea4f61d10b84890b]::rust_begin_unwind
[INFO] [stdout]   10:     0x57e6fbe7075c - core[a373ad73a504971]::panicking::panic_fmt
[INFO] [stdout]   11:     0x57e6fbe1e578 - redoubt_forensics_core[32e8484f8a33e1c3]::verdicts::leaves_nothing
[INFO] [stdout]   12:     0x57e6fbe1d31b - <redoubt_forensics_core[32e8484f8a33e1c3]::watching::Watching>::none_left
[INFO] [stdout]   13:     0x57e6fbdba185 - <redoubt_hex[878fcc46e649bbfb]::tests::forensics::decode::test_decoding_through_a_backend_leaves_nothing::{closure#0} as core[a373ad73a504971]::ops::function::FnOnce<()>>::call_once
[INFO] [stdout]   14:     0x57e6fbdc818b - test[aada8e7e76ba119b]::__rust_begin_short_backtrace::<core[a373ad73a504971]::result::Result<(), alloc[2e1b2a31b91974c5]::string::String>, fn() -> core[a373ad73a504971]::result::Result<(), alloc[2e1b2a31b91974c5]::string::String>>
[INFO] [stdout]   15:     0x57e6fbdd5365 - test[aada8e7e76ba119b]::run_test::{closure#0}
[INFO] [stdout]   16:     0x57e6fbdcec54 - std[617be2ca0a6fd877]::sys::backtrace::__rust_begin_short_backtrace::<test[aada8e7e76ba119b]::run_test::{closure#1}, ()>
[INFO] [stdout]   17:     0x57e6fbdd83f2 - <std[617be2ca0a6fd877]::thread::lifecycle::spawn_unchecked<test[aada8e7e76ba119b]::run_test::{closure#1}, ()>::{closure#1} as core[a373ad73a504971]::ops::function::FnOnce<()>>::call_once::{shim:vtable#0}
[INFO] [stdout]   18:     0x57e6fbe5a00f - <std[617be2ca0a6fd877]::sys::thread::unix::Thread>::new::thread_start
[INFO] [stdout]   19:     0x7939dfd42dfa - <unknown>
[INFO] [stdout]   20:     0x7939dfdd63d4 - clone
[INFO] [stdout]   21:                0x0 - <unknown>
[INFO] [stdout] 
[INFO] [stdout] ---- tests::forensics::decode::test_decoding_leaves_nothing stdout ----
[INFO] [stdout] 
[INFO] [stdout]   nothing held yet             score            9  widest     5  runs          70661  swept       3038128  whole no
[INFO] [stdout]   a decoding, of the digits    score         1122  widest    64  runs         938463  swept      39207840  whole yes
[INFO] [stdout]                                score         +1113  widest    +59  runs         +867802  swept      +36169712  and the whole secret surfaced
[INFO] [stdout] 
[INFO] [stdout] 
[INFO] [stdout] thread 'tests::forensics::decode::test_decoding_leaves_nothing' (1175) panicked at /opt/rustwide/cargo-home/registry/src/index.crates.io-1949cf8c6b5b557f/redoubt-forensics-core-0.1.0-rc.18/src/verdicts.rs:55:5:
[INFO] [stdout] the whole secret was left behind by a decoding, of the digits: score         1122  widest    64  runs         938463  swept      39207840  whole yes
[INFO] [stdout] stack backtrace:
[INFO] [stdout]    0:     0x57e6fbe5a7b1 - <<std[617be2ca0a6fd877]::sys::backtrace::BacktraceLock>::print::DisplayBacktrace as core[a373ad73a504971]::fmt::Display>::fmt
[INFO] [stdout]    1:     0x57e6fbe6fffa - core[a373ad73a504971]::fmt::write
[INFO] [stdout]    2:     0x57e6fbe5ee2c - <alloc[2e1b2a31b91974c5]::vec::Vec<u8> as core[a373ad73a504971]::io::write::Write>::write_fmt
[INFO] [stdout]    3:     0x57e6fbe35776 - std[617be2ca0a6fd877]::panicking::default_hook::{closure#0}
[INFO] [stdout]    4:     0x57e6fbe52b79 - std[617be2ca0a6fd877]::panicking::default_hook
[INFO] [stdout]    5:     0x57e6fbdd4d40 - test[aada8e7e76ba119b]::test_main_inner::{closure#0}
[INFO] [stdout]    6:     0x57e6fbe52d32 - std[617be2ca0a6fd877]::panicking::panic_with_hook
[INFO] [stdout]    7:     0x57e6fbe35822 - std[617be2ca0a6fd877]::panicking::panic_handler::{closure#0}
[INFO] [stdout]    8:     0x57e6fbe2e3e9 - std[617be2ca0a6fd877]::sys::backtrace::__rust_end_short_backtrace::<std[617be2ca0a6fd877]::panicking::panic_handler::{closure#0}, !>
[INFO] [stdout]    9:     0x57e6fbe3630d - __rustc[ea4f61d10b84890b]::rust_begin_unwind
[INFO] [stdout]   10:     0x57e6fbe7075c - core[a373ad73a504971]::panicking::panic_fmt
[INFO] [stdout]   11:     0x57e6fbe1e578 - redoubt_forensics_core[32e8484f8a33e1c3]::verdicts::leaves_nothing
[INFO] [stdout]   12:     0x57e6fbe1d31b - <redoubt_forensics_core[32e8484f8a33e1c3]::watching::Watching>::none_left
[INFO] [stdout]   13:     0x57e6fbdb8945 - <redoubt_hex[878fcc46e649bbfb]::tests::forensics::decode::test_decoding_leaves_nothing::{closure#0} as core[a373ad73a504971]::ops::function::FnOnce<()>>::call_once
[INFO] [stdout]   14:     0x57e6fbdc818b - test[aada8e7e76ba119b]::__rust_begin_short_backtrace::<core[a373ad73a504971]::result::Result<(), alloc[2e1b2a31b91974c5]::string::String>, fn() -> core[a373ad73a504971]::result::Result<(), alloc[2e1b2a31b91974c5]::string::String>>
[INFO] [stdout]   15:     0x57e6fbdd5365 - test[aada8e7e76ba119b]::run_test::{closure#0}
[INFO] [stdout]   16:     0x57e6fbdcec54 - std[617be2ca0a6fd877]::sys::backtrace::__rust_begin_short_backtrace::<test[aada8e7e76ba119b]::run_test::{closure#1}, ()>
[INFO] [stdout]   17:     0x57e6fbdd83f2 - <std[617be2ca0a6fd877]::thread::lifecycle::spawn_unchecked<test[aada8e7e76ba119b]::run_test::{closure#1}, ()>::{closure#1} as core[a373ad73a504971]::ops::function::FnOnce<()>>::call_once::{shim:vtable#0}
[INFO] [stdout]   18:     0x57e6fbe5a00f - <std[617be2ca0a6fd877]::sys::thread::unix::Thread>::new::thread_start
[INFO] [stdout]   19:     0x7939dfd42dfa - <unknown>
[INFO] [stdout]   20:     0x7939dfdd63d4 - clone
[INFO] [stdout]   21:                0x0 - <unknown>
[INFO] [stdout] 
[INFO] [stdout] ---- tests::forensics::decode::test_decoding_a_character_that_is_not_a_digit_leaves_nothing stdout ----
[INFO] [stdout] 
[INFO] [stdout]   nothing held yet             score           12  widest     5  runs          71258  swept       3045216  whole no
[INFO] [stdout]   a decoding refused at its last character, of the digits score         1110  widest    63  runs         941826  swept      37110688  whole yes
[INFO] [stdout]                                score         +1098  widest    +58  runs         +870568  swept      +34065472  and the whole secret surfaced
[INFO] [stdout] 
[INFO] [stdout] 
[INFO] [stdout] thread 'tests::forensics::decode::test_decoding_a_character_that_is_not_a_digit_leaves_nothing' (1174) panicked at /opt/rustwide/cargo-home/registry/src/index.crates.io-1949cf8c6b5b557f/redoubt-forensics-core-0.1.0-rc.18/src/verdicts.rs:55:5:
[INFO] [stdout] the whole secret was left behind by a decoding refused at its last character, of the digits: score         1110  widest    63  runs         941826  swept      37110688  whole yes
[INFO] [stdout] stack backtrace:
[INFO] [stdout]    0:     0x57e6fbe5a7b1 - <<std[617be2ca0a6fd877]::sys::backtrace::BacktraceLock>::print::DisplayBacktrace as core[a373ad73a504971]::fmt::Display>::fmt
[INFO] [stdout]    1:     0x57e6fbe6fffa - core[a373ad73a504971]::fmt::write
[INFO] [stdout]    2:     0x57e6fbe5ee2c - <alloc[2e1b2a31b91974c5]::vec::Vec<u8> as core[a373ad73a504971]::io::write::Write>::write_fmt
[INFO] [stdout]    3:     0x57e6fbe35776 - std[617be2ca0a6fd877]::panicking::default_hook::{closure#0}
[INFO] [stdout]    4:     0x57e6fbe52b79 - std[617be2ca0a6fd877]::panicking::default_hook
[INFO] [stdout]    5:     0x57e6fbdd4d40 - test[aada8e7e76ba119b]::test_main_inner::{closure#0}
[INFO] [stdout]    6:     0x57e6fbe52d32 - std[617be2ca0a6fd877]::panicking::panic_with_hook
[INFO] [stdout]    7:     0x57e6fbe35822 - std[617be2ca0a6fd877]::panicking::panic_handler::{closure#0}
[INFO] [stdout]    8:     0x57e6fbe2e3e9 - std[617be2ca0a6fd877]::sys::backtrace::__rust_end_short_backtrace::<std[617be2ca0a6fd877]::panicking::panic_handler::{closure#0}, !>
[INFO] [stdout]    9:     0x57e6fbe3630d - __rustc[ea4f61d10b84890b]::rust_begin_unwind
[INFO] [stdout]   10:     0x57e6fbe7075c - core[a373ad73a504971]::panicking::panic_fmt
[INFO] [stdout]   11:     0x57e6fbe1e578 - redoubt_forensics_core[32e8484f8a33e1c3]::verdicts::leaves_nothing
[INFO] [stdout]   12:     0x57e6fbe1d31b - <redoubt_forensics_core[32e8484f8a33e1c3]::watching::Watching>::none_left
[INFO] [stdout]   13:     0x57e6fbdbb563 - <redoubt_hex[878fcc46e649bbfb]::tests::forensics::decode::test_decoding_a_character_that_is_not_a_digit_leaves_nothing::{closure#0} as core[a373ad73a504971]::ops::function::FnOnce<()>>::call_once
[INFO] [stdout]   14:     0x57e6fbdc818b - test[aada8e7e76ba119b]::__rust_begin_short_backtrace::<core[a373ad73a504971]::result::Result<(), alloc[2e1b2a31b91974c5]::string::String>, fn() -> core[a373ad73a504971]::result::Result<(), alloc[2e1b2a31b91974c5]::string::String>>
[INFO] [stdout]   15:     0x57e6fbdd5365 - test[aada8e7e76ba119b]::run_test::{closure#0}
[INFO] [stdout]   16:     0x57e6fbdcec54 - std[617be2ca0a6fd877]::sys::backtrace::__rust_begin_short_backtrace::<test[aada8e7e76ba119b]::run_test::{closure#1}, ()>
[INFO] [stdout]   17:     0x57e6fbdd83f2 - <std[617be2ca0a6fd877]::thread::lifecycle::spawn_unchecked<test[aada8e7e76ba119b]::run_test::{closure#1}, ()>::{closure#1} as core[a373ad73a504971]::ops::function::FnOnce<()>>::call_once::{shim:vtable#0}
[INFO] [stdout]   18:     0x57e6fbe5a00f - <std[617be2ca0a6fd877]::sys::thread::unix::Thread>::new::thread_start
[INFO] [stdout]   19:     0x7939dfd42dfa - <unknown>
[INFO] [stdout]   20:     0x7939dfdd63d4 - clone
[INFO] [stdout]   21:                0x0 - <unknown>
[INFO] [stdout] 
[INFO] [stdout] ---- tests::forensics::decode::test_decoding_through_a_backend_a_character_that_is_not_a_digit_leaves_nothing stdout ----
[INFO] [stdout] 
[INFO] [stdout]   nothing held yet             score           12  widest     5  runs          94702  swept       3110432  whole no
[INFO] [stdout]   a decoding refused at its last character, of the digits score          738  widest    63  runs         942057  swept      42854384  whole yes
[INFO] [stdout]                                score          +726  widest    +58  runs         +847355  swept      +39743952  and the whole secret surfaced
[INFO] [stdout] 
[INFO] [stdout] 
[INFO] [stdout] thread 'tests::forensics::decode::test_decoding_through_a_backend_a_character_that_is_not_a_digit_leaves_nothing' (1177) panicked at /opt/rustwide/cargo-home/registry/src/index.crates.io-1949cf8c6b5b557f/redoubt-forensics-core-0.1.0-rc.18/src/verdicts.rs:55:5:
[INFO] [stdout] the whole secret was left behind by a decoding refused at its last character, of the digits: score          738  widest    63  runs         942057  swept      42854384  whole yes
[INFO] [stdout] stack backtrace:
[INFO] [stdout]    0:     0x57e6fbe5a7b1 - <<std[617be2ca0a6fd877]::sys::backtrace::BacktraceLock>::print::DisplayBacktrace as core[a373ad73a504971]::fmt::Display>::fmt
[INFO] [stdout]    1:     0x57e6fbe6fffa - core[a373ad73a504971]::fmt::write
[INFO] [stdout]    2:     0x57e6fbe5ee2c - <alloc[2e1b2a31b91974c5]::vec::Vec<u8> as core[a373ad73a504971]::io::write::Write>::write_fmt
[INFO] [stdout]    3:     0x57e6fbe35776 - std[617be2ca0a6fd877]::panicking::default_hook::{closure#0}
[INFO] [stdout]    4:     0x57e6fbe52b79 - std[617be2ca0a6fd877]::panicking::default_hook
[INFO] [stdout]    5:     0x57e6fbdd4d40 - test[aada8e7e76ba119b]::test_main_inner::{closure#0}
[INFO] [stdout]    6:     0x57e6fbe52d32 - std[617be2ca0a6fd877]::panicking::panic_with_hook
[INFO] [stdout]    7:     0x57e6fbe35822 - std[617be2ca0a6fd877]::panicking::panic_handler::{closure#0}
[INFO] [stdout]    8:     0x57e6fbe2e3e9 - std[617be2ca0a6fd877]::sys::backtrace::__rust_end_short_backtrace::<std[617be2ca0a6fd877]::panicking::panic_handler::{closure#0}, !>
[INFO] [stdout]    9:     0x57e6fbe3630d - __rustc[ea4f61d10b84890b]::rust_begin_unwind
[INFO] [stdout]   10:     0x57e6fbe7075c - core[a373ad73a504971]::panicking::panic_fmt
[INFO] [stdout]   11:     0x57e6fbe1e578 - redoubt_forensics_core[32e8484f8a33e1c3]::verdicts::leaves_nothing
[INFO] [stdout]   12:     0x57e6fbe1d31b - <redoubt_forensics_core[32e8484f8a33e1c3]::watching::Watching>::none_left
[INFO] [stdout]   13:     0x57e6fbdbd5e3 - <redoubt_hex[878fcc46e649bbfb]::tests::forensics::decode::test_decoding_through_a_backend_a_character_that_is_not_a_digit_leaves_nothing::{closure#0} as core[a373ad73a504971]::ops::function::FnOnce<()>>::call_once
[INFO] [stdout]   14:     0x57e6fbdc818b - test[aada8e7e76ba119b]::__rust_begin_short_backtrace::<core[a373ad73a504971]::result::Result<(), alloc[2e1b2a31b91974c5]::string::String>, fn() -> core[a373ad73a504971]::result::Result<(), alloc[2e1b2a31b91974c5]::string::String>>
[INFO] [stdout]   15:     0x57e6fbdd5365 - test[aada8e7e76ba119b]::run_test::{closure#0}
[INFO] [stdout]   16:     0x57e6fbdcec54 - std[617be2ca0a6fd877]::sys::backtrace::__rust_begin_short_backtrace::<test[aada8e7e76ba119b]::run_test::{closure#1}, ()>
[INFO] [stdout]   17:     0x57e6fbdd83f2 - <std[617be2ca0a6fd877]::thread::lifecycle::spawn_unchecked<test[aada8e7e76ba119b]::run_test::{closure#1}, ()>::{closure#1} as core[a373ad73a504971]::ops::function::FnOnce<()>>::call_once::{shim:vtable#0}
[INFO] [stdout]   18:     0x57e6fbe5a00f - <std[617be2ca0a6fd877]::sys::thread::unix::Thread>::new::thread_start
[INFO] [stdout]   19:     0x7939dfd42dfa - <unknown>
[INFO] [stdout]   20:     0x7939dfdd63d4 - clone
[INFO] [stdout]   21:                0x0 - <unknown>
[INFO] [stdout] 
[INFO] [stdout] ---- tests::forensics::decode::test_decoding_over_a_secret_leaves_nothing stdout ----
[INFO] [stdout] 
[INFO] [stdout]   nothing held yet             score            9  widest     5  runs          90473  swept       3089952  whole no
[INFO] [stdout]   a decoding over a secret, of the digits score          748  widest    64  runs         938507  swept      39207840  whole yes
[INFO] [stdout]                                score          +739  widest    +59  runs         +848034  swept      +36117888  and the whole secret surfaced
[INFO] [stdout] 
[INFO] [stdout] 
[INFO] [stdout] thread 'tests::forensics::decode::test_decoding_over_a_secret_leaves_nothing' (1176) panicked at /opt/rustwide/cargo-home/registry/src/index.crates.io-1949cf8c6b5b557f/redoubt-forensics-core-0.1.0-rc.18/src/verdicts.rs:55:5:
[INFO] [stdout] the whole secret was left behind by a decoding over a secret, of the digits: score          748  widest    64  runs         938507  swept      39207840  whole yes
[INFO] [stdout] stack backtrace:
[INFO] [stdout]    0:     0x57e6fbe5a7b1 - <<std[617be2ca0a6fd877]::sys::backtrace::BacktraceLock>::print::DisplayBacktrace as core[a373ad73a504971]::fmt::Display>::fmt
[INFO] [stdout]    1:     0x57e6fbe6fffa - core[a373ad73a504971]::fmt::write
[INFO] [stdout]    2:     0x57e6fbe5ee2c - <alloc[2e1b2a31b91974c5]::vec::Vec<u8> as core[a373ad73a504971]::io::write::Write>::write_fmt
[INFO] [stdout]    3:     0x57e6fbe35776 - std[617be2ca0a6fd877]::panicking::default_hook::{closure#0}
[INFO] [stdout]    4:     0x57e6fbe52b79 - std[617be2ca0a6fd877]::panicking::default_hook
[INFO] [stdout]    5:     0x57e6fbdd4d40 - test[aada8e7e76ba119b]::test_main_inner::{closure#0}
[INFO] [stdout]    6:     0x57e6fbe52d32 - std[617be2ca0a6fd877]::panicking::panic_with_hook
[INFO] [stdout]    7:     0x57e6fbe35822 - std[617be2ca0a6fd877]::panicking::panic_handler::{closure#0}
[INFO] [stdout]    8:     0x57e6fbe2e3e9 - std[617be2ca0a6fd877]::sys::backtrace::__rust_end_short_backtrace::<std[617be2ca0a6fd877]::panicking::panic_handler::{closure#0}, !>
[INFO] [stdout]    9:     0x57e6fbe3630d - __rustc[ea4f61d10b84890b]::rust_begin_unwind
[INFO] [stdout]   10:     0x57e6fbe7075c - core[a373ad73a504971]::panicking::panic_fmt
[INFO] [stdout]   11:     0x57e6fbe1e578 - redoubt_forensics_core[32e8484f8a33e1c3]::verdicts::leaves_nothing
[INFO] [stdout]   12:     0x57e6fbe1d31b - <redoubt_forensics_core[32e8484f8a33e1c3]::watching::Watching>::none_left
[INFO] [stdout]   13:     0x57e6fbdb95e5 - <redoubt_hex[878fcc46e649bbfb]::tests::forensics::decode::test_decoding_over_a_secret_leaves_nothing::{closure#0} as core[a373ad73a504971]::ops::function::FnOnce<()>>::call_once
[INFO] [stdout]   14:     0x57e6fbdc818b - test[aada8e7e76ba119b]::__rust_begin_short_backtrace::<core[a373ad73a504971]::result::Result<(), alloc[2e1b2a31b91974c5]::string::String>, fn() -> core[a373ad73a504971]::result::Result<(), alloc[2e1b2a31b91974c5]::string::String>>
[INFO] [stdout]   15:     0x57e6fbdd5365 - test[aada8e7e76ba119b]::run_test::{closure#0}
[INFO] [stdout]   16:     0x57e6fbdcec54 - std[617be2ca0a6fd877]::sys::backtrace::__rust_begin_short_backtrace::<test[aada8e7e76ba119b]::run_test::{closure#1}, ()>
[INFO] [stdout]   17:     0x57e6fbdd83f2 - <std[617be2ca0a6fd877]::thread::lifecycle::spawn_unchecked<test[aada8e7e76ba119b]::run_test::{closure#1}, ()>::{closure#1} as core[a373ad73a504971]::ops::function::FnOnce<()>>::call_once::{shim:vtable#0}
[INFO] [stdout]   18:     0x57e6fbe5a00f - <std[617be2ca0a6fd877]::sys::thread::unix::Thread>::new::thread_start
[INFO] [stdout]   19:     0x7939dfd42dfa - <unknown>
[INFO] [stdout]   20:     0x7939dfdd63d4 - clone
[INFO] [stdout]   21:                0x0 - <unknown>
[INFO] [stdout] 
[INFO] [stdout] ---- tests::forensics::encode::test_encoding_leaves_nothing stdout ----
[INFO] [stdout] 
[INFO] [stdout]   nothing held yet             score          448  widest    32  runs         175035  swept      14729360  whole yes
[INFO] [stdout]   an encoding, of the bytes    score          444  widest    32  runs         435481  swept      47048688  whole yes
[INFO] [stdout]                                score            -4  widest     +0  runs         +260446  swept      +32319328
[INFO] [stdout] 
[INFO] [stdout] 
[INFO] [stdout] thread 'tests::forensics::encode::test_encoding_leaves_nothing' (1194) panicked at /opt/rustwide/cargo-home/registry/src/index.crates.io-1949cf8c6b5b557f/redoubt-forensics-core-0.1.0-rc.18/src/verdicts.rs:55:5:
[INFO] [stdout] the whole secret was left behind by an encoding, of the bytes: score          444  widest    32  runs         435481  swept      47048688  whole yes
[INFO] [stdout] stack backtrace:
[INFO] [stdout]    0:     0x57e6fbe5a7b1 - <<std[617be2ca0a6fd877]::sys::backtrace::BacktraceLock>::print::DisplayBacktrace as core[a373ad73a504971]::fmt::Display>::fmt
[INFO] [stdout]    1:     0x57e6fbe6fffa - core[a373ad73a504971]::fmt::write
[INFO] [stdout]    2:     0x57e6fbe5ee2c - <alloc[2e1b2a31b91974c5]::vec::Vec<u8> as core[a373ad73a504971]::io::write::Write>::write_fmt
[INFO] [stdout]    3:     0x57e6fbe35776 - std[617be2ca0a6fd877]::panicking::default_hook::{closure#0}
[INFO] [stdout]    4:     0x57e6fbe52b79 - std[617be2ca0a6fd877]::panicking::default_hook
[INFO] [stdout]    5:     0x57e6fbdd4d40 - test[aada8e7e76ba119b]::test_main_inner::{closure#0}
[INFO] [stdout]    6:     0x57e6fbe52d32 - std[617be2ca0a6fd877]::panicking::panic_with_hook
[INFO] [stdout]    7:     0x57e6fbe35822 - std[617be2ca0a6fd877]::panicking::panic_handler::{closure#0}
[INFO] [stdout]    8:     0x57e6fbe2e3e9 - std[617be2ca0a6fd877]::sys::backtrace::__rust_end_short_backtrace::<std[617be2ca0a6fd877]::panicking::panic_handler::{closure#0}, !>
[INFO] [stdout]    9:     0x57e6fbe3630d - __rustc[ea4f61d10b84890b]::rust_begin_unwind
[INFO] [stdout]   10:     0x57e6fbe7075c - core[a373ad73a504971]::panicking::panic_fmt
[INFO] [stdout]   11:     0x57e6fbe1e578 - redoubt_forensics_core[32e8484f8a33e1c3]::verdicts::leaves_nothing
[INFO] [stdout]   12:     0x57e6fbe1d31b - <redoubt_forensics_core[32e8484f8a33e1c3]::watching::Watching>::none_left
[INFO] [stdout]   13:     0x57e6fbdc3909 - <redoubt_hex[878fcc46e649bbfb]::tests::forensics::encode::test_encoding_leaves_nothing::{closure#0} as core[a373ad73a504971]::ops::function::FnOnce<()>>::call_once
[INFO] [stdout]   14:     0x57e6fbdc818b - test[aada8e7e76ba119b]::__rust_begin_short_backtrace::<core[a373ad73a504971]::result::Result<(), alloc[2e1b2a31b91974c5]::string::String>, fn() -> core[a373ad73a504971]::result::Result<(), alloc[2e1b2a31b91974c5]::string::String>>
[INFO] [stdout]   15:     0x57e6fbdd5365 - test[aada8e7e76ba119b]::run_test::{closure#0}
[INFO] [stdout]   16:     0x57e6fbdcec54 - std[617be2ca0a6fd877]::sys::backtrace::__rust_begin_short_backtrace::<test[aada8e7e76ba119b]::run_test::{closure#1}, ()>
[INFO] [stdout]   17:     0x57e6fbdd83f2 - <std[617be2ca0a6fd877]::thread::lifecycle::spawn_unchecked<test[aada8e7e76ba119b]::run_test::{closure#1}, ()>::{closure#1} as core[a373ad73a504971]::ops::function::FnOnce<()>>::call_once::{shim:vtable#0}
[INFO] [stdout]   18:     0x57e6fbe5a00f - <std[617be2ca0a6fd877]::sys::thread::unix::Thread>::new::thread_start
[INFO] [stdout]   19:     0x7939dfd42dfa - <unknown>
[INFO] [stdout]   20:     0x7939dfdd63d4 - clone
[INFO] [stdout]   21:                0x0 - <unknown>
[INFO] [stdout] 
[INFO] [stdout] ---- tests::forensics::decode::test_decoding_through_a_backend_over_a_secret_leaves_nothing stdout ----
[INFO] [stdout] 
[INFO] [stdout]   nothing held yet             score            9  widest     5  runs          94408  swept       3110432  whole no
[INFO] [stdout]   a decoding over a secret, of the digits score          748  widest    64  runs         938894  swept      44951536  whole yes
[INFO] [stdout]                                score          +739  widest    +59  runs         +844486  swept      +41841104  and the whole secret surfaced
[INFO] [stdout] 
[INFO] [stdout] 
[INFO] [stdout] thread 'tests::forensics::decode::test_decoding_through_a_backend_over_a_secret_leaves_nothing' (1180) panicked at /opt/rustwide/cargo-home/registry/src/index.crates.io-1949cf8c6b5b557f/redoubt-forensics-core-0.1.0-rc.18/src/verdicts.rs:55:5:
[INFO] [stdout] the whole secret was left behind by a decoding over a secret, of the digits: score          748  widest    64  runs         938894  swept      44951536  whole yes
[INFO] [stdout] stack backtrace:
[INFO] [stdout]    0:     0x57e6fbe5a7b1 - <<std[617be2ca0a6fd877]::sys::backtrace::BacktraceLock>::print::DisplayBacktrace as core[a373ad73a504971]::fmt::Display>::fmt
[INFO] [stdout]    1:     0x57e6fbe6fffa - core[a373ad73a504971]::fmt::write
[INFO] [stdout]    2:     0x57e6fbe5ee2c - <alloc[2e1b2a31b91974c5]::vec::Vec<u8> as core[a373ad73a504971]::io::write::Write>::write_fmt
[INFO] [stdout]    3:     0x57e6fbe35776 - std[617be2ca0a6fd877]::panicking::default_hook::{closure#0}
[INFO] [stdout]    4:     0x57e6fbe52b79 - std[617be2ca0a6fd877]::panicking::default_hook
[INFO] [stdout]    5:     0x57e6fbdd4d40 - test[aada8e7e76ba119b]::test_main_inner::{closure#0}
[INFO] [stdout]    6:     0x57e6fbe52d32 - std[617be2ca0a6fd877]::panicking::panic_with_hook
[INFO] [stdout]    7:     0x57e6fbe35822 - std[617be2ca0a6fd877]::panicking::panic_handler::{closure#0}
[INFO] [stdout]    8:     0x57e6fbe2e3e9 - std[617be2ca0a6fd877]::sys::backtrace::__rust_end_short_backtrace::<std[617be2ca0a6fd877]::panicking::panic_handler::{closure#0}, !>
[INFO] [stdout]    9:     0x57e6fbe3630d - __rustc[ea4f61d10b84890b]::rust_begin_unwind
[INFO] [stdout]   10:     0x57e6fbe7075c - core[a373ad73a504971]::panicking::panic_fmt
[INFO] [stdout]   11:     0x57e6fbe1e578 - redoubt_forensics_core[32e8484f8a33e1c3]::verdicts::leaves_nothing
[INFO] [stdout]   12:     0x57e6fbe1d31b - <redoubt_forensics_core[32e8484f8a33e1c3]::watching::Watching>::none_left
[INFO] [stdout]   13:     0x57e6fbdbc1a5 - <redoubt_hex[878fcc46e649bbfb]::tests::forensics::decode::test_decoding_through_a_backend_over_a_secret_leaves_nothing::{closure#0} as core[a373ad73a504971]::ops::function::FnOnce<()>>::call_once
[INFO] [stdout]   14:     0x57e6fbdc818b - test[aada8e7e76ba119b]::__rust_begin_short_backtrace::<core[a373ad73a504971]::result::Result<(), alloc[2e1b2a31b91974c5]::string::String>, fn() -> core[a373ad73a504971]::result::Result<(), alloc[2e1b2a31b91974c5]::string::String>>
[INFO] [stdout]   15:     0x57e6fbdd5365 - test[aada8e7e76ba119b]::run_test::{closure#0}
[INFO] [stdout]   16:     0x57e6fbdcec54 - std[617be2ca0a6fd877]::sys::backtrace::__rust_begin_short_backtrace::<test[aada8e7e76ba119b]::run_test::{closure#1}, ()>
[INFO] [stdout]   17:     0x57e6fbdd83f2 - <std[617be2ca0a6fd877]::thread::lifecycle::spawn_unchecked<test[aada8e7e76ba119b]::run_test::{closure#1}, ()>::{closure#1} as core[a373ad73a504971]::ops::function::FnOnce<()>>::call_once::{shim:vtable#0}
[INFO] [stdout]   18:     0x57e6fbe5a00f - <std[617be2ca0a6fd877]::sys::thread::unix::Thread>::new::thread_start
[INFO] [stdout]   19:     0x7939dfd42dfa - <unknown>
[INFO] [stdout]   20:     0x7939dfdd63d4 - clone
[INFO] [stdout]   21:                0x0 - <unknown>
[INFO] [stdout] 
[INFO] [stdout] ---- tests::forensics::encode::test_encoding_through_a_backend_leaves_nothing stdout ----
[INFO] [stdout] 
[INFO] [stdout]   nothing held yet             score          669  widest    32  runs         359893  swept      29987744  whole yes
[INFO] [stdout]   an encoding, of the bytes    score          444  widest    32  runs         435513  swept      53794016  whole yes
[INFO] [stdout]                                score          -225  widest     +0  runs          +75620  swept      +23806272
[INFO] [stdout] 
[INFO] [stdout] 
[INFO] [stdout] thread 'tests::forensics::encode::test_encoding_through_a_backend_leaves_nothing' (1196) panicked at /opt/rustwide/cargo-home/registry/src/index.crates.io-1949cf8c6b5b557f/redoubt-forensics-core-0.1.0-rc.18/src/verdicts.rs:55:5:
[INFO] [stdout] the whole secret was left behind by an encoding, of the bytes: score          444  widest    32  runs         435513  swept      53794016  whole yes
[INFO] [stdout] stack backtrace:
[INFO] [stdout]    0:     0x57e6fbe5a7b1 - <<std[617be2ca0a6fd877]::sys::backtrace::BacktraceLock>::print::DisplayBacktrace as core[a373ad73a504971]::fmt::Display>::fmt
[INFO] [stdout]    1:     0x57e6fbe6fffa - core[a373ad73a504971]::fmt::write
[INFO] [stdout]    2:     0x57e6fbe5ee2c - <alloc[2e1b2a31b91974c5]::vec::Vec<u8> as core[a373ad73a504971]::io::write::Write>::write_fmt
[INFO] [stdout]    3:     0x57e6fbe35776 - std[617be2ca0a6fd877]::panicking::default_hook::{closure#0}
[INFO] [stdout]    4:     0x57e6fbe52b79 - std[617be2ca0a6fd877]::panicking::default_hook
[INFO] [stdout]    5:     0x57e6fbdd4d40 - test[aada8e7e76ba119b]::test_main_inner::{closure#0}
[INFO] [stdout]    6:     0x57e6fbe52d32 - std[617be2ca0a6fd877]::panicking::panic_with_hook
[INFO] [stdout]    7:     0x57e6fbe35822 - std[617be2ca0a6fd877]::panicking::panic_handler::{closure#0}
[INFO] [stdout]    8:     0x57e6fbe2e3e9 - std[617be2ca0a6fd877]::sys::backtrace::__rust_end_short_backtrace::<std[617be2ca0a6fd877]::panicking::panic_handler::{closure#0}, !>
[INFO] [stdout]    9:     0x57e6fbe3630d - __rustc[ea4f61d10b84890b]::rust_begin_unwind
[INFO] [stdout]   10:     0x57e6fbe7075c - core[a373ad73a504971]::panicking::panic_fmt
[INFO] [stdout]   11:     0x57e6fbe1e578 - redoubt_forensics_core[32e8484f8a33e1c3]::verdicts::leaves_nothing
[INFO] [stdout]   12:     0x57e6fbe1d31b - <redoubt_forensics_core[32e8484f8a33e1c3]::watching::Watching>::none_left
[INFO] [stdout]   13:     0x57e6fbdc3909 - <redoubt_hex[878fcc46e649bbfb]::tests::forensics::encode::test_encoding_leaves_nothing::{closure#0} as core[a373ad73a504971]::ops::function::FnOnce<()>>::call_once
[INFO] [stdout]   14:     0x57e6fbdc818b - test[aada8e7e76ba119b]::__rust_begin_short_backtrace::<core[a373ad73a504971]::result::Result<(), alloc[2e1b2a31b91974c5]::string::String>, fn() -> core[a373ad73a504971]::result::Result<(), alloc[2e1b2a31b91974c5]::string::String>>
[INFO] [stdout]   15:     0x57e6fbdd5365 - test[aada8e7e76ba119b]::run_test::{closure#0}
[INFO] [stdout]   16:     0x57e6fbdcec54 - std[617be2ca0a6fd877]::sys::backtrace::__rust_begin_short_backtrace::<test[aada8e7e76ba119b]::run_test::{closure#1}, ()>
[INFO] [stdout]   17:     0x57e6fbdd83f2 - <std[617be2ca0a6fd877]::thread::lifecycle::spawn_unchecked<test[aada8e7e76ba119b]::run_test::{closure#1}, ()>::{closure#1} as core[a373ad73a504971]::ops::function::FnOnce<()>>::call_once::{shim:vtable#0}
[INFO] [stdout]   18:     0x57e6fbe5a00f - <std[617be2ca0a6fd877]::sys::thread::unix::Thread>::new::thread_start
[INFO] [stdout]   19:     0x7939dfd42dfa - <unknown>
[INFO] [stdout]   20:     0x7939dfdd63d4 - clone
[INFO] [stdout]   21:                0x0 - <unknown>
[INFO] [stdout] 
[INFO] [stdout] ---- tests::forensics::encode::test_encoding_over_a_secret_leaves_nothing stdout ----
[INFO] [stdout] 
[INFO] [stdout]   nothing held yet             score          446  widest    32  runs         431614  swept      30806944  whole yes
[INFO] [stdout]   an encoding over a secret, of the bytes score          444  widest    32  runs         446097  swept      59849008  whole yes
[INFO] [stdout]                                score            -2  widest     +0  runs          +14483  swept      +29042064
[INFO] [stdout] 
[INFO] [stdout] 
[INFO] [stdout] thread 'tests::forensics::encode::test_encoding_over_a_secret_leaves_nothing' (1195) panicked at /opt/rustwide/cargo-home/registry/src/index.crates.io-1949cf8c6b5b557f/redoubt-forensics-core-0.1.0-rc.18/src/verdicts.rs:55:5:
[INFO] [stdout] the whole secret was left behind by an encoding over a secret, of the bytes: score          444  widest    32  runs         446097  swept      59849008  whole yes
[INFO] [stdout] stack backtrace:
[INFO] [stdout]    0:     0x57e6fbe5a7b1 - <<std[617be2ca0a6fd877]::sys::backtrace::BacktraceLock>::print::DisplayBacktrace as core[a373ad73a504971]::fmt::Display>::fmt
[INFO] [stdout]    1:     0x57e6fbe6fffa - core[a373ad73a504971]::fmt::write
[INFO] [stdout]    2:     0x57e6fbe5ee2c - <alloc[2e1b2a31b91974c5]::vec::Vec<u8> as core[a373ad73a504971]::io::write::Write>::write_fmt
[INFO] [stdout]    3:     0x57e6fbe35776 - std[617be2ca0a6fd877]::panicking::default_hook::{closure#0}
[INFO] [stdout]    4:     0x57e6fbe52b79 - std[617be2ca0a6fd877]::panicking::default_hook
[INFO] [stdout]    5:     0x57e6fbdd4d40 - test[aada8e7e76ba119b]::test_main_inner::{closure#0}
[INFO] [stdout]    6:     0x57e6fbe52d32 - std[617be2ca0a6fd877]::panicking::panic_with_hook
[INFO] [stdout]    7:     0x57e6fbe35822 - std[617be2ca0a6fd877]::panicking::panic_handler::{closure#0}
[INFO] [stdout]    8:     0x57e6fbe2e3e9 - std[617be2ca0a6fd877]::sys::backtrace::__rust_end_short_backtrace::<std[617be2ca0a6fd877]::panicking::panic_handler::{closure#0}, !>
[INFO] [stdout]    9:     0x57e6fbe3630d - __rustc[ea4f61d10b84890b]::rust_begin_unwind
[INFO] [stdout]   10:     0x57e6fbe7075c - core[a373ad73a504971]::panicking::panic_fmt
[INFO] [stdout]   11:     0x57e6fbe1e578 - redoubt_forensics_core[32e8484f8a33e1c3]::verdicts::leaves_nothing
[INFO] [stdout]   12:     0x57e6fbe1d31b - <redoubt_forensics_core[32e8484f8a33e1c3]::watching::Watching>::none_left
[INFO] [stdout]   13:     0x57e6fbdc45cd - <redoubt_hex[878fcc46e649bbfb]::tests::forensics::encode::test_encoding_over_a_secret_leaves_nothing::{closure#0} as core[a373ad73a504971]::ops::function::FnOnce<()>>::call_once
[INFO] [stdout]   14:     0x57e6fbdc818b - test[aada8e7e76ba119b]::__rust_begin_short_backtrace::<core[a373ad73a504971]::result::Result<(), alloc[2e1b2a31b91974c5]::string::String>, fn() -> core[a373ad73a504971]::result::Result<(), alloc[2e1b2a31b91974c5]::string::String>>
[INFO] [stdout]   15:     0x57e6fbdd5365 - test[aada8e7e76ba119b]::run_test::{closure#0}
[INFO] [stdout]   16:     0x57e6fbdcec54 - std[617be2ca0a6fd877]::sys::backtrace::__rust_begin_short_backtrace::<test[aada8e7e76ba119b]::run_test::{closure#1}, ()>
[INFO] [stdout]   17:     0x57e6fbdd83f2 - <std[617be2ca0a6fd877]::thread::lifecycle::spawn_unchecked<test[aada8e7e76ba119b]::run_test::{closure#1}, ()>::{closure#1} as core[a373ad73a504971]::ops::function::FnOnce<()>>::call_once::{shim:vtable#0}
[INFO] [stdout]   18:     0x57e6fbe5a00f - <std[617be2ca0a6fd877]::sys::thread::unix::Thread>::new::thread_start
[INFO] [stdout]   19:     0x7939dfd42dfa - <unknown>
[INFO] [stdout]   20:     0x7939dfdd63d4 - clone
[INFO] [stdout]   21:                0x0 - <unknown>
[INFO] [stdout] 
[INFO] [stdout] ---- tests::forensics::encode::test_encoding_through_a_backend_over_a_secret_leaves_nothing stdout ----
[INFO] [stdout] 
[INFO] [stdout]   nothing held yet             score          669  widest    32  runs         359878  swept      29987744  whole yes
[INFO] [stdout]   an encoding over a secret, of the bytes score          444  widest    32  runs         446027  swept      57751856  whole yes
[INFO] [stdout]                                score          -225  widest     +0  runs          +86149  swept      +27764112
[INFO] [stdout] 
[INFO] [stdout] 
[INFO] [stdout] thread 'tests::forensics::encode::test_encoding_through_a_backend_over_a_secret_leaves_nothing' (1197) panicked at /opt/rustwide/cargo-home/registry/src/index.crates.io-1949cf8c6b5b557f/redoubt-forensics-core-0.1.0-rc.18/src/verdicts.rs:55:5:
[INFO] [stdout] the whole secret was left behind by an encoding over a secret, of the bytes: score          444  widest    32  runs         446027  swept      57751856  whole yes
[INFO] [stdout] stack backtrace:
[INFO] [stdout]    0:     0x57e6fbe5a7b1 - <<std[617be2ca0a6fd877]::sys::backtrace::BacktraceLock>::print::DisplayBacktrace as core[a373ad73a504971]::fmt::Display>::fmt
[INFO] [stdout]    1:     0x57e6fbe6fffa - core[a373ad73a504971]::fmt::write
[INFO] [stdout]    2:     0x57e6fbe5ee2c - <alloc[2e1b2a31b91974c5]::vec::Vec<u8> as core[a373ad73a504971]::io::write::Write>::write_fmt
[INFO] [stdout]    3:     0x57e6fbe35776 - std[617be2ca0a6fd877]::panicking::default_hook::{closure#0}
[INFO] [stdout]    4:     0x57e6fbe52b79 - std[617be2ca0a6fd877]::panicking::default_hook
[INFO] [stdout]    5:     0x57e6fbdd4d40 - test[aada8e7e76ba119b]::test_main_inner::{closure#0}
[INFO] [stdout]    6:     0x57e6fbe52d32 - std[617be2ca0a6fd877]::panicking::panic_with_hook
[INFO] [stdout]    7:     0x57e6fbe35822 - std[617be2ca0a6fd877]::panicking::panic_handler::{closure#0}
[INFO] [stdout]    8:     0x57e6fbe2e3e9 - std[617be2ca0a6fd877]::sys::backtrace::__rust_end_short_backtrace::<std[617be2ca0a6fd877]::panicking::panic_handler::{closure#0}, !>
[INFO] [stdout]    9:     0x57e6fbe3630d - __rustc[ea4f61d10b84890b]::rust_begin_unwind
[INFO] [stdout]   10:     0x57e6fbe7075c - core[a373ad73a504971]::panicking::panic_fmt
[INFO] [stdout]   11:     0x57e6fbe1e578 - redoubt_forensics_core[32e8484f8a33e1c3]::verdicts::leaves_nothing
[INFO] [stdout]   12:     0x57e6fbe1d31b - <redoubt_forensics_core[32e8484f8a33e1c3]::watching::Watching>::none_left
[INFO] [stdout]   13:     0x57e6fbdc45cd - <redoubt_hex[878fcc46e649bbfb]::tests::forensics::encode::test_encoding_over_a_secret_leaves_nothing::{closure#0} as core[a373ad73a504971]::ops::function::FnOnce<()>>::call_once
[INFO] [stdout]   14:     0x57e6fbdc818b - test[aada8e7e76ba119b]::__rust_begin_short_backtrace::<core[a373ad73a504971]::result::Result<(), alloc[2e1b2a31b91974c5]::string::String>, fn() -> core[a373ad73a504971]::result::Result<(), alloc[2e1b2a31b91974c5]::string::String>>
[INFO] [stdout]   15:     0x57e6fbdd5365 - test[aada8e7e76ba119b]::run_test::{closure#0}
[INFO] [stdout]   16:     0x57e6fbdcec54 - std[617be2ca0a6fd877]::sys::backtrace::__rust_begin_short_backtrace::<test[aada8e7e76ba119b]::run_test::{closure#1}, ()>
[INFO] [stdout]   17:     0x57e6fbdd83f2 - <std[617be2ca0a6fd877]::thread::lifecycle::spawn_unchecked<test[aada8e7e76ba119b]::run_test::{closure#1}, ()>::{closure#1} as core[a373ad73a504971]::ops::function::FnOnce<()>>::call_once::{shim:vtable#0}
[INFO] [stdout]   18:     0x57e6fbe5a00f - <std[617be2ca0a6fd877]::sys::thread::unix::Thread>::new::thread_start
[INFO] [stdout]   19:     0x7939dfd42dfa - <unknown>
[INFO] [stdout]   20:     0x7939dfdd63d4 - clone
[INFO] [stdout]   21:                0x0 - <unknown>
[INFO] [stdout] 
[INFO] [stdout] 
[INFO] [stdout] failures:
[INFO] [stdout]     tests::forensics::decode::test_decoding_a_character_that_is_not_a_digit_leaves_nothing
[INFO] [stdout]     tests::forensics::decode::test_decoding_leaves_nothing
[INFO] [stdout]     tests::forensics::decode::test_decoding_over_a_secret_leaves_nothing
[INFO] [stdout]     tests::forensics::decode::test_decoding_through_a_backend_a_character_that_is_not_a_digit_leaves_nothing
[INFO] [stdout]     tests::forensics::decode::test_decoding_through_a_backend_leaves_nothing
[INFO] [stdout]     tests::forensics::decode::test_decoding_through_a_backend_over_a_secret_leaves_nothing
[INFO] [stdout]     tests::forensics::encode::test_encoding_leaves_nothing
[INFO] [stdout]     tests::forensics::encode::test_encoding_over_a_secret_leaves_nothing
[INFO] [stdout]     tests::forensics::encode::test_encoding_through_a_backend_leaves_nothing
[INFO] [stdout]     tests::forensics::encode::test_encoding_through_a_backend_over_a_secret_leaves_nothing
[INFO] [stdout] 
[INFO] [stdout] test result: FAILED. 51 passed; 10 failed; 6 ignored; 0 measured; 0 filtered out; finished in 9.39s
[INFO] [stdout] 
[INFO] [stderr] error: test failed, to rerun pass `--lib`
[INFO] running `Command { std: "docker" "inspect" "416780993e2cf26757a573616f16dad5125ce4e24b3111ec4dfd471bbc55fef1", kill_on_drop: false }`
[INFO] running `Command { std: "docker" "rm" "-f" "416780993e2cf26757a573616f16dad5125ce4e24b3111ec4dfd471bbc55fef1", kill_on_drop: false }`
[INFO] [stdout] 416780993e2cf26757a573616f16dad5125ce4e24b3111ec4dfd471bbc55fef1
