[INFO] fetching crate redoubt-forensics-allocator 0.1.0-rc.18...
[INFO] testing redoubt-forensics-allocator-0.1.0-rc.18 against 1.99.0-beta.8+cargoflags=--release for beta-release-1.100-2
[INFO] extracting crate redoubt-forensics-allocator 0.1.0-rc.18 into /workspace/builds/worker-2-tc1/source
[INFO] started tweaking crates.io crate redoubt-forensics-allocator 0.1.0-rc.18
[INFO] finished tweaking crates.io crate redoubt-forensics-allocator 0.1.0-rc.18
[INFO] tweaked toml for crates.io crate redoubt-forensics-allocator 0.1.0-rc.18 written to /workspace/builds/worker-2-tc1/source/Cargo.toml
[INFO] validating manifest of crates.io crate redoubt-forensics-allocator 0.1.0-rc.18 on toolchain 1.99.0-beta.8
[INFO] running `Command { std: CARGO_HOME="/workspace/cargo-home" RUSTUP_HOME="/workspace/rustup-home" "/workspace/cargo-home/bin/cargo" "+1.99.0-beta.8" "metadata" "--manifest-path" "Cargo.toml" "--no-deps", kill_on_drop: false }`
[INFO] crate crates.io crate redoubt-forensics-allocator 0.1.0-rc.18 already has a lockfile, it will not be regenerated
[INFO] running `Command { std: CARGO_HOME="/workspace/cargo-home" RUSTUP_HOME="/workspace/rustup-home" "/workspace/cargo-home/bin/cargo" "+1.99.0-beta.8" "fetch" "--manifest-path" "Cargo.toml", kill_on_drop: false }`
[INFO] [stderr]     Updating crates.io index
[INFO] [stderr]  Downloading crates ...
[INFO] [stderr]   Downloaded redoubt-mem-core v0.1.0-rc.18
[INFO] [stderr]   Downloaded quiesce v0.0.1
[INFO] [stderr]   Downloaded redoubt-asm v0.1.0-rc.18
[INFO] running `Command { std: "docker" "create" "-v" "/var/lib/crater-agent-workspace/builds/worker-2-tc1/source:/opt/rustwide/workdir:ro,Z" "-v" "/var/lib/crater-agent-workspace/builds/worker-2-tc1/target:/opt/rustwide/target:rw,Z" "-v" "/var/lib/crater-agent-workspace/cargo-home:/opt/rustwide/cargo-home:ro,Z" "-v" "/var/lib/crater-agent-workspace/rustup-home:/opt/rustwide/rustup-home:ro,Z" "-m" "1610612736" "--network" "none" "ghcr.io/rust-lang/crates-build-env/linux@sha256:77db811e55d90add9212f6832c23229e3de5f1c1f9905e8cb07319ea15df73ac" "sleep" "infinity", kill_on_drop: false }`
[INFO] [stdout] deb09903eef22beed8dafa7708ce4a02f2f7c38591ffdfffbadd41b6f61d4cad
[INFO] running `Command { std: "docker" "start" "deb09903eef22beed8dafa7708ce4a02f2f7c38591ffdfffbadd41b6f61d4cad", kill_on_drop: false }`
[INFO] running `Command { std: "docker" "inspect" "deb09903eef22beed8dafa7708ce4a02f2f7c38591ffdfffbadd41b6f61d4cad", kill_on_drop: false }`
[INFO] running `Command { std: "docker" "exec" "-e" "SOURCE_DIR=/opt/rustwide/workdir" "-e" "CARGO_HOME=/opt/rustwide/cargo-home" "-e" "RUSTUP_HOME=/opt/rustwide/rustup-home" "-e" "CARGO_TARGET_DIR=/opt/rustwide/target" "-w" "/opt/rustwide/workdir" "--user" "0:0" "deb09903eef22beed8dafa7708ce4a02f2f7c38591ffdfffbadd41b6f61d4cad" "/opt/rustwide/cargo-home/bin/cargo" "+1.99.0-beta.8" "metadata" "--no-deps" "--format-version=1", kill_on_drop: false }`
[INFO] running `Command { std: "docker" "inspect" "deb09903eef22beed8dafa7708ce4a02f2f7c38591ffdfffbadd41b6f61d4cad", kill_on_drop: false }`
[INFO] running `Command { std: "docker" "exec" "-e" "SOURCE_DIR=/opt/rustwide/workdir" "-e" "CARGO_HOME=/opt/rustwide/cargo-home" "-e" "RUSTUP_HOME=/opt/rustwide/rustup-home" "-e" "CARGO_TARGET_DIR=/opt/rustwide/target" "-e" "CARGO_INCREMENTAL=0" "-e" "RUST_BACKTRACE=full" "-e" "RUSTFLAGS=--cap-lints=warn" "-e" "RUSTDOCFLAGS=--cap-lints=warn" "-w" "/opt/rustwide/workdir" "--user" "0:0" "deb09903eef22beed8dafa7708ce4a02f2f7c38591ffdfffbadd41b6f61d4cad" "/opt/rustwide/cargo-home/bin/cargo" "+1.99.0-beta.8" "build" "--frozen" "--message-format=json" "--release", kill_on_drop: false }`
[INFO] [stderr]    Compiling find-msvc-tools v0.1.6
[INFO] [stderr]    Compiling redoubt-asm v0.1.0-rc.18
[INFO] [stderr]    Compiling quiesce v0.0.1
[INFO] [stderr]    Compiling cc v1.2.51
[INFO] [stderr]    Compiling redoubt-mem-core v0.1.0-rc.18
[INFO] [stderr]    Compiling redoubt-forensics-allocator v0.1.0-rc.18 (/opt/rustwide/workdir)
[INFO] [stderr]     Finished `release` profile [optimized] target(s) in 2.41s
[INFO] running `Command { std: "docker" "inspect" "deb09903eef22beed8dafa7708ce4a02f2f7c38591ffdfffbadd41b6f61d4cad", kill_on_drop: false }`
[INFO] running `Command { std: "docker" "exec" "-e" "SOURCE_DIR=/opt/rustwide/workdir" "-e" "CARGO_HOME=/opt/rustwide/cargo-home" "-e" "RUSTUP_HOME=/opt/rustwide/rustup-home" "-e" "CARGO_TARGET_DIR=/opt/rustwide/target" "-e" "CARGO_INCREMENTAL=0" "-e" "RUST_BACKTRACE=full" "-e" "RUSTFLAGS=--cap-lints=warn" "-e" "RUSTDOCFLAGS=--cap-lints=warn" "-w" "/opt/rustwide/workdir" "--user" "0:0" "deb09903eef22beed8dafa7708ce4a02f2f7c38591ffdfffbadd41b6f61d4cad" "/opt/rustwide/cargo-home/bin/cargo" "+1.99.0-beta.8" "test" "--frozen" "--no-run" "--message-format=json" "--release", kill_on_drop: false }`
[INFO] [stderr]    Compiling redoubt-forensics-allocator v0.1.0-rc.18 (/opt/rustwide/workdir)
[INFO] [stderr]     Finished `release` profile [optimized] target(s) in 0.67s
[INFO] running `Command { std: "docker" "inspect" "deb09903eef22beed8dafa7708ce4a02f2f7c38591ffdfffbadd41b6f61d4cad", kill_on_drop: false }`
[INFO] running `Command { std: "docker" "exec" "-e" "SOURCE_DIR=/opt/rustwide/workdir" "-e" "CARGO_HOME=/opt/rustwide/cargo-home" "-e" "RUSTUP_HOME=/opt/rustwide/rustup-home" "-e" "CARGO_TARGET_DIR=/opt/rustwide/target" "-e" "CARGO_INCREMENTAL=0" "-e" "RUST_BACKTRACE=full" "-e" "RUSTFLAGS=--cap-lints=warn" "-e" "RUSTDOCFLAGS=--cap-lints=warn" "-w" "/opt/rustwide/workdir" "--user" "0:0" "deb09903eef22beed8dafa7708ce4a02f2f7c38591ffdfffbadd41b6f61d4cad" "/opt/rustwide/cargo-home/bin/cargo" "+1.99.0-beta.8" "test" "--frozen" "--release", kill_on_drop: false }`
[INFO] [stderr]     Finished `release` profile [optimized] target(s) in 0.04s
[INFO] [stderr]      Running unittests src/lib.rs (/opt/rustwide/target/release/deps/redoubt_forensics_allocator-c7a049b601dcee3c)
[INFO] [stdout] 
[INFO] [stdout] running 20 tests
[INFO] [stdout] test tests::test_alloc_marks_the_allocator_installed ... ok
[INFO] [stdout] test tests::test_alloc_zeroed_marks_the_allocator_installed ... FAILED
[INFO] [stdout] test tests::test_alloc_leaves_the_block_as_handed_while_enabled_without_dirt ... ok
[INFO] [stdout] test tests::test_alloc_dirties_the_block_while_enabled_with_dirt ... ok
[INFO] [stdout] test tests::test_alloc_leaves_the_block_as_handed_while_disabled ... FAILED
[INFO] [stdout] test tests::test_dealloc_frees_through_the_inner_allocator_while_disabled ... FAILED
[INFO] [stdout] test tests::test_alloc_returns_null_when_the_inner_allocator_refuses ... ok
[INFO] [stdout] test tests::test_new_wraps_the_allocator_it_is_given ... ok
[INFO] [stdout] test tests::test_alloc_zeroed_hands_zeroes_from_the_inner_allocator_while_enabled_with_dirt ... ok
[INFO] [stdout] test tests::test_dealloc_frees_nothing_while_enabled ... ok
[INFO] [stdout] test tests::test_enable_forensics_allocator_keeps_no_dirt_when_given_none ... ok
[INFO] [stdout] test tests::test_realloc_dirties_what_it_grows_into_while_enabled_with_dirt ... ok
[INFO] [stderr] error: test failed, to rerun pass `--lib`
[INFO] [stdout] test tests::test_enable_forensics_allocator_keeps_the_dirt_it_is_given ... ok
[INFO] [stdout] test tests::test_realloc_allocates_anew_and_frees_nothing_while_enabled ... ok
[INFO] [stdout] test tests::test_realloc_carries_only_what_fits_when_it_shrinks_while_enabled ... ok
[INFO] [stdout] test tests::test_realloc_returns_null_while_enabled_when_the_inner_allocator_refuses ... ok
[INFO] [stdout] test tests::test_enable_forensics_allocator_turns_the_allocator_on ... FAILED
[INFO] [stdout] test tests::test_realloc_goes_through_the_inner_realloc_while_disabled ... FAILED
[INFO] [stdout] test tests::test_realloc_leaves_the_old_block_as_it_was_while_enabled ... ok
[INFO] [stdout] test tests::test_realloc_carries_what_was_held_while_enabled ... ok
[INFO] [stdout] 
[INFO] [stdout] failures:
[INFO] [stdout] 
[INFO] [stdout] ---- tests::test_alloc_zeroed_marks_the_allocator_installed stdout ----
[INFO] [stdout] 
[INFO] [stdout] thread 'tests::test_alloc_zeroed_marks_the_allocator_installed' (221) panicked at src/tests.rs:242:5:
[INFO] [stdout] assertion failed: !FORENSICS_ALLOCATOR_INSTALLED.load(Ordering::SeqCst)
[INFO] [stdout] stack backtrace:
[INFO] [stdout]    0:     0x5947c6e456b1 - <<std[70759c8f55707aa4]::sys::backtrace::BacktraceLock>::print::DisplayBacktrace as core[df12db4294e9bfd3]::fmt::Display>::fmt
[INFO] [stdout]    1:     0x5947c6e598ba - core[df12db4294e9bfd3]::fmt::write
[INFO] [stdout]    2:     0x5947c6e49b4c - <alloc[2182bb758b4b3781]::vec::Vec<u8> as core[df12db4294e9bfd3]::io::write::Write>::write_fmt
[INFO] [stdout]    3:     0x5947c6e21ca6 - std[70759c8f55707aa4]::panicking::default_hook::{closure#0}
[INFO] [stdout]    4:     0x5947c6e3de19 - std[70759c8f55707aa4]::panicking::default_hook
[INFO] [stdout]    5:     0x5947c6dda2a0 - test[9d35eded1c95d3be]::test_main_inner::<test[9d35eded1c95d3be]::test_main_static::{closure#0}>::{closure#0}
[INFO] [stdout]    6:     0x5947c6e3dfd2 - std[70759c8f55707aa4]::panicking::panic_with_hook
[INFO] [stdout]    7:     0x5947c6e21d84 - std[70759c8f55707aa4]::panicking::panic_handler::{closure#0}
[INFO] [stdout]    8:     0x5947c6e1aad9 - std[70759c8f55707aa4]::sys::backtrace::__rust_end_short_backtrace::<std[70759c8f55707aa4]::panicking::panic_handler::{closure#0}, !>
[INFO] [stdout]    9:     0x5947c6e2294d - __rustc[8fa7c3cbc660c2b3]::rust_begin_unwind
[INFO] [stdout]   10:     0x5947c6e59fec - core[df12db4294e9bfd3]::panicking::panic_fmt
[INFO] [stdout]   11:     0x5947c6e59fb2 - core[df12db4294e9bfd3]::panicking::panic
[INFO] [stdout]   12:     0x5947c6dc9e20 - <redoubt_forensics_allocator[85815417db69fa84]::tests::test_alloc_zeroed_marks_the_allocator_installed::{closure#0} as core[df12db4294e9bfd3]::ops::function::FnOnce<()>>::call_once
[INFO] [stdout]   13:     0x5947c6dcd58b - test[9d35eded1c95d3be]::__rust_begin_short_backtrace::<core[df12db4294e9bfd3]::result::Result<(), alloc[2182bb758b4b3781]::string::String>, fn() -> core[df12db4294e9bfd3]::result::Result<(), alloc[2182bb758b4b3781]::string::String>>
[INFO] [stdout]   14:     0x5947c6ddabf5 - test[9d35eded1c95d3be]::run_test::{closure#0}
[INFO] [stdout]   15:     0x5947c6dd44b4 - std[70759c8f55707aa4]::sys::backtrace::__rust_begin_short_backtrace::<test[9d35eded1c95d3be]::run_test::{closure#1}, ()>
[INFO] [stdout]   16:     0x5947c6dddd52 - <std[70759c8f55707aa4]::thread::lifecycle::spawn_unchecked<test[9d35eded1c95d3be]::run_test::{closure#1}, ()>::{closure#1} as core[df12db4294e9bfd3]::ops::function::FnOnce<()>>::call_once::{shim:vtable#0}
[INFO] [stdout]   17:     0x5947c6e44f89 - <std[70759c8f55707aa4]::sys::thread::unix::Thread>::new::thread_start
[INFO] [stdout]   18:     0x7927e191ddfa - <unknown>
[INFO] [stdout]   19:     0x7927e19b13d4 - clone
[INFO] [stdout]   20:                0x0 - <unknown>
[INFO] [stdout] 
[INFO] [stdout] ---- tests::test_alloc_leaves_the_block_as_handed_while_disabled stdout ----
[INFO] [stdout] 
[INFO] [stdout] thread 'tests::test_alloc_leaves_the_block_as_handed_while_disabled' (216) panicked at src/tests.rs:209:5:
[INFO] [stdout] assertion failed: read(block, WIDE).iter().all(|&byte| byte == HANDED)
[INFO] [stdout] stack backtrace:
[INFO] [stdout]    0:     0x5947c6e456b1 - <<std[70759c8f55707aa4]::sys::backtrace::BacktraceLock>::print::DisplayBacktrace as core[df12db4294e9bfd3]::fmt::Display>::fmt
[INFO] [stdout]    1:     0x5947c6e598ba - core[df12db4294e9bfd3]::fmt::write
[INFO] [stdout]    2:     0x5947c6e49b4c - <alloc[2182bb758b4b3781]::vec::Vec<u8> as core[df12db4294e9bfd3]::io::write::Write>::write_fmt
[INFO] [stdout]    3:     0x5947c6e21ca6 - std[70759c8f55707aa4]::panicking::default_hook::{closure#0}
[INFO] [stdout]    4:     0x5947c6e3de19 - std[70759c8f55707aa4]::panicking::default_hook
[INFO] [stdout]    5:     0x5947c6dda2a0 - test[9d35eded1c95d3be]::test_main_inner::<test[9d35eded1c95d3be]::test_main_static::{closure#0}>::{closure#0}
[INFO] [stdout]    6:     0x5947c6e3dfd2 - std[70759c8f55707aa4]::panicking::panic_with_hook
[INFO] [stdout]    7:     0x5947c6e21d84 - std[70759c8f55707aa4]::panicking::panic_handler::{closure#0}
[INFO] [stdout]    8:     0x5947c6e1aad9 - std[70759c8f55707aa4]::sys::backtrace::__rust_end_short_backtrace::<std[70759c8f55707aa4]::panicking::panic_handler::{closure#0}, !>
[INFO] [stdout]    9:     0x5947c6e2294d - __rustc[8fa7c3cbc660c2b3]::rust_begin_unwind
[INFO] [stdout]   10:     0x5947c6e59fec - core[df12db4294e9bfd3]::panicking::panic_fmt
[INFO] [stdout]   11:     0x5947c6e59fb2 - core[df12db4294e9bfd3]::panicking::panic
[INFO] [stdout]   12:     0x5947c6dcacdf - <redoubt_forensics_allocator[85815417db69fa84]::tests::test_alloc_leaves_the_block_as_handed_while_disabled::{closure#0} as core[df12db4294e9bfd3]::ops::function::FnOnce<()>>::call_once
[INFO] [stdout]   13:     0x5947c6dcd58b - test[9d35eded1c95d3be]::__rust_begin_short_backtrace::<core[df12db4294e9bfd3]::result::Result<(), alloc[2182bb758b4b3781]::string::String>, fn() -> core[df12db4294e9bfd3]::result::Result<(), alloc[2182bb758b4b3781]::string::String>>
[INFO] [stdout]   14:     0x5947c6ddabf5 - test[9d35eded1c95d3be]::run_test::{closure#0}
[INFO] [stdout]   15:     0x5947c6dd44b4 - std[70759c8f55707aa4]::sys::backtrace::__rust_begin_short_backtrace::<test[9d35eded1c95d3be]::run_test::{closure#1}, ()>
[INFO] [stdout]   16:     0x5947c6dddd52 - <std[70759c8f55707aa4]::thread::lifecycle::spawn_unchecked<test[9d35eded1c95d3be]::run_test::{closure#1}, ()>::{closure#1} as core[df12db4294e9bfd3]::ops::function::FnOnce<()>>::call_once::{shim:vtable#0}
[INFO] [stdout]   17:     0x5947c6e44f89 - <std[70759c8f55707aa4]::sys::thread::unix::Thread>::new::thread_start
[INFO] [stdout]   18:     0x7927e191ddfa - <unknown>
[INFO] [stdout]   19:     0x7927e19b13d4 - clone
[INFO] [stdout]   20:                0x0 - <unknown>
[INFO] [stdout] 
[INFO] [stdout] ---- tests::test_dealloc_frees_through_the_inner_allocator_while_disabled stdout ----
[INFO] [stdout] 
[INFO] [stdout] thread 'tests::test_dealloc_frees_through_the_inner_allocator_while_disabled' (223) panicked at src/tests.rs:273:5:
[INFO] [stdout] assertion `left == right` failed
[INFO] [stdout]   left: 0
[INFO] [stdout]  right: 1
[INFO] [stdout] stack backtrace:
[INFO] [stdout]    0:     0x5947c6e456b1 - <<std[70759c8f55707aa4]::sys::backtrace::BacktraceLock>::print::DisplayBacktrace as core[df12db4294e9bfd3]::fmt::Display>::fmt
[INFO] [stdout]    1:     0x5947c6e598ba - core[df12db4294e9bfd3]::fmt::write
[INFO] [stdout]    2:     0x5947c6e49b4c - <alloc[2182bb758b4b3781]::vec::Vec<u8> as core[df12db4294e9bfd3]::io::write::Write>::write_fmt
[INFO] [stdout]    3:     0x5947c6e21ca6 - std[70759c8f55707aa4]::panicking::default_hook::{closure#0}
[INFO] [stdout]    4:     0x5947c6e3de19 - std[70759c8f55707aa4]::panicking::default_hook
[INFO] [stdout]    5:     0x5947c6dda2a0 - test[9d35eded1c95d3be]::test_main_inner::<test[9d35eded1c95d3be]::test_main_static::{closure#0}>::{closure#0}
[INFO] [stdout]    6:     0x5947c6e3dfd2 - std[70759c8f55707aa4]::panicking::panic_with_hook
[INFO] [stdout]    7:     0x5947c6e21d52 - std[70759c8f55707aa4]::panicking::panic_handler::{closure#0}
[INFO] [stdout]    8:     0x5947c6e1aad9 - std[70759c8f55707aa4]::sys::backtrace::__rust_end_short_backtrace::<std[70759c8f55707aa4]::panicking::panic_handler::{closure#0}, !>
[INFO] [stdout]    9:     0x5947c6e2294d - __rustc[8fa7c3cbc660c2b3]::rust_begin_unwind
[INFO] [stdout]   10:     0x5947c6e59fec - core[df12db4294e9bfd3]::panicking::panic_fmt
[INFO] [stdout]   11:     0x5947c6e59f03 - core[df12db4294e9bfd3]::panicking::assert_failed_inner
[INFO] [stdout]   12:     0x5947c6e567f8 - core[df12db4294e9bfd3]::panicking::assert_failed::<usize, usize>
[INFO] [stdout]   13:     0x5947c6dcb99b - <redoubt_forensics_allocator[85815417db69fa84]::tests::test_dealloc_frees_through_the_inner_allocator_while_disabled::{closure#0} as core[df12db4294e9bfd3]::ops::function::FnOnce<()>>::call_once
[INFO] [stdout]   14:     0x5947c6dcd58b - test[9d35eded1c95d3be]::__rust_begin_short_backtrace::<core[df12db4294e9bfd3]::result::Result<(), alloc[2182bb758b4b3781]::string::String>, fn() -> core[df12db4294e9bfd3]::result::Result<(), alloc[2182bb758b4b3781]::string::String>>
[INFO] [stdout]   15:     0x5947c6ddabf5 - test[9d35eded1c95d3be]::run_test::{closure#0}
[INFO] [stdout]   16:     0x5947c6dd44b4 - std[70759c8f55707aa4]::sys::backtrace::__rust_begin_short_backtrace::<test[9d35eded1c95d3be]::run_test::{closure#1}, ()>
[INFO] [stdout]   17:     0x5947c6dddd52 - <std[70759c8f55707aa4]::thread::lifecycle::spawn_unchecked<test[9d35eded1c95d3be]::run_test::{closure#1}, ()>::{closure#1} as core[df12db4294e9bfd3]::ops::function::FnOnce<()>>::call_once::{shim:vtable#0}
[INFO] [stdout]   18:     0x5947c6e44f89 - <std[70759c8f55707aa4]::sys::thread::unix::Thread>::new::thread_start
[INFO] [stdout]   19:     0x7927e191ddfa - <unknown>
[INFO] [stdout]   20:     0x7927e19b13d4 - clone
[INFO] [stdout]   21:                0x0 - <unknown>
[INFO] [stdout] 
[INFO] [stdout] ---- tests::test_enable_forensics_allocator_turns_the_allocator_on stdout ----
[INFO] [stdout] 
[INFO] [stdout] thread 'tests::test_enable_forensics_allocator_turns_the_allocator_on' (226) panicked at src/tests.rs:139:5:
[INFO] [stdout] assertion failed: !FORENSICS_ALLOCATOR_ENABLED.load(Ordering::SeqCst)
[INFO] [stdout] stack backtrace:
[INFO] [stdout]    0:     0x5947c6e456b1 - <<std[70759c8f55707aa4]::sys::backtrace::BacktraceLock>::print::DisplayBacktrace as core[df12db4294e9bfd3]::fmt::Display>::fmt
[INFO] [stdout]    1:     0x5947c6e598ba - core[df12db4294e9bfd3]::fmt::write
[INFO] [stdout]    2:     0x5947c6e49b4c - <alloc[2182bb758b4b3781]::vec::Vec<u8> as core[df12db4294e9bfd3]::io::write::Write>::write_fmt
[INFO] [stdout]    3:     0x5947c6e21ca6 - std[70759c8f55707aa4]::panicking::default_hook::{closure#0}
[INFO] [stdout]    4:     0x5947c6e3de19 - std[70759c8f55707aa4]::panicking::default_hook
[INFO] [stdout]    5:     0x5947c6dda2a0 - test[9d35eded1c95d3be]::test_main_inner::<test[9d35eded1c95d3be]::test_main_static::{closure#0}>::{closure#0}
[INFO] [stdout]    6:     0x5947c6e3dfd2 - std[70759c8f55707aa4]::panicking::panic_with_hook
[INFO] [stdout]    7:     0x5947c6e21d84 - std[70759c8f55707aa4]::panicking::panic_handler::{closure#0}
[INFO] [stdout]    8:     0x5947c6e1aad9 - std[70759c8f55707aa4]::sys::backtrace::__rust_end_short_backtrace::<std[70759c8f55707aa4]::panicking::panic_handler::{closure#0}, !>
[INFO] [stdout]    9:     0x5947c6e2294d - __rustc[8fa7c3cbc660c2b3]::rust_begin_unwind
[INFO] [stdout]   10:     0x5947c6e59fec - core[df12db4294e9bfd3]::panicking::panic_fmt
[INFO] [stdout]   11:     0x5947c6e59fb2 - core[df12db4294e9bfd3]::panicking::panic
[INFO] [stdout]   12:     0x5947c6dcad90 - <redoubt_forensics_allocator[85815417db69fa84]::tests::test_enable_forensics_allocator_turns_the_allocator_on::{closure#0} as core[df12db4294e9bfd3]::ops::function::FnOnce<()>>::call_once
[INFO] [stdout]   13:     0x5947c6dcd58b - test[9d35eded1c95d3be]::__rust_begin_short_backtrace::<core[df12db4294e9bfd3]::result::Result<(), alloc[2182bb758b4b3781]::string::String>, fn() -> core[df12db4294e9bfd3]::result::Result<(), alloc[2182bb758b4b3781]::string::String>>
[INFO] [stdout]   14:     0x5947c6ddabf5 - test[9d35eded1c95d3be]::run_test::{closure#0}
[INFO] [stdout]   15:     0x5947c6dd44b4 - std[70759c8f55707aa4]::sys::backtrace::__rust_begin_short_backtrace::<test[9d35eded1c95d3be]::run_test::{closure#1}, ()>
[INFO] [stdout]   16:     0x5947c6dddd52 - <std[70759c8f55707aa4]::thread::lifecycle::spawn_unchecked<test[9d35eded1c95d3be]::run_test::{closure#1}, ()>::{closure#1} as core[df12db4294e9bfd3]::ops::function::FnOnce<()>>::call_once::{shim:vtable#0}
[INFO] [stdout]   17:     0x5947c6e44f89 - <std[70759c8f55707aa4]::sys::thread::unix::Thread>::new::thread_start
[INFO] [stdout]   18:     0x7927e191ddfa - <unknown>
[INFO] [stdout]   19:     0x7927e19b13d4 - clone
[INFO] [stdout]   20:                0x0 - <unknown>
[INFO] [stdout] 
[INFO] [stdout] ---- tests::test_realloc_goes_through_the_inner_realloc_while_disabled stdout ----
[INFO] [stdout] 
[INFO] [stdout] thread 'tests::test_realloc_goes_through_the_inner_realloc_while_disabled' (232) panicked at src/tests.rs:300:5:
[INFO] [stdout] assertion `left == right` failed
[INFO] [stdout]   left: 0
[INFO] [stdout]  right: 1
[INFO] [stdout] stack backtrace:
[INFO] [stdout]    0:     0x5947c6e456b1 - <<std[70759c8f55707aa4]::sys::backtrace::BacktraceLock>::print::DisplayBacktrace as core[df12db4294e9bfd3]::fmt::Display>::fmt
[INFO] [stdout]    1:     0x5947c6e598ba - core[df12db4294e9bfd3]::fmt::write
[INFO] [stdout]    2:     0x5947c6e49b4c - <alloc[2182bb758b4b3781]::vec::Vec<u8> as core[df12db4294e9bfd3]::io::write::Write>::write_fmt
[INFO] [stdout]    3:     0x5947c6e21ca6 - std[70759c8f55707aa4]::panicking::default_hook::{closure#0}
[INFO] [stdout]    4:     0x5947c6e3de19 - std[70759c8f55707aa4]::panicking::default_hook
[INFO] [stdout]    5:     0x5947c6dda2a0 - test[9d35eded1c95d3be]::test_main_inner::<test[9d35eded1c95d3be]::test_main_static::{closure#0}>::{closure#0}
[INFO] [stdout]    6:     0x5947c6e3dfd2 - std[70759c8f55707aa4]::panicking::panic_with_hook
[INFO] [stdout]    7:     0x5947c6e21d52 - std[70759c8f55707aa4]::panicking::panic_handler::{closure#0}
[INFO] [stdout]    8:     0x5947c6e1aad9 - std[70759c8f55707aa4]::sys::backtrace::__rust_end_short_backtrace::<std[70759c8f55707aa4]::panicking::panic_handler::{closure#0}, !>
[INFO] [stdout]    9:     0x5947c6e2294d - __rustc[8fa7c3cbc660c2b3]::rust_begin_unwind
[INFO] [stdout]   10:     0x5947c6e59fec - core[df12db4294e9bfd3]::panicking::panic_fmt
[INFO] [stdout]   11:     0x5947c6e59f03 - core[df12db4294e9bfd3]::panicking::assert_failed_inner
[INFO] [stdout]   12:     0x5947c6e567f8 - core[df12db4294e9bfd3]::panicking::assert_failed::<usize, usize>
[INFO] [stdout]   13:     0x5947c6dcb75b - <redoubt_forensics_allocator[85815417db69fa84]::tests::test_realloc_goes_through_the_inner_realloc_while_disabled::{closure#0} as core[df12db4294e9bfd3]::ops::function::FnOnce<()>>::call_once
[INFO] [stdout]   14:     0x5947c6dcd58b - test[9d35eded1c95d3be]::__rust_begin_short_backtrace::<core[df12db4294e9bfd3]::result::Result<(), alloc[2182bb758b4b3781]::string::String>, fn() -> core[df12db4294e9bfd3]::result::Result<(), alloc[2182bb758b4b3781]::string::String>>
[INFO] [stdout]   15:     0x5947c6ddabf5 - test[9d35eded1c95d3be]::run_test::{closure#0}
[INFO] [stdout]   16:     0x5947c6dd44b4 - std[70759c8f55707aa4]::sys::backtrace::__rust_begin_short_backtrace::<test[9d35eded1c95d3be]::run_test::{closure#1}, ()>
[INFO] [stdout]   17:     0x5947c6dddd52 - <std[70759c8f55707aa4]::thread::lifecycle::spawn_unchecked<test[9d35eded1c95d3be]::run_test::{closure#1}, ()>::{closure#1} as core[df12db4294e9bfd3]::ops::function::FnOnce<()>>::call_once::{shim:vtable#0}
[INFO] [stdout]   18:     0x5947c6e44f89 - <std[70759c8f55707aa4]::sys::thread::unix::Thread>::new::thread_start
[INFO] [stdout]   19:     0x7927e191ddfa - <unknown>
[INFO] [stdout]   20:     0x7927e19b13d4 - clone
[INFO] [stdout]   21:                0x0 - <unknown>
[INFO] [stdout] 
[INFO] [stdout] 
[INFO] [stdout] failures:
[INFO] [stdout]     tests::test_alloc_leaves_the_block_as_handed_while_disabled
[INFO] [stdout]     tests::test_alloc_zeroed_marks_the_allocator_installed
[INFO] [stdout]     tests::test_dealloc_frees_through_the_inner_allocator_while_disabled
[INFO] [stdout]     tests::test_enable_forensics_allocator_turns_the_allocator_on
[INFO] [stdout]     tests::test_realloc_goes_through_the_inner_realloc_while_disabled
[INFO] [stdout] 
[INFO] [stdout] test result: FAILED. 15 passed; 5 failed; 0 ignored; 0 measured; 0 filtered out; finished in 0.01s
[INFO] [stdout] 
[INFO] running `Command { std: "docker" "inspect" "deb09903eef22beed8dafa7708ce4a02f2f7c38591ffdfffbadd41b6f61d4cad", kill_on_drop: false }`
[INFO] running `Command { std: "docker" "rm" "-f" "deb09903eef22beed8dafa7708ce4a02f2f7c38591ffdfffbadd41b6f61d4cad", kill_on_drop: false }`
[INFO] [stdout] deb09903eef22beed8dafa7708ce4a02f2f7c38591ffdfffbadd41b6f61d4cad
