[INFO] fetching crate redoubt-chacha 0.1.0-rc.18...
[INFO] testing redoubt-chacha-0.1.0-rc.18 against 1.99.0-beta.8+cargoflags=--release for beta-release-1.100-2
[INFO] extracting crate redoubt-chacha 0.1.0-rc.18 into /workspace/builds/worker-3-tc1/source
[INFO] started tweaking crates.io crate redoubt-chacha 0.1.0-rc.18
[INFO] finished tweaking crates.io crate redoubt-chacha 0.1.0-rc.18
[INFO] tweaked toml for crates.io crate redoubt-chacha 0.1.0-rc.18 written to /workspace/builds/worker-3-tc1/source/Cargo.toml
[INFO] validating manifest of crates.io crate redoubt-chacha 0.1.0-rc.18 on toolchain 1.99.0-beta.8
[INFO] running `Command { std: CARGO_HOME="/workspace/cargo-home" RUSTUP_HOME="/workspace/rustup-home" "/workspace/cargo-home/bin/cargo" "+1.99.0-beta.8" "metadata" "--manifest-path" "Cargo.toml" "--no-deps", kill_on_drop: false }`
[INFO] crate crates.io crate redoubt-chacha 0.1.0-rc.18 already has a lockfile, it will not be regenerated
[INFO] running `Command { std: CARGO_HOME="/workspace/cargo-home" RUSTUP_HOME="/workspace/rustup-home" "/workspace/cargo-home/bin/cargo" "+1.99.0-beta.8" "fetch" "--manifest-path" "Cargo.toml", kill_on_drop: false }`
[INFO] [stderr]     Updating crates.io index
[INFO] [stderr]  Downloading crates ...
[INFO] [stderr]   Downloaded redoubt-util v0.1.0-rc.18
[INFO] [stderr]   Downloaded redoubt-mem v0.1.0-rc.18
[INFO] [stderr]   Downloaded redoubt-zero v0.1.0-rc.18
[INFO] [stderr]   Downloaded redoubt-zero-derive v0.1.0-rc.18
[INFO] [stderr]   Downloaded redoubt-zero-core v0.1.0-rc.18
[INFO] [stderr]   Downloaded crabgrind v0.3.1
[INFO] [stderr]   Downloaded redoubt-aead-core v0.1.0-rc.18
[INFO] [stderr]   Downloaded redoubt-forensics-allocator v0.1.0-rc.18
[INFO] [stderr]   Downloaded redoubt-asm v0.1.0-rc.18
[INFO] [stderr]   Downloaded redoubt-forensics v0.1.0-rc.18
[INFO] [stderr]   Downloaded redoubt-forensics-macros v0.1.0-rc.18
[INFO] [stderr]   Downloaded quiesce v0.0.1
[INFO] [stderr]   Downloaded redoubt-mem-core v0.1.0-rc.18
[INFO] [stderr]   Downloaded redoubt-forensics-core v0.1.0-rc.18
[INFO] [stderr]   Downloaded proptest v1.9.0
[INFO] running `Command { std: "docker" "create" "-v" "/var/lib/crater-agent-workspace/builds/worker-3-tc1/source:/opt/rustwide/workdir:ro,Z" "-v" "/var/lib/crater-agent-workspace/builds/worker-3-tc1/target:/opt/rustwide/target:rw,Z" "-v" "/var/lib/crater-agent-workspace/cargo-home:/opt/rustwide/cargo-home:ro,Z" "-v" "/var/lib/crater-agent-workspace/rustup-home:/opt/rustwide/rustup-home:ro,Z" "-m" "1610612736" "--network" "none" "ghcr.io/rust-lang/crates-build-env/linux@sha256:77db811e55d90add9212f6832c23229e3de5f1c1f9905e8cb07319ea15df73ac" "sleep" "infinity", kill_on_drop: false }`
[INFO] [stdout] 499257663d29bcda75493d22f15749937e4016c40baed43f4a654edd0252ed6f
[INFO] running `Command { std: "docker" "start" "499257663d29bcda75493d22f15749937e4016c40baed43f4a654edd0252ed6f", kill_on_drop: false }`
[INFO] running `Command { std: "docker" "inspect" "499257663d29bcda75493d22f15749937e4016c40baed43f4a654edd0252ed6f", kill_on_drop: false }`
[INFO] running `Command { std: "docker" "exec" "-e" "SOURCE_DIR=/opt/rustwide/workdir" "-e" "CARGO_HOME=/opt/rustwide/cargo-home" "-e" "RUSTUP_HOME=/opt/rustwide/rustup-home" "-e" "CARGO_TARGET_DIR=/opt/rustwide/target" "-w" "/opt/rustwide/workdir" "--user" "0:0" "499257663d29bcda75493d22f15749937e4016c40baed43f4a654edd0252ed6f" "/opt/rustwide/cargo-home/bin/cargo" "+1.99.0-beta.8" "metadata" "--no-deps" "--format-version=1", kill_on_drop: false }`
[INFO] running `Command { std: "docker" "inspect" "499257663d29bcda75493d22f15749937e4016c40baed43f4a654edd0252ed6f", kill_on_drop: false }`
[INFO] running `Command { std: "docker" "exec" "-e" "SOURCE_DIR=/opt/rustwide/workdir" "-e" "CARGO_HOME=/opt/rustwide/cargo-home" "-e" "RUSTUP_HOME=/opt/rustwide/rustup-home" "-e" "CARGO_TARGET_DIR=/opt/rustwide/target" "-e" "CARGO_INCREMENTAL=0" "-e" "RUST_BACKTRACE=full" "-e" "RUSTFLAGS=--cap-lints=warn" "-e" "RUSTDOCFLAGS=--cap-lints=warn" "-w" "/opt/rustwide/workdir" "--user" "0:0" "499257663d29bcda75493d22f15749937e4016c40baed43f4a654edd0252ed6f" "/opt/rustwide/cargo-home/bin/cargo" "+1.99.0-beta.8" "build" "--frozen" "--message-format=json" "--release", kill_on_drop: false }`
[INFO] [stderr]    Compiling find-msvc-tools v0.1.6
[INFO] [stderr]    Compiling proc-macro2 v1.0.104
[INFO] [stderr]    Compiling quote v1.0.42
[INFO] [stderr]    Compiling redoubt-asm v0.1.0-rc.18
[INFO] [stderr]    Compiling winnow v0.7.14
[INFO] [stderr]    Compiling toml_datetime v0.7.5+spec-1.1.0
[INFO] [stderr]    Compiling indexmap v2.12.1
[INFO] [stderr]    Compiling cc v1.2.51
[INFO] [stderr]    Compiling syn v2.0.111
[INFO] [stderr]    Compiling redoubt-mem-core v0.1.0-rc.18
[INFO] [stderr]    Compiling redoubt-chacha v0.1.0-rc.18 (/opt/rustwide/workdir)
[INFO] [stderr]    Compiling toml_parser v1.0.6+spec-1.1.0
[INFO] [stderr]    Compiling redoubt-mem v0.1.0-rc.18
[INFO] [stderr]    Compiling redoubt-util v0.1.0-rc.18
[INFO] [stderr]    Compiling redoubt-zero-core v0.1.0-rc.18
[INFO] [stderr]    Compiling toml_edit v0.23.10+spec-1.0.0
[INFO] [stderr]    Compiling proc-macro-crate v3.4.0
[INFO] [stderr]    Compiling thiserror-impl v2.0.17
[INFO] [stderr]    Compiling redoubt-zero-derive v0.1.0-rc.18
[INFO] [stderr]    Compiling redoubt-zero v0.1.0-rc.18
[INFO] [stderr]    Compiling thiserror v2.0.17
[INFO] [stderr]    Compiling redoubt-aead-core v0.1.0-rc.18
[INFO] [stderr]     Finished `release` profile [optimized] target(s) in 7.23s
[INFO] running `Command { std: "docker" "inspect" "499257663d29bcda75493d22f15749937e4016c40baed43f4a654edd0252ed6f", kill_on_drop: false }`
[INFO] running `Command { std: "docker" "exec" "-e" "SOURCE_DIR=/opt/rustwide/workdir" "-e" "CARGO_HOME=/opt/rustwide/cargo-home" "-e" "RUSTUP_HOME=/opt/rustwide/rustup-home" "-e" "CARGO_TARGET_DIR=/opt/rustwide/target" "-e" "CARGO_INCREMENTAL=0" "-e" "RUST_BACKTRACE=full" "-e" "RUSTFLAGS=--cap-lints=warn" "-e" "RUSTDOCFLAGS=--cap-lints=warn" "-w" "/opt/rustwide/workdir" "--user" "0:0" "499257663d29bcda75493d22f15749937e4016c40baed43f4a654edd0252ed6f" "/opt/rustwide/cargo-home/bin/cargo" "+1.99.0-beta.8" "test" "--frozen" "--no-run" "--message-format=json" "--release", kill_on_drop: false }`
[INFO] [stderr]    Compiling libc v0.2.178
[INFO] [stderr]    Compiling rustix v1.1.3
[INFO] [stderr]    Compiling zerocopy v0.8.31
[INFO] [stderr]    Compiling aho-corasick v1.1.4
[INFO] [stderr]    Compiling linux-raw-sys v0.11.0
[INFO] [stderr]    Compiling regex-syntax v0.8.8
[INFO] [stderr]    Compiling redoubt-forensics-core v0.1.0-rc.18
[INFO] [stderr]    Compiling num-traits v0.2.19
[INFO] [stderr]    Compiling rstest_macros v0.27.0
[INFO] [stderr]    Compiling once_cell v1.21.3
[INFO] [stderr]    Compiling syn v2.0.111
[INFO] [stderr]    Compiling futures-task v0.3.31
[INFO] [stderr]    Compiling futures-core v0.3.31
[INFO] [stderr]    Compiling relative-path v1.9.3
[INFO] [stderr]    Compiling quiesce v0.0.1
[INFO] [stderr]    Compiling futures-timer v3.0.4
[INFO] [stderr]    Compiling redoubt-forensics-allocator v0.1.0-rc.18
[INFO] [stderr]    Compiling futures-util v0.3.31
[INFO] [stderr]    Compiling getrandom v0.3.4
[INFO] [stderr]    Compiling wait-timeout v0.2.1
[INFO] [stderr]    Compiling regex-automata v0.4.13
[INFO] [stderr]    Compiling rand_core v0.9.3
[INFO] [stderr]    Compiling rand_xorshift v0.4.0
[INFO] [stderr]    Compiling rand v0.9.5
[INFO] [stderr]    Compiling ppv-lite86 v0.2.21
[INFO] [stderr]    Compiling tempfile v3.24.0
[INFO] [stderr]    Compiling rand_chacha v0.9.0
[INFO] [stderr]    Compiling rusty-fork v0.3.1
[INFO] [stderr]    Compiling proptest v1.9.0
[INFO] [stderr]    Compiling regex v1.12.2
[INFO] [stderr]    Compiling thiserror-impl v2.0.17
[INFO] [stderr]    Compiling redoubt-zero-derive v0.1.0-rc.18
[INFO] [stderr]    Compiling redoubt-forensics-macros v0.1.0-rc.18
[INFO] [stderr]    Compiling redoubt-forensics v0.1.0-rc.18
[INFO] [stderr]    Compiling redoubt-zero v0.1.0-rc.18
[INFO] [stderr]    Compiling thiserror v2.0.17
[INFO] [stderr]    Compiling redoubt-aead-core v0.1.0-rc.18
[INFO] [stderr]    Compiling redoubt-chacha v0.1.0-rc.18 (/opt/rustwide/workdir)
[INFO] [stderr]    Compiling rstest v0.27.0
[INFO] [stderr]     Finished `release` profile [optimized] target(s) in 29.13s
[INFO] running `Command { std: "docker" "inspect" "499257663d29bcda75493d22f15749937e4016c40baed43f4a654edd0252ed6f", kill_on_drop: false }`
[INFO] running `Command { std: "docker" "exec" "-e" "SOURCE_DIR=/opt/rustwide/workdir" "-e" "CARGO_HOME=/opt/rustwide/cargo-home" "-e" "RUSTUP_HOME=/opt/rustwide/rustup-home" "-e" "CARGO_TARGET_DIR=/opt/rustwide/target" "-e" "CARGO_INCREMENTAL=0" "-e" "RUST_BACKTRACE=full" "-e" "RUSTFLAGS=--cap-lints=warn" "-e" "RUSTDOCFLAGS=--cap-lints=warn" "-w" "/opt/rustwide/workdir" "--user" "0:0" "499257663d29bcda75493d22f15749937e4016c40baed43f4a654edd0252ed6f" "/opt/rustwide/cargo-home/bin/cargo" "+1.99.0-beta.8" "test" "--frozen" "--release", kill_on_drop: false }`
[INFO] [stderr]     Finished `release` profile [optimized] target(s) in 0.08s
[INFO] [stderr]      Running unittests src/lib.rs (/opt/rustwide/target/release/deps/redoubt_chacha-07ef58c1ccdd125a)
[INFO] [stdout] 
[INFO] [stdout] running 140 tests
[INFO] [stdout] test tests::backend::asm::probes::every_register::test_r11_is_seen ... ok
[INFO] [stdout] test tests::backend::asm::probes::every_register::test_rax_is_seen ... ok
[INFO] [stdout] test tests::backend::asm::probes::every_register::test_rcx_is_seen ... ok
[INFO] [stdout] test tests::backend::asm::probes::every_register::test_rdi_is_seen ... ok
[INFO] [stdout] test tests::backend::asm::probes::every_register::test_r8_is_seen ... ok
[INFO] [stdout] test tests::backend::asm::probes::every_register::test_r10_is_seen ... ok
[INFO] [stdout] test tests::backend::asm::probes::every_register::test_r9_is_seen ... ok
[INFO] [stdout] test tests::backend::asm::probes::test_dirty_frame_clears_every_byte_except_the_requested_one ... ok
[INFO] [stdout] test tests::backend::asm::probes::test_no_offset_expects_an_empty_window ... ok
[INFO] [stdout] test tests::backend::asm::probes::test_rounds_leaves_the_residue_its_case_declares::case_1_registers_left_full ... ok
[INFO] [stdout] test tests::backend::asm::probes::test_subkey_leaves_the_residue_its_case_declares::case_3_nothing_ran ... ok
[INFO] [stdout] test tests::backend::asm::probes::test_dirty_registers_fills_every_register_in_the_budget ... ok
[INFO] [stdout] test tests::backend::asm::probes::test_a_byte_left_anywhere_in_the_frame_is_seen ... ok
[INFO] [stdout] test tests::backend::asm::probes::test_rounds_leaves_the_residue_its_case_declares::case_2_frame_left_full ... ok
[INFO] [stdout] test tests::backend::asm::probes::test_subkey_leaves_the_residue_its_case_declares::case_4_real ... ok
[INFO] [stdout] test tests::backend::asm::probes::test_subkey_leaves_the_residue_its_case_declares::case_1_registers_left_full ... ok
[INFO] [stdout] test tests::backend::asm::probes::test_subkey_leaves_the_residue_its_case_declares::case_2_frame_left_full ... ok
[INFO] [stdout] test tests::backend::asm::probes::every_register::test_rdx_is_seen ... ok
[INFO] [stdout] test tests::backend::asm::probes::test_rounds_leaves_the_residue_its_case_declares::case_4_real ... ok
[INFO] [stdout] test tests::backend::asm::probes::test_rounds_leaves_the_residue_its_case_declares::case_3_nothing_ran ... ok
[INFO] [stdout] test tests::backend::asm::probes::test_an_empty_register_file_reads_as_empty ... ok
[INFO] [stdout] test tests::backend::asm::probes::every_register::test_rsi_is_seen ... ok
[INFO] [stdout] test tests::backend::asm::probes::test_xxor_leaves_the_residue_its_case_declares::case_3_nothing_ran ... ok
[INFO] [stdout] test tests::backend::asm::probes::test_xor_leaves_the_residue_its_case_declares::case_4_real ... ok
[INFO] [stdout] test tests::backend::helpers::test_check_counter_accepts_an_empty_message_on_the_ceiling ... ok
[INFO] [stdout] test tests::backend::helpers::test_check_counter_accepts_a_message_that_ends_on_the_ceiling ... ok
[INFO] [stdout] test tests::backend::asm::probes::test_xxor_leaves_the_residue_its_case_declares::case_1_registers_left_full ... ok
[INFO] [stdout] test tests::backend::asm::probes::test_xxor_leaves_the_residue_its_case_declares::case_2_frame_left_full ... ok
[INFO] [stdout] test tests::backend::asm::probes::test_the_list_names_as_many_registers_as_there_are_tests ... ok
[INFO] [stdout] test tests::backend::asm::probes::test_a_frame_written_and_emptied_reads_as_empty ... ok
[INFO] [stdout] test tests::backend::asm::probes::test_the_measurement_of_xor_reads_the_window_the_writer_filled ... ok
[INFO] [stdout] test tests::backend::asm::probes::test_the_measurement_of_xxor_reads_the_window_the_writer_filled ... ok
[INFO] [stdout] test tests::backend::rust::test_hchacha20_is_zeroizable ... ok
[INFO] [stdout] test tests::backend::helpers::test_check_counter_rejects_a_counter_past_the_ceiling ... ok
[INFO] [stdout] test tests::backend::asm::probes::test_the_measurement_of_rounds_reads_the_window_the_writer_filled ... ok
[INFO] [stdout] test tests::backend::helpers::test_last_counter_returns_the_rfc_ceiling_for_twelve_bytes ... ok
[INFO] [stdout] test tests::backend::rust::test_hchacha20_zeroizes_on_drop ... ok
[INFO] [stdout] test tests::backend::rust::test_chacha20_is_zeroizable ... ok
[INFO] [stdout] test tests::backend::asm::probes::test_xor_leaves_the_residue_its_case_declares::case_2_frame_left_full ... ok
[INFO] [stdout] test tests::backend::asm::probes::test_xxor_leaves_the_residue_its_case_declares::case_4_real ... ok
[INFO] [stdout] test tests::backend::seam::subkey::test_subkey_overwrites_only_the_output_at_every_alignment::case_2_auto ... ok
[INFO] [stdout] test tests::backend::seam::subkey::test_subkey_returns_the_published_subkey::case_1_rust ... ok
[INFO] [stdout] test tests::backend::rust::test_xchacha20_zeroizes_on_drop ... ok
[INFO] [stdout] test tests::backend::rust::test_chacha20_zeroizes_on_drop ... ok
[INFO] [stdout] test tests::backend::asm::probes::test_xor_leaves_the_residue_its_case_declares::case_1_registers_left_full ... ok
[INFO] [stdout] test tests::backend::rust::test_xchacha20_is_zeroizable ... ok
[INFO] [stdout] test tests::backend::seam::test_rounds_returns_what_the_oracle_returns ... ok
[INFO] [stdout] test tests::backend::seam::subkey::test_subkey_returns_what_the_oracle_returns ... ok
[INFO] [stdout] test tests::backend::seam::test_rounds_returns_the_published_intermediate_state::case_1_rust ... ok
[INFO] [stdout] test tests::backend::asm::test_xor_rejects_a_nonce_width_the_assembly_cannot_read ... ok
[INFO] [stdout] test tests::backend::seam::test_rounds_returns_the_published_intermediate_state::case_2_auto ... ok
[INFO] [stdout] test tests::backend::helpers::test_last_counter_returns_the_bernstein_ceiling_for_eight_bytes ... ok
[INFO] [stdout] test tests::backend::seam::xor::test_xor_accepts_the_last_counter::case_1_rust ... ok
[INFO] [stdout] test tests::backend::asm::probes::test_xor_leaves_the_residue_its_case_declares::case_3_nothing_ran ... ok
[INFO] [stdout] test tests::backend::helpers::test_check_counter_rejects_a_message_that_outruns_what_is_left ... ok
[INFO] [stdout] test tests::backend::asm::probes::test_the_measurement_of_subkey_reads_the_window_the_writer_filled ... ok
[INFO] [stdout] test tests::backend::seam::subkey::test_subkey_overwrites_only_the_output_at_every_alignment::case_1_rust ... ok
[INFO] [stdout] test tests::backend::seam::subkey::test_subkey_returns_the_published_subkey::case_2_auto ... ok
[INFO] [stdout] test tests::backend::seam::xor::test_xor_advances_one_counter_per_block::case_2_auto ... ok
[INFO] [stdout] test tests::backend::seam::xor::test_xor_accepts_the_last_counter::case_2_auto ... ok
[INFO] [stdout] test tests::backend::seam::xor::test_xor_advances_one_counter_per_block::case_1_rust ... ok
[INFO] [stdout] test tests::backend::seam::xor::test_xor_rejects_counter_exhaustion_before_touching_data::case_1_rust ... ok
[INFO] [stdout] test tests::backend::seam::xor::test_xor_returns_the_published_ciphertext::case_2_auto ... ok
[INFO] [stdout] test tests::backend::seam::xor::test_xor_returns_the_published_ciphertext::case_1_rust ... ok
[INFO] [stdout] test tests::backend::seam::xor::test_xor_rejects_counter_exhaustion_before_touching_data::case_2_auto ... ok
[INFO] [stdout] test tests::backend::seam::xor::test_xor_returns_the_plaintext_when_it_is_run_twice::case_1_rust ... ok
[INFO] [stdout] test tests::backend::seam::xor::test_xor_returns_the_plaintext_when_it_is_run_twice::case_2_auto ... ok
[INFO] [stdout] test tests::backend::seam::xor::test_xor_under_an_eight_byte_nonce_accepts_the_last_counter::case_1_rust ... ok
[INFO] [stdout] test tests::backend::seam::xor::test_xor_under_an_eight_byte_nonce_returns_the_published_blocks::case_2_auto ... ok
[INFO] [stdout] test tests::backend::seam::xor::test_xor_under_an_eight_byte_nonce_carries_without_changing_the_nonce::case_1_rust ... ok
[INFO] [stdout] test tests::backend::seam::xor::test_xor_under_an_eight_byte_nonce_carries_without_changing_the_nonce::case_2_auto ... ok
[INFO] [stdout] test tests::backend::seam::xor::test_xor_under_an_eight_byte_nonce_rejects_counter_exhaustion_before_touching_data::case_1_rust ... ok
[INFO] [stdout] test tests::backend::seam::xor::test_xor_under_an_eight_byte_nonce_rejects_counter_exhaustion_before_touching_data::case_2_auto ... ok
[INFO] [stdout] test tests::backend::seam::xor::test_xor_under_an_eight_byte_nonce_returns_the_published_blocks::case_1_rust ... ok
[INFO] [stdout] test tests::backend::seam::xor::test_xor_under_an_eight_byte_nonce_accepts_the_last_counter::case_2_auto ... ok
[INFO] [stdout] test tests::backend::seam::xxor::test_xxor_returns_the_published_ciphertext::case_1_rust ... ok
[INFO] [stdout] test tests::backend::test_this_target_has_the_assembly ... ok
[INFO] [stdout] test tests::chacha20::test_xor_bernstein_returns_the_published_block::case_1_rust ... ok
[INFO] [stdout] test tests::chacha20::test_xor_bernstein_returns_the_published_block::case_2_auto ... ok
[INFO] [stdout] test tests::chacha20::test_xor_returns_the_published_ciphertext::case_1_rust ... ok
[INFO] [stdout] test tests::forensics::chacha20::test_making_one_leaves_nothing ... ignored, Reads no secret: it holds nothing.
[INFO] [stdout] test tests::backend::seam::xxor::test_xxor_rejects_counter_exhaustion_before_touching_data::case_1_rust ... ok
[INFO] [stdout] test tests::backend::seam::xxor::test_xxor_accepts_the_last_counter::case_1_rust ... ok
[INFO] [stdout] test tests::backend::seam::xxor::test_xxor_rejects_counter_exhaustion_before_touching_data::case_2_auto ... ok
[INFO] [stdout] test tests::backend::seam::xxor::test_xxor_accepts_the_last_counter::case_2_auto ... ok
[INFO] [stdout] test tests::backend::seam::xxor::test_xxor_returns_the_published_ciphertext::case_2_auto ... ok
[INFO] [stdout] test tests::chacha20::test_xor_returns_the_published_ciphertext::case_2_auto ... ok
[INFO] [stdout] test tests::backend::seam::xor::test_xor_under_an_eight_byte_nonce_touches_only_the_named_bytes_at_every_alignment::case_1_rust ... ok
[INFO] [stdout] test tests::backend::seam::xor::test_xor_touches_only_the_named_bytes_at_every_alignment::case_1_rust ... ok
[INFO] [stdout] test tests::backend::seam::xor::test_xor_under_an_eight_byte_nonce_returns_what_the_oracle_returns ... ok
[INFO] [stdout] test tests::forensics::hchacha20::test_making_one_leaves_nothing ... ignored, Reads no secret: it holds nothing.
[INFO] [stdout] test tests::backend::seam::xor::test_xor_under_an_eight_byte_nonce_touches_only_the_named_bytes_at_every_alignment::case_2_auto ... ok
[INFO] [stdout] test tests::forensics::xchacha20::test_making_one_leaves_nothing ... ignored, Reads no secret: it holds nothing.
[INFO] [stdout] test tests::backend::seam::xor::test_xor_touches_only_the_named_bytes_at_every_alignment::case_2_auto ... ok
[INFO] [stdout] test tests::backend::seam::xor::test_xor_returns_what_the_oracle_returns ... ok
[INFO] [stdout] test tests::backend::seam::xxor::test_xxor_touches_only_the_named_bytes_at_every_alignment::case_1_rust ... ok
[INFO] [stdout] test tests::backend::seam::xxor::test_xxor_touches_only_the_named_bytes_at_every_alignment::case_2_auto ... ok
[INFO] [stdout] test tests::backend::seam::xxor::test_xxor_returns_what_the_oracle_returns ... ok
[INFO] [stdout] test tests::hchacha20::test_subkey_returns_the_published_subkey::case_1_rust ... ok
[INFO] [stdout] test tests::hchacha20::test_subkey_returns_the_published_subkey::case_2_auto ... ok
[INFO] [stdout] test tests::rfc::test_xor_returns_the_published_ciphertexts::case_1_rust ... ok
[INFO] [stdout] test tests::rfc::test_xor_returns_the_published_ciphertexts::case_2_auto ... ok
[INFO] [stdout] test tests::rfc::test_xor_returns_the_published_keystream_block::case_1_rust ... ok
[INFO] [stdout] test tests::rfc::test_xor_returns_the_published_keystream_block::case_2_auto ... ok
[INFO] [stdout] test tests::rfc::test_xor_returns_the_published_one_time_key::case_1_rust ... ok
[INFO] [stdout] test tests::rfc::test_xor_returns_the_published_one_time_key::case_2_auto ... ok
[INFO] [stdout] test tests::support::oracle::tests::test_columns_returns_the_published_quarter_round ... ok
[INFO] [stdout] test tests::support::oracle::tests::test_rounds_returns_the_published_intermediate_state ... ok
[INFO] [stdout] test tests::support::oracle::tests::test_state_returns_the_published_initial_state ... ok
[INFO] [stdout] test tests::support::oracle::tests::test_subkey_returns_the_published_subkey ... ok
[INFO] [stdout] test tests::support::oracle::tests::test_xor_accepts_empty_input_at_the_last_counter::case_1_ietf ... ok
[INFO] [stdout] test tests::support::oracle::tests::test_xor_accepts_empty_input_at_the_last_counter::case_2_bernstein ... ok
[INFO] [stdout] test tests::support::oracle::tests::test_xor_bernstein_carries_into_the_high_counter_word ... ok
[INFO] [stdout] test tests::support::oracle::tests::test_xor_bernstein_places_the_high_counter_word_in_the_published_state ... ok
[INFO] [stdout] test tests::support::oracle::tests::test_xor_returns_every_prefix_of_the_published_ciphertext ... ok
[INFO] [stdout] test tests::support::oracle::tests::test_xor_returns_the_published_block ... ok
[INFO] [stdout] test tests::support::oracle::tests::test_xor_returns_the_published_ciphertext ... ok
[INFO] [stdout] test tests::support::oracle::tests::test_xor_returns_the_published_zero_block::case_1_ietf ... ok
[INFO] [stdout] test tests::support::oracle::tests::test_xor_returns_the_published_zero_block::case_2_bernstein ... ok
[INFO] [stdout] test tests::support::oracle::tests::test_xxor_returns_every_prefix_of_the_published_ciphertext::case_1_counter_zero ... ok
[INFO] [stdout] test tests::support::oracle::tests::test_xxor_returns_every_prefix_of_the_published_ciphertext::case_2_counter_one ... ok
[INFO] [stdout] test tests::support::oracle::tests::test_xxor_returns_the_published_ciphertext::case_1_counter_zero ... ok
[INFO] [stdout] test tests::support::oracle::tests::test_xxor_returns_the_published_ciphertext::case_2_counter_one ... ok
[INFO] [stdout] test tests::xchacha20::test_xor_returns_the_published_ciphertext_at_the_counter_named::case_1_rust ... ok
[INFO] [stdout] test tests::xchacha20::test_xor_returns_the_published_ciphertext_at_the_counter_named::case_2_auto ... ok
[INFO] [stdout] test tests::forensics::chacha20::test_what_xor_bernstein_decrypted_is_found_while_the_buffer_holds_it ... ok
[INFO] [stdout] test tests::forensics::chacha20::test_what_xor_encrypted_is_found_while_the_buffer_holds_it ... ok
[INFO] [stdout] test tests::forensics::chacha20::test_what_xor_decrypted_is_found_while_the_buffer_holds_it ... ok
[INFO] [stdout] test tests::forensics::chacha20::test_what_xor_bernstein_encrypted_is_found_while_the_buffer_holds_it ... ok
[INFO] [stdout] test tests::forensics::hchacha20::test_what_subkey_wrote_is_found_while_the_caller_holds_it ... ok
[INFO] [stdout] test tests::forensics::xchacha20::test_the_subkey_xor_derives_is_found_while_a_derivation_holds_it ... ok
[INFO] [stdout] test tests::forensics::xchacha20::test_what_xor_encrypted_is_found_while_the_buffer_holds_it ... ok
[INFO] [stdout] test tests::forensics::xchacha20::test_what_xor_decrypted_is_found_while_the_buffer_holds_it ... ok
[INFO] [stdout] test tests::forensics::chacha20::test_xor_bernstein_encrypting_leaves_nothing ... FAILED
[INFO] [stdout] test tests::forensics::chacha20::test_xor_bernstein_decrypting_leaves_nothing ... FAILED
[INFO] [stdout] test tests::forensics::chacha20::test_xor_encrypting_leaves_nothing ... FAILED
[INFO] [stdout] test tests::forensics::hchacha20::test_subkey_leaves_nothing ... FAILED
[INFO] [stdout] test tests::forensics::chacha20::test_xor_decrypting_leaves_nothing ... FAILED
[INFO] [stdout] test tests::forensics::xchacha20::test_xor_decrypting_leaves_nothing ... FAILED
[INFO] [stdout] test tests::forensics::xchacha20::test_xor_encrypting_leaves_nothing ... FAILED
[INFO] [stdout] 
[INFO] [stdout] failures:
[INFO] [stdout] 
[INFO] [stdout] ---- tests::forensics::chacha20::test_xor_bernstein_encrypting_leaves_nothing stdout ----
[INFO] [stdout] 
[INFO] [stdout]   nothing held yet             score          223  widest    32  runs         949463  swept      26758208  whole yes
[INFO] [stdout]   xor_bernstein, encrypting, of the key score            0  widest     3  runs        1106770  swept      38957200  whole no
[INFO] [stdout]                                score          -223  widest    -29  runs         +157307  swept      +12198992
[INFO] [stdout] 
[INFO] [stdout] 
[INFO] [stdout]   nothing held yet             score        12158  widest  1024  runs       26419993  swept      26758208  whole yes
[INFO] [stdout]   xor_bernstein, encrypting, of the plaintext score        18234  widest  1024  runs       38566788  swept      38957200  whole yes
[INFO] [stdout]                                score         +6076  widest     +0  runs       +12146795  swept      +12198992
[INFO] [stdout] 
[INFO] [stdout] 
[INFO] [stdout] thread 'tests::forensics::chacha20::test_xor_bernstein_encrypting_leaves_nothing' (1481) panicked at /opt/rustwide/cargo-home/registry/src/index.crates.io-1949cf8c6b5b557f/redoubt-forensics-core-0.1.0-rc.18/src/verdicts.rs:55:5:
[INFO] [stdout] the whole secret was left behind by xor_bernstein, encrypting, of the plaintext: score        18234  widest  1024  runs       38566788  swept      38957200  whole yes
[INFO] [stdout] stack backtrace:
[INFO] [stdout]    0:     0x610306e207d1 - <<std[70759c8f55707aa4]::sys::backtrace::BacktraceLock>::print::DisplayBacktrace as core[df12db4294e9bfd3]::fmt::Display>::fmt
[INFO] [stdout]    1:     0x610306e362fa - core[df12db4294e9bfd3]::fmt::write
[INFO] [stdout]    2:     0x610306e250cc - <alloc[2182bb758b4b3781]::vec::Vec<u8> as core[df12db4294e9bfd3]::io::write::Write>::write_fmt
[INFO] [stdout]    3:     0x610306dfb856 - std[70759c8f55707aa4]::panicking::default_hook::{closure#0}
[INFO] [stdout]    4:     0x610306e18c29 - std[70759c8f55707aa4]::panicking::default_hook
[INFO] [stdout]    5:     0x610306d9a770 - test[9d35eded1c95d3be]::test_main_inner::<test[9d35eded1c95d3be]::test_main_static::{closure#0}>::{closure#0}
[INFO] [stdout]    6:     0x610306e18de2 - std[70759c8f55707aa4]::panicking::panic_with_hook
[INFO] [stdout]    7:     0x610306dfb902 - std[70759c8f55707aa4]::panicking::panic_handler::{closure#0}
[INFO] [stdout]    8:     0x610306df4539 - std[70759c8f55707aa4]::sys::backtrace::__rust_end_short_backtrace::<std[70759c8f55707aa4]::panicking::panic_handler::{closure#0}, !>
[INFO] [stdout]    9:     0x610306dfc3dd - __rustc[8fa7c3cbc660c2b3]::rust_begin_unwind
[INFO] [stdout]   10:     0x610306e36a5c - core[df12db4294e9bfd3]::panicking::panic_fmt
[INFO] [stdout]   11:     0x610306de45c8 - redoubt_forensics_core[cf987b55d04f23cd]::verdicts::leaves_nothing
[INFO] [stdout]   12:     0x610306de334b - <redoubt_forensics_core[cf987b55d04f23cd]::watching::Watching>::none_left
[INFO] [stdout]   13:     0x610306d74ff2 - redoubt_chacha[2f3c075c49411920]::tests::forensics::chacha20::test_xor_bernstein_encrypting_leaves_nothing
[INFO] [stdout]   14:     0x610306d7999d - <redoubt_chacha[2f3c075c49411920]::tests::forensics::chacha20::test_xor_bernstein_encrypting_leaves_nothing::{closure#0} as core[df12db4294e9bfd3]::ops::function::FnOnce<()>>::call_once
[INFO] [stdout]   15:     0x610306d8da5b - test[9d35eded1c95d3be]::__rust_begin_short_backtrace::<core[df12db4294e9bfd3]::result::Result<(), alloc[2182bb758b4b3781]::string::String>, fn() -> core[df12db4294e9bfd3]::result::Result<(), alloc[2182bb758b4b3781]::string::String>>
[INFO] [stdout]   16:     0x610306d9b0c5 - test[9d35eded1c95d3be]::run_test::{closure#0}
[INFO] [stdout]   17:     0x610306d94984 - std[70759c8f55707aa4]::sys::backtrace::__rust_begin_short_backtrace::<test[9d35eded1c95d3be]::run_test::{closure#1}, ()>
[INFO] [stdout]   18:     0x610306d9e222 - <std[70759c8f55707aa4]::thread::lifecycle::spawn_unchecked<test[9d35eded1c95d3be]::run_test::{closure#1}, ()>::{closure#1} as core[df12db4294e9bfd3]::ops::function::FnOnce<()>>::call_once::{shim:vtable#0}
[INFO] [stdout]   19:     0x610306e200a9 - <std[70759c8f55707aa4]::sys::thread::unix::Thread>::new::thread_start
[INFO] [stdout]   20:     0x723389eaddfa - <unknown>
[INFO] [stdout]   21:     0x723389f413d4 - clone
[INFO] [stdout]   22:                0x0 - <unknown>
[INFO] [stdout] 
[INFO] [stdout] ---- tests::forensics::chacha20::test_xor_bernstein_decrypting_leaves_nothing stdout ----
[INFO] [stdout] 
[INFO] [stdout]   nothing held yet             score            0  widest     3  runs         955084  swept      26815552  whole no
[INFO] [stdout]   xor_bernstein, decrypting, of the key score            0  widest     3  runs        1107203  swept      47251920  whole no
[INFO] [stdout]                                score            +0  widest     +0  runs         +152119  swept      +20436368
[INFO] [stdout] 
[INFO] [stdout] 
[INFO] [stdout]   nothing held yet             score        12158  widest  1024  runs       26475202  swept      26815552  whole yes
[INFO] [stdout]   xor_bernstein, decrypting, of the plaintext score        18234  widest  1024  runs       46861352  swept      47251920  whole yes
[INFO] [stdout]                                score         +6076  widest     +0  runs       +20386150  swept      +20436368
[INFO] [stdout] 
[INFO] [stdout] 
[INFO] [stdout] thread 'tests::forensics::chacha20::test_xor_bernstein_decrypting_leaves_nothing' (1480) panicked at /opt/rustwide/cargo-home/registry/src/index.crates.io-1949cf8c6b5b557f/redoubt-forensics-core-0.1.0-rc.18/src/verdicts.rs:55:5:
[INFO] [stdout] the whole secret was left behind by xor_bernstein, decrypting, of the plaintext: score        18234  widest  1024  runs       46861352  swept      47251920  whole yes
[INFO] [stdout] stack backtrace:
[INFO] [stdout]    0:     0x610306e207d1 - <<std[70759c8f55707aa4]::sys::backtrace::BacktraceLock>::print::DisplayBacktrace as core[df12db4294e9bfd3]::fmt::Display>::fmt
[INFO] [stdout]    1:     0x610306e362fa - core[df12db4294e9bfd3]::fmt::write
[INFO] [stdout]    2:     0x610306e250cc - <alloc[2182bb758b4b3781]::vec::Vec<u8> as core[df12db4294e9bfd3]::io::write::Write>::write_fmt
[INFO] [stdout]    3:     0x610306dfb856 - std[70759c8f55707aa4]::panicking::default_hook::{closure#0}
[INFO] [stdout]    4:     0x610306e18c29 - std[70759c8f55707aa4]::panicking::default_hook
[INFO] [stdout]    5:     0x610306d9a770 - test[9d35eded1c95d3be]::test_main_inner::<test[9d35eded1c95d3be]::test_main_static::{closure#0}>::{closure#0}
[INFO] [stdout]    6:     0x610306e18de2 - std[70759c8f55707aa4]::panicking::panic_with_hook
[INFO] [stdout]    7:     0x610306dfb902 - std[70759c8f55707aa4]::panicking::panic_handler::{closure#0}
[INFO] [stdout]    8:     0x610306df4539 - std[70759c8f55707aa4]::sys::backtrace::__rust_end_short_backtrace::<std[70759c8f55707aa4]::panicking::panic_handler::{closure#0}, !>
[INFO] [stdout]    9:     0x610306dfc3dd - __rustc[8fa7c3cbc660c2b3]::rust_begin_unwind
[INFO] [stdout]   10:     0x610306e36a5c - core[df12db4294e9bfd3]::panicking::panic_fmt
[INFO] [stdout]   11:     0x610306de45c8 - redoubt_forensics_core[cf987b55d04f23cd]::verdicts::leaves_nothing
[INFO] [stdout]   12:     0x610306de334b - <redoubt_forensics_core[cf987b55d04f23cd]::watching::Watching>::none_left
[INFO] [stdout]   13:     0x610306d74705 - redoubt_chacha[2f3c075c49411920]::tests::forensics::chacha20::test_xor_bernstein_decrypting_leaves_nothing
[INFO] [stdout]   14:     0x610306d7992d - <redoubt_chacha[2f3c075c49411920]::tests::forensics::chacha20::test_xor_bernstein_decrypting_leaves_nothing::{closure#0} as core[df12db4294e9bfd3]::ops::function::FnOnce<()>>::call_once
[INFO] [stdout]   15:     0x610306d8da5b - test[9d35eded1c95d3be]::__rust_begin_short_backtrace::<core[df12db4294e9bfd3]::result::Result<(), alloc[2182bb758b4b3781]::string::String>, fn() -> core[df12db4294e9bfd3]::result::Result<(), alloc[2182bb758b4b3781]::string::String>>
[INFO] [stdout]   16:     0x610306d9b0c5 - test[9d35eded1c95d3be]::run_test::{closure#0}
[INFO] [stdout]   17:     0x610306d94984 - std[70759c8f55707aa4]::sys::backtrace::__rust_begin_short_backtrace::<test[9d35eded1c95d3be]::run_test::{closure#1}, ()>
[INFO] [stdout]   18:     0x610306d9e222 - <std[70759c8f55707aa4]::thread::lifecycle::spawn_unchecked<test[9d35eded1c95d3be]::run_test::{closure#1}, ()>::{closure#1} as core[df12db4294e9bfd3]::ops::function::FnOnce<()>>::call_once::{shim:vtable#0}
[INFO] [stdout]   19:     0x610306e200a9 - <std[70759c8f55707aa4]::sys::thread::unix::Thread>::new::thread_start
[INFO] [stdout]   20:     0x723389eaddfa - <unknown>
[INFO] [stdout]   21:     0x723389f413d4 - clone
[INFO] [stdout]   22:                0x0 - <unknown>
[INFO] [stdout] 
[INFO] [stdout] ---- tests::forensics::chacha20::test_xor_encrypting_leaves_nothing stdout ----
[INFO] [stdout] 
[INFO] [stdout]   nothing held yet             score          223  widest    32  runs         960557  swept      29016992  whole yes
[INFO] [stdout]   xor, encrypting, of the key  score            0  widest     3  runs        1107769  swept      53543376  whole no
[INFO] [stdout]                                score          -223  widest    -29  runs         +147212  swept      +24526384
[INFO] [stdout] 
[INFO] [stdout] 
[INFO] [stdout]   nothing held yet             score        18237  widest  1024  runs       28673199  swept      29016992  whole yes
[INFO] [stdout]   xor, encrypting, of the plaintext score        18234  widest  1024  runs       53152703  swept      53543376  whole yes
[INFO] [stdout]                                score            -3  widest     +0  runs       +24479504  swept      +24526384
[INFO] [stdout] 
[INFO] [stdout] 
[INFO] [stdout] thread 'tests::forensics::chacha20::test_xor_encrypting_leaves_nothing' (1483) panicked at /opt/rustwide/cargo-home/registry/src/index.crates.io-1949cf8c6b5b557f/redoubt-forensics-core-0.1.0-rc.18/src/verdicts.rs:55:5:
[INFO] [stdout] the whole secret was left behind by xor, encrypting, of the plaintext: score        18234  widest  1024  runs       53152703  swept      53543376  whole yes
[INFO] [stdout] stack backtrace:
[INFO] [stdout]    0:     0x610306e207d1 - <<std[70759c8f55707aa4]::sys::backtrace::BacktraceLock>::print::DisplayBacktrace as core[df12db4294e9bfd3]::fmt::Display>::fmt
[INFO] [stdout]    1:     0x610306e362fa - core[df12db4294e9bfd3]::fmt::write
[INFO] [stdout]    2:     0x610306e250cc - <alloc[2182bb758b4b3781]::vec::Vec<u8> as core[df12db4294e9bfd3]::io::write::Write>::write_fmt
[INFO] [stdout]    3:     0x610306dfb856 - std[70759c8f55707aa4]::panicking::default_hook::{closure#0}
[INFO] [stdout]    4:     0x610306e18c29 - std[70759c8f55707aa4]::panicking::default_hook
[INFO] [stdout]    5:     0x610306d9a770 - test[9d35eded1c95d3be]::test_main_inner::<test[9d35eded1c95d3be]::test_main_static::{closure#0}>::{closure#0}
[INFO] [stdout]    6:     0x610306e18de2 - std[70759c8f55707aa4]::panicking::panic_with_hook
[INFO] [stdout]    7:     0x610306dfb902 - std[70759c8f55707aa4]::panicking::panic_handler::{closure#0}
[INFO] [stdout]    8:     0x610306df4539 - std[70759c8f55707aa4]::sys::backtrace::__rust_end_short_backtrace::<std[70759c8f55707aa4]::panicking::panic_handler::{closure#0}, !>
[INFO] [stdout]    9:     0x610306dfc3dd - __rustc[8fa7c3cbc660c2b3]::rust_begin_unwind
[INFO] [stdout]   10:     0x610306e36a5c - core[df12db4294e9bfd3]::panicking::panic_fmt
[INFO] [stdout]   11:     0x610306de45c8 - redoubt_forensics_core[cf987b55d04f23cd]::verdicts::leaves_nothing
[INFO] [stdout]   12:     0x610306de334b - <redoubt_forensics_core[cf987b55d04f23cd]::watching::Watching>::none_left
[INFO] [stdout]   13:     0x610306d73e02 - redoubt_chacha[2f3c075c49411920]::tests::forensics::chacha20::test_xor_encrypting_leaves_nothing
[INFO] [stdout]   14:     0x610306d798bd - <redoubt_chacha[2f3c075c49411920]::tests::forensics::chacha20::test_xor_encrypting_leaves_nothing::{closure#0} as core[df12db4294e9bfd3]::ops::function::FnOnce<()>>::call_once
[INFO] [stdout]   15:     0x610306d8da5b - test[9d35eded1c95d3be]::__rust_begin_short_backtrace::<core[df12db4294e9bfd3]::result::Result<(), alloc[2182bb758b4b3781]::string::String>, fn() -> core[df12db4294e9bfd3]::result::Result<(), alloc[2182bb758b4b3781]::string::String>>
[INFO] [stdout]   16:     0x610306d9b0c5 - test[9d35eded1c95d3be]::run_test::{closure#0}
[INFO] [stdout]   17:     0x610306d94984 - std[70759c8f55707aa4]::sys::backtrace::__rust_begin_short_backtrace::<test[9d35eded1c95d3be]::run_test::{closure#1}, ()>
[INFO] [stdout]   18:     0x610306d9e222 - <std[70759c8f55707aa4]::thread::lifecycle::spawn_unchecked<test[9d35eded1c95d3be]::run_test::{closure#1}, ()>::{closure#1} as core[df12db4294e9bfd3]::ops::function::FnOnce<()>>::call_once::{shim:vtable#0}
[INFO] [stdout]   19:     0x610306e200a9 - <std[70759c8f55707aa4]::sys::thread::unix::Thread>::new::thread_start
[INFO] [stdout]   20:     0x723389eaddfa - <unknown>
[INFO] [stdout]   21:     0x723389f413d4 - clone
[INFO] [stdout]   22:                0x0 - <unknown>
[INFO] [stdout] 
[INFO] [stdout] ---- tests::forensics::hchacha20::test_subkey_leaves_nothing stdout ----
[INFO] [stdout] 
[INFO] [stdout]   nothing held yet             score          223  widest    32  runs         898540  swept      24060048  whole yes
[INFO] [stdout]   subkey, of the key           score            0  widest     3  runs        1107475  swept      49349072  whole no
[INFO] [stdout]                                score          -223  widest    -29  runs         +208935  swept      +25289024
[INFO] [stdout] 
[INFO] [stdout] 
[INFO] [stdout]   nothing held yet             score          219  widest    32  runs         945931  swept      24060048  whole yes
[INFO] [stdout]   subkey, of the subkey        score          218  widest    32  runs        1151479  swept      49349072  whole yes
[INFO] [stdout]                                score            -1  widest     +0  runs         +205548  swept      +25289024
[INFO] [stdout] 
[INFO] [stdout] 
[INFO] [stdout] thread 'tests::forensics::hchacha20::test_subkey_leaves_nothing' (1484) panicked at /opt/rustwide/cargo-home/registry/src/index.crates.io-1949cf8c6b5b557f/redoubt-forensics-core-0.1.0-rc.18/src/verdicts.rs:55:5:
[INFO] [stdout] the whole secret was left behind by subkey, of the subkey: score          218  widest    32  runs        1151479  swept      49349072  whole yes
[INFO] [stdout] stack backtrace:
[INFO] [stdout]    0:     0x610306e207d1 - <<std[70759c8f55707aa4]::sys::backtrace::BacktraceLock>::print::DisplayBacktrace as core[df12db4294e9bfd3]::fmt::Display>::fmt
[INFO] [stdout]    1:     0x610306e362fa - core[df12db4294e9bfd3]::fmt::write
[INFO] [stdout]    2:     0x610306e250cc - <alloc[2182bb758b4b3781]::vec::Vec<u8> as core[df12db4294e9bfd3]::io::write::Write>::write_fmt
[INFO] [stdout]    3:     0x610306dfb856 - std[70759c8f55707aa4]::panicking::default_hook::{closure#0}
[INFO] [stdout]    4:     0x610306e18c29 - std[70759c8f55707aa4]::panicking::default_hook
[INFO] [stdout]    5:     0x610306d9a770 - test[9d35eded1c95d3be]::test_main_inner::<test[9d35eded1c95d3be]::test_main_static::{closure#0}>::{closure#0}
[INFO] [stdout]    6:     0x610306e18de2 - std[70759c8f55707aa4]::panicking::panic_with_hook
[INFO] [stdout]    7:     0x610306dfb902 - std[70759c8f55707aa4]::panicking::panic_handler::{closure#0}
[INFO] [stdout]    8:     0x610306df4539 - std[70759c8f55707aa4]::sys::backtrace::__rust_end_short_backtrace::<std[70759c8f55707aa4]::panicking::panic_handler::{closure#0}, !>
[INFO] [stdout]    9:     0x610306dfc3dd - __rustc[8fa7c3cbc660c2b3]::rust_begin_unwind
[INFO] [stdout]   10:     0x610306e36a5c - core[df12db4294e9bfd3]::panicking::panic_fmt
[INFO] [stdout]   11:     0x610306de45c8 - redoubt_forensics_core[cf987b55d04f23cd]::verdicts::leaves_nothing
[INFO] [stdout]   12:     0x610306de334b - <redoubt_forensics_core[cf987b55d04f23cd]::watching::Watching>::none_left
[INFO] [stdout]   13:     0x610306d83f05 - redoubt_chacha[2f3c075c49411920]::tests::forensics::hchacha20::test_subkey_leaves_nothing
[INFO] [stdout]   14:     0x610306d79bcd - <redoubt_chacha[2f3c075c49411920]::tests::forensics::hchacha20::test_subkey_leaves_nothing::{closure#0} as core[df12db4294e9bfd3]::ops::function::FnOnce<()>>::call_once
[INFO] [stdout]   15:     0x610306d8da5b - test[9d35eded1c95d3be]::__rust_begin_short_backtrace::<core[df12db4294e9bfd3]::result::Result<(), alloc[2182bb758b4b3781]::string::String>, fn() -> core[df12db4294e9bfd3]::result::Result<(), alloc[2182bb758b4b3781]::string::String>>
[INFO] [stdout]   16:     0x610306d9b0c5 - test[9d35eded1c95d3be]::run_test::{closure#0}
[INFO] [stdout]   17:     0x610306d94984 - std[70759c8f55707aa4]::sys::backtrace::__rust_begin_short_backtrace::<test[9d35eded1c95d3be]::run_test::{closure#1}, ()>
[INFO] [stdout]   18:     0x610306d9e222 - <std[70759c8f55707aa4]::thread::lifecycle::spawn_unchecked<test[9d35eded1c95d3be]::run_test::{closure#1}, ()>::{closure#1} as core[df12db4294e9bfd3]::ops::function::FnOnce<()>>::call_once::{shim:vtable#0}
[INFO] [stdout]   19:     0x610306e200a9 - <std[70759c8f55707aa4]::sys::thread::unix::Thread>::new::thread_start
[INFO] [stdout]   20:     0x723389eaddfa - <unknown>
[INFO] [stdout]   21:     0x723389f413d4 - clone
[INFO] [stdout]   22:                0x0 - <unknown>
[INFO] [stdout] 
[INFO] [stdout] ---- tests::forensics::chacha20::test_xor_decrypting_leaves_nothing stdout ----
[INFO] [stdout] 
[INFO] [stdout]   nothing held yet             score            0  widest     3  runs        1023052  swept      29655968  whole no
[INFO] [stdout]   xor, decrypting, of the key  score            0  widest     3  runs        1107506  swept      51446224  whole no
[INFO] [stdout]                                score            +0  widest     +0  runs          +84454  swept      +21790256
[INFO] [stdout] 
[INFO] [stdout] 
[INFO] [stdout]   nothing held yet             score        18237  widest  1024  runs       29292146  swept      29655968  whole yes
[INFO] [stdout]   xor, decrypting, of the plaintext score        18234  widest  1024  runs       51055622  swept      51446224  whole yes
[INFO] [stdout]                                score            -3  widest     +0  runs       +21763476  swept      +21790256
[INFO] [stdout] 
[INFO] [stdout] 
[INFO] [stdout] thread 'tests::forensics::chacha20::test_xor_decrypting_leaves_nothing' (1482) panicked at /opt/rustwide/cargo-home/registry/src/index.crates.io-1949cf8c6b5b557f/redoubt-forensics-core-0.1.0-rc.18/src/verdicts.rs:55:5:
[INFO] [stdout] the whole secret was left behind by xor, decrypting, of the plaintext: score        18234  widest  1024  runs       51055622  swept      51446224  whole yes
[INFO] [stdout] stack backtrace:
[INFO] [stdout]    0:     0x610306e207d1 - <<std[70759c8f55707aa4]::sys::backtrace::BacktraceLock>::print::DisplayBacktrace as core[df12db4294e9bfd3]::fmt::Display>::fmt
[INFO] [stdout]    1:     0x610306e362fa - core[df12db4294e9bfd3]::fmt::write
[INFO] [stdout]    2:     0x610306e250cc - <alloc[2182bb758b4b3781]::vec::Vec<u8> as core[df12db4294e9bfd3]::io::write::Write>::write_fmt
[INFO] [stdout]    3:     0x610306dfb856 - std[70759c8f55707aa4]::panicking::default_hook::{closure#0}
[INFO] [stdout]    4:     0x610306e18c29 - std[70759c8f55707aa4]::panicking::default_hook
[INFO] [stdout]    5:     0x610306d9a770 - test[9d35eded1c95d3be]::test_main_inner::<test[9d35eded1c95d3be]::test_main_static::{closure#0}>::{closure#0}
[INFO] [stdout]    6:     0x610306e18de2 - std[70759c8f55707aa4]::panicking::panic_with_hook
[INFO] [stdout]    7:     0x610306dfb902 - std[70759c8f55707aa4]::panicking::panic_handler::{closure#0}
[INFO] [stdout]    8:     0x610306df4539 - std[70759c8f55707aa4]::sys::backtrace::__rust_end_short_backtrace::<std[70759c8f55707aa4]::panicking::panic_handler::{closure#0}, !>
[INFO] [stdout]    9:     0x610306dfc3dd - __rustc[8fa7c3cbc660c2b3]::rust_begin_unwind
[INFO] [stdout]   10:     0x610306e36a5c - core[df12db4294e9bfd3]::panicking::panic_fmt
[INFO] [stdout]   11:     0x610306de45c8 - redoubt_forensics_core[cf987b55d04f23cd]::verdicts::leaves_nothing
[INFO] [stdout]   12:     0x610306de334b - <redoubt_forensics_core[cf987b55d04f23cd]::watching::Watching>::none_left
[INFO] [stdout]   13:     0x610306d73515 - redoubt_chacha[2f3c075c49411920]::tests::forensics::chacha20::test_xor_decrypting_leaves_nothing
[INFO] [stdout]   14:     0x610306d7984d - <redoubt_chacha[2f3c075c49411920]::tests::forensics::chacha20::test_xor_decrypting_leaves_nothing::{closure#0} as core[df12db4294e9bfd3]::ops::function::FnOnce<()>>::call_once
[INFO] [stdout]   15:     0x610306d8da5b - test[9d35eded1c95d3be]::__rust_begin_short_backtrace::<core[df12db4294e9bfd3]::result::Result<(), alloc[2182bb758b4b3781]::string::String>, fn() -> core[df12db4294e9bfd3]::result::Result<(), alloc[2182bb758b4b3781]::string::String>>
[INFO] [stdout]   16:     0x610306d9b0c5 - test[9d35eded1c95d3be]::run_test::{closure#0}
[INFO] [stdout]   17:     0x610306d94984 - std[70759c8f55707aa4]::sys::backtrace::__rust_begin_short_backtrace::<test[9d35eded1c95d3be]::run_test::{closure#1}, ()>
[INFO] [stdout]   18:     0x610306d9e222 - <std[70759c8f55707aa4]::thread::lifecycle::spawn_unchecked<test[9d35eded1c95d3be]::run_test::{closure#1}, ()>::{closure#1} as core[df12db4294e9bfd3]::ops::function::FnOnce<()>>::call_once::{shim:vtable#0}
[INFO] [stdout]   19:     0x610306e200a9 - <std[70759c8f55707aa4]::sys::thread::unix::Thread>::new::thread_start
[INFO] [stdout]   20:     0x723389eaddfa - <unknown>
[INFO] [stdout]   21:     0x723389f413d4 - clone
[INFO] [stdout]   22:                0x0 - <unknown>
[INFO] [stdout] 
[INFO] [stdout] ---- tests::forensics::xchacha20::test_xor_decrypting_leaves_nothing stdout ----
[INFO] [stdout] 
[INFO] [stdout]   nothing held yet             score            0  widest     3  runs        1074186  swept      30213024  whole no
[INFO] [stdout]   xor, decrypting, of the key  score            0  widest     3  runs        1108060  swept      57737680  whole no
[INFO] [stdout]                                score            +0  widest     +0  runs          +33874  swept      +27524656
[INFO] [stdout] 
[INFO] [stdout] 
[INFO] [stdout]   nothing held yet             score        18237  widest  1024  runs       29831175  swept      30213024  whole yes
[INFO] [stdout]   xor, decrypting, of the plaintext score        18234  widest  1024  runs       57346933  swept      57737680  whole yes
[INFO] [stdout]                                score            -3  widest     +0  runs       +27515758  swept      +27524656
[INFO] [stdout] 
[INFO] [stdout] 
[INFO] [stdout] thread 'tests::forensics::xchacha20::test_xor_decrypting_leaves_nothing' (1495) panicked at /opt/rustwide/cargo-home/registry/src/index.crates.io-1949cf8c6b5b557f/redoubt-forensics-core-0.1.0-rc.18/src/verdicts.rs:55:5:
[INFO] [stdout] the whole secret was left behind by xor, decrypting, of the plaintext: score        18234  widest  1024  runs       57346933  swept      57737680  whole yes
[INFO] [stdout] stack backtrace:
[INFO] [stdout]    0:     0x610306e207d1 - <<std[70759c8f55707aa4]::sys::backtrace::BacktraceLock>::print::DisplayBacktrace as core[df12db4294e9bfd3]::fmt::Display>::fmt
[INFO] [stdout]    1:     0x610306e362fa - core[df12db4294e9bfd3]::fmt::write
[INFO] [stdout]    2:     0x610306e250cc - <alloc[2182bb758b4b3781]::vec::Vec<u8> as core[df12db4294e9bfd3]::io::write::Write>::write_fmt
[INFO] [stdout]    3:     0x610306dfb856 - std[70759c8f55707aa4]::panicking::default_hook::{closure#0}
[INFO] [stdout]    4:     0x610306e18c29 - std[70759c8f55707aa4]::panicking::default_hook
[INFO] [stdout]    5:     0x610306d9a770 - test[9d35eded1c95d3be]::test_main_inner::<test[9d35eded1c95d3be]::test_main_static::{closure#0}>::{closure#0}
[INFO] [stdout]    6:     0x610306e18de2 - std[70759c8f55707aa4]::panicking::panic_with_hook
[INFO] [stdout]    7:     0x610306dfb902 - std[70759c8f55707aa4]::panicking::panic_handler::{closure#0}
[INFO] [stdout]    8:     0x610306df4539 - std[70759c8f55707aa4]::sys::backtrace::__rust_end_short_backtrace::<std[70759c8f55707aa4]::panicking::panic_handler::{closure#0}, !>
[INFO] [stdout]    9:     0x610306dfc3dd - __rustc[8fa7c3cbc660c2b3]::rust_begin_unwind
[INFO] [stdout]   10:     0x610306e36a5c - core[df12db4294e9bfd3]::panicking::panic_fmt
[INFO] [stdout]   11:     0x610306de45c8 - redoubt_forensics_core[cf987b55d04f23cd]::verdicts::leaves_nothing
[INFO] [stdout]   12:     0x610306de334b - <redoubt_forensics_core[cf987b55d04f23cd]::watching::Watching>::none_left
[INFO] [stdout]   13:     0x610306d85007 - redoubt_chacha[2f3c075c49411920]::tests::forensics::xchacha20::test_xor_decrypting_leaves_nothing
[INFO] [stdout]   14:     0x610306d79cad - <redoubt_chacha[2f3c075c49411920]::tests::forensics::xchacha20::test_xor_decrypting_leaves_nothing::{closure#0} as core[df12db4294e9bfd3]::ops::function::FnOnce<()>>::call_once
[INFO] [stdout]   15:     0x610306d8da5b - test[9d35eded1c95d3be]::__rust_begin_short_backtrace::<core[df12db4294e9bfd3]::result::Result<(), alloc[2182bb758b4b3781]::string::String>, fn() -> core[df12db4294e9bfd3]::result::Result<(), alloc[2182bb758b4b3781]::string::String>>
[INFO] [stdout]   16:     0x610306d9b0c5 - test[9d35eded1c95d3be]::run_test::{closure#0}
[INFO] [stdout]   17:     0x610306d94984 - std[70759c8f55707aa4]::sys::backtrace::__rust_begin_short_backtrace::<test[9d35eded1c95d3be]::run_test::{closure#1}, ()>
[INFO] [stdout]   18:     0x610306d9e222 - <std[70759c8f55707aa4]::thread::lifecycle::spawn_unchecked<test[9d35eded1c95d3be]::run_test::{closure#1}, ()>::{closure#1} as core[df12db4294e9bfd3]::ops::function::FnOnce<()>>::call_once::{shim:vtable#0}
[INFO] [stdout]   19:     0x610306e200a9 - <std[70759c8f55707aa4]::sys::thread::unix::Thread>::new::thread_start
[INFO] [stdout]   20:     0x723389eaddfa - <unknown>
[INFO] [stdout]   21:     0x723389f413d4 - clone
[INFO] [stdout]   22:                0x0 - <unknown>
[INFO] [stdout] 
[INFO] [stdout] ---- tests::forensics::xchacha20::test_xor_encrypting_leaves_nothing stdout ----
[INFO] [stdout] 
[INFO] [stdout]   nothing held yet             score            0  widest     3  runs        1074757  swept      30220112  whole no
[INFO] [stdout]   xor, encrypting, of the key  score            0  widest     3  runs        1107951  swept      55640528  whole no
[INFO] [stdout]                                score            +0  widest     +0  runs          +33194  swept      +25420416
[INFO] [stdout] 
[INFO] [stdout] 
[INFO] [stdout]   nothing held yet             score        18237  widest  1024  runs       29838129  swept      30220112  whole yes
[INFO] [stdout]   xor, encrypting, of the plaintext score        18234  widest  1024  runs       55249809  swept      55640528  whole yes
[INFO] [stdout]                                score            -3  widest     +0  runs       +25411680  swept      +25420416
[INFO] [stdout] 
[INFO] [stdout] 
[INFO] [stdout] thread 'tests::forensics::xchacha20::test_xor_encrypting_leaves_nothing' (1508) panicked at /opt/rustwide/cargo-home/registry/src/index.crates.io-1949cf8c6b5b557f/redoubt-forensics-core-0.1.0-rc.18/src/verdicts.rs:55:5:
[INFO] [stdout] the whole secret was left behind by xor, encrypting, of the plaintext: score        18234  widest  1024  runs       55249809  swept      55640528  whole yes
[INFO] [stdout] stack backtrace:
[INFO] [stdout]    0:     0x610306e207d1 - <<std[70759c8f55707aa4]::sys::backtrace::BacktraceLock>::print::DisplayBacktrace as core[df12db4294e9bfd3]::fmt::Display>::fmt
[INFO] [stdout]    1:     0x610306e362fa - core[df12db4294e9bfd3]::fmt::write
[INFO] [stdout]    2:     0x610306e250cc - <alloc[2182bb758b4b3781]::vec::Vec<u8> as core[df12db4294e9bfd3]::io::write::Write>::write_fmt
[INFO] [stdout]    3:     0x610306dfb856 - std[70759c8f55707aa4]::panicking::default_hook::{closure#0}
[INFO] [stdout]    4:     0x610306e18c29 - std[70759c8f55707aa4]::panicking::default_hook
[INFO] [stdout]    5:     0x610306d9a770 - test[9d35eded1c95d3be]::test_main_inner::<test[9d35eded1c95d3be]::test_main_static::{closure#0}>::{closure#0}
[INFO] [stdout]    6:     0x610306e18de2 - std[70759c8f55707aa4]::panicking::panic_with_hook
[INFO] [stdout]    7:     0x610306dfb902 - std[70759c8f55707aa4]::panicking::panic_handler::{closure#0}
[INFO] [stdout]    8:     0x610306df4539 - std[70759c8f55707aa4]::sys::backtrace::__rust_end_short_backtrace::<std[70759c8f55707aa4]::panicking::panic_handler::{closure#0}, !>
[INFO] [stdout]    9:     0x610306dfc3dd - __rustc[8fa7c3cbc660c2b3]::rust_begin_unwind
[INFO] [stdout]   10:     0x610306e36a5c - core[df12db4294e9bfd3]::panicking::panic_fmt
[INFO] [stdout]   11:     0x610306de45c8 - redoubt_forensics_core[cf987b55d04f23cd]::verdicts::leaves_nothing
[INFO] [stdout]   12:     0x610306de334b - <redoubt_forensics_core[cf987b55d04f23cd]::watching::Watching>::none_left
[INFO] [stdout]   13:     0x610306d859a4 - redoubt_chacha[2f3c075c49411920]::tests::forensics::xchacha20::test_xor_encrypting_leaves_nothing
[INFO] [stdout]   14:     0x610306d79d1d - <redoubt_chacha[2f3c075c49411920]::tests::forensics::xchacha20::test_xor_encrypting_leaves_nothing::{closure#0} as core[df12db4294e9bfd3]::ops::function::FnOnce<()>>::call_once
[INFO] [stdout]   15:     0x610306d8da5b - test[9d35eded1c95d3be]::__rust_begin_short_backtrace::<core[df12db4294e9bfd3]::result::Result<(), alloc[2182bb758b4b3781]::string::String>, fn() -> core[df12db4294e9bfd3]::result::Result<(), alloc[2182bb758b4b3781]::string::String>>
[INFO] [stdout]   16:     0x610306d9b0c5 - test[9d35eded1c95d3be]::run_test::{closure#0}
[INFO] [stdout]   17:     0x610306d94984 - std[70759c8f55707aa4]::sys::backtrace::__rust_begin_short_backtrace::<test[9d35eded1c95d3be]::run_test::{closure#1}, ()>
[INFO] [stdout]   18:     0x610306d9e222 - <std[70759c8f55707aa4]::thread::lifecycle::spawn_unchecked<test[9d35eded1c95d3be]::run_test::{closure#1}, ()>::{closure#1} as core[df12db4294e9bfd3]::ops::function::FnOnce<()>>::call_once::{shim:vtable#0}
[INFO] [stdout]   19:     0x610306e200a9 - <std[70759c8f55707aa4]::sys::thread::unix::Thread>::new::thread_start
[INFO] [stdout]   20:     0x723389eaddfa - <unknown>
[INFO] [stdout]   21:     0x723389f413d4 - clone
[INFO] [stdout]   22:                0x0 - <unknown>
[INFO] [stdout] 
[INFO] [stdout] 
[INFO] [stdout] failures:
[INFO] [stdout]     tests::forensics::chacha20::test_xor_bernstein_decrypting_leaves_nothing
[INFO] [stdout]     tests::forensics::chacha20::test_xor_bernstein_encrypting_leaves_nothing
[INFO] [stdout]     tests::forensics::chacha20::test_xor_decrypting_leaves_nothing
[INFO] [stdout]     tests::forensics::chacha20::test_xor_encrypting_leaves_nothing
[INFO] [stdout]     tests::forensics::hchacha20::test_subkey_leaves_nothing
[INFO] [stdout]     tests::forensics::xchacha20::test_xor_decrypting_leaves_nothing
[INFO] [stdout]     tests::forensics::xchacha20::test_xor_encrypting_leaves_nothing
[INFO] [stdout] 
[INFO] [stdout] test result: FAILED. 130 passed; 7 failed; 3 ignored; 0 measured; 0 filtered out; finished in 8.97s
[INFO] [stdout] 
[INFO] [stderr] error: test failed, to rerun pass `--lib`
[INFO] running `Command { std: "docker" "inspect" "499257663d29bcda75493d22f15749937e4016c40baed43f4a654edd0252ed6f", kill_on_drop: false }`
[INFO] running `Command { std: "docker" "rm" "-f" "499257663d29bcda75493d22f15749937e4016c40baed43f4a654edd0252ed6f", kill_on_drop: false }`
[INFO] [stdout] 499257663d29bcda75493d22f15749937e4016c40baed43f4a654edd0252ed6f
