[INFO] fetching crate redoubt-aead-xchachapoly1305 0.1.0-rc.18...
[INFO] testing redoubt-aead-xchachapoly1305-0.1.0-rc.18 against 1.99.0-beta.8+cargoflags=--release for beta-release-1.100-2
[INFO] extracting crate redoubt-aead-xchachapoly1305 0.1.0-rc.18 into /workspace/builds/worker-1-tc1/source
[INFO] started tweaking crates.io crate redoubt-aead-xchachapoly1305 0.1.0-rc.18
[INFO] finished tweaking crates.io crate redoubt-aead-xchachapoly1305 0.1.0-rc.18
[INFO] tweaked toml for crates.io crate redoubt-aead-xchachapoly1305 0.1.0-rc.18 written to /workspace/builds/worker-1-tc1/source/Cargo.toml
[INFO] validating manifest of crates.io crate redoubt-aead-xchachapoly1305 0.1.0-rc.18 on toolchain 1.99.0-beta.8
[INFO] running `Command { std: CARGO_HOME="/workspace/cargo-home" RUSTUP_HOME="/workspace/rustup-home" "/workspace/cargo-home/bin/cargo" "+1.99.0-beta.8" "metadata" "--manifest-path" "Cargo.toml" "--no-deps", kill_on_drop: false }`
[INFO] crate crates.io crate redoubt-aead-xchachapoly1305 0.1.0-rc.18 already has a lockfile, it will not be regenerated
[INFO] running `Command { std: CARGO_HOME="/workspace/cargo-home" RUSTUP_HOME="/workspace/rustup-home" "/workspace/cargo-home/bin/cargo" "+1.99.0-beta.8" "fetch" "--manifest-path" "Cargo.toml", kill_on_drop: false }`
[INFO] [stderr]     Updating crates.io index
[INFO] [stderr]  Downloading crates ...
[INFO] [stderr]   Downloaded rstest v0.27.0
[INFO] [stderr]   Downloaded redoubt-zero v0.1.0-rc.18
[INFO] [stderr]   Downloaded redoubt-zero-core v0.1.0-rc.18
[INFO] [stderr]   Downloaded redoubt-zero-derive v0.1.0-rc.18
[INFO] [stderr]   Downloaded rstest_macros v0.27.0
[INFO] [stderr]   Downloaded redoubt-mem v0.1.0-rc.18
[INFO] [stderr]   Downloaded redoubt-util v0.1.0-rc.18
[INFO] [stderr]   Downloaded redoubt-forensics-macros v0.1.0-rc.18
[INFO] [stderr]   Downloaded crabgrind v0.3.1
[INFO] [stderr]   Downloaded redoubt-forensics v0.1.0-rc.18
[INFO] [stderr]   Downloaded redoubt-aead-core v0.1.0-rc.18
[INFO] [stderr]   Downloaded redoubt-asm v0.1.0-rc.18
[INFO] [stderr]   Downloaded redoubt-forensics-allocator v0.1.0-rc.18
[INFO] [stderr]   Downloaded redoubt-eq v0.1.0-rc.18
[INFO] [stderr]   Downloaded quiesce v0.0.1
[INFO] [stderr]   Downloaded redoubt-mem-core v0.1.0-rc.18
[INFO] [stderr]   Downloaded redoubt-poly1305 v0.1.0-rc.18
[INFO] [stderr]   Downloaded redoubt-alloc v0.1.0-rc.18
[INFO] [stderr]   Downloaded redoubt-chacha v0.1.0-rc.18
[INFO] [stderr]   Downloaded redoubt-forensics-core v0.1.0-rc.18
[INFO] [stderr]   Downloaded redoubt-hkdf v0.1.0-rc.18
[INFO] running `Command { std: "docker" "create" "-v" "/var/lib/crater-agent-workspace/builds/worker-1-tc1/source:/opt/rustwide/workdir:ro,Z" "-v" "/var/lib/crater-agent-workspace/builds/worker-1-tc1/target:/opt/rustwide/target:rw,Z" "-v" "/var/lib/crater-agent-workspace/cargo-home:/opt/rustwide/cargo-home:ro,Z" "-v" "/var/lib/crater-agent-workspace/rustup-home:/opt/rustwide/rustup-home:ro,Z" "-m" "1610612736" "--network" "none" "ghcr.io/rust-lang/crates-build-env/linux@sha256:77db811e55d90add9212f6832c23229e3de5f1c1f9905e8cb07319ea15df73ac" "sleep" "infinity", kill_on_drop: false }`
[INFO] [stdout] 680ce506e0c000fddf127480a3d42a5015f05c4846887f4d10b453cc73388e9b
[INFO] running `Command { std: "docker" "start" "680ce506e0c000fddf127480a3d42a5015f05c4846887f4d10b453cc73388e9b", kill_on_drop: false }`
[INFO] running `Command { std: "docker" "inspect" "680ce506e0c000fddf127480a3d42a5015f05c4846887f4d10b453cc73388e9b", kill_on_drop: false }`
[INFO] running `Command { std: "docker" "exec" "-e" "SOURCE_DIR=/opt/rustwide/workdir" "-e" "CARGO_HOME=/opt/rustwide/cargo-home" "-e" "RUSTUP_HOME=/opt/rustwide/rustup-home" "-e" "CARGO_TARGET_DIR=/opt/rustwide/target" "-w" "/opt/rustwide/workdir" "--user" "0:0" "680ce506e0c000fddf127480a3d42a5015f05c4846887f4d10b453cc73388e9b" "/opt/rustwide/cargo-home/bin/cargo" "+1.99.0-beta.8" "metadata" "--no-deps" "--format-version=1", kill_on_drop: false }`
[INFO] running `Command { std: "docker" "inspect" "680ce506e0c000fddf127480a3d42a5015f05c4846887f4d10b453cc73388e9b", kill_on_drop: false }`
[INFO] running `Command { std: "docker" "exec" "-e" "SOURCE_DIR=/opt/rustwide/workdir" "-e" "CARGO_HOME=/opt/rustwide/cargo-home" "-e" "RUSTUP_HOME=/opt/rustwide/rustup-home" "-e" "CARGO_TARGET_DIR=/opt/rustwide/target" "-e" "CARGO_INCREMENTAL=0" "-e" "RUST_BACKTRACE=full" "-e" "RUSTFLAGS=--cap-lints=warn" "-e" "RUSTDOCFLAGS=--cap-lints=warn" "-w" "/opt/rustwide/workdir" "--user" "0:0" "680ce506e0c000fddf127480a3d42a5015f05c4846887f4d10b453cc73388e9b" "/opt/rustwide/cargo-home/bin/cargo" "+1.99.0-beta.8" "build" "--frozen" "--message-format=json" "--release", kill_on_drop: false }`
[INFO] [stderr]    Compiling redoubt-mem-core v0.1.0-rc.18
[INFO] [stderr]    Compiling redoubt-asm v0.1.0-rc.18
[INFO] [stderr]    Compiling redoubt-chacha v0.1.0-rc.18
[INFO] [stderr]    Compiling redoubt-eq v0.1.0-rc.18
[INFO] [stderr]    Compiling redoubt-poly1305 v0.1.0-rc.18
[INFO] [stderr]    Compiling syn v2.0.111
[INFO] [stderr]    Compiling redoubt-mem v0.1.0-rc.18
[INFO] [stderr]    Compiling redoubt-util v0.1.0-rc.18
[INFO] [stderr]    Compiling redoubt-zero-core v0.1.0-rc.18
[INFO] [stderr]    Compiling thiserror-impl v2.0.17
[INFO] [stderr]    Compiling redoubt-zero-derive v0.1.0-rc.18
[INFO] [stderr]    Compiling redoubt-zero v0.1.0-rc.18
[INFO] [stderr]    Compiling thiserror v2.0.17
[INFO] [stderr]    Compiling redoubt-aead-core v0.1.0-rc.18
[INFO] [stderr]    Compiling redoubt-alloc v0.1.0-rc.18
[INFO] [stderr]    Compiling redoubt-aead-xchachapoly1305 v0.1.0-rc.18 (/opt/rustwide/workdir)
[INFO] [stderr]     Finished `release` profile [optimized] target(s) in 5.30s
[INFO] running `Command { std: "docker" "inspect" "680ce506e0c000fddf127480a3d42a5015f05c4846887f4d10b453cc73388e9b", kill_on_drop: false }`
[INFO] running `Command { std: "docker" "exec" "-e" "SOURCE_DIR=/opt/rustwide/workdir" "-e" "CARGO_HOME=/opt/rustwide/cargo-home" "-e" "RUSTUP_HOME=/opt/rustwide/rustup-home" "-e" "CARGO_TARGET_DIR=/opt/rustwide/target" "-e" "CARGO_INCREMENTAL=0" "-e" "RUST_BACKTRACE=full" "-e" "RUSTFLAGS=--cap-lints=warn" "-e" "RUSTDOCFLAGS=--cap-lints=warn" "-w" "/opt/rustwide/workdir" "--user" "0:0" "680ce506e0c000fddf127480a3d42a5015f05c4846887f4d10b453cc73388e9b" "/opt/rustwide/cargo-home/bin/cargo" "+1.99.0-beta.8" "test" "--frozen" "--no-run" "--message-format=json" "--release", kill_on_drop: false }`
[INFO] [stderr]    Compiling syn v2.0.111
[INFO] [stderr]    Compiling rstest_macros v0.27.0
[INFO] [stderr]    Compiling redoubt-forensics-core v0.1.0-rc.18
[INFO] [stderr]    Compiling redoubt-util v0.1.0-rc.18
[INFO] [stderr]    Compiling getrandom v0.3.4
[INFO] [stderr]    Compiling regex v1.12.2
[INFO] [stderr]    Compiling wait-timeout v0.2.1
[INFO] [stderr]    Compiling ppv-lite86 v0.2.21
[INFO] [stderr]    Compiling redoubt-hkdf v0.1.0-rc.18
[INFO] [stderr]    Compiling futures-task v0.3.31
[INFO] [stderr]    Compiling futures-core v0.3.31
[INFO] [stderr]    Compiling glob v0.3.3
[INFO] [stderr]    Compiling bit-vec v0.8.0
[INFO] [stderr]    Compiling relative-path v1.9.3
[INFO] [stderr]    Compiling quiesce v0.0.1
[INFO] [stderr]    Compiling quick-error v1.2.3
[INFO] [stderr]    Compiling redoubt-zero-core v0.1.0-rc.18
[INFO] [stderr]    Compiling futures-util v0.3.31
[INFO] [stderr]    Compiling redoubt-forensics-allocator v0.1.0-rc.18
[INFO] [stderr]    Compiling unarray v0.1.4
[INFO] [stderr]    Compiling futures-timer v3.0.4
[INFO] [stderr]    Compiling rand_core v0.9.3
[INFO] [stderr]    Compiling tempfile v3.24.0
[INFO] [stderr]    Compiling bit-set v0.8.0
[INFO] [stderr]    Compiling rand v0.9.5
[INFO] [stderr]    Compiling rand_xorshift v0.4.0
[INFO] [stderr]    Compiling rand_chacha v0.9.0
[INFO] [stderr]    Compiling rusty-fork v0.3.1
[INFO] [stderr]    Compiling proptest v1.9.0
[INFO] [stderr]    Compiling thiserror-impl v2.0.17
[INFO] [stderr]    Compiling redoubt-zero-derive v0.1.0-rc.18
[INFO] [stderr]    Compiling redoubt-forensics-macros v0.1.0-rc.18
[INFO] [stderr]    Compiling redoubt-zero v0.1.0-rc.18
[INFO] [stderr]    Compiling redoubt-forensics v0.1.0-rc.18
[INFO] [stderr]    Compiling thiserror v2.0.17
[INFO] [stderr]    Compiling redoubt-aead-core v0.1.0-rc.18
[INFO] [stderr]    Compiling redoubt-alloc v0.1.0-rc.18
[INFO] [stderr]    Compiling redoubt-poly1305 v0.1.0-rc.18
[INFO] [stderr]    Compiling redoubt-chacha v0.1.0-rc.18
[INFO] [stderr]    Compiling redoubt-aead-xchachapoly1305 v0.1.0-rc.18 (/opt/rustwide/workdir)
[INFO] [stderr]    Compiling rstest v0.27.0
[INFO] [stderr]     Finished `release` profile [optimized] target(s) in 53.32s
[INFO] running `Command { std: "docker" "inspect" "680ce506e0c000fddf127480a3d42a5015f05c4846887f4d10b453cc73388e9b", kill_on_drop: false }`
[INFO] running `Command { std: "docker" "exec" "-e" "SOURCE_DIR=/opt/rustwide/workdir" "-e" "CARGO_HOME=/opt/rustwide/cargo-home" "-e" "RUSTUP_HOME=/opt/rustwide/rustup-home" "-e" "CARGO_TARGET_DIR=/opt/rustwide/target" "-e" "CARGO_INCREMENTAL=0" "-e" "RUST_BACKTRACE=full" "-e" "RUSTFLAGS=--cap-lints=warn" "-e" "RUSTDOCFLAGS=--cap-lints=warn" "-w" "/opt/rustwide/workdir" "--user" "0:0" "680ce506e0c000fddf127480a3d42a5015f05c4846887f4d10b453cc73388e9b" "/opt/rustwide/cargo-home/bin/cargo" "+1.99.0-beta.8" "test" "--frozen" "--release", kill_on_drop: false }`
[INFO] [stderr]     Finished `release` profile [optimized] target(s) in 0.08s
[INFO] [stderr]      Running unittests src/lib.rs (/opt/rustwide/target/release/deps/redoubt_aead_xchachapoly1305-7d1fe759c65af0be)
[INFO] [stdout] 
[INFO] [stdout] running 67 tests
[INFO] [stdout] test tests::forensics::xchachapoly1305::test_making_one_leaves_nothing ... ignored, Reads no secret: it names a backend.
[INFO] [stdout] test tests::libsodium::test_a_row_with_one_tag_bit_turned_over_disagrees_with_libsodium ... ok
[INFO] [stdout] test tests::libsodium::test_a_length_does_not_prefix_a_longer_one ... ok
[INFO] [stdout] test tests::libsodium::test_a_row_with_one_ciphertext_bit_turned_over_disagrees_with_libsodium ... ok
[INFO] [stdout] test tests::libsodium::test_every_length_agrees_with_libsodium::case_1_rust::shard_3_2 ... ok
[INFO] [stdout] test tests::libsodium::test_every_length_agrees_with_libsodium::case_1_rust::shard_2_1 ... ok
[INFO] [stdout] test tests::libsodium::test_every_length_agrees_with_libsodium::case_1_rust::shard_4_3 ... ok
[INFO] [stdout] test tests::forensics::xchachapoly1305::test_what_decrypting_wrote_is_found_while_the_buffer_holds_it ... ok
[INFO] [stdout] test tests::forensics::xchachapoly1305::test_what_encrypting_wrote_is_found_while_the_buffer_holds_it ... ok
[INFO] [stdout] test tests::forensics::xchachapoly1305::test_the_tag_encrypting_wrote_is_found_while_the_caller_holds_it ... ok
[INFO] [stdout] test tests::libsodium::test_every_length_agrees_with_libsodium::case_1_rust::shard_1_0 ... ok
[INFO] [stdout] test tests::forensics::xchachapoly1305::test_what_tag_wrote_is_found_while_the_caller_holds_it ... ok
[INFO] [stdout] test tests::libsodium::test_every_length_agrees_with_libsodium::case_2_auto::shard_1_0 ... ok
[INFO] [stdout] test tests::libsodium::test_every_length_agrees_with_libsodium::case_1_rust::shard_5_4 ... ok
[INFO] [stdout] test tests::forensics::xchachapoly1305::test_what_one_time_key_wrote_is_found_while_the_caller_holds_it ... ok
[INFO] [stdout] test tests::libsodium::test_every_length_agrees_with_libsodium::case_2_auto::shard_3_2 ... ok
[INFO] [stdout] test tests::forensics::xchachapoly1305::test_what_tag_with_wrote_is_found_while_the_authenticator_holds_it ... ok
[INFO] [stdout] test tests::libsodium::test_every_length_agrees_with_libsodium::case_2_auto::shard_4_3 ... ok
[INFO] [stdout] test tests::libsodium::test_the_file_covers_the_lengths_the_walk_reaches ... ok
[INFO] [stdout] test tests::libsodium::test_the_aad_lengths_are_the_ones_the_file_was_generated_from ... ok
[INFO] [stdout] test tests::libsodium::test_the_material_differs_between_cells ... ok
[INFO] [stdout] test tests::libsodium::test_the_material_differs_between_fields ... ok
[INFO] [stdout] test tests::libsodium::test_every_length_agrees_with_libsodium::case_2_auto::shard_2_1 ... ok
[INFO] [stdout] test tests::libsodium::test_the_material_differs_between_samples ... ok
[INFO] [stdout] test tests::libsodium::test_the_message_lengths_are_the_ones_the_file_was_generated_from ... ok
[INFO] [stdout] test tests::rfc::test_decrypt_returns_the_published_plaintext::case_1_rust ... ok
[INFO] [stdout] test tests::libsodium::test_the_seeds_are_the_ones_the_file_was_generated_from ... ok
[INFO] [stdout] test tests::rfc::test_decrypt_returns_the_published_plaintext::case_2_auto ... ok
[INFO] [stdout] test tests::rfc::test_encrypt_returns_the_published_ciphertext_and_tag::case_2_auto ... ok
[INFO] [stdout] test tests::rfc::test_encrypt_returns_the_published_ciphertext_and_tag::case_1_rust ... ok
[INFO] [stdout] test tests::rfc::test_the_one_time_key_is_the_published_one::case_2_auto ... ok
[INFO] [stdout] test tests::wycheproof::test_decrypt_accepts_what_the_corpus_calls_valid::case_1_rust ... ok
[INFO] [stdout] test tests::wycheproof::test_decrypt_accepts_what_the_corpus_calls_valid::case_2_auto ... ok
[INFO] [stdout] test tests::wycheproof::test_decrypt_refuses_a_nonce_of_the_wrong_width ... ignored, Uncovered: a nonce of the wrong width cannot be passed to an API that takes an array, so these vectors have no call to make. Shell preserved in case the widths ever stop being types.
[INFO] [stdout] test tests::wycheproof::test_decrypt_refuses_a_tag_of_the_wrong_width ... ignored, Uncovered: a tag of the wrong width cannot be passed to an API that takes an array. Shell preserved in case the widths ever stop being types.
[INFO] [stdout] test tests::libsodium::test_the_samples_are_the_ones_the_file_was_generated_from ... ok
[INFO] [stdout] test tests::rfc::test_the_one_time_key_is_the_published_one::case_1_rust ... ok
[INFO] [stdout] test tests::wycheproof::test_decrypt_refuses_what_the_corpus_calls_invalid::case_1_rust ... ok
[INFO] [stdout] test tests::wycheproof::test_decrypt_refuses_what_the_corpus_calls_invalid::case_2_auto ... ok
[INFO] [stdout] test tests::wycheproof::test_decrypt_then_encrypt_returns_the_corpus_to_itself::case_1_rust ... ok
[INFO] [stdout] test tests::wycheproof::test_decrypt_refuses_a_tag_with_one_bit_turned_over::case_2_auto ... ok
[INFO] [stdout] test tests::wycheproof::test_decrypt_then_encrypt_returns_the_corpus_to_itself::case_2_auto ... ok
[INFO] [stdout] test tests::wycheproof::test_decrypt_refuses_a_tag_with_one_bit_turned_over::case_1_rust ... ok
[INFO] [stdout] test tests::wycheproof::test_encrypt_returns_the_ciphertext_and_tag_the_corpus_publishes::case_1_rust ... ok
[INFO] [stdout] test tests::wycheproof::test_the_corpus_is_all_reached_but_the_ones_of_the_wrong_width ... ok
[INFO] [stdout] test tests::wycheproof::test_encrypt_returns_the_ciphertext_and_tag_the_corpus_publishes::case_2_auto ... ok
[INFO] [stdout] test tests::xchachapoly1305::test_decrypt_empties_the_buffer_when_the_tag_does_not_match::case_2_auto ... ok
[INFO] [stdout] test tests::xchachapoly1305::test_decrypt_empties_the_buffer_when_the_tag_does_not_match::case_1_rust ... ok
[INFO] [stdout] test tests::xchachapoly1305::test_decrypt_leaves_the_plaintext_when_the_tag_matches::case_1_rust ... ok
[INFO] [stdout] test tests::xchachapoly1305::test_decrypt_leaves_the_plaintext_when_the_tag_matches::case_2_auto ... ok
[INFO] [stdout] test tests::xchachapoly1305::test_xchachapoly1305_is_zeroizable ... ok
[INFO] [stdout] test tests::xchachapoly1305::test_xchachapoly1305_zeroizes_on_drop ... ok
[INFO] [stdout] test tests::libsodium::test_every_length_agrees_with_libsodium::case_2_auto::shard_5_4 ... ok
[INFO] [stdout] test tests::libsodium::test_every_length_agrees_with_libsodium::case_1_rust::shard_6_5 ... ok
[INFO] [stdout] test tests::libsodium::test_every_length_agrees_with_libsodium::case_1_rust::shard_8_7 ... ok
[INFO] [stdout] test tests::libsodium::test_every_length_agrees_with_libsodium::case_1_rust::shard_7_6 ... ok
[INFO] [stdout] test tests::libsodium::test_every_length_agrees_with_libsodium::case_2_auto::shard_7_6 ... ok
[INFO] [stdout] test tests::libsodium::test_every_length_agrees_with_libsodium::case_2_auto::shard_6_5 ... ok
[INFO] [stdout] test tests::libsodium::test_every_length_agrees_with_libsodium::case_2_auto::shard_8_7 ... ok
[INFO] [stdout] test tests::xchachapoly1305::test_decrypt_returns_what_encrypt_was_given ... ok
[INFO] [stdout] test tests::forensics::xchachapoly1305::test_tag_with_leaves_nothing ... FAILED
[INFO] [stdout] test tests::xchachapoly1305::test_decrypt_refuses_a_tag_with_any_bit_turned_over ... ok
[INFO] [stdout] test tests::forensics::xchachapoly1305::test_one_time_key_leaves_nothing ... FAILED
[INFO] [stdout] test tests::forensics::xchachapoly1305::test_decrypting_leaves_nothing ... FAILED
[INFO] [stdout] test tests::forensics::xchachapoly1305::test_encrypting_leaves_nothing ... FAILED
[INFO] [stdout] test tests::forensics::xchachapoly1305::test_tag_leaves_nothing ... FAILED
[INFO] [stdout] test tests::forensics::xchachapoly1305::test_decrypting_under_a_wrong_tag_leaves_nothing ... FAILED
[INFO] [stdout] 
[INFO] [stdout] failures:
[INFO] [stdout] 
[INFO] [stdout] ---- tests::forensics::xchachapoly1305::test_tag_with_leaves_nothing stdout ----
[INFO] [stdout] 
[INFO] [stdout]   nothing held yet             score            0  widest     2  runs           3121  swept        523184  whole no
[INFO] [stdout]   tag_with, of the one-time key score          316  widest    32  runs        1348080  swept      35875904  whole yes
[INFO] [stdout]                                score          +316  widest    +30  runs        +1344959  swept      +35352720  and the whole secret surfaced
[INFO] [stdout] 
[INFO] [stdout] 
[INFO] [stdout] thread 'tests::forensics::xchachapoly1305::test_tag_with_leaves_nothing' (1181) panicked at /opt/rustwide/cargo-home/registry/src/index.crates.io-1949cf8c6b5b557f/redoubt-forensics-core-0.1.0-rc.18/src/verdicts.rs:55:5:
[INFO] [stdout] the whole secret was left behind by tag_with, of the one-time key: score          316  widest    32  runs        1348080  swept      35875904  whole yes
[INFO] [stdout] stack backtrace:
[INFO] [stdout]    0:     0x615ce1044ca1 - <<std[70759c8f55707aa4]::sys::backtrace::BacktraceLock>::print::DisplayBacktrace as core[df12db4294e9bfd3]::fmt::Display>::fmt
[INFO] [stdout]    1:     0x615ce105a8fa - core[df12db4294e9bfd3]::fmt::write
[INFO] [stdout]    2:     0x615ce104959c - <alloc[2182bb758b4b3781]::vec::Vec<u8> as core[df12db4294e9bfd3]::io::write::Write>::write_fmt
[INFO] [stdout]    3:     0x615ce101fd26 - std[70759c8f55707aa4]::panicking::default_hook::{closure#0}
[INFO] [stdout]    4:     0x615ce103d0f9 - std[70759c8f55707aa4]::panicking::default_hook
[INFO] [stdout]    5:     0x615ce0fb9cb0 - test[9d35eded1c95d3be]::test_main_inner::<test[9d35eded1c95d3be]::test_main_static::{closure#0}>::{closure#0}
[INFO] [stdout]    6:     0x615ce103d2b2 - std[70759c8f55707aa4]::panicking::panic_with_hook
[INFO] [stdout]    7:     0x615ce101fdd2 - std[70759c8f55707aa4]::panicking::panic_handler::{closure#0}
[INFO] [stdout]    8:     0x615ce1018a09 - std[70759c8f55707aa4]::sys::backtrace::__rust_end_short_backtrace::<std[70759c8f55707aa4]::panicking::panic_handler::{closure#0}, !>
[INFO] [stdout]    9:     0x615ce10208ad - __rustc[8fa7c3cbc660c2b3]::rust_begin_unwind
[INFO] [stdout]   10:     0x615ce105b05c - core[df12db4294e9bfd3]::panicking::panic_fmt
[INFO] [stdout]   11:     0x615ce10089c8 - redoubt_forensics_core[cf987b55d04f23cd]::verdicts::leaves_nothing
[INFO] [stdout]   12:     0x615ce100774b - <redoubt_forensics_core[cf987b55d04f23cd]::watching::Watching>::none_left
[INFO] [stdout]   13:     0x615ce0fa5ac8 - redoubt_aead_xchachapoly1305[670b3117a246110c]::tests::forensics::xchachapoly1305::test_tag_with_leaves_nothing
[INFO] [stdout]   14:     0x615ce0f9b1fd - <redoubt_aead_xchachapoly1305[670b3117a246110c]::tests::forensics::xchachapoly1305::test_tag_with_leaves_nothing::{closure#0} as core[df12db4294e9bfd3]::ops::function::FnOnce<()>>::call_once
[INFO] [stdout]   15:     0x615ce0facf9b - test[9d35eded1c95d3be]::__rust_begin_short_backtrace::<core[df12db4294e9bfd3]::result::Result<(), alloc[2182bb758b4b3781]::string::String>, fn() -> core[df12db4294e9bfd3]::result::Result<(), alloc[2182bb758b4b3781]::string::String>>
[INFO] [stdout]   16:     0x615ce0fba605 - test[9d35eded1c95d3be]::run_test::{closure#0}
[INFO] [stdout]   17:     0x615ce0fb3ec4 - std[70759c8f55707aa4]::sys::backtrace::__rust_begin_short_backtrace::<test[9d35eded1c95d3be]::run_test::{closure#1}, ()>
[INFO] [stdout]   18:     0x615ce0fbd762 - <std[70759c8f55707aa4]::thread::lifecycle::spawn_unchecked<test[9d35eded1c95d3be]::run_test::{closure#1}, ()>::{closure#1} as core[df12db4294e9bfd3]::ops::function::FnOnce<()>>::call_once::{shim:vtable#0}
[INFO] [stdout]   19:     0x615ce1044579 - <std[70759c8f55707aa4]::sys::thread::unix::Thread>::new::thread_start
[INFO] [stdout]   20:     0x75307ee92dfa - <unknown>
[INFO] [stdout]   21:     0x75307ef263d4 - clone
[INFO] [stdout]   22:                0x0 - <unknown>
[INFO] [stdout] 
[INFO] [stdout] ---- tests::forensics::xchachapoly1305::test_one_time_key_leaves_nothing stdout ----
[INFO] [stdout] 
[INFO] [stdout]   nothing held yet             score          225  widest    32  runs           5495  swept       4272912  whole yes
[INFO] [stdout]   one_time_key, of the key     score            0  widest     3  runs        3080784  swept      62536768  whole no
[INFO] [stdout]                                score          -225  widest    -29  runs        +3075289  swept      +58263856
[INFO] [stdout] 
[INFO] [stdout] 
[INFO] [stdout]   nothing held yet             score            0  widest     2  runs           5636  swept       4272912  whole no
[INFO] [stdout]   one_time_key, of the one-time key score          316  widest    32  runs        3581376  swept      62536768  whole yes
[INFO] [stdout]                                score          +316  widest    +30  runs        +3575740  swept      +58263856  and the whole secret surfaced
[INFO] [stdout] 
[INFO] [stdout] 
[INFO] [stdout] thread 'tests::forensics::xchachapoly1305::test_one_time_key_leaves_nothing' (1179) panicked at /opt/rustwide/cargo-home/registry/src/index.crates.io-1949cf8c6b5b557f/redoubt-forensics-core-0.1.0-rc.18/src/verdicts.rs:55:5:
[INFO] [stdout] the whole secret was left behind by one_time_key, of the one-time key: score          316  widest    32  runs        3581376  swept      62536768  whole yes
[INFO] [stdout] stack backtrace:
[INFO] [stdout]    0:     0x615ce1044ca1 - <<std[70759c8f55707aa4]::sys::backtrace::BacktraceLock>::print::DisplayBacktrace as core[df12db4294e9bfd3]::fmt::Display>::fmt
[INFO] [stdout]    1:     0x615ce105a8fa - core[df12db4294e9bfd3]::fmt::write
[INFO] [stdout]    2:     0x615ce104959c - <alloc[2182bb758b4b3781]::vec::Vec<u8> as core[df12db4294e9bfd3]::io::write::Write>::write_fmt
[INFO] [stdout]    3:     0x615ce101fd26 - std[70759c8f55707aa4]::panicking::default_hook::{closure#0}
[INFO] [stdout]    4:     0x615ce103d0f9 - std[70759c8f55707aa4]::panicking::default_hook
[INFO] [stdout]    5:     0x615ce0fb9cb0 - test[9d35eded1c95d3be]::test_main_inner::<test[9d35eded1c95d3be]::test_main_static::{closure#0}>::{closure#0}
[INFO] [stdout]    6:     0x615ce103d2b2 - std[70759c8f55707aa4]::panicking::panic_with_hook
[INFO] [stdout]    7:     0x615ce101fdd2 - std[70759c8f55707aa4]::panicking::panic_handler::{closure#0}
[INFO] [stdout]    8:     0x615ce1018a09 - std[70759c8f55707aa4]::sys::backtrace::__rust_end_short_backtrace::<std[70759c8f55707aa4]::panicking::panic_handler::{closure#0}, !>
[INFO] [stdout]    9:     0x615ce10208ad - __rustc[8fa7c3cbc660c2b3]::rust_begin_unwind
[INFO] [stdout]   10:     0x615ce105b05c - core[df12db4294e9bfd3]::panicking::panic_fmt
[INFO] [stdout]   11:     0x615ce10089c8 - redoubt_forensics_core[cf987b55d04f23cd]::verdicts::leaves_nothing
[INFO] [stdout]   12:     0x615ce100774b - <redoubt_forensics_core[cf987b55d04f23cd]::watching::Watching>::none_left
[INFO] [stdout]   13:     0x615ce0fa8213 - redoubt_aead_xchachapoly1305[670b3117a246110c]::tests::forensics::xchachapoly1305::test_one_time_key_leaves_nothing
[INFO] [stdout]   14:     0x615ce0f9b34d - <redoubt_aead_xchachapoly1305[670b3117a246110c]::tests::forensics::xchachapoly1305::test_one_time_key_leaves_nothing::{closure#0} as core[df12db4294e9bfd3]::ops::function::FnOnce<()>>::call_once
[INFO] [stdout]   15:     0x615ce0facf9b - test[9d35eded1c95d3be]::__rust_begin_short_backtrace::<core[df12db4294e9bfd3]::result::Result<(), alloc[2182bb758b4b3781]::string::String>, fn() -> core[df12db4294e9bfd3]::result::Result<(), alloc[2182bb758b4b3781]::string::String>>
[INFO] [stdout]   16:     0x615ce0fba605 - test[9d35eded1c95d3be]::run_test::{closure#0}
[INFO] [stdout]   17:     0x615ce0fb3ec4 - std[70759c8f55707aa4]::sys::backtrace::__rust_begin_short_backtrace::<test[9d35eded1c95d3be]::run_test::{closure#1}, ()>
[INFO] [stdout]   18:     0x615ce0fbd762 - <std[70759c8f55707aa4]::thread::lifecycle::spawn_unchecked<test[9d35eded1c95d3be]::run_test::{closure#1}, ()>::{closure#1} as core[df12db4294e9bfd3]::ops::function::FnOnce<()>>::call_once::{shim:vtable#0}
[INFO] [stdout]   19:     0x615ce1044579 - <std[70759c8f55707aa4]::sys::thread::unix::Thread>::new::thread_start
[INFO] [stdout]   20:     0x75307ee92dfa - <unknown>
[INFO] [stdout]   21:     0x75307ef263d4 - clone
[INFO] [stdout]   22:                0x0 - <unknown>
[INFO] [stdout] 
[INFO] [stdout] ---- tests::forensics::xchachapoly1305::test_decrypting_leaves_nothing stdout ----
[INFO] [stdout] 
[INFO] [stdout]   nothing held yet             score          225  widest    32  runs           5678  swept       4284096  whole yes
[INFO] [stdout]   decrypting, of the key       score            0  widest     3  runs       12842267  swept     200658304  whole no
[INFO] [stdout]                                score          -225  widest    -29  runs       +12836589  swept     +196374208
[INFO] [stdout] 
[INFO] [stdout] 
[INFO] [stdout]   nothing held yet             score            0  widest     3  runs        4282615  swept       4284096  whole no
[INFO] [stdout]   decrypting, of the plaintext score         6088  widest  1024  runs      197596761  swept     200658304  whole yes
[INFO] [stdout]                                score         +6088  widest  +1021  runs      +193314146  swept     +196374208  and the whole secret surfaced
[INFO] [stdout] 
[INFO] [stdout] 
[INFO] [stdout] thread 'tests::forensics::xchachapoly1305::test_decrypting_leaves_nothing' (1176) panicked at /opt/rustwide/cargo-home/registry/src/index.crates.io-1949cf8c6b5b557f/redoubt-forensics-core-0.1.0-rc.18/src/verdicts.rs:55:5:
[INFO] [stdout] the whole secret was left behind by decrypting, of the plaintext: score         6088  widest  1024  runs      197596761  swept     200658304  whole yes
[INFO] [stdout] stack backtrace:
[INFO] [stdout]    0:     0x615ce1044ca1 - <<std[70759c8f55707aa4]::sys::backtrace::BacktraceLock>::print::DisplayBacktrace as core[df12db4294e9bfd3]::fmt::Display>::fmt
[INFO] [stdout]    1:     0x615ce105a8fa - core[df12db4294e9bfd3]::fmt::write
[INFO] [stdout]    2:     0x615ce104959c - <alloc[2182bb758b4b3781]::vec::Vec<u8> as core[df12db4294e9bfd3]::io::write::Write>::write_fmt
[INFO] [stdout]    3:     0x615ce101fd26 - std[70759c8f55707aa4]::panicking::default_hook::{closure#0}
[INFO] [stdout]    4:     0x615ce103d0f9 - std[70759c8f55707aa4]::panicking::default_hook
[INFO] [stdout]    5:     0x615ce0fb9cb0 - test[9d35eded1c95d3be]::test_main_inner::<test[9d35eded1c95d3be]::test_main_static::{closure#0}>::{closure#0}
[INFO] [stdout]    6:     0x615ce103d2b2 - std[70759c8f55707aa4]::panicking::panic_with_hook
[INFO] [stdout]    7:     0x615ce101fdd2 - std[70759c8f55707aa4]::panicking::panic_handler::{closure#0}
[INFO] [stdout]    8:     0x615ce1018a09 - std[70759c8f55707aa4]::sys::backtrace::__rust_end_short_backtrace::<std[70759c8f55707aa4]::panicking::panic_handler::{closure#0}, !>
[INFO] [stdout]    9:     0x615ce10208ad - __rustc[8fa7c3cbc660c2b3]::rust_begin_unwind
[INFO] [stdout]   10:     0x615ce105b05c - core[df12db4294e9bfd3]::panicking::panic_fmt
[INFO] [stdout]   11:     0x615ce10089c8 - redoubt_forensics_core[cf987b55d04f23cd]::verdicts::leaves_nothing
[INFO] [stdout]   12:     0x615ce100774b - <redoubt_forensics_core[cf987b55d04f23cd]::watching::Watching>::none_left
[INFO] [stdout]   13:     0x615ce0fa6843 - redoubt_aead_xchachapoly1305[670b3117a246110c]::tests::forensics::xchachapoly1305::test_decrypting_leaves_nothing
[INFO] [stdout]   14:     0x615ce0f9b26d - <redoubt_aead_xchachapoly1305[670b3117a246110c]::tests::forensics::xchachapoly1305::test_decrypting_leaves_nothing::{closure#0} as core[df12db4294e9bfd3]::ops::function::FnOnce<()>>::call_once
[INFO] [stdout]   15:     0x615ce0facf9b - test[9d35eded1c95d3be]::__rust_begin_short_backtrace::<core[df12db4294e9bfd3]::result::Result<(), alloc[2182bb758b4b3781]::string::String>, fn() -> core[df12db4294e9bfd3]::result::Result<(), alloc[2182bb758b4b3781]::string::String>>
[INFO] [stdout]   16:     0x615ce0fba605 - test[9d35eded1c95d3be]::run_test::{closure#0}
[INFO] [stdout]   17:     0x615ce0fb3ec4 - std[70759c8f55707aa4]::sys::backtrace::__rust_begin_short_backtrace::<test[9d35eded1c95d3be]::run_test::{closure#1}, ()>
[INFO] [stdout]   18:     0x615ce0fbd762 - <std[70759c8f55707aa4]::thread::lifecycle::spawn_unchecked<test[9d35eded1c95d3be]::run_test::{closure#1}, ()>::{closure#1} as core[df12db4294e9bfd3]::ops::function::FnOnce<()>>::call_once::{shim:vtable#0}
[INFO] [stdout]   19:     0x615ce1044579 - <std[70759c8f55707aa4]::sys::thread::unix::Thread>::new::thread_start
[INFO] [stdout]   20:     0x75307ee92dfa - <unknown>
[INFO] [stdout]   21:     0x75307ef263d4 - clone
[INFO] [stdout]   22:                0x0 - <unknown>
[INFO] [stdout] 
[INFO] [stdout] ---- tests::forensics::xchachapoly1305::test_encrypting_leaves_nothing stdout ----
[INFO] [stdout] 
[INFO] [stdout]   nothing held yet             score          224  widest    32  runs          47057  swept      11443584  whole yes
[INFO] [stdout]   encrypting, of the key       score            0  widest     3  runs       23670168  swept     341009952  whole no
[INFO] [stdout]                                score          -224  widest    -29  runs       +23623111  swept     +329566368
[INFO] [stdout] 
[INFO] [stdout] 
[INFO] [stdout]   nothing held yet             score         6092  widest  1024  runs       11433321  swept      11443584  whole yes
[INFO] [stdout]   encrypting, of the plaintext score         6087  widest  1024  runs      335138339  swept     341009952  whole yes
[INFO] [stdout]                                score            -5  widest     +0  runs      +323705018  swept     +329566368
[INFO] [stdout] 
[INFO] [stdout] 
[INFO] [stdout] thread 'tests::forensics::xchachapoly1305::test_encrypting_leaves_nothing' (1178) panicked at /opt/rustwide/cargo-home/registry/src/index.crates.io-1949cf8c6b5b557f/redoubt-forensics-core-0.1.0-rc.18/src/verdicts.rs:55:5:
[INFO] [stdout] the whole secret was left behind by encrypting, of the plaintext: score         6087  widest  1024  runs      335138339  swept     341009952  whole yes
[INFO] [stdout] stack backtrace:
[INFO] [stdout]    0:     0x615ce1044ca1 - <<std[70759c8f55707aa4]::sys::backtrace::BacktraceLock>::print::DisplayBacktrace as core[df12db4294e9bfd3]::fmt::Display>::fmt
[INFO] [stdout]    1:     0x615ce105a8fa - core[df12db4294e9bfd3]::fmt::write
[INFO] [stdout]    2:     0x615ce104959c - <alloc[2182bb758b4b3781]::vec::Vec<u8> as core[df12db4294e9bfd3]::io::write::Write>::write_fmt
[INFO] [stdout]    3:     0x615ce101fd26 - std[70759c8f55707aa4]::panicking::default_hook::{closure#0}
[INFO] [stdout]    4:     0x615ce103d0f9 - std[70759c8f55707aa4]::panicking::default_hook
[INFO] [stdout]    5:     0x615ce0fb9cb0 - test[9d35eded1c95d3be]::test_main_inner::<test[9d35eded1c95d3be]::test_main_static::{closure#0}>::{closure#0}
[INFO] [stdout]    6:     0x615ce103d2b2 - std[70759c8f55707aa4]::panicking::panic_with_hook
[INFO] [stdout]    7:     0x615ce101fdd2 - std[70759c8f55707aa4]::panicking::panic_handler::{closure#0}
[INFO] [stdout]    8:     0x615ce1018a09 - std[70759c8f55707aa4]::sys::backtrace::__rust_end_short_backtrace::<std[70759c8f55707aa4]::panicking::panic_handler::{closure#0}, !>
[INFO] [stdout]    9:     0x615ce10208ad - __rustc[8fa7c3cbc660c2b3]::rust_begin_unwind
[INFO] [stdout]   10:     0x615ce105b05c - core[df12db4294e9bfd3]::panicking::panic_fmt
[INFO] [stdout]   11:     0x615ce10089c8 - redoubt_forensics_core[cf987b55d04f23cd]::verdicts::leaves_nothing
[INFO] [stdout]   12:     0x615ce100774b - <redoubt_forensics_core[cf987b55d04f23cd]::watching::Watching>::none_left
[INFO] [stdout]   13:     0x615ce0fa76a1 - redoubt_aead_xchachapoly1305[670b3117a246110c]::tests::forensics::xchachapoly1305::test_encrypting_leaves_nothing
[INFO] [stdout]   14:     0x615ce0f9b2dd - <redoubt_aead_xchachapoly1305[670b3117a246110c]::tests::forensics::xchachapoly1305::test_encrypting_leaves_nothing::{closure#0} as core[df12db4294e9bfd3]::ops::function::FnOnce<()>>::call_once
[INFO] [stdout]   15:     0x615ce0facf9b - test[9d35eded1c95d3be]::__rust_begin_short_backtrace::<core[df12db4294e9bfd3]::result::Result<(), alloc[2182bb758b4b3781]::string::String>, fn() -> core[df12db4294e9bfd3]::result::Result<(), alloc[2182bb758b4b3781]::string::String>>
[INFO] [stdout]   16:     0x615ce0fba605 - test[9d35eded1c95d3be]::run_test::{closure#0}
[INFO] [stdout]   17:     0x615ce0fb3ec4 - std[70759c8f55707aa4]::sys::backtrace::__rust_begin_short_backtrace::<test[9d35eded1c95d3be]::run_test::{closure#1}, ()>
[INFO] [stdout]   18:     0x615ce0fbd762 - <std[70759c8f55707aa4]::thread::lifecycle::spawn_unchecked<test[9d35eded1c95d3be]::run_test::{closure#1}, ()>::{closure#1} as core[df12db4294e9bfd3]::ops::function::FnOnce<()>>::call_once::{shim:vtable#0}
[INFO] [stdout]   19:     0x615ce1044579 - <std[70759c8f55707aa4]::sys::thread::unix::Thread>::new::thread_start
[INFO] [stdout]   20:     0x75307ee92dfa - <unknown>
[INFO] [stdout]   21:     0x75307ef263d4 - clone
[INFO] [stdout]   22:                0x0 - <unknown>
[INFO] [stdout] 
[INFO] [stdout] ---- tests::forensics::xchachapoly1305::test_tag_leaves_nothing stdout ----
[INFO] [stdout] 
[INFO] [stdout]   nothing held yet             score          318  widest    32  runs         151610  swept      17366080  whole yes
[INFO] [stdout]   tag, of the one-time key     score          310  widest    32  runs       44137660  swept     490362400  whole yes
[INFO] [stdout]                                score            -8  widest     +0  runs       +43986050  swept     +472996320
[INFO] [stdout] 
[INFO] [stdout] 
[INFO] [stdout] thread 'tests::forensics::xchachapoly1305::test_tag_leaves_nothing' (1180) panicked at /opt/rustwide/cargo-home/registry/src/index.crates.io-1949cf8c6b5b557f/redoubt-forensics-core-0.1.0-rc.18/src/verdicts.rs:55:5:
[INFO] [stdout] the whole secret was left behind by tag, of the one-time key: score          310  widest    32  runs       44137660  swept     490362400  whole yes
[INFO] [stdout] stack backtrace:
[INFO] [stdout]    0:     0x615ce1044ca1 - <<std[70759c8f55707aa4]::sys::backtrace::BacktraceLock>::print::DisplayBacktrace as core[df12db4294e9bfd3]::fmt::Display>::fmt
[INFO] [stdout]    1:     0x615ce105a8fa - core[df12db4294e9bfd3]::fmt::write
[INFO] [stdout]    2:     0x615ce104959c - <alloc[2182bb758b4b3781]::vec::Vec<u8> as core[df12db4294e9bfd3]::io::write::Write>::write_fmt
[INFO] [stdout]    3:     0x615ce101fd26 - std[70759c8f55707aa4]::panicking::default_hook::{closure#0}
[INFO] [stdout]    4:     0x615ce103d0f9 - std[70759c8f55707aa4]::panicking::default_hook
[INFO] [stdout]    5:     0x615ce0fb9cb0 - test[9d35eded1c95d3be]::test_main_inner::<test[9d35eded1c95d3be]::test_main_static::{closure#0}>::{closure#0}
[INFO] [stdout]    6:     0x615ce103d2b2 - std[70759c8f55707aa4]::panicking::panic_with_hook
[INFO] [stdout]    7:     0x615ce101fdd2 - std[70759c8f55707aa4]::panicking::panic_handler::{closure#0}
[INFO] [stdout]    8:     0x615ce1018a09 - std[70759c8f55707aa4]::sys::backtrace::__rust_end_short_backtrace::<std[70759c8f55707aa4]::panicking::panic_handler::{closure#0}, !>
[INFO] [stdout]    9:     0x615ce10208ad - __rustc[8fa7c3cbc660c2b3]::rust_begin_unwind
[INFO] [stdout]   10:     0x615ce105b05c - core[df12db4294e9bfd3]::panicking::panic_fmt
[INFO] [stdout]   11:     0x615ce10089c8 - redoubt_forensics_core[cf987b55d04f23cd]::verdicts::leaves_nothing
[INFO] [stdout]   12:     0x615ce100774b - <redoubt_forensics_core[cf987b55d04f23cd]::watching::Watching>::none_left
[INFO] [stdout]   13:     0x615ce0fa4fe7 - redoubt_aead_xchachapoly1305[670b3117a246110c]::tests::forensics::xchachapoly1305::test_tag_leaves_nothing
[INFO] [stdout]   14:     0x615ce0f9b18d - <redoubt_aead_xchachapoly1305[670b3117a246110c]::tests::forensics::xchachapoly1305::test_tag_leaves_nothing::{closure#0} as core[df12db4294e9bfd3]::ops::function::FnOnce<()>>::call_once
[INFO] [stdout]   15:     0x615ce0facf9b - test[9d35eded1c95d3be]::__rust_begin_short_backtrace::<core[df12db4294e9bfd3]::result::Result<(), alloc[2182bb758b4b3781]::string::String>, fn() -> core[df12db4294e9bfd3]::result::Result<(), alloc[2182bb758b4b3781]::string::String>>
[INFO] [stdout]   16:     0x615ce0fba605 - test[9d35eded1c95d3be]::run_test::{closure#0}
[INFO] [stdout]   17:     0x615ce0fb3ec4 - std[70759c8f55707aa4]::sys::backtrace::__rust_begin_short_backtrace::<test[9d35eded1c95d3be]::run_test::{closure#1}, ()>
[INFO] [stdout]   18:     0x615ce0fbd762 - <std[70759c8f55707aa4]::thread::lifecycle::spawn_unchecked<test[9d35eded1c95d3be]::run_test::{closure#1}, ()>::{closure#1} as core[df12db4294e9bfd3]::ops::function::FnOnce<()>>::call_once::{shim:vtable#0}
[INFO] [stdout]   19:     0x615ce1044579 - <std[70759c8f55707aa4]::sys::thread::unix::Thread>::new::thread_start
[INFO] [stdout]   20:     0x75307ee92dfa - <unknown>
[INFO] [stdout]   21:     0x75307ef263d4 - clone
[INFO] [stdout]   22:                0x0 - <unknown>
[INFO] [stdout] 
[INFO] [stdout] ---- tests::forensics::xchachapoly1305::test_decrypting_under_a_wrong_tag_leaves_nothing stdout ----
[INFO] [stdout] 
[INFO] [stdout]   nothing held yet             score            0  widest     2  runs         100582  swept      12253488  whole no
[INFO] [stdout]   decrypting under a wrong tag, of the key score            0  widest     3  runs       52396366  swept     685835808  whole no
[INFO] [stdout]                                score            +0  widest     +1  runs       +52295784  swept     +673582320
[INFO] [stdout] 
[INFO] [stdout] 
[INFO] [stdout]   nothing held yet             score         6092  widest  1024  runs       12233204  swept      12253488  whole yes
[INFO] [stdout]   decrypting under a wrong tag, of the plaintext score         6086  widest  1024  runs      671695989  swept     685835808  whole yes
[INFO] [stdout]                                score            -6  widest     +0  runs      +659462785  swept     +673582320
[INFO] [stdout] 
[INFO] [stdout] 
[INFO] [stdout] thread 'tests::forensics::xchachapoly1305::test_decrypting_under_a_wrong_tag_leaves_nothing' (1177) panicked at /opt/rustwide/cargo-home/registry/src/index.crates.io-1949cf8c6b5b557f/redoubt-forensics-core-0.1.0-rc.18/src/verdicts.rs:55:5:
[INFO] [stdout] the whole secret was left behind by decrypting under a wrong tag, of the plaintext: score         6086  widest  1024  runs      671695989  swept     685835808  whole yes
[INFO] [stdout] stack backtrace:
[INFO] [stdout]    0:     0x615ce1044ca1 - <<std[70759c8f55707aa4]::sys::backtrace::BacktraceLock>::print::DisplayBacktrace as core[df12db4294e9bfd3]::fmt::Display>::fmt
[INFO] [stdout]    1:     0x615ce105a8fa - core[df12db4294e9bfd3]::fmt::write
[INFO] [stdout]    2:     0x615ce104959c - <alloc[2182bb758b4b3781]::vec::Vec<u8> as core[df12db4294e9bfd3]::io::write::Write>::write_fmt
[INFO] [stdout]    3:     0x615ce101fd26 - std[70759c8f55707aa4]::panicking::default_hook::{closure#0}
[INFO] [stdout]    4:     0x615ce103d0f9 - std[70759c8f55707aa4]::panicking::default_hook
[INFO] [stdout]    5:     0x615ce0fb9cb0 - test[9d35eded1c95d3be]::test_main_inner::<test[9d35eded1c95d3be]::test_main_static::{closure#0}>::{closure#0}
[INFO] [stdout]    6:     0x615ce103d2b2 - std[70759c8f55707aa4]::panicking::panic_with_hook
[INFO] [stdout]    7:     0x615ce101fdd2 - std[70759c8f55707aa4]::panicking::panic_handler::{closure#0}
[INFO] [stdout]    8:     0x615ce1018a09 - std[70759c8f55707aa4]::sys::backtrace::__rust_end_short_backtrace::<std[70759c8f55707aa4]::panicking::panic_handler::{closure#0}, !>
[INFO] [stdout]    9:     0x615ce10208ad - __rustc[8fa7c3cbc660c2b3]::rust_begin_unwind
[INFO] [stdout]   10:     0x615ce105b05c - core[df12db4294e9bfd3]::panicking::panic_fmt
[INFO] [stdout]   11:     0x615ce10089c8 - redoubt_forensics_core[cf987b55d04f23cd]::verdicts::leaves_nothing
[INFO] [stdout]   12:     0x615ce100774b - <redoubt_forensics_core[cf987b55d04f23cd]::watching::Watching>::none_left
[INFO] [stdout]   13:     0x615ce0fa8e7f - redoubt_aead_xchachapoly1305[670b3117a246110c]::tests::forensics::xchachapoly1305::test_decrypting_under_a_wrong_tag_leaves_nothing
[INFO] [stdout]   14:     0x615ce0f9b3bd - <redoubt_aead_xchachapoly1305[670b3117a246110c]::tests::forensics::xchachapoly1305::test_decrypting_under_a_wrong_tag_leaves_nothing::{closure#0} as core[df12db4294e9bfd3]::ops::function::FnOnce<()>>::call_once
[INFO] [stdout]   15:     0x615ce0facf9b - test[9d35eded1c95d3be]::__rust_begin_short_backtrace::<core[df12db4294e9bfd3]::result::Result<(), alloc[2182bb758b4b3781]::string::String>, fn() -> core[df12db4294e9bfd3]::result::Result<(), alloc[2182bb758b4b3781]::string::String>>
[INFO] [stdout]   16:     0x615ce0fba605 - test[9d35eded1c95d3be]::run_test::{closure#0}
[INFO] [stdout]   17:     0x615ce0fb3ec4 - std[70759c8f55707aa4]::sys::backtrace::__rust_begin_short_backtrace::<test[9d35eded1c95d3be]::run_test::{closure#1}, ()>
[INFO] [stdout]   18:     0x615ce0fbd762 - <std[70759c8f55707aa4]::thread::lifecycle::spawn_unchecked<test[9d35eded1c95d3be]::run_test::{closure#1}, ()>::{closure#1} as core[df12db4294e9bfd3]::ops::function::FnOnce<()>>::call_once::{shim:vtable#0}
[INFO] [stdout]   19:     0x615ce1044579 - <std[70759c8f55707aa4]::sys::thread::unix::Thread>::new::thread_start
[INFO] [stdout]   20:     0x75307ee92dfa - <unknown>
[INFO] [stdout]   21:     0x75307ef263d4 - clone
[INFO] [stdout]   22:                0x0 - <unknown>
[INFO] [stdout] 
[INFO] [stdout] 
[INFO] [stdout] failures:
[INFO] [stdout]     tests::forensics::xchachapoly1305::test_decrypting_leaves_nothing
[INFO] [stdout]     tests::forensics::xchachapoly1305::test_decrypting_under_a_wrong_tag_leaves_nothing
[INFO] [stdout]     tests::forensics::xchachapoly1305::test_encrypting_leaves_nothing
[INFO] [stdout]     tests::forensics::xchachapoly1305::test_one_time_key_leaves_nothing
[INFO] [stdout]     tests::forensics::xchachapoly1305::test_tag_leaves_nothing
[INFO] [stdout]     tests::forensics::xchachapoly1305::test_tag_with_leaves_nothing
[INFO] [stdout] 
[INFO] [stdout] test result: FAILED. 58 passed; 6 failed; 3 ignored; 0 measured; 0 filtered out; finished in 54.98s
[INFO] [stdout] 
[INFO] [stderr] error: test failed, to rerun pass `--lib`
[INFO] running `Command { std: "docker" "inspect" "680ce506e0c000fddf127480a3d42a5015f05c4846887f4d10b453cc73388e9b", kill_on_drop: false }`
[INFO] running `Command { std: "docker" "rm" "-f" "680ce506e0c000fddf127480a3d42a5015f05c4846887f4d10b453cc73388e9b", kill_on_drop: false }`
[INFO] [stdout] 680ce506e0c000fddf127480a3d42a5015f05c4846887f4d10b453cc73388e9b
