[INFO] fetching crate redlux 0.7.0...
[INFO] testing redlux-0.7.0 against 1.99.0-beta.8+cargoflags=--release for beta-release-1.100-2
[INFO] extracting crate redlux 0.7.0 into /workspace/builds/worker-7-tc1/source
[INFO] started tweaking crates.io crate redlux 0.7.0
[INFO] finished tweaking crates.io crate redlux 0.7.0
[INFO] tweaked toml for crates.io crate redlux 0.7.0 written to /workspace/builds/worker-7-tc1/source/Cargo.toml
[INFO] validating manifest of crates.io crate redlux 0.7.0 on toolchain 1.99.0-beta.8
[INFO] running `Command { std: CARGO_HOME="/workspace/cargo-home" RUSTUP_HOME="/workspace/rustup-home" "/workspace/cargo-home/bin/cargo" "+1.99.0-beta.8" "metadata" "--manifest-path" "Cargo.toml" "--no-deps", kill_on_drop: false }`
[INFO] crate crates.io crate redlux 0.7.0 already has a lockfile, it will not be regenerated
[INFO] running `Command { std: CARGO_HOME="/workspace/cargo-home" RUSTUP_HOME="/workspace/rustup-home" "/workspace/cargo-home/bin/cargo" "+1.99.0-beta.8" "fetch" "--manifest-path" "Cargo.toml", kill_on_drop: false }`
[INFO] [stderr]     Updating crates.io index
[INFO] [stderr]  Downloading crates ...
[INFO] [stderr]   Downloaded cpal v0.14.2
[INFO] [stderr]   Downloaded toml_datetime v0.5.1
[INFO] [stderr]   Downloaded rodio v0.16.0
[INFO] [stderr]   Downloaded num_enum v0.5.9
[INFO] [stderr]   Downloaded proc-macro-crate v1.3.0
[INFO] [stderr]   Downloaded num_enum_derive v0.5.9
[INFO] [stderr]   Downloaded raw-window-handle v0.5.0
[INFO] [stderr]   Downloaded oboe v0.4.6
[INFO] [stderr]   Downloaded jobserver v0.1.25
[INFO] [stderr]   Downloaded coreaudio-sys v0.2.11
[INFO] [stderr]   Downloaded fdk-aac v0.4.0
[INFO] [stderr]   Downloaded proc-macro2 v1.0.50
[INFO] [stderr]   Downloaded coreaudio-rs v0.10.0
[INFO] [stderr]   Downloaded clang-sys v1.4.0
[INFO] [stderr]   Downloaded ndk v0.7.0
[INFO] [stderr]   Downloaded toml_edit v0.18.1
[INFO] [stderr]   Downloaded alsa v0.6.0
[INFO] [stderr]   Downloaded oboe-sys v0.4.5
[INFO] [stderr]   Downloaded nom8 v0.2.0
[INFO] [stderr]   Downloaded nix v0.23.2
[INFO] [stderr]   Downloaded ndk-sys v0.4.1+23.1.7779620
[INFO] [stderr]   Downloaded mp4 v0.12.0
[INFO] [stderr]   Downloaded windows_x86_64_msvc v0.37.0
[INFO] [stderr]   Downloaded windows_aarch64_msvc v0.37.0
[INFO] [stderr]   Downloaded windows_i686_msvc v0.37.0
[INFO] [stderr]   Downloaded windows_x86_64_gnu v0.37.0
[INFO] [stderr]   Downloaded windows_i686_gnu v0.37.0
[INFO] [stderr]   Downloaded fdk-aac-sys v0.4.0
[INFO] [stderr]   Downloaded windows v0.37.0
[INFO] running `Command { std: "docker" "create" "-v" "/var/lib/crater-agent-workspace/builds/worker-7-tc1/source:/opt/rustwide/workdir:ro,Z" "-v" "/var/lib/crater-agent-workspace/builds/worker-7-tc1/target:/opt/rustwide/target:rw,Z" "-v" "/var/lib/crater-agent-workspace/cargo-home:/opt/rustwide/cargo-home:ro,Z" "-v" "/var/lib/crater-agent-workspace/rustup-home:/opt/rustwide/rustup-home:ro,Z" "-m" "1610612736" "--network" "none" "ghcr.io/rust-lang/crates-build-env/linux@sha256:77db811e55d90add9212f6832c23229e3de5f1c1f9905e8cb07319ea15df73ac" "sleep" "infinity", kill_on_drop: false }`
[INFO] [stdout] 22c29517ecda334ba0624e8226de722ba63b0867f670d829db172ed18b1d94c8
[INFO] running `Command { std: "docker" "start" "22c29517ecda334ba0624e8226de722ba63b0867f670d829db172ed18b1d94c8", kill_on_drop: false }`
[INFO] running `Command { std: "docker" "inspect" "22c29517ecda334ba0624e8226de722ba63b0867f670d829db172ed18b1d94c8", kill_on_drop: false }`
[INFO] running `Command { std: "docker" "exec" "-e" "SOURCE_DIR=/opt/rustwide/workdir" "-e" "CARGO_HOME=/opt/rustwide/cargo-home" "-e" "RUSTUP_HOME=/opt/rustwide/rustup-home" "-e" "CARGO_TARGET_DIR=/opt/rustwide/target" "-w" "/opt/rustwide/workdir" "--user" "0:0" "22c29517ecda334ba0624e8226de722ba63b0867f670d829db172ed18b1d94c8" "/opt/rustwide/cargo-home/bin/cargo" "+1.99.0-beta.8" "metadata" "--no-deps" "--format-version=1", kill_on_drop: false }`
[INFO] running `Command { std: "docker" "inspect" "22c29517ecda334ba0624e8226de722ba63b0867f670d829db172ed18b1d94c8", kill_on_drop: false }`
[INFO] running `Command { std: "docker" "exec" "-e" "SOURCE_DIR=/opt/rustwide/workdir" "-e" "CARGO_HOME=/opt/rustwide/cargo-home" "-e" "RUSTUP_HOME=/opt/rustwide/rustup-home" "-e" "CARGO_TARGET_DIR=/opt/rustwide/target" "-e" "CARGO_INCREMENTAL=0" "-e" "RUST_BACKTRACE=full" "-e" "RUSTFLAGS=--cap-lints=warn" "-e" "RUSTDOCFLAGS=--cap-lints=warn" "-w" "/opt/rustwide/workdir" "--user" "0:0" "22c29517ecda334ba0624e8226de722ba63b0867f670d829db172ed18b1d94c8" "/opt/rustwide/cargo-home/bin/cargo" "+1.99.0-beta.8" "build" "--frozen" "--message-format=json" "--release", kill_on_drop: false }`
[INFO] [stderr]    Compiling autocfg v1.1.0
[INFO] [stderr]    Compiling libc v0.2.139
[INFO] [stderr]    Compiling proc-macro2 v1.0.50
[INFO] [stderr]    Compiling unicode-ident v1.0.6
[INFO] [stderr]    Compiling quote v1.0.23
[INFO] [stderr]    Compiling syn v1.0.107
[INFO] [stderr]    Compiling pkg-config v0.3.26
[INFO] [stderr]    Compiling serde_derive v1.0.152
[INFO] [stderr]    Compiling serde v1.0.152
[INFO] [stderr]    Compiling thiserror v1.0.38
[INFO] [stderr]    Compiling parking_lot_core v0.9.7
[INFO] [stderr]    Compiling num-traits v0.2.15
[INFO] [stderr]    Compiling memoffset v0.6.5
[INFO] [stderr]    Compiling lock_api v0.4.9
[INFO] [stderr]    Compiling alsa-sys v0.3.1
[INFO] [stderr]    Compiling num-integer v0.1.45
[INFO] [stderr]    Compiling num-bigint v0.4.3
[INFO] [stderr]    Compiling scopeguard v1.1.0
[INFO] [stderr]    Compiling smallvec v1.10.0
[INFO] [stderr]    Compiling num-rational v0.4.1
[INFO] [stderr]    Compiling cpal v0.14.2
[INFO] [stderr]    Compiling serde_json v1.0.91
[INFO] [stderr]    Compiling itoa v1.0.5
[INFO] [stderr]    Compiling ryu v1.0.12
[INFO] [stderr]    Compiling bytes v1.4.0
[INFO] [stderr]    Compiling byteorder v1.4.3
[INFO] [stderr]    Compiling jobserver v0.1.25
[INFO] [stderr]    Compiling cc v1.0.79
[INFO] [stderr]    Compiling nix v0.23.2
[INFO] [stderr]    Compiling parking_lot v0.12.1
[INFO] [stderr]    Compiling fdk-aac-sys v0.4.0
[INFO] [stderr]    Compiling alsa v0.6.0
[INFO] [stderr]    Compiling thiserror-impl v1.0.38
[INFO] [stderr]    Compiling rodio v0.16.0
[INFO] [stderr]    Compiling mp4 v0.12.0
[INFO] [stderr]    Compiling fdk-aac v0.4.0
[INFO] [stderr]    Compiling redlux v0.7.0 (/opt/rustwide/workdir)
[INFO] [stderr]     Finished `release` profile [optimized] target(s) in 2m 55s
[INFO] running `Command { std: "docker" "inspect" "22c29517ecda334ba0624e8226de722ba63b0867f670d829db172ed18b1d94c8", kill_on_drop: false }`
[INFO] running `Command { std: "docker" "exec" "-e" "SOURCE_DIR=/opt/rustwide/workdir" "-e" "CARGO_HOME=/opt/rustwide/cargo-home" "-e" "RUSTUP_HOME=/opt/rustwide/rustup-home" "-e" "CARGO_TARGET_DIR=/opt/rustwide/target" "-e" "CARGO_INCREMENTAL=0" "-e" "RUST_BACKTRACE=full" "-e" "RUSTFLAGS=--cap-lints=warn" "-e" "RUSTDOCFLAGS=--cap-lints=warn" "-w" "/opt/rustwide/workdir" "--user" "0:0" "22c29517ecda334ba0624e8226de722ba63b0867f670d829db172ed18b1d94c8" "/opt/rustwide/cargo-home/bin/cargo" "+1.99.0-beta.8" "test" "--frozen" "--no-run" "--message-format=json" "--release", kill_on_drop: false }`
[INFO] [stderr]    Compiling redlux v0.7.0 (/opt/rustwide/workdir)
[INFO] [stderr]     Finished `release` profile [optimized] target(s) in 9.46s
[INFO] running `Command { std: "docker" "inspect" "22c29517ecda334ba0624e8226de722ba63b0867f670d829db172ed18b1d94c8", kill_on_drop: false }`
[INFO] running `Command { std: "docker" "exec" "-e" "SOURCE_DIR=/opt/rustwide/workdir" "-e" "CARGO_HOME=/opt/rustwide/cargo-home" "-e" "RUSTUP_HOME=/opt/rustwide/rustup-home" "-e" "CARGO_TARGET_DIR=/opt/rustwide/target" "-e" "CARGO_INCREMENTAL=0" "-e" "RUST_BACKTRACE=full" "-e" "RUSTFLAGS=--cap-lints=warn" "-e" "RUSTDOCFLAGS=--cap-lints=warn" "-w" "/opt/rustwide/workdir" "--user" "0:0" "22c29517ecda334ba0624e8226de722ba63b0867f670d829db172ed18b1d94c8" "/opt/rustwide/cargo-home/bin/cargo" "+1.99.0-beta.8" "test" "--frozen" "--release", kill_on_drop: false }`
[INFO] [stderr]     Finished `release` profile [optimized] target(s) in 0.10s
[INFO] [stderr]      Running unittests src/lib.rs (/opt/rustwide/target/release/deps/redlux-1c48976ba74ed341)
[INFO] [stdout] 
[INFO] [stdout] running 0 tests
[INFO] [stdout] 
[INFO] [stdout] test result: ok. 0 passed; 0 failed; 0 ignored; 0 measured; 0 filtered out; finished in 0.00s
[INFO] [stdout] 
[INFO] [stderr]      Running tests/test.rs (/opt/rustwide/target/release/deps/test-c50fb16062e15b79)
[INFO] [stdout] 
[INFO] [stdout] running 2 tests
[INFO] [stderr] ALSA lib confmisc.c:855:(parse_card) [error.core] cannot find card '0'
[INFO] [stderr] ALSA lib conf.c:5211:(_snd_config_evaluate) [error.core] function snd_func_card_inum returned error: No such file or directory
[INFO] [stderr] ALSA lib confmisc.c:422:(snd_func_concat) [error.core] error evaluating strings
[INFO] [stderr] ALSA lib conf.c:5211:(_snd_config_evaluate) [error.core] function snd_func_concat returned error: No such file or directory
[INFO] [stderr] ALSA lib confmisc.c:1342:(snd_func_refer) [error.core] error evaluating name
[INFO] [stderr] ALSA lib conf.c:5211:(_snd_config_evaluate) [error.core] function snd_func_refer returned error: No such file or directory
[INFO] [stderr] ALSA lib conf.c:5734:(snd_config_expand) [error.core] Evaluate error: No such file or directory
[INFO] [stderr] ALSA lib pcm.c:2722:(snd_pcm_open_noupdate) [error.pcm] Unknown PCM default
[INFO] [stderr] ALSA lib confmisc.c:855:(parse_card) [error.core] cannot find card '0'
[INFO] [stderr] ALSA lib conf.c:5211:(_snd_config_evaluate) [error.core] function snd_func_card_inum returned error: No such file or directory
[INFO] [stderr] ALSA lib confmisc.c:422:(snd_func_concat) [error.core] error evaluating strings
[INFO] [stderr] ALSA lib conf.c:5211:(_snd_config_evaluate) [error.core] function snd_func_concat returned error: No such file or directory
[INFO] [stderr] ALSA lib confmisc.c:1342:(snd_func_refer) [error.core] error evaluating name
[INFO] [stderr] ALSA lib conf.c:5211:(_snd_config_evaluate) [error.core] function snd_func_refer returned error: No such file or directory
[INFO] [stderr] ALSA lib conf.c:5734:(snd_config_expand) [error.core] Evaluate error: No such file or directory
[INFO] [stderr] ALSA lib pcm.c:2722:(snd_pcm_open_noupdate) [error.pcm] Unknown PCM default
[INFO] [stdout] test play_m4a ... FAILED
[INFO] [stdout] test play_aac ... FAILED
[INFO] [stdout] 
[INFO] [stdout] failures:
[INFO] [stdout] 
[INFO] [stdout] ---- play_m4a stdout ----
[INFO] [stdout] 
[INFO] [stdout] thread 'play_m4a' (2121) panicked at tests/test.rs:20:41:
[INFO] [stdout] Error creating output stream: DefaultStreamConfigError(DeviceNotAvailable)
[INFO] [stdout] stack backtrace:
[INFO] [stdout]    0:     0x5c92f6a03131 - <<std[70759c8f55707aa4]::sys::backtrace::BacktraceLock>::print::DisplayBacktrace as core[df12db4294e9bfd3]::fmt::Display>::fmt
[INFO] [stdout]    1:     0x5c92f6a1788a - core[df12db4294e9bfd3]::fmt::write
[INFO] [stdout]    2:     0x5c92f6a076fc - <alloc[2182bb758b4b3781]::vec::Vec<u8> as core[df12db4294e9bfd3]::io::write::Write>::write_fmt
[INFO] [stdout]    3:     0x5c92f69df436 - std[70759c8f55707aa4]::panicking::default_hook::{closure#0}
[INFO] [stdout]    4:     0x5c92f69fb739 - std[70759c8f55707aa4]::panicking::default_hook
[INFO] [stdout]    5:     0x5c92f68b3a60 - test[9d35eded1c95d3be]::test_main_inner::<test[9d35eded1c95d3be]::test_main_static::{closure#0}>::{closure#0}
[INFO] [stdout]    6:     0x5c92f69fb8f2 - std[70759c8f55707aa4]::panicking::panic_with_hook
[INFO] [stdout]    7:     0x5c92f69df4e2 - std[70759c8f55707aa4]::panicking::panic_handler::{closure#0}
[INFO] [stdout]    8:     0x5c92f69d8239 - std[70759c8f55707aa4]::sys::backtrace::__rust_end_short_backtrace::<std[70759c8f55707aa4]::panicking::panic_handler::{closure#0}, !>
[INFO] [stdout]    9:     0x5c92f69e00dd - __rustc[8fa7c3cbc660c2b3]::rust_begin_unwind
[INFO] [stdout]   10:     0x5c92f6a17fbc - core[df12db4294e9bfd3]::panicking::panic_fmt
[INFO] [stdout]   11:     0x5c92f6a17d92 - core[df12db4294e9bfd3]::result::unwrap_failed
[INFO] [stdout]   12:     0x5c92f68a0b10 - <test[ecf238e01587f098]::play_m4a::{closure#0} as core[df12db4294e9bfd3]::ops::function::FnOnce<()>>::call_once
[INFO] [stdout]   13:     0x5c92f68a6d4b - test[9d35eded1c95d3be]::__rust_begin_short_backtrace::<core[df12db4294e9bfd3]::result::Result<(), alloc[2182bb758b4b3781]::string::String>, fn() -> core[df12db4294e9bfd3]::result::Result<(), alloc[2182bb758b4b3781]::string::String>>
[INFO] [stdout]   14:     0x5c92f68b43b5 - test[9d35eded1c95d3be]::run_test::{closure#0}
[INFO] [stdout]   15:     0x5c92f68adc74 - std[70759c8f55707aa4]::sys::backtrace::__rust_begin_short_backtrace::<test[9d35eded1c95d3be]::run_test::{closure#1}, ()>
[INFO] [stdout]   16:     0x5c92f68b7512 - <std[70759c8f55707aa4]::thread::lifecycle::spawn_unchecked<test[9d35eded1c95d3be]::run_test::{closure#1}, ()>::{closure#1} as core[df12db4294e9bfd3]::ops::function::FnOnce<()>>::call_once::{shim:vtable#0}
[INFO] [stdout]   17:     0x5c92f6a02a09 - <std[70759c8f55707aa4]::sys::thread::unix::Thread>::new::thread_start
[INFO] [stdout]   18:     0x730854a51dfa - <unknown>
[INFO] [stdout]   19:     0x730854ae53d4 - clone
[INFO] [stdout]   20:                0x0 - <unknown>
[INFO] [stdout] 
[INFO] [stdout] ---- play_aac stdout ----
[INFO] [stdout] 
[INFO] [stdout] thread 'play_aac' (2120) panicked at tests/test.rs:38:41:
[INFO] [stdout] Error creating output stream: DefaultStreamConfigError(DeviceNotAvailable)
[INFO] [stdout] stack backtrace:
[INFO] [stdout]    0:     0x5c92f6a03131 - <<std[70759c8f55707aa4]::sys::backtrace::BacktraceLock>::print::DisplayBacktrace as core[df12db4294e9bfd3]::fmt::Display>::fmt
[INFO] [stdout]    1:     0x5c92f6a1788a - core[df12db4294e9bfd3]::fmt::write
[INFO] [stdout]    2:     0x5c92f6a076fc - <alloc[2182bb758b4b3781]::vec::Vec<u8> as core[df12db4294e9bfd3]::io::write::Write>::write_fmt
[INFO] [stdout]    3:     0x5c92f69df436 - std[70759c8f55707aa4]::panicking::default_hook::{closure#0}
[INFO] [stdout]    4:     0x5c92f69fb739 - std[70759c8f55707aa4]::panicking::default_hook
[INFO] [stdout]    5:     0x5c92f68b3a60 - test[9d35eded1c95d3be]::test_main_inner::<test[9d35eded1c95d3be]::test_main_static::{closure#0}>::{closure#0}
[INFO] [stdout]    6:     0x5c92f69fb8f2 - std[70759c8f55707aa4]::panicking::panic_with_hook
[INFO] [stdout]    7:     0x5c92f69df4e2 - std[70759c8f55707aa4]::panicking::panic_handler::{closure#0}
[INFO] [stdout]    8:     0x5c92f69d8239 - std[70759c8f55707aa4]::sys::backtrace::__rust_end_short_backtrace::<std[70759c8f55707aa4]::panicking::panic_handler::{closure#0}, !>
[INFO] [stdout]    9:     0x5c92f69e00dd - __rustc[8fa7c3cbc660c2b3]::rust_begin_unwind
[INFO] [stdout]   10:     0x5c92f6a17fbc - core[df12db4294e9bfd3]::panicking::panic_fmt
[INFO] [stdout]   11:     0x5c92f6a17d92 - core[df12db4294e9bfd3]::result::unwrap_failed
[INFO] [stdout]   12:     0x5c92f68a058e - <test[ecf238e01587f098]::play_aac::{closure#0} as core[df12db4294e9bfd3]::ops::function::FnOnce<()>>::call_once
[INFO] [stdout]   13:     0x5c92f68a6d4b - test[9d35eded1c95d3be]::__rust_begin_short_backtrace::<core[df12db4294e9bfd3]::result::Result<(), alloc[2182bb758b4b3781]::string::String>, fn() -> core[df12db4294e9bfd3]::result::Result<(), alloc[2182bb758b4b3781]::string::String>>
[INFO] [stdout]   14:     0x5c92f68b43b5 - test[9d35eded1c95d3be]::run_test::{closure#0}
[INFO] [stdout]   15:     0x5c92f68adc74 - std[70759c8f55707aa4]::sys::backtrace::__rust_begin_short_backtrace::<test[9d35eded1c95d3be]::run_test::{closure#1}, ()>
[INFO] [stdout]   16:     0x5c92f68b7512 - <std[70759c8f55707aa4]::thread::lifecycle::spawn_unchecked<test[9d35eded1c95d3be]::run_test::{closure#1}, ()>::{closure#1} as core[df12db4294e9bfd3]::ops::function::FnOnce<()>>::call_once::{shim:vtable#0}
[INFO] [stdout]   17:     0x5c92f6a02a09 - <std[70759c8f55707aa4]::sys::thread::unix::Thread>::new::thread_start
[INFO] [stdout]   18:     0x730854a51dfa - <unknown>
[INFO] [stdout]   19:     0x730854ae53d4 - clone
[INFO] [stdout]   20:                0x0 - <unknown>
[INFO] [stdout] 
[INFO] [stdout] 
[INFO] [stdout] failures:
[INFO] [stdout]     play_aac
[INFO] [stdout]     play_m4a
[INFO] [stdout] 
[INFO] [stdout] test result: FAILED. 0 passed; 2 failed; 0 ignored; 0 measured; 0 filtered out; finished in 0.05s
[INFO] [stdout] 
[INFO] [stderr] error: test failed, to rerun pass `--test test`
[INFO] running `Command { std: "docker" "inspect" "22c29517ecda334ba0624e8226de722ba63b0867f670d829db172ed18b1d94c8", kill_on_drop: false }`
[INFO] running `Command { std: "docker" "rm" "-f" "22c29517ecda334ba0624e8226de722ba63b0867f670d829db172ed18b1d94c8", kill_on_drop: false }`
[INFO] [stdout] 22c29517ecda334ba0624e8226de722ba63b0867f670d829db172ed18b1d94c8
