[INFO] fetching crate redish 0.5.2...
[INFO] testing redish-0.5.2 against 1.99.0-beta.8+cargoflags=--release for beta-release-1.100-2
[INFO] extracting crate redish 0.5.2 into /workspace/builds/worker-1-tc1/source
[INFO] started tweaking crates.io crate redish 0.5.2
[INFO] finished tweaking crates.io crate redish 0.5.2
[INFO] tweaked toml for crates.io crate redish 0.5.2 written to /workspace/builds/worker-1-tc1/source/Cargo.toml
[INFO] validating manifest of crates.io crate redish 0.5.2 on toolchain 1.99.0-beta.8
[INFO] running `Command { std: CARGO_HOME="/workspace/cargo-home" RUSTUP_HOME="/workspace/rustup-home" "/workspace/cargo-home/bin/cargo" "+1.99.0-beta.8" "metadata" "--manifest-path" "Cargo.toml" "--no-deps", kill_on_drop: false }`
[INFO] crate crates.io crate redish 0.5.2 already has a lockfile, it will not be regenerated
[INFO] running `Command { std: CARGO_HOME="/workspace/cargo-home" RUSTUP_HOME="/workspace/rustup-home" "/workspace/cargo-home/bin/cargo" "+1.99.0-beta.8" "fetch" "--manifest-path" "Cargo.toml", kill_on_drop: false }`
[INFO] [stderr]     Updating crates.io index
[INFO] [stderr]  Downloading crates ...
[INFO] [stderr]   Downloaded wit-bindgen v0.46.0
[INFO] [stderr]   Downloaded thiserror v2.0.17
[INFO] [stderr]   Downloaded typemap-ors v1.0.0
[INFO] [stderr]   Downloaded unsafe-any-ors v1.0.0
[INFO] [stderr]   Downloaded log-mdc v0.1.0
[INFO] [stderr]   Downloaded serial_test_derive v3.2.0
[INFO] [stderr]   Downloaded unty v0.0.4
[INFO] [stderr]   Downloaded bincode_derive v2.0.1
[INFO] [stderr]   Downloaded growable-bloom-filter v2.1.1
[INFO] [stderr]   Downloaded thread-id v5.0.0
[INFO] [stderr]   Downloaded clap_lex v0.7.6
[INFO] [stderr]   Downloaded itoa v1.0.15
[INFO] [stderr]   Downloaded serial_test v3.2.0
[INFO] [stderr]   Downloaded mock_instant v0.6.0
[INFO] [stderr]   Downloaded simd-adler32 v0.3.7
[INFO] [stderr]   Downloaded wasm-bindgen-shared v0.2.104
[INFO] [stderr]   Downloaded quote v1.0.41
[INFO] [stderr]   Downloaded wasm-bindgen-macro v0.2.104
[INFO] [stderr]   Downloaded rand_core v0.9.3
[INFO] [stderr]   Downloaded lz4 v1.28.1
[INFO] [stderr]   Downloaded anstyle v1.0.13
[INFO] [stderr]   Downloaded sdd v3.0.10
[INFO] [stderr]   Downloaded destructure_traitobject v0.2.0
[INFO] [stderr]   Downloaded wasm-bindgen-backend v0.2.104
[INFO] [stderr]   Downloaded wasm-bindgen-macro-support v0.2.104
[INFO] [stderr]   Downloaded xxhash-rust v0.8.15
[INFO] [stderr]   Downloaded thiserror-impl v2.0.17
[INFO] [stderr]   Downloaded unicode-ident v1.0.20
[INFO] [stderr]   Downloaded once_cell v1.21.3
[INFO] [stderr]   Downloaded serde_yaml v0.9.34+deprecated
[INFO] [stderr]   Downloaded iana-time-zone v0.1.64
[INFO] [stderr]   Downloaded virtue v0.0.18
[INFO] [stderr]   Downloaded wasm-bindgen v0.2.104
[INFO] [stderr]   Downloaded bitflags v2.10.0
[INFO] [stderr]   Downloaded ryu v1.0.20
[INFO] [stderr]   Downloaded snap v1.1.1
[INFO] [stderr]   Downloaded clap v4.5.50
[INFO] [stderr]   Downloaded cc v1.2.55
[INFO] [stderr]   Downloaded wasip2 v1.0.1+wasi-0.2.4
[INFO] [stderr]   Downloaded proc-macro2 v1.0.102
[INFO] [stderr]   Downloaded log v0.4.28
[INFO] [stderr]   Downloaded log4rs v1.4.0
[INFO] [stderr]   Downloaded flate2 v1.1.4
[INFO] [stderr]   Downloaded derive_more v2.0.1
[INFO] [stderr]   Downloaded js-sys v0.3.81
[INFO] [stderr]   Downloaded anyhow v1.0.100
[INFO] [stderr]   Downloaded bincode v2.0.1
[INFO] [stderr]   Downloaded derive_more-impl v2.0.1
[INFO] [stderr]   Downloaded bumpalo v3.19.0
[INFO] [stderr]   Downloaded arc-swap v1.7.1
[INFO] [stderr]   Downloaded memchr v2.7.6
[INFO] [stderr]   Downloaded zerocopy-derive v0.8.27
[INFO] [stderr]   Downloaded indexmap v2.12.0
[INFO] [stderr]   Downloaded scc v2.4.0
[INFO] [stderr]   Downloaded criterion v0.6.0
[INFO] [stderr]   Downloaded hashbrown v0.16.0
[INFO] [stderr]   Downloaded itertools v0.13.0
[INFO] [stderr]   Downloaded serde_json v1.0.145
[INFO] [stderr]   Downloaded regex v1.12.2
[INFO] [stderr]   Downloaded clap_builder v4.5.50
[INFO] [stderr]   Downloaded zerocopy v0.8.27
[INFO] [stderr]   Downloaded chrono v0.4.42
[INFO] [stderr]   Downloaded syn v2.0.108
[INFO] [stderr]   Downloaded regex-syntax v0.8.8
[INFO] [stderr]   Downloaded lz4-sys v1.11.1+lz4-1.10.0
[INFO] [stderr]   Downloaded regex-automata v0.4.13
[INFO] [stderr]   Downloaded web-sys v0.3.81
[INFO] [stderr]   Downloaded libc v0.2.177
[INFO] running `Command { std: "docker" "create" "-v" "/var/lib/crater-agent-workspace/builds/worker-1-tc1/source:/opt/rustwide/workdir:ro,Z" "-v" "/var/lib/crater-agent-workspace/builds/worker-1-tc1/target:/opt/rustwide/target:rw,Z" "-v" "/var/lib/crater-agent-workspace/cargo-home:/opt/rustwide/cargo-home:ro,Z" "-v" "/var/lib/crater-agent-workspace/rustup-home:/opt/rustwide/rustup-home:ro,Z" "-m" "1610612736" "--network" "none" "ghcr.io/rust-lang/crates-build-env/linux@sha256:77db811e55d90add9212f6832c23229e3de5f1c1f9905e8cb07319ea15df73ac" "sleep" "infinity", kill_on_drop: false }`
[INFO] [stdout] 8d2858dc5a0f35624b96ca8467e992047936dbe695d8d03584023d583c39c05f
[INFO] running `Command { std: "docker" "start" "8d2858dc5a0f35624b96ca8467e992047936dbe695d8d03584023d583c39c05f", kill_on_drop: false }`
[INFO] running `Command { std: "docker" "inspect" "8d2858dc5a0f35624b96ca8467e992047936dbe695d8d03584023d583c39c05f", kill_on_drop: false }`
[INFO] running `Command { std: "docker" "exec" "-e" "SOURCE_DIR=/opt/rustwide/workdir" "-e" "CARGO_HOME=/opt/rustwide/cargo-home" "-e" "RUSTUP_HOME=/opt/rustwide/rustup-home" "-e" "CARGO_TARGET_DIR=/opt/rustwide/target" "-w" "/opt/rustwide/workdir" "--user" "0:0" "8d2858dc5a0f35624b96ca8467e992047936dbe695d8d03584023d583c39c05f" "/opt/rustwide/cargo-home/bin/cargo" "+1.99.0-beta.8" "metadata" "--no-deps" "--format-version=1", kill_on_drop: false }`
[INFO] running `Command { std: "docker" "inspect" "8d2858dc5a0f35624b96ca8467e992047936dbe695d8d03584023d583c39c05f", kill_on_drop: false }`
[INFO] running `Command { std: "docker" "exec" "-e" "SOURCE_DIR=/opt/rustwide/workdir" "-e" "CARGO_HOME=/opt/rustwide/cargo-home" "-e" "RUSTUP_HOME=/opt/rustwide/rustup-home" "-e" "CARGO_TARGET_DIR=/opt/rustwide/target" "-e" "CARGO_INCREMENTAL=0" "-e" "RUST_BACKTRACE=full" "-e" "RUSTFLAGS=--cap-lints=warn" "-e" "RUSTDOCFLAGS=--cap-lints=warn" "-w" "/opt/rustwide/workdir" "--user" "0:0" "8d2858dc5a0f35624b96ca8467e992047936dbe695d8d03584023d583c39c05f" "/opt/rustwide/cargo-home/bin/cargo" "+1.99.0-beta.8" "build" "--frozen" "--message-format=json" "--release", kill_on_drop: false }`
[INFO] [stderr]    Compiling libc v0.2.177
[INFO] [stderr]    Compiling proc-macro2 v1.0.102
[INFO] [stderr]    Compiling quote v1.0.41
[INFO] [stderr]    Compiling unicode-ident v1.0.20
[INFO] [stderr]    Compiling shlex v1.3.0
[INFO] [stderr]    Compiling find-msvc-tools v0.1.9
[INFO] [stderr]    Compiling serde_core v1.0.228
[INFO] [stderr]    Compiling cfg-if v1.0.4
[INFO] [stderr]    Compiling serde v1.0.228
[INFO] [stderr]    Compiling autocfg v1.5.0
[INFO] [stderr]    Compiling zerocopy v0.8.27
[INFO] [stderr]    Compiling pkg-config v0.3.32
[INFO] [stderr]    Compiling getrandom v0.3.4
[INFO] [stderr]    Compiling memchr v2.7.6
[INFO] [stderr]    Compiling parking_lot_core v0.9.12
[INFO] [stderr]    Compiling futures-core v0.3.31
[INFO] [stderr]    Compiling futures-sink v0.3.31
[INFO] [stderr]    Compiling pin-utils v0.1.0
[INFO] [stderr]    Compiling pin-project-lite v0.2.16
[INFO] [stderr]    Compiling futures-task v0.3.31
[INFO] [stderr]    Compiling slab v0.4.11
[INFO] [stderr]    Compiling smallvec v1.15.1
[INFO] [stderr]    Compiling futures-channel v0.3.31
[INFO] [stderr]    Compiling futures-io v0.3.31
[INFO] [stderr]    Compiling scopeguard v1.2.0
[INFO] [stderr]    Compiling crc32fast v1.5.0
[INFO] [stderr]    Compiling itoa v1.0.15
[INFO] [stderr]    Compiling lock_api v0.4.14
[INFO] [stderr]    Compiling zstd-safe v7.2.4
[INFO] [stderr]    Compiling thiserror v2.0.17
[INFO] [stderr]    Compiling destructure_traitobject v0.2.0
[INFO] [stderr]    Compiling unicode-xid v0.2.6
[INFO] [stderr]    Compiling anyhow v1.0.100
[INFO] [stderr]    Compiling serde_json v1.0.145
[INFO] [stderr]    Compiling hashbrown v0.16.0
[INFO] [stderr]    Compiling num-traits v0.2.19
[INFO] [stderr]    Compiling simd-adler32 v0.3.7
[INFO] [stderr]    Compiling equivalent v1.0.2
[INFO] [stderr]    Compiling adler2 v2.0.1
[INFO] [stderr]    Compiling ryu v1.0.20
[INFO] [stderr]    Compiling miniz_oxide v0.8.9
[INFO] [stderr]    Compiling unsafe-any-ors v1.0.0
[INFO] [stderr]    Compiling sdd v3.0.10
[INFO] [stderr]    Compiling virtue v0.0.18
[INFO] [stderr]    Compiling snap v1.1.1
[INFO] [stderr]    Compiling unsafe-libyaml v0.2.11
[INFO] [stderr]    Compiling iana-time-zone v0.1.64
[INFO] [stderr]    Compiling typemap-ors v1.0.0
[INFO] [stderr]    Compiling scc v2.4.0
[INFO] [stderr]    Compiling mock_instant v0.6.0
[INFO] [stderr]    Compiling syn v2.0.108
[INFO] [stderr]    Compiling indexmap v2.12.0
[INFO] [stderr]    Compiling log-mdc v0.1.0
[INFO] [stderr]    Compiling futures-util v0.3.31
[INFO] [stderr]    Compiling unicode-segmentation v1.12.0
[INFO] [stderr]    Compiling humantime v2.3.0
[INFO] [stderr]    Compiling ordered-float v2.10.1
[INFO] [stderr]    Compiling chrono v0.4.42
[INFO] [stderr]    Compiling flate2 v1.1.4
[INFO] [stderr]    Compiling bincode_derive v2.0.1
[INFO] [stderr]    Compiling xxhash-rust v0.8.15
[INFO] [stderr]    Compiling jobserver v0.1.34
[INFO] [stderr]    Compiling thread-id v5.0.0
[INFO] [stderr]    Compiling fnv v1.0.7
[INFO] [stderr]    Compiling rand_core v0.9.3
[INFO] [stderr]    Compiling unty v0.0.4
[INFO] [stderr]    Compiling cc v1.2.55
[INFO] [stderr]    Compiling once_cell v1.21.3
[INFO] [stderr]    Compiling parking_lot v0.12.5
[INFO] [stderr]    Compiling arc-swap v1.7.1
[INFO] [stderr]    Compiling bincode v2.0.1
[INFO] [stderr]    Compiling ppv-lite86 v0.2.21
[INFO] [stderr]    Compiling zstd-sys v2.0.16+zstd.1.5.7
[INFO] [stderr]    Compiling lz4-sys v1.11.1+lz4-1.10.0
[INFO] [stderr]    Compiling serde_bytes v0.11.19
[INFO] [stderr]    Compiling rand_chacha v0.9.0
[INFO] [stderr]    Compiling rand v0.9.2
[INFO] [stderr]    Compiling futures-executor v0.3.31
[INFO] [stderr]    Compiling futures v0.3.31
[INFO] [stderr]    Compiling serde_derive v1.0.228
[INFO] [stderr]    Compiling derive_more-impl v2.0.1
[INFO] [stderr]    Compiling thiserror-impl v2.0.17
[INFO] [stderr]    Compiling derive_more v2.0.1
[INFO] [stderr]    Compiling serial_test_derive v3.2.0
[INFO] [stderr]    Compiling log v0.4.28
[INFO] [stderr]    Compiling serde-value v0.7.0
[INFO] [stderr]    Compiling serde_yaml v0.9.34+deprecated
[INFO] [stderr]    Compiling growable-bloom-filter v2.1.1
[INFO] [stderr]    Compiling serial_test v3.2.0
[INFO] [stderr]    Compiling log4rs v1.4.0
[INFO] [stderr]    Compiling lz4 v1.28.1
[INFO] [stderr]    Compiling zstd v0.13.3
[INFO] [stderr]    Compiling redish v0.5.2 (/opt/rustwide/workdir)
[INFO] [stderr]     Finished `release` profile [optimized] target(s) in 1m 14s
[INFO] running `Command { std: "docker" "inspect" "8d2858dc5a0f35624b96ca8467e992047936dbe695d8d03584023d583c39c05f", kill_on_drop: false }`
[INFO] running `Command { std: "docker" "exec" "-e" "SOURCE_DIR=/opt/rustwide/workdir" "-e" "CARGO_HOME=/opt/rustwide/cargo-home" "-e" "RUSTUP_HOME=/opt/rustwide/rustup-home" "-e" "CARGO_TARGET_DIR=/opt/rustwide/target" "-e" "CARGO_INCREMENTAL=0" "-e" "RUST_BACKTRACE=full" "-e" "RUSTFLAGS=--cap-lints=warn" "-e" "RUSTDOCFLAGS=--cap-lints=warn" "-w" "/opt/rustwide/workdir" "--user" "0:0" "8d2858dc5a0f35624b96ca8467e992047936dbe695d8d03584023d583c39c05f" "/opt/rustwide/cargo-home/bin/cargo" "+1.99.0-beta.8" "test" "--frozen" "--no-run" "--message-format=json" "--release", kill_on_drop: false }`
[INFO] [stderr]    Compiling serde_core v1.0.228
[INFO] [stderr]    Compiling serde v1.0.228
[INFO] [stderr]    Compiling zerocopy v0.8.27
[INFO] [stderr]    Compiling num-traits v0.2.19
[INFO] [stderr]    Compiling crossbeam-utils v0.8.21
[INFO] [stderr]    Compiling either v1.15.0
[INFO] [stderr]    Compiling zerocopy-derive v0.8.27
[INFO] [stderr]    Compiling rayon-core v1.13.0
[INFO] [stderr]    Compiling plotters-backend v0.3.7
[INFO] [stderr]    Compiling regex-syntax v0.8.8
[INFO] [stderr]    Compiling clap_lex v0.7.6
[INFO] [stderr]    Compiling anstyle v1.0.13
[INFO] [stderr]    Compiling ciborium-io v0.2.2
[INFO] [stderr]    Compiling same-file v1.0.6
[INFO] [stderr]    Compiling cast v0.3.0
[INFO] [stderr]    Compiling anes v0.1.6
[INFO] [stderr]    Compiling oorandom v11.1.5
[INFO] [stderr]    Compiling walkdir v2.5.0
[INFO] [stderr]    Compiling itertools v0.10.5
[INFO] [stderr]    Compiling itertools v0.13.0
[INFO] [stderr]    Compiling plotters-svg v0.3.7
[INFO] [stderr]    Compiling clap_builder v4.5.50
[INFO] [stderr]    Compiling crossbeam-epoch v0.9.18
[INFO] [stderr]    Compiling crossbeam-deque v0.8.6
[INFO] [stderr]    Compiling ordered-float v2.10.1
[INFO] [stderr]    Compiling chrono v0.4.42
[INFO] [stderr]    Compiling plotters v0.3.7
[INFO] [stderr]    Compiling criterion-plot v0.5.0
[INFO] [stderr]    Compiling rayon v1.11.0
[INFO] [stderr]    Compiling regex-automata v0.4.13
[INFO] [stderr]    Compiling serde_json v1.0.145
[INFO] [stderr]    Compiling serde_bytes v0.11.19
[INFO] [stderr]    Compiling clap v4.5.50
[INFO] [stderr]    Compiling log v0.4.28
[INFO] [stderr]    Compiling serde_yaml v0.9.34+deprecated
[INFO] [stderr]    Compiling serde-value v0.7.0
[INFO] [stderr]    Compiling growable-bloom-filter v2.1.1
[INFO] [stderr]    Compiling ppv-lite86 v0.2.21
[INFO] [stderr]    Compiling half v2.7.1
[INFO] [stderr]    Compiling ciborium-ll v0.2.2
[INFO] [stderr]    Compiling tinytemplate v1.2.1
[INFO] [stderr]    Compiling serial_test v3.2.0
[INFO] [stderr]    Compiling ciborium v0.2.2
[INFO] [stderr]    Compiling rand_chacha v0.9.0
[INFO] [stderr]    Compiling rand v0.9.2
[INFO] [stderr]    Compiling log4rs v1.4.0
[INFO] [stderr]    Compiling regex v1.12.2
[INFO] [stderr]    Compiling criterion v0.6.0
[INFO] [stderr]    Compiling redish v0.5.2 (/opt/rustwide/workdir)
[INFO] [stdout] warning: struct `TestStruct` is never constructed
[INFO] [stdout]   --> src/tree/test.rs:16:16
[INFO] [stdout]    |
[INFO] [stdout] 16 |     pub struct TestStruct {
[INFO] [stdout]    |                ^^^^^^^^^^
[INFO] [stdout]    |
[INFO] [stdout]    = note: `#[warn(dead_code)]` (part of `#[warn(unused)]`) on by default
[INFO] [stdout] 
[INFO] [stdout] 
[INFO] [stdout] warning: struct `User` is never constructed
[INFO] [stdout]   --> src/tree/test.rs:22:12
[INFO] [stdout]    |
[INFO] [stdout] 22 |     struct User {
[INFO] [stdout]    |            ^^^^
[INFO] [stdout] 
[INFO] [stdout] 
[INFO] [stderr]     Finished `release` profile [optimized] target(s) in 1m 14s
[INFO] running `Command { std: "docker" "inspect" "8d2858dc5a0f35624b96ca8467e992047936dbe695d8d03584023d583c39c05f", kill_on_drop: false }`
[INFO] running `Command { std: "docker" "exec" "-e" "SOURCE_DIR=/opt/rustwide/workdir" "-e" "CARGO_HOME=/opt/rustwide/cargo-home" "-e" "RUSTUP_HOME=/opt/rustwide/rustup-home" "-e" "CARGO_TARGET_DIR=/opt/rustwide/target" "-e" "CARGO_INCREMENTAL=0" "-e" "RUST_BACKTRACE=full" "-e" "RUSTFLAGS=--cap-lints=warn" "-e" "RUSTDOCFLAGS=--cap-lints=warn" "-w" "/opt/rustwide/workdir" "--user" "0:0" "8d2858dc5a0f35624b96ca8467e992047936dbe695d8d03584023d583c39c05f" "/opt/rustwide/cargo-home/bin/cargo" "+1.99.0-beta.8" "test" "--frozen" "--release", kill_on_drop: false }`
[INFO] [stderr] warning: struct `TestStruct` is never constructed
[INFO] [stderr]   --> src/tree/test.rs:16:16
[INFO] [stderr]    |
[INFO] [stderr] 16 |     pub struct TestStruct {
[INFO] [stderr]    |                ^^^^^^^^^^
[INFO] [stderr]    |
[INFO] [stderr]    = note: `#[warn(dead_code)]` (part of `#[warn(unused)]`) on by default
[INFO] [stderr] 
[INFO] [stderr] warning: struct `User` is never constructed
[INFO] [stderr]   --> src/tree/test.rs:22:12
[INFO] [stderr]    |
[INFO] [stderr] 22 |     struct User {
[INFO] [stderr]    |            ^^^^
[INFO] [stderr] 
[INFO] [stderr] warning: `redish` (lib test) generated 2 warnings
[INFO] [stderr]     Finished `release` profile [optimized] target(s) in 0.13s
[INFO] [stderr]      Running unittests src/lib.rs (/opt/rustwide/target/release/deps/redish-6c889fc4019ed7c4)
[INFO] [stdout] 
[INFO] [stdout] running 16 tests
[INFO] [stdout] test tree::test::test::test_continious_write_entries_with_flush_and_random_search ... ignored
[INFO] [stdout] test tree::test::test::test_basic_transaction ... FAILED
[INFO] [stdout] test tree::test::test::test_rw_100k_from_memtable ... FAILED
[INFO] [stdout] test tree::test::test::test_variable_size_loadtest ... ignored
[INFO] [stdout] test tree::test::test::test_write_and_load_entries_with_flush_and_random_search ... ignored
[INFO] [stdout] test tree::test::test::test_compression_performance ... FAILED
[INFO] [stdout] test tree::test::test::test_transaction_rollback ... FAILED
[INFO] [stdout] test tree::test::test::test_crash_recovery_with_wal ... FAILED
[INFO] [stdout] test tree::test::test::test_transaction_update_existing ... FAILED
[INFO] [stdout] test tree::test::test::test_create_trees ... FAILED
[INFO] [stdout] test tree::test::test::test_compression_with_large_objects ... FAILED
[INFO] [stdout] test tree::test::test::test_transaction_isolation ... FAILED
[INFO] [stdout] test tree::test::test::test_commit_transaction_with_key_versions ... FAILED
[INFO] [stdout] test tree::test::test::test_transaction_with_ttl ... FAILED
[INFO] [stdout] test tree::test::test::test_invalid_transaction_operations ... FAILED
[INFO] [stdout] test tree::test::test::test_basic_string_loadtest ... FAILED
[INFO] [stdout] 
[INFO] [stdout] failures:
[INFO] [stdout] 
[INFO] [stdout] ---- tree::test::test::test_basic_transaction stdout ----
[INFO] [stdout] Error: Configuration { message: "Error creating database directory: Read-only file system (os error 30)" }
[INFO] [stdout] 
[INFO] [stdout] ---- tree::test::test::test_rw_100k_from_memtable stdout ----
[INFO] [stdout] Error: Configuration { message: "Error creating database directory: Read-only file system (os error 30)" }
[INFO] [stdout] 
[INFO] [stdout] ---- tree::test::test::test_compression_performance stdout ----
[INFO] [stdout] Testing compression config: CompressionConfig { compression_type: Snappy, level: None, enable_checksum: true, buffer_size: 4096 }
[INFO] [stdout] Error: Configuration { message: "Error creating database directory: Read-only file system (os error 30)" }
[INFO] [stdout] 
[INFO] [stdout] ---- tree::test::test::test_transaction_rollback stdout ----
[INFO] [stdout] Error: Configuration { message: "Error creating database directory: Read-only file system (os error 30)" }
[INFO] [stdout] 
[INFO] [stdout] ---- tree::test::test::test_crash_recovery_with_wal stdout ----
[INFO] [stdout] Error: Configuration { message: "Error creating database directory: Read-only file system (os error 30)" }
[INFO] [stdout] 
[INFO] [stdout] ---- tree::test::test::test_transaction_update_existing stdout ----
[INFO] [stdout] Error: Configuration { message: "Error creating database directory: Read-only file system (os error 30)" }
[INFO] [stdout] 
[INFO] [stdout] ---- tree::test::test::test_create_trees stdout ----
[INFO] [stdout] Error: Configuration { message: "Error creating database directory: Read-only file system (os error 30)" }
[INFO] [stdout] 
[INFO] [stdout] ---- tree::test::test::test_compression_with_large_objects stdout ----
[INFO] [stdout] Error: Configuration { message: "Error creating database directory: Read-only file system (os error 30)" }
[INFO] [stdout] 
[INFO] [stdout] ---- tree::test::test::test_transaction_isolation stdout ----
[INFO] [stdout] Error: Configuration { message: "Error creating database directory: Read-only file system (os error 30)" }
[INFO] [stdout] 
[INFO] [stdout] ---- tree::test::test::test_commit_transaction_with_key_versions stdout ----
[INFO] [stdout] Error: Configuration { message: "Error creating database directory: Read-only file system (os error 30)" }
[INFO] [stdout] 
[INFO] [stdout] ---- tree::test::test::test_transaction_with_ttl stdout ----
[INFO] [stdout] Error: Configuration { message: "Error creating database directory: Read-only file system (os error 30)" }
[INFO] [stdout] 
[INFO] [stdout] ---- tree::test::test::test_invalid_transaction_operations stdout ----
[INFO] [stdout] Error: Configuration { message: "Error creating database directory: Read-only file system (os error 30)" }
[INFO] [stdout] 
[INFO] [stdout] ---- tree::test::test::test_basic_string_loadtest stdout ----
[INFO] [stdout] Error: Configuration { message: "Error creating database directory: Read-only file system (os error 30)" }
[INFO] [stdout] 
[INFO] [stdout] 
[INFO] [stdout] failures:
[INFO] [stdout]     tree::test::test::test_basic_string_loadtest
[INFO] [stdout]     tree::test::test::test_basic_transaction
[INFO] [stdout]     tree::test::test::test_commit_transaction_with_key_versions
[INFO] [stdout]     tree::test::test::test_compression_performance
[INFO] [stdout]     tree::test::test::test_compression_with_large_objects
[INFO] [stdout]     tree::test::test::test_crash_recovery_with_wal
[INFO] [stdout]     tree::test::test::test_create_trees
[INFO] [stdout]     tree::test::test::test_invalid_transaction_operations
[INFO] [stdout]     tree::test::test::test_rw_100k_from_memtable
[INFO] [stdout]     tree::test::test::test_transaction_isolation
[INFO] [stdout]     tree::test::test::test_transaction_rollback
[INFO] [stdout]     tree::test::test::test_transaction_update_existing
[INFO] [stdout]     tree::test::test::test_transaction_with_ttl
[INFO] [stdout] 
[INFO] [stdout] test result: FAILED. 0 passed; 13 failed; 3 ignored; 0 measured; 0 filtered out; finished in 0.04s
[INFO] [stdout] 
[INFO] [stderr] error: test failed, to rerun pass `--lib`
[INFO] running `Command { std: "docker" "inspect" "8d2858dc5a0f35624b96ca8467e992047936dbe695d8d03584023d583c39c05f", kill_on_drop: false }`
[INFO] running `Command { std: "docker" "rm" "-f" "8d2858dc5a0f35624b96ca8467e992047936dbe695d8d03584023d583c39c05f", kill_on_drop: false }`
[INFO] [stdout] 8d2858dc5a0f35624b96ca8467e992047936dbe695d8d03584023d583c39c05f
