[INFO] fetching crate redis_ipc 0.1.3...
[INFO] testing redis_ipc-0.1.3 against 1.100.0-beta.1+cargoflags=--release for beta-release-1.100-2
[INFO] extracting crate redis_ipc 0.1.3 into /workspace/builds/worker-2-tc2/source
[INFO] started tweaking crates.io crate redis_ipc 0.1.3
[INFO] removed 0 missing tests
[INFO] finished tweaking crates.io crate redis_ipc 0.1.3
[INFO] tweaked toml for crates.io crate redis_ipc 0.1.3 written to /workspace/builds/worker-2-tc2/source/Cargo.toml
[INFO] validating manifest of crates.io crate redis_ipc 0.1.3 on toolchain 1.100.0-beta.1
[INFO] running `Command { std: CARGO_HOME="/workspace/cargo-home" RUSTUP_HOME="/workspace/rustup-home" "/workspace/cargo-home/bin/cargo" "+1.100.0-beta.1" "metadata" "--manifest-path" "Cargo.toml" "--no-deps", kill_on_drop: false }`
[INFO] running `Command { std: CARGO_HOME="/workspace/cargo-home" RUSTUP_HOME="/workspace/rustup-home" "/workspace/cargo-home/bin/cargo" "+1.100.0-beta.1" "generate-lockfile" "--manifest-path" "Cargo.toml", kill_on_drop: false }`
[INFO] [stderr]     Updating crates.io index
[INFO] [stderr]      Locking 100 packages to highest compatible versions
[INFO] [stderr]       Adding rand v0.9.5 (available: v0.10.3)
[INFO] [stderr]       Adding redis v0.30.0 (available: v1.7.1)
[INFO] running `Command { std: CARGO_HOME="/workspace/cargo-home" RUSTUP_HOME="/workspace/rustup-home" "/workspace/cargo-home/bin/cargo" "+1.100.0-beta.1" "fetch" "--manifest-path" "Cargo.toml", kill_on_drop: false }`
[INFO] [stderr] warning: `package.homepage` is redundant with `package.repository`
[INFO] [stderr]   --> Cargo.toml:39:12
[INFO] [stderr]    |
[INFO] [stderr] 39 | homepage = "https://github.com/mi7chal/redis-ipc"
[INFO] [stderr]    |            ^^^^^^^^^^^^^^^^^^^^^^^^^^^^^^^^^^^^^^
[INFO] [stderr] ...
[INFO] [stderr] 44 | repository = "https://github.com/mi7chal/redis-ipc"
[INFO] [stderr]    |              --------------------------------------
[INFO] [stderr]    |
[INFO] [stderr]    = note: `cargo::redundant_homepage` is set to `warn` by default
[INFO] [stderr] help: consider removing `package.homepage`
[INFO] [stderr] warning: `redis_ipc` (manifest) generated 1 warning
[INFO] running `Command { std: "docker" "create" "-v" "/var/lib/crater-agent-workspace/builds/worker-2-tc2/source:/opt/rustwide/workdir:ro,Z" "-v" "/var/lib/crater-agent-workspace/builds/worker-2-tc2/target:/opt/rustwide/target:rw,Z" "-v" "/var/lib/crater-agent-workspace/cargo-home:/opt/rustwide/cargo-home:ro,Z" "-v" "/var/lib/crater-agent-workspace/rustup-home:/opt/rustwide/rustup-home:ro,Z" "-m" "1610612736" "--network" "none" "ghcr.io/rust-lang/crates-build-env/linux@sha256:77db811e55d90add9212f6832c23229e3de5f1c1f9905e8cb07319ea15df73ac" "sleep" "infinity", kill_on_drop: false }`
[INFO] [stdout] 2c60bcbcadf59b892b7824b1ab684f78f4c18da36fecd96e185f5b546d7adccd
[INFO] running `Command { std: "docker" "start" "2c60bcbcadf59b892b7824b1ab684f78f4c18da36fecd96e185f5b546d7adccd", kill_on_drop: false }`
[INFO] running `Command { std: "docker" "inspect" "2c60bcbcadf59b892b7824b1ab684f78f4c18da36fecd96e185f5b546d7adccd", kill_on_drop: false }`
[INFO] running `Command { std: "docker" "exec" "-e" "SOURCE_DIR=/opt/rustwide/workdir" "-e" "CARGO_HOME=/opt/rustwide/cargo-home" "-e" "RUSTUP_HOME=/opt/rustwide/rustup-home" "-e" "CARGO_TARGET_DIR=/opt/rustwide/target" "-w" "/opt/rustwide/workdir" "--user" "0:0" "2c60bcbcadf59b892b7824b1ab684f78f4c18da36fecd96e185f5b546d7adccd" "/opt/rustwide/cargo-home/bin/cargo" "+1.100.0-beta.1" "metadata" "--no-deps" "--format-version=1", kill_on_drop: false }`
[INFO] running `Command { std: "docker" "inspect" "2c60bcbcadf59b892b7824b1ab684f78f4c18da36fecd96e185f5b546d7adccd", kill_on_drop: false }`
[INFO] running `Command { std: "docker" "exec" "-e" "SOURCE_DIR=/opt/rustwide/workdir" "-e" "CARGO_HOME=/opt/rustwide/cargo-home" "-e" "RUSTUP_HOME=/opt/rustwide/rustup-home" "-e" "CARGO_TARGET_DIR=/opt/rustwide/target" "-e" "CARGO_INCREMENTAL=0" "-e" "RUST_BACKTRACE=full" "-e" "RUSTFLAGS=--cap-lints=warn" "-e" "RUSTDOCFLAGS=--cap-lints=warn" "-w" "/opt/rustwide/workdir" "--user" "0:0" "2c60bcbcadf59b892b7824b1ab684f78f4c18da36fecd96e185f5b546d7adccd" "/opt/rustwide/cargo-home/bin/cargo" "+1.100.0-beta.1" "build" "--frozen" "--message-format=json" "--release", kill_on_drop: false }`
[INFO] [stderr] warning: `package.homepage` is redundant with `package.repository`
[INFO] [stderr]   --> Cargo.toml:39:12
[INFO] [stderr]    |
[INFO] [stderr] 39 | homepage = "https://github.com/mi7chal/redis-ipc"
[INFO] [stderr]    |            ^^^^^^^^^^^^^^^^^^^^^^^^^^^^^^^^^^^^^^
[INFO] [stderr] ...
[INFO] [stderr] 44 | repository = "https://github.com/mi7chal/redis-ipc"
[INFO] [stderr]    |              --------------------------------------
[INFO] [stderr]    |
[INFO] [stderr]    = note: `cargo::redundant_homepage` is set to `warn` by default
[INFO] [stderr] help: consider removing `package.homepage`
[INFO] [stderr] warning: `redis_ipc` (manifest) generated 1 warning
[INFO] [stderr]    Compiling smallvec v1.16.3
[INFO] [stderr]    Compiling syn v3.0.9
[INFO] [stderr]    Compiling getrandom v0.4.3
[INFO] [stderr]    Compiling combine v4.6.9
[INFO] [stderr]    Compiling socket2 v0.5.10
[INFO] [stderr]    Compiling arc-swap v1.9.3
[INFO] [stderr]    Compiling sha1_smol v1.0.1
[INFO] [stderr]    Compiling uuid v1.28.0
[INFO] [stderr]    Compiling parking_lot_core v0.9.12
[INFO] [stderr]    Compiling parking_lot v0.12.5
[INFO] [stderr]    Compiling scheduled-thread-pool v0.2.7
[INFO] [stderr]    Compiling r2d2 v0.8.10
[INFO] [stderr]    Compiling synstructure v0.14.0
[INFO] [stderr]    Compiling zerovec-derive v0.11.6
[INFO] [stderr]    Compiling displaydoc v0.2.7
[INFO] [stderr]    Compiling serde_derive v1.0.229
[INFO] [stderr]    Compiling zerofrom-derive v0.1.8
[INFO] [stderr]    Compiling yoke-derive v0.8.4
[INFO] [stderr]    Compiling zerofrom v0.1.8
[INFO] [stderr]    Compiling yoke v0.8.3
[INFO] [stderr]    Compiling zerotrie v0.2.5
[INFO] [stderr]    Compiling zerovec v0.11.8
[INFO] [stderr]    Compiling tinystr v0.8.4
[INFO] [stderr]    Compiling potential_utf v0.1.6
[INFO] [stderr]    Compiling icu_collections v2.3.0
[INFO] [stderr]    Compiling icu_locale_core v2.3.0
[INFO] [stderr]    Compiling serde v1.0.229
[INFO] [stderr]    Compiling icu_provider v2.3.1
[INFO] [stderr]    Compiling icu_properties v2.3.0
[INFO] [stderr]    Compiling icu_normalizer v2.3.0
[INFO] [stderr]    Compiling idna_adapter v1.2.2
[INFO] [stderr]    Compiling idna v1.1.0
[INFO] [stderr]    Compiling url v2.5.8
[INFO] [stderr]    Compiling redis v0.30.0
[INFO] [stderr]    Compiling redis_ipc v0.1.3 (/opt/rustwide/workdir)
[INFO] [stderr]     Finished `release` profile [optimized] target(s) in 31.14s
[INFO] running `Command { std: "docker" "inspect" "2c60bcbcadf59b892b7824b1ab684f78f4c18da36fecd96e185f5b546d7adccd", kill_on_drop: false }`
[INFO] running `Command { std: "docker" "exec" "-e" "SOURCE_DIR=/opt/rustwide/workdir" "-e" "CARGO_HOME=/opt/rustwide/cargo-home" "-e" "RUSTUP_HOME=/opt/rustwide/rustup-home" "-e" "CARGO_TARGET_DIR=/opt/rustwide/target" "-e" "CARGO_INCREMENTAL=0" "-e" "RUST_BACKTRACE=full" "-e" "RUSTFLAGS=--cap-lints=warn" "-e" "RUSTDOCFLAGS=--cap-lints=warn" "-w" "/opt/rustwide/workdir" "--user" "0:0" "2c60bcbcadf59b892b7824b1ab684f78f4c18da36fecd96e185f5b546d7adccd" "/opt/rustwide/cargo-home/bin/cargo" "+1.100.0-beta.1" "test" "--frozen" "--no-run" "--message-format=json" "--release", kill_on_drop: false }`
[INFO] [stderr] warning: `package.homepage` is redundant with `package.repository`
[INFO] [stderr]   --> Cargo.toml:39:12
[INFO] [stderr]    |
[INFO] [stderr] 39 | homepage = "https://github.com/mi7chal/redis-ipc"
[INFO] [stderr]    |            ^^^^^^^^^^^^^^^^^^^^^^^^^^^^^^^^^^^^^^
[INFO] [stderr] ...
[INFO] [stderr] 44 | repository = "https://github.com/mi7chal/redis-ipc"
[INFO] [stderr]    |              --------------------------------------
[INFO] [stderr]    |
[INFO] [stderr]    = note: `cargo::redundant_homepage` is set to `warn` by default
[INFO] [stderr] help: consider removing `package.homepage`
[INFO] [stderr] warning: `redis_ipc` (manifest) generated 1 warning
[INFO] [stderr]    Compiling getrandom v0.3.4
[INFO] [stderr]    Compiling rand_core v0.9.5
[INFO] [stderr]    Compiling rand_chacha v0.9.0
[INFO] [stderr]    Compiling rand v0.9.5
[INFO] [stderr]    Compiling redis_ipc v0.1.3 (/opt/rustwide/workdir)
[INFO] [stderr]     Finished `release` profile [optimized] target(s) in 6.15s
[INFO] running `Command { std: "docker" "inspect" "2c60bcbcadf59b892b7824b1ab684f78f4c18da36fecd96e185f5b546d7adccd", kill_on_drop: false }`
[INFO] running `Command { std: "docker" "exec" "-e" "SOURCE_DIR=/opt/rustwide/workdir" "-e" "CARGO_HOME=/opt/rustwide/cargo-home" "-e" "RUSTUP_HOME=/opt/rustwide/rustup-home" "-e" "CARGO_TARGET_DIR=/opt/rustwide/target" "-e" "CARGO_INCREMENTAL=0" "-e" "RUST_BACKTRACE=full" "-e" "RUSTFLAGS=--cap-lints=warn" "-e" "RUSTDOCFLAGS=--cap-lints=warn" "-w" "/opt/rustwide/workdir" "--user" "0:0" "2c60bcbcadf59b892b7824b1ab684f78f4c18da36fecd96e185f5b546d7adccd" "/opt/rustwide/cargo-home/bin/cargo" "+1.100.0-beta.1" "test" "--frozen" "--release", kill_on_drop: false }`
[INFO] [stderr] warning: `package.homepage` is redundant with `package.repository`
[INFO] [stderr]   --> Cargo.toml:39:12
[INFO] [stderr]    |
[INFO] [stderr] 39 | homepage = "https://github.com/mi7chal/redis-ipc"
[INFO] [stderr]    |            ^^^^^^^^^^^^^^^^^^^^^^^^^^^^^^^^^^^^^^
[INFO] [stderr] ...
[INFO] [stderr] 44 | repository = "https://github.com/mi7chal/redis-ipc"
[INFO] [stderr]    |              --------------------------------------
[INFO] [stderr]    |
[INFO] [stderr]    = note: `cargo::redundant_homepage` is set to `warn` by default
[INFO] [stderr] help: consider removing `package.homepage`
[INFO] [stderr] warning: `redis_ipc` (manifest) generated 1 warning
[INFO] [stderr]     Finished `release` profile [optimized] target(s) in 0.10s
[INFO] [stderr]      Running unittests src/lib.rs (/opt/rustwide/target/release/build/redis_ipc/a9f089c31b39d428/out/redis_ipc-a9f089c31b39d428)
[INFO] [stdout] 
[INFO] [stdout] running 3 tests
[INFO] [stdout] test stream::tests::stream_id_decoding_fails_on_too_bg_num - should panic ... ok
[INFO] [stdout] test stream::tests::stream_id_decoding ... ok
[INFO] [stdout] test stream::tests::stream_id_decoding_fails_on_too_short - should panic ... ok
[INFO] [stdout] 
[INFO] [stdout] test result: ok. 3 passed; 0 failed; 0 ignored; 0 measured; 0 filtered out; finished in 0.01s
[INFO] [stdout] 
[INFO] [stderr]      Running tests/cache_tests.rs (/opt/rustwide/target/release/build/redis_ipc/2a3520719254f5a7/out/cache_tests-2a3520719254f5a7)
[INFO] [stdout] 
[INFO] [stdout] running 6 tests
[INFO] [stdout] test random_element_should_not_exist ... FAILED
[INFO] [stdout] test element_b_get ... FAILED
[INFO] [stdout] test element_set_get ... FAILED
[INFO] [stdout] test element_delete ... FAILED
[INFO] [stdout] test non_existing_get ... FAILED
[INFO] [stdout] test element_set_exists ... FAILED
[INFO] [stdout] 
[INFO] [stdout] failures:
[INFO] [stdout] 
[INFO] [stdout] ---- random_element_should_not_exist stdout ----
[INFO] [stdout] 
[INFO] [stdout] thread 'random_element_should_not_exist' (865) panicked at tests/common.rs:14:37:
[INFO] [stdout] Env REDIS_URL not found: NotPresent
[INFO] [stdout] stack backtrace:
[INFO] [stdout]    0:     0x55fcdfffd9d1 - <<std[617be2ca0a6fd877]::sys::backtrace::BacktraceLock>::print::DisplayBacktrace as core[a373ad73a504971]::fmt::Display>::fmt
[INFO] [stdout]    1:     0x55fce001387a - core[a373ad73a504971]::fmt::write
[INFO] [stdout]    2:     0x55fce0001fdc - <alloc[2e1b2a31b91974c5]::vec::Vec<u8> as core[a373ad73a504971]::io::write::Write>::write_fmt
[INFO] [stdout]    3:     0x55fcdffd8736 - std[617be2ca0a6fd877]::panicking::default_hook::{closure#0}
[INFO] [stdout]    4:     0x55fcdfff5859 - std[617be2ca0a6fd877]::panicking::default_hook
[INFO] [stdout]    5:     0x55fcdff25960 - test[aada8e7e76ba119b]::test_main_inner::{closure#0}
[INFO] [stdout]    6:     0x55fcdfff5a12 - std[617be2ca0a6fd877]::panicking::panic_with_hook
[INFO] [stdout]    7:     0x55fcdffd87e2 - std[617be2ca0a6fd877]::panicking::panic_handler::{closure#0}
[INFO] [stdout]    8:     0x55fcdffd11d9 - std[617be2ca0a6fd877]::sys::backtrace::__rust_end_short_backtrace::<std[617be2ca0a6fd877]::panicking::panic_handler::{closure#0}, !>
[INFO] [stdout]    9:     0x55fcdffd967d - __rustc[ea4f61d10b84890b]::rust_begin_unwind
[INFO] [stdout]   10:     0x55fce0013fac - core[a373ad73a504971]::panicking::panic_fmt
[INFO] [stdout]   11:     0x55fce0013d82 - core[a373ad73a504971]::result::unwrap_failed
[INFO] [stdout]   12:     0x55fcdff0982c - cache_tests[6c64ab3a2bf2558d]::common::build_pool
[INFO] [stdout]   13:     0x55fcdff0cdad - <cache_tests[6c64ab3a2bf2558d]::random_element_should_not_exist::{closure#0} as core[a373ad73a504971]::ops::function::FnOnce<()>>::call_once
[INFO] [stdout]   14:     0x55fcdff18dab - test[aada8e7e76ba119b]::__rust_begin_short_backtrace::<core[a373ad73a504971]::result::Result<(), alloc[2e1b2a31b91974c5]::string::String>, fn() -> core[a373ad73a504971]::result::Result<(), alloc[2e1b2a31b91974c5]::string::String>>
[INFO] [stdout]   15:     0x55fcdff25f85 - test[aada8e7e76ba119b]::run_test::{closure#0}
[INFO] [stdout]   16:     0x55fcdff1f874 - std[617be2ca0a6fd877]::sys::backtrace::__rust_begin_short_backtrace::<test[aada8e7e76ba119b]::run_test::{closure#1}, ()>
[INFO] [stdout]   17:     0x55fcdff29012 - <std[617be2ca0a6fd877]::thread::lifecycle::spawn_unchecked<test[aada8e7e76ba119b]::run_test::{closure#1}, ()>::{closure#1} as core[a373ad73a504971]::ops::function::FnOnce<()>>::call_once::{shim:vtable#0}
[INFO] [stdout]   18:     0x55fcdfffcd0f - <std[617be2ca0a6fd877]::sys::thread::unix::Thread>::new::thread_start
[INFO] [stdout]   19:     0x70236796ddfa - <unknown>
[INFO] [stdout]   20:     0x702367a013d4 - clone
[INFO] [stdout]   21:                0x0 - <unknown>
[INFO] [stdout] 
[INFO] [stdout] ---- element_b_get stdout ----
[INFO] [stdout] 
[INFO] [stdout] thread 'element_b_get' (860) panicked at tests/common.rs:14:37:
[INFO] [stdout] Env REDIS_URL not found: NotPresent
[INFO] [stdout] stack backtrace:
[INFO] [stdout]    0:     0x55fcdfffd9d1 - <<std[617be2ca0a6fd877]::sys::backtrace::BacktraceLock>::print::DisplayBacktrace as core[a373ad73a504971]::fmt::Display>::fmt
[INFO] [stdout]    1:     0x55fce001387a - core[a373ad73a504971]::fmt::write
[INFO] [stdout]    2:     0x55fce0001fdc - <alloc[2e1b2a31b91974c5]::vec::Vec<u8> as core[a373ad73a504971]::io::write::Write>::write_fmt
[INFO] [stdout]    3:     0x55fcdffd8736 - std[617be2ca0a6fd877]::panicking::default_hook::{closure#0}
[INFO] [stdout]    4:     0x55fcdfff5859 - std[617be2ca0a6fd877]::panicking::default_hook
[INFO] [stdout]    5:     0x55fcdff25960 - test[aada8e7e76ba119b]::test_main_inner::{closure#0}
[INFO] [stdout]    6:     0x55fcdfff5a12 - std[617be2ca0a6fd877]::panicking::panic_with_hook
[INFO] [stdout]    7:     0x55fcdffd87e2 - std[617be2ca0a6fd877]::panicking::panic_handler::{closure#0}
[INFO] [stdout]    8:     0x55fcdffd11d9 - std[617be2ca0a6fd877]::sys::backtrace::__rust_end_short_backtrace::<std[617be2ca0a6fd877]::panicking::panic_handler::{closure#0}, !>
[INFO] [stdout]    9:     0x55fcdffd967d - __rustc[ea4f61d10b84890b]::rust_begin_unwind
[INFO] [stdout]   10:     0x55fce0013fac - core[a373ad73a504971]::panicking::panic_fmt
[INFO] [stdout]   11:     0x55fce0013d82 - core[a373ad73a504971]::result::unwrap_failed
[INFO] [stdout]   12:     0x55fcdff0982c - cache_tests[6c64ab3a2bf2558d]::common::build_pool
[INFO] [stdout]   13:     0x55fcdff0bb01 - <cache_tests[6c64ab3a2bf2558d]::element_b_get::{closure#0} as core[a373ad73a504971]::ops::function::FnOnce<()>>::call_once
[INFO] [stdout]   14:     0x55fcdff18dab - test[aada8e7e76ba119b]::__rust_begin_short_backtrace::<core[a373ad73a504971]::result::Result<(), alloc[2e1b2a31b91974c5]::string::String>, fn() -> core[a373ad73a504971]::result::Result<(), alloc[2e1b2a31b91974c5]::string::String>>
[INFO] [stdout]   15:     0x55fcdff25f85 - test[aada8e7e76ba119b]::run_test::{closure#0}
[INFO] [stdout]   16:     0x55fcdff1f874 - std[617be2ca0a6fd877]::sys::backtrace::__rust_begin_short_backtrace::<test[aada8e7e76ba119b]::run_test::{closure#1}, ()>
[INFO] [stdout]   17:     0x55fcdff29012 - <std[617be2ca0a6fd877]::thread::lifecycle::spawn_unchecked<test[aada8e7e76ba119b]::run_test::{closure#1}, ()>::{closure#1} as core[a373ad73a504971]::ops::function::FnOnce<()>>::call_once::{shim:vtable#0}
[INFO] [stdout]   18:     0x55fcdfffcd0f - <std[617be2ca0a6fd877]::sys::thread::unix::Thread>::new::thread_start
[INFO] [stdout]   19:     0x70236796ddfa - <unknown>
[INFO] [stdout]   20:     0x702367a013d4 - clone
[INFO] [stdout]   21:                0x0 - <unknown>
[INFO] [stdout] 
[INFO] [stdout] ---- element_set_get stdout ----
[INFO] [stdout] 
[INFO] [stdout] thread 'element_set_get' (863) panicked at tests/common.rs:14:37:
[INFO] [stdout] Env REDIS_URL not found: NotPresent
[INFO] [stdout] stack backtrace:
[INFO] [stdout]    0:     0x55fcdfffd9d1 - <<std[617be2ca0a6fd877]::sys::backtrace::BacktraceLock>::print::DisplayBacktrace as core[a373ad73a504971]::fmt::Display>::fmt
[INFO] [stdout]    1:     0x55fce001387a - core[a373ad73a504971]::fmt::write
[INFO] [stdout]    2:     0x55fce0001fdc - <alloc[2e1b2a31b91974c5]::vec::Vec<u8> as core[a373ad73a504971]::io::write::Write>::write_fmt
[INFO] [stdout]    3:     0x55fcdffd8736 - std[617be2ca0a6fd877]::panicking::default_hook::{closure#0}
[INFO] [stdout]    4:     0x55fcdfff5859 - std[617be2ca0a6fd877]::panicking::default_hook
[INFO] [stdout]    5:     0x55fcdff25960 - test[aada8e7e76ba119b]::test_main_inner::{closure#0}
[INFO] [stdout]    6:     0x55fcdfff5a12 - std[617be2ca0a6fd877]::panicking::panic_with_hook
[INFO] [stdout]    7:     0x55fcdffd87e2 - std[617be2ca0a6fd877]::panicking::panic_handler::{closure#0}
[INFO] [stdout]    8:     0x55fcdffd11d9 - std[617be2ca0a6fd877]::sys::backtrace::__rust_end_short_backtrace::<std[617be2ca0a6fd877]::panicking::panic_handler::{closure#0}, !>
[INFO] [stdout]    9:     0x55fcdffd967d - __rustc[ea4f61d10b84890b]::rust_begin_unwind
[INFO] [stdout]   10:     0x55fce0013fac - core[a373ad73a504971]::panicking::panic_fmt
[INFO] [stdout]   11:     0x55fce0013d82 - core[a373ad73a504971]::result::unwrap_failed
[INFO] [stdout]   12:     0x55fcdff0982c - cache_tests[6c64ab3a2bf2558d]::common::build_pool
[INFO] [stdout]   13:     0x55fcdff0c48b - <cache_tests[6c64ab3a2bf2558d]::element_set_get::{closure#0} as core[a373ad73a504971]::ops::function::FnOnce<()>>::call_once
[INFO] [stdout]   14:     0x55fcdff18dab - test[aada8e7e76ba119b]::__rust_begin_short_backtrace::<core[a373ad73a504971]::result::Result<(), alloc[2e1b2a31b91974c5]::string::String>, fn() -> core[a373ad73a504971]::result::Result<(), alloc[2e1b2a31b91974c5]::string::String>>
[INFO] [stdout]   15:     0x55fcdff25f85 - test[aada8e7e76ba119b]::run_test::{closure#0}
[INFO] [stdout]   16:     0x55fcdff1f874 - std[617be2ca0a6fd877]::sys::backtrace::__rust_begin_short_backtrace::<test[aada8e7e76ba119b]::run_test::{closure#1}, ()>
[INFO] [stdout]   17:     0x55fcdff29012 - <std[617be2ca0a6fd877]::thread::lifecycle::spawn_unchecked<test[aada8e7e76ba119b]::run_test::{closure#1}, ()>::{closure#1} as core[a373ad73a504971]::ops::function::FnOnce<()>>::call_once::{shim:vtable#0}
[INFO] [stdout]   18:     0x55fcdfffcd0f - <std[617be2ca0a6fd877]::sys::thread::unix::Thread>::new::thread_start
[INFO] [stdout]   19:     0x70236796ddfa - <unknown>
[INFO] [stdout]   20:     0x702367a013d4 - clone
[INFO] [stdout]   21:                0x0 - <unknown>
[INFO] [stdout] 
[INFO] [stdout] ---- element_delete stdout ----
[INFO] [stdout] 
[INFO] [stdout] thread 'element_delete' (861) panicked at tests/common.rs:14:37:
[INFO] [stdout] Env REDIS_URL not found: NotPresent
[INFO] [stdout] stack backtrace:
[INFO] [stdout]    0:     0x55fcdfffd9d1 - <<std[617be2ca0a6fd877]::sys::backtrace::BacktraceLock>::print::DisplayBacktrace as core[a373ad73a504971]::fmt::Display>::fmt
[INFO] [stdout]    1:     0x55fce001387a - core[a373ad73a504971]::fmt::write
[INFO] [stdout]    2:     0x55fce0001fdc - <alloc[2e1b2a31b91974c5]::vec::Vec<u8> as core[a373ad73a504971]::io::write::Write>::write_fmt
[INFO] [stdout]    3:     0x55fcdffd8736 - std[617be2ca0a6fd877]::panicking::default_hook::{closure#0}
[INFO] [stdout]    4:     0x55fcdfff5859 - std[617be2ca0a6fd877]::panicking::default_hook
[INFO] [stdout]    5:     0x55fcdff25960 - test[aada8e7e76ba119b]::test_main_inner::{closure#0}
[INFO] [stdout]    6:     0x55fcdfff5a12 - std[617be2ca0a6fd877]::panicking::panic_with_hook
[INFO] [stdout]    7:     0x55fcdffd87e2 - std[617be2ca0a6fd877]::panicking::panic_handler::{closure#0}
[INFO] [stdout]    8:     0x55fcdffd11d9 - std[617be2ca0a6fd877]::sys::backtrace::__rust_end_short_backtrace::<std[617be2ca0a6fd877]::panicking::panic_handler::{closure#0}, !>
[INFO] [stdout]    9:     0x55fcdffd967d - __rustc[ea4f61d10b84890b]::rust_begin_unwind
[INFO] [stdout]   10:     0x55fce0013fac - core[a373ad73a504971]::panicking::panic_fmt
[INFO] [stdout]   11:     0x55fce0013d82 - core[a373ad73a504971]::result::unwrap_failed
[INFO] [stdout]   12:     0x55fcdff0982c - cache_tests[6c64ab3a2bf2558d]::common::build_pool
[INFO] [stdout]   13:     0x55fcdff0bfeb - <cache_tests[6c64ab3a2bf2558d]::element_delete::{closure#0} as core[a373ad73a504971]::ops::function::FnOnce<()>>::call_once
[INFO] [stdout]   14:     0x55fcdff18dab - test[aada8e7e76ba119b]::__rust_begin_short_backtrace::<core[a373ad73a504971]::result::Result<(), alloc[2e1b2a31b91974c5]::string::String>, fn() -> core[a373ad73a504971]::result::Result<(), alloc[2e1b2a31b91974c5]::string::String>>
[INFO] [stdout]   15:     0x55fcdff25f85 - test[aada8e7e76ba119b]::run_test::{closure#0}
[INFO] [stdout]   16:     0x55fcdff1f874 - std[617be2ca0a6fd877]::sys::backtrace::__rust_begin_short_backtrace::<test[aada8e7e76ba119b]::run_test::{closure#1}, ()>
[INFO] [stdout]   17:     0x55fcdff29012 - <std[617be2ca0a6fd877]::thread::lifecycle::spawn_unchecked<test[aada8e7e76ba119b]::run_test::{closure#1}, ()>::{closure#1} as core[a373ad73a504971]::ops::function::FnOnce<()>>::call_once::{shim:vtable#0}
[INFO] [stdout]   18:     0x55fcdfffcd0f - <std[617be2ca0a6fd877]::sys::thread::unix::Thread>::new::thread_start
[INFO] [stdout]   19:     0x70236796ddfa - <unknown>
[INFO] [stdout]   20:     0x702367a013d4 - clone
[INFO] [stdout]   21:                0x0 - <unknown>
[INFO] [stdout] 
[INFO] [stdout] ---- non_existing_get stdout ----
[INFO] [stdout] 
[INFO] [stdout] thread 'non_existing_get' (864) panicked at tests/common.rs:14:37:
[INFO] [stdout] Env REDIS_URL not found: NotPresent
[INFO] [stdout] stack backtrace:
[INFO] [stdout]    0:     0x55fcdfffd9d1 - <<std[617be2ca0a6fd877]::sys::backtrace::BacktraceLock>::print::DisplayBacktrace as core[a373ad73a504971]::fmt::Display>::fmt
[INFO] [stdout]    1:     0x55fce001387a - core[a373ad73a504971]::fmt::write
[INFO] [stdout]    2:     0x55fce0001fdc - <alloc[2e1b2a31b91974c5]::vec::Vec<u8> as core[a373ad73a504971]::io::write::Write>::write_fmt
[INFO] [stdout]    3:     0x55fcdffd8736 - std[617be2ca0a6fd877]::panicking::default_hook::{closure#0}
[INFO] [stdout]    4:     0x55fcdfff5859 - std[617be2ca0a6fd877]::panicking::default_hook
[INFO] [stdout]    5:     0x55fcdff25960 - test[aada8e7e76ba119b]::test_main_inner::{closure#0}
[INFO] [stdout]    6:     0x55fcdfff5a12 - std[617be2ca0a6fd877]::panicking::panic_with_hook
[INFO] [stdout]    7:     0x55fcdffd87e2 - std[617be2ca0a6fd877]::panicking::panic_handler::{closure#0}
[INFO] [stdout]    8:     0x55fcdffd11d9 - std[617be2ca0a6fd877]::sys::backtrace::__rust_end_short_backtrace::<std[617be2ca0a6fd877]::panicking::panic_handler::{closure#0}, !>
[INFO] [stdout]    9:     0x55fcdffd967d - __rustc[ea4f61d10b84890b]::rust_begin_unwind
[INFO] [stdout]   10:     0x55fce0013fac - core[a373ad73a504971]::panicking::panic_fmt
[INFO] [stdout]   11:     0x55fce0013d82 - core[a373ad73a504971]::result::unwrap_failed
[INFO] [stdout]   12:     0x55fcdff0982c - cache_tests[6c64ab3a2bf2558d]::common::build_pool
[INFO] [stdout]   13:     0x55fcdff0c88f - <cache_tests[6c64ab3a2bf2558d]::non_existing_get::{closure#0} as core[a373ad73a504971]::ops::function::FnOnce<()>>::call_once
[INFO] [stdout]   14:     0x55fcdff18dab - test[aada8e7e76ba119b]::__rust_begin_short_backtrace::<core[a373ad73a504971]::result::Result<(), alloc[2e1b2a31b91974c5]::string::String>, fn() -> core[a373ad73a504971]::result::Result<(), alloc[2e1b2a31b91974c5]::string::String>>
[INFO] [stdout]   15:     0x55fcdff25f85 - test[aada8e7e76ba119b]::run_test::{closure#0}
[INFO] [stdout]   16:     0x55fcdff1f874 - std[617be2ca0a6fd877]::sys::backtrace::__rust_begin_short_backtrace::<test[aada8e7e76ba119b]::run_test::{closure#1}, ()>
[INFO] [stdout]   17:     0x55fcdff29012 - <std[617be2ca0a6fd877]::thread::lifecycle::spawn_unchecked<test[aada8e7e76ba119b]::run_test::{closure#1}, ()>::{closure#1} as core[a373ad73a504971]::ops::function::FnOnce<()>>::call_once::{shim:vtable#0}
[INFO] [stdout]   18:     0x55fcdfffcd0f - <std[617be2ca0a6fd877]::sys::thread::unix::Thread>::new::thread_start
[INFO] [stdout]   19:     0x70236796ddfa - <unknown>
[INFO] [stdout]   20:     0x702367a013d4 - clone
[INFO] [stdout]   21:                0x0 - <unknown>
[INFO] [stdout] 
[INFO] [stdout] ---- element_set_exists stdout ----
[INFO] [stdout] 
[INFO] [stdout] thread 'element_set_exists' (862) panicked at tests/common.rs:14:37:
[INFO] [stdout] Env REDIS_URL not found: NotPresent
[INFO] [stdout] stack backtrace:
[INFO] [stdout]    0:     0x55fcdfffd9d1 - <<std[617be2ca0a6fd877]::sys::backtrace::BacktraceLock>::print::DisplayBacktrace as core[a373ad73a504971]::fmt::Display>::fmt
[INFO] [stdout]    1:     0x55fce001387a - core[a373ad73a504971]::fmt::write
[INFO] [stdout]    2:     0x55fce0001fdc - <alloc[2e1b2a31b91974c5]::vec::Vec<u8> as core[a373ad73a504971]::io::write::Write>::write_fmt
[INFO] [stdout]    3:     0x55fcdffd8736 - std[617be2ca0a6fd877]::panicking::default_hook::{closure#0}
[INFO] [stdout]    4:     0x55fcdfff5859 - std[617be2ca0a6fd877]::panicking::default_hook
[INFO] [stdout]    5:     0x55fcdff25960 - test[aada8e7e76ba119b]::test_main_inner::{closure#0}
[INFO] [stdout]    6:     0x55fcdfff5a12 - std[617be2ca0a6fd877]::panicking::panic_with_hook
[INFO] [stdout]    7:     0x55fcdffd87e2 - std[617be2ca0a6fd877]::panicking::panic_handler::{closure#0}
[INFO] [stdout]    8:     0x55fcdffd11d9 - std[617be2ca0a6fd877]::sys::backtrace::__rust_end_short_backtrace::<std[617be2ca0a6fd877]::panicking::panic_handler::{closure#0}, !>
[INFO] [stdout]    9:     0x55fcdffd967d - __rustc[ea4f61d10b84890b]::rust_begin_unwind
[INFO] [stdout]   10:     0x55fce0013fac - core[a373ad73a504971]::panicking::panic_fmt
[INFO] [stdout]   11:     0x55fce0013d82 - core[a373ad73a504971]::result::unwrap_failed
[INFO] [stdout]   12:     0x55fcdff0982c - cache_tests[6c64ab3a2bf2558d]::common::build_pool
[INFO] [stdout]   13:     0x55fcdff0caa2 - <cache_tests[6c64ab3a2bf2558d]::element_set_exists::{closure#0} as core[a373ad73a504971]::ops::function::FnOnce<()>>::call_once
[INFO] [stdout]   14:     0x55fcdff18dab - test[aada8e7e76ba119b]::__rust_begin_short_backtrace::<core[a373ad73a504971]::result::Result<(), alloc[2e1b2a31b91974c5]::string::String>, fn() -> core[a373ad73a504971]::result::Result<(), alloc[2e1b2a31b91974c5]::string::String>>
[INFO] [stdout]   15:     0x55fcdff25f85 - test[aada8e7e76ba119b]::run_test::{closure#0}
[INFO] [stdout]   16:     0x55fcdff1f874 - std[617be2ca0a6fd877]::sys::backtrace::__rust_begin_short_backtrace::<test[aada8e7e76ba119b]::run_test::{closure#1}, ()>
[INFO] [stdout]   17:     0x55fcdff29012 - <std[617be2ca0a6fd877]::thread::lifecycle::spawn_unchecked<test[aada8e7e76ba119b]::run_test::{closure#1}, ()>::{closure#1} as core[a373ad73a504971]::ops::function::FnOnce<()>>::call_once::{shim:vtable#0}
[INFO] [stdout]   18:     0x55fcdfffcd0f - <std[617be2ca0a6fd877]::sys::thread::unix::Thread>::new::thread_start
[INFO] [stdout]   19:     0x70236796ddfa - <unknown>
[INFO] [stdout]   20:     0x702367a013d4 - clone
[INFO] [stdout]   21:                0x0 - <unknown>
[INFO] [stdout] 
[INFO] [stdout] 
[INFO] [stdout] failures:
[INFO] [stdout]     element_b_get
[INFO] [stdout]     element_delete
[INFO] [stdout]     element_set_exists
[INFO] [stdout]     element_set_get
[INFO] [stdout]     non_existing_get
[INFO] [stdout]     random_element_should_not_exist
[INFO] [stdout] 
[INFO] [stdout] test result: FAILED. 0 passed; 6 failed; 0 ignored; 0 measured; 0 filtered out; finished in 0.01s
[INFO] [stdout] 
[INFO] [stderr] error: test failed, to rerun pass `--test cache_tests`
[INFO] running `Command { std: "docker" "inspect" "2c60bcbcadf59b892b7824b1ab684f78f4c18da36fecd96e185f5b546d7adccd", kill_on_drop: false }`
[INFO] running `Command { std: "docker" "rm" "-f" "2c60bcbcadf59b892b7824b1ab684f78f4c18da36fecd96e185f5b546d7adccd", kill_on_drop: false }`
[INFO] [stdout] 2c60bcbcadf59b892b7824b1ab684f78f4c18da36fecd96e185f5b546d7adccd
