[INFO] fetching crate redis-tower-primitives 0.1.3...
[INFO] testing redis-tower-primitives-0.1.3 against 1.100.0-beta.1+cargoflags=--release for beta-release-1.100-2
[INFO] extracting crate redis-tower-primitives 0.1.3 into /workspace/builds/worker-1-tc2/source
[INFO] started tweaking crates.io crate redis-tower-primitives 0.1.3
[INFO] removed 0 missing tests
[INFO] finished tweaking crates.io crate redis-tower-primitives 0.1.3
[INFO] tweaked toml for crates.io crate redis-tower-primitives 0.1.3 written to /workspace/builds/worker-1-tc2/source/Cargo.toml
[INFO] validating manifest of crates.io crate redis-tower-primitives 0.1.3 on toolchain 1.100.0-beta.1
[INFO] running `Command { std: CARGO_HOME="/workspace/cargo-home" RUSTUP_HOME="/workspace/rustup-home" "/workspace/cargo-home/bin/cargo" "+1.100.0-beta.1" "metadata" "--manifest-path" "Cargo.toml" "--no-deps", kill_on_drop: false }`
[INFO] crate crates.io crate redis-tower-primitives 0.1.3 already has a lockfile, it will not be regenerated
[INFO] running `Command { std: CARGO_HOME="/workspace/cargo-home" RUSTUP_HOME="/workspace/rustup-home" "/workspace/cargo-home/bin/cargo" "+1.100.0-beta.1" "fetch" "--manifest-path" "Cargo.toml", kill_on_drop: false }`
[INFO] [stderr] warning: `package.homepage` is redundant with `package.repository`
[INFO] [stderr]   --> Cargo.toml:44:12
[INFO] [stderr]    |
[INFO] [stderr] 44 | homepage = "https://github.com/joshrotenberg/redis-tower"
[INFO] [stderr]    |            ^^^^^^^^^^^^^^^^^^^^^^^^^^^^^^^^^^^^^^^^^^^^^^
[INFO] [stderr] ...
[INFO] [stderr] 49 | repository = "https://github.com/joshrotenberg/redis-tower"
[INFO] [stderr]    |              ----------------------------------------------
[INFO] [stderr]    |
[INFO] [stderr]    = note: `cargo::redundant_homepage` is set to `warn` by default
[INFO] [stderr] help: consider removing `package.homepage`
[INFO] [stderr] warning: `redis-tower-primitives` (manifest) generated 1 warning
[INFO] running `Command { std: "docker" "create" "-v" "/var/lib/crater-agent-workspace/builds/worker-1-tc2/source:/opt/rustwide/workdir:ro,Z" "-v" "/var/lib/crater-agent-workspace/builds/worker-1-tc2/target:/opt/rustwide/target:rw,Z" "-v" "/var/lib/crater-agent-workspace/cargo-home:/opt/rustwide/cargo-home:ro,Z" "-v" "/var/lib/crater-agent-workspace/rustup-home:/opt/rustwide/rustup-home:ro,Z" "-m" "1610612736" "--network" "none" "ghcr.io/rust-lang/crates-build-env/linux@sha256:77db811e55d90add9212f6832c23229e3de5f1c1f9905e8cb07319ea15df73ac" "sleep" "infinity", kill_on_drop: false }`
[INFO] [stdout] 00b04ac9afed84b53f567e4a6bd2657d738468ac415ba26f9ac1f820dba03125
[INFO] running `Command { std: "docker" "start" "00b04ac9afed84b53f567e4a6bd2657d738468ac415ba26f9ac1f820dba03125", kill_on_drop: false }`
[INFO] running `Command { std: "docker" "inspect" "00b04ac9afed84b53f567e4a6bd2657d738468ac415ba26f9ac1f820dba03125", kill_on_drop: false }`
[INFO] running `Command { std: "docker" "exec" "-e" "SOURCE_DIR=/opt/rustwide/workdir" "-e" "CARGO_HOME=/opt/rustwide/cargo-home" "-e" "RUSTUP_HOME=/opt/rustwide/rustup-home" "-e" "CARGO_TARGET_DIR=/opt/rustwide/target" "-w" "/opt/rustwide/workdir" "--user" "0:0" "00b04ac9afed84b53f567e4a6bd2657d738468ac415ba26f9ac1f820dba03125" "/opt/rustwide/cargo-home/bin/cargo" "+1.100.0-beta.1" "metadata" "--no-deps" "--format-version=1", kill_on_drop: false }`
[INFO] running `Command { std: "docker" "inspect" "00b04ac9afed84b53f567e4a6bd2657d738468ac415ba26f9ac1f820dba03125", kill_on_drop: false }`
[INFO] running `Command { std: "docker" "exec" "-e" "SOURCE_DIR=/opt/rustwide/workdir" "-e" "CARGO_HOME=/opt/rustwide/cargo-home" "-e" "RUSTUP_HOME=/opt/rustwide/rustup-home" "-e" "CARGO_TARGET_DIR=/opt/rustwide/target" "-e" "CARGO_INCREMENTAL=0" "-e" "RUST_BACKTRACE=full" "-e" "RUSTFLAGS=--cap-lints=warn" "-e" "RUSTDOCFLAGS=--cap-lints=warn" "-w" "/opt/rustwide/workdir" "--user" "0:0" "00b04ac9afed84b53f567e4a6bd2657d738468ac415ba26f9ac1f820dba03125" "/opt/rustwide/cargo-home/bin/cargo" "+1.100.0-beta.1" "build" "--frozen" "--message-format=json" "--release", kill_on_drop: false }`
[INFO] [stderr] warning: `package.homepage` is redundant with `package.repository`
[INFO] [stderr]   --> Cargo.toml:44:12
[INFO] [stderr]    |
[INFO] [stderr] 44 | homepage = "https://github.com/joshrotenberg/redis-tower"
[INFO] [stderr]    |            ^^^^^^^^^^^^^^^^^^^^^^^^^^^^^^^^^^^^^^^^^^^^^^
[INFO] [stderr] ...
[INFO] [stderr] 49 | repository = "https://github.com/joshrotenberg/redis-tower"
[INFO] [stderr]    |              ----------------------------------------------
[INFO] [stderr]    |
[INFO] [stderr]    = note: `cargo::redundant_homepage` is set to `warn` by default
[INFO] [stderr] help: consider removing `package.homepage`
[INFO] [stderr] warning: `redis-tower-primitives` (manifest) generated 1 warning
[INFO] [stderr]    Compiling syn v2.0.119
[INFO] [stderr]    Compiling mio v1.2.3
[INFO] [stderr]    Compiling futures-macro v0.3.34
[INFO] [stderr]    Compiling zerocopy v0.8.59
[INFO] [stderr]    Compiling socket2 v0.5.10
[INFO] [stderr]    Compiling resp-rs v0.1.8
[INFO] [stderr]    Compiling getrandom v0.3.4
[INFO] [stderr]    Compiling crypto-common v0.1.7
[INFO] [stderr]    Compiling digest v0.10.7
[INFO] [stderr]    Compiling rand_core v0.9.5
[INFO] [stderr]    Compiling sha1 v0.10.7
[INFO] [stderr]    Compiling futures-util v0.3.34
[INFO] [stderr]    Compiling tokio v1.53.1
[INFO] [stderr]    Compiling futures-executor v0.3.34
[INFO] [stderr]    Compiling tracing-attributes v0.1.31
[INFO] [stderr]    Compiling zeroize_derive v1.5.0
[INFO] [stderr]    Compiling async-stream-impl v0.3.6
[INFO] [stderr]    Compiling futures v0.3.34
[INFO] [stderr]    Compiling tokio-util v0.7.19
[INFO] [stderr]    Compiling tower-resilience-core v0.10.1
[INFO] [stderr]    Compiling async-stream v0.3.6
[INFO] [stderr]    Compiling zeroize v1.9.0
[INFO] [stderr]    Compiling tokio-stream v0.1.19
[INFO] [stderr]    Compiling redis-tower-protocol v0.1.4
[INFO] [stderr]    Compiling ppv-lite86 v0.2.21
[INFO] [stderr]    Compiling tracing v0.1.44
[INFO] [stderr]    Compiling tower v0.5.3
[INFO] [stderr]    Compiling redis-tower-core v0.1.3
[INFO] [stderr]    Compiling rand_chacha v0.9.0
[INFO] [stderr]    Compiling rand v0.9.5
[INFO] [stderr]    Compiling tower-resilience-circuitbreaker v0.10.1
[INFO] [stderr]    Compiling redis-tower-commands v0.1.3
[INFO] [stderr]    Compiling redis-tower v0.1.4
[INFO] [stderr]    Compiling redis-tower-primitives v0.1.3 (/opt/rustwide/workdir)
[INFO] [stderr]     Finished `release` profile [optimized] target(s) in 40.04s
[INFO] running `Command { std: "docker" "inspect" "00b04ac9afed84b53f567e4a6bd2657d738468ac415ba26f9ac1f820dba03125", kill_on_drop: false }`
[INFO] running `Command { std: "docker" "exec" "-e" "SOURCE_DIR=/opt/rustwide/workdir" "-e" "CARGO_HOME=/opt/rustwide/cargo-home" "-e" "RUSTUP_HOME=/opt/rustwide/rustup-home" "-e" "CARGO_TARGET_DIR=/opt/rustwide/target" "-e" "CARGO_INCREMENTAL=0" "-e" "RUST_BACKTRACE=full" "-e" "RUSTFLAGS=--cap-lints=warn" "-e" "RUSTDOCFLAGS=--cap-lints=warn" "-w" "/opt/rustwide/workdir" "--user" "0:0" "00b04ac9afed84b53f567e4a6bd2657d738468ac415ba26f9ac1f820dba03125" "/opt/rustwide/cargo-home/bin/cargo" "+1.100.0-beta.1" "test" "--frozen" "--no-run" "--message-format=json" "--release", kill_on_drop: false }`
[INFO] [stderr] warning: `package.homepage` is redundant with `package.repository`
[INFO] [stderr]   --> Cargo.toml:44:12
[INFO] [stderr]    |
[INFO] [stderr] 44 | homepage = "https://github.com/joshrotenberg/redis-tower"
[INFO] [stderr]    |            ^^^^^^^^^^^^^^^^^^^^^^^^^^^^^^^^^^^^^^^^^^^^^^
[INFO] [stderr] ...
[INFO] [stderr] 49 | repository = "https://github.com/joshrotenberg/redis-tower"
[INFO] [stderr]    |              ----------------------------------------------
[INFO] [stderr]    |
[INFO] [stderr]    = note: `cargo::redundant_homepage` is set to `warn` by default
[INFO] [stderr] help: consider removing `package.homepage`
[INFO] [stderr] warning: `redis-tower-primitives` (manifest) generated 1 warning
[INFO] [stderr]    Compiling deranged v0.5.8
[INFO] [stderr]    Compiling cc v1.5.1
[INFO] [stderr]    Compiling rustix v1.1.5
[INFO] [stderr]    Compiling getrandom v0.2.17
[INFO] [stderr]    Compiling pem v3.0.6
[INFO] [stderr]    Compiling either v1.18.0
[INFO] [stderr]    Compiling tokio v1.53.1
[INFO] [stderr]    Compiling rustls-pki-types v1.15.1
[INFO] [stderr]    Compiling env_home v0.1.0
[INFO] [stderr]    Compiling ring v0.17.14
[INFO] [stderr]    Compiling time v0.3.55
[INFO] [stderr]    Compiling yasna v0.5.2
[INFO] [stderr]    Compiling which v7.0.3
[INFO] [stderr]    Compiling tokio-util v0.7.19
[INFO] [stderr]    Compiling tower-resilience-core v0.10.1
[INFO] [stderr]    Compiling tokio-stream v0.1.19
[INFO] [stderr]    Compiling redis-tower-protocol v0.1.4
[INFO] [stderr]    Compiling tower v0.5.3
[INFO] [stderr]    Compiling tower-resilience-circuitbreaker v0.10.1
[INFO] [stderr]    Compiling redis-tower-core v0.1.3
[INFO] [stderr]    Compiling redis-tower-commands v0.1.3
[INFO] [stderr]    Compiling redis-tower v0.1.4
[INFO] [stderr]    Compiling rcgen v0.13.2
[INFO] [stderr]    Compiling redis-server-wrapper v0.4.3
[INFO] [stderr]    Compiling redis-tower-primitives v0.1.3 (/opt/rustwide/workdir)
[INFO] [stderr]     Finished `release` profile [optimized] target(s) in 56.21s
[INFO] running `Command { std: "docker" "inspect" "00b04ac9afed84b53f567e4a6bd2657d738468ac415ba26f9ac1f820dba03125", kill_on_drop: false }`
[INFO] running `Command { std: "docker" "exec" "-e" "SOURCE_DIR=/opt/rustwide/workdir" "-e" "CARGO_HOME=/opt/rustwide/cargo-home" "-e" "RUSTUP_HOME=/opt/rustwide/rustup-home" "-e" "CARGO_TARGET_DIR=/opt/rustwide/target" "-e" "CARGO_INCREMENTAL=0" "-e" "RUST_BACKTRACE=full" "-e" "RUSTFLAGS=--cap-lints=warn" "-e" "RUSTDOCFLAGS=--cap-lints=warn" "-w" "/opt/rustwide/workdir" "--user" "0:0" "00b04ac9afed84b53f567e4a6bd2657d738468ac415ba26f9ac1f820dba03125" "/opt/rustwide/cargo-home/bin/cargo" "+1.100.0-beta.1" "test" "--frozen" "--release", kill_on_drop: false }`
[INFO] [stderr] warning: `package.homepage` is redundant with `package.repository`
[INFO] [stderr]   --> Cargo.toml:44:12
[INFO] [stderr]    |
[INFO] [stderr] 44 | homepage = "https://github.com/joshrotenberg/redis-tower"
[INFO] [stderr]    |            ^^^^^^^^^^^^^^^^^^^^^^^^^^^^^^^^^^^^^^^^^^^^^^
[INFO] [stderr] ...
[INFO] [stderr] 49 | repository = "https://github.com/joshrotenberg/redis-tower"
[INFO] [stderr]    |              ----------------------------------------------
[INFO] [stderr]    |
[INFO] [stderr]    = note: `cargo::redundant_homepage` is set to `warn` by default
[INFO] [stderr] help: consider removing `package.homepage`
[INFO] [stderr] warning: `redis-tower-primitives` (manifest) generated 1 warning
[INFO] [stderr]     Finished `release` profile [optimized] target(s) in 0.15s
[INFO] [stderr]      Running unittests src/lib.rs (/opt/rustwide/target/release/build/redis-tower-primitives/6d850c3f89fbe816/out/redis_tower_primitives-6d850c3f89fbe816)
[INFO] [stdout] 
[INFO] [stdout] running 26 tests
[INFO] [stdout] test id_generator::tests::allocation_command_is_explicit ... ok
[INFO] [stdout] test delayed_queue::tests::operation_configuration_fails_before_redis ... ok
[INFO] [stdout] test latch::tests::configuration_requires_key_count_and_ttl ... ok
[INFO] [stdout] test id_generator::tests::block_iterates_only_its_reserved_range ... ok
[INFO] [stdout] test latch::tests::public_scripts_initialize_decrement_and_read_one_key ... ok
[INFO] [stdout] test error::tests::redis_durations_reject_zero ... ok
[INFO] [stdout] test id_generator::tests::configuration_requires_key_and_positive_signed_block ... ok
[INFO] [stdout] test leader::tests::public_scripts_are_owner_checked ... ok
[INFO] [stdout] test delayed_queue::tests::public_scripts_use_one_sorted_set_and_redis_time ... ok
[INFO] [stdout] test error::tests::lua_duration_reserves_exact_integer_space_for_server_time ... ok
[INFO] [stdout] test lock::tests::lock_configuration_requires_distinct_keys_and_ttl ... ok
[INFO] [stdout] test id_generator::tests::allocation_uses_one_command_and_rejects_non_positive_range ... ok
[INFO] [stdout] test lock::tests::owner_tokens_are_opaque_and_debug_is_redacted ... ok
[INFO] [stdout] test latch::tests::parses_countdown_states ... ok
[INFO] [stdout] test leader::tests::configuration_requires_key_ttl_and_shorter_interval ... ok
[INFO] [stdout] test rate_limiter::tests::script_uses_server_time_and_one_sorted_set_key ... ok
[INFO] [stdout] test semaphore::tests::public_scripts_use_one_sorted_set_key_and_redis_time ... ok
[INFO] [stdout] test error::tests::redis_durations_round_up ... ok
[INFO] [stdout] test semaphore::tests::configuration_requires_key_limit_and_ttl ... ok
[INFO] [stdout] test delayed_queue::tests::configuration_requires_key_and_retention ... ok
[INFO] [stdout] test lock::tests::public_scripts_express_required_atomic_operations ... ok
[INFO] [stdout] test rate_limiter::tests::configuration_requires_key_quota_and_window ... ok
[INFO] [stdout] test rate_limiter::tests::parses_script_decision ... ok
[INFO] [stdout] test rate_limiter::tests::rejects_malformed_script_decision ... ok
[INFO] [stderr]      Running tests/live.rs (/opt/rustwide/target/release/build/redis-tower-primitives/bcd0d6692be08388/out/live-bcd0d6692be08388)
[INFO] [stdout] test delayed_queue::tests::parses_binary_claim_batch_and_rejects_bad_encoding ... ok
[INFO] [stdout] test leader::tests::renewal_failure_is_observable ... ok
[INFO] [stdout] 
[INFO] [stdout] test result: ok. 26 passed; 0 failed; 0 ignored; 0 measured; 0 filtered out; finished in 0.01s
[INFO] [stdout] 
[INFO] [stdout] 
[INFO] [stdout] running 16 tests
[INFO] [stdout] test dropping_leadership_requests_abdication ... FAILED
[INFO] [stdout] test latch_distinguishes_timeout_from_expiry ... FAILED
[INFO] [stdout] test delayed_queue_preserves_binary_duplicates_and_deadlines ... FAILED
[INFO] [stdout] test owned_renewal_keeps_lease_alive_and_returns_it_on_shutdown ... FAILED
[INFO] [stdout] test delayed_queue_reports_retention_pruning ... FAILED
[INFO] [stdout] test latch_initializes_once_and_waits_for_release ... FAILED
[INFO] [stdout] test semaphore_enforces_capacity_and_release_recovers_it ... FAILED
[INFO] [stdout] test stale_owner_cannot_release_or_extend_replacement ... FAILED
[INFO] [stdout] test id_generator_allocates_disjoint_local_blocks ... FAILED
[INFO] [stdout] test dropping_renewal_stops_extending_the_lock ... FAILED
[INFO] [stdout] test gcra_recovers_capacity_after_server_computed_delay ... FAILED
[INFO] [stdout] test renewal_reports_ownership_loss ... FAILED
[INFO] [stdout] test gcra_enforces_shared_quota_and_reports_retry ... FAILED
[INFO] [stdout] test lock_excludes_contenders_and_fencing_increases ... FAILED
[INFO] [stdout] test leader_election_is_exclusive_and_abdication_is_observable ... FAILED
[INFO] [stdout] test semaphore_expiry_recovers_from_crashed_holder ... FAILED
[INFO] [stdout] 
[INFO] [stdout] failures:
[INFO] [stdout] 
[INFO] [stdout] ---- dropping_leadership_requests_abdication stdout ----
[INFO] [stdout] 
[INFO] [stdout] thread 'dropping_leadership_requests_abdication' (1408) panicked at tests/live.rs:35:18:
[INFO] [stdout] failed to start Redis server: BinaryNotFound { binary: "redis-server" }
[INFO] [stdout] stack backtrace:
[INFO] [stdout]    0:     0x5592702aa3d1 - <<std[617be2ca0a6fd877]::sys::backtrace::BacktraceLock>::print::DisplayBacktrace as core[a373ad73a504971]::fmt::Display>::fmt
[INFO] [stdout]    1:     0x5592702c0f7a - core[a373ad73a504971]::fmt::write
[INFO] [stdout]    2:     0x5592702aeefc - <alloc[2e1b2a31b91974c5]::vec::Vec<u8> as core[a373ad73a504971]::io::write::Write>::write_fmt
[INFO] [stdout]    3:     0x559270283bf6 - std[617be2ca0a6fd877]::panicking::default_hook::{closure#0}
[INFO] [stdout]    4:     0x5592702a1a69 - std[617be2ca0a6fd877]::panicking::default_hook
[INFO] [stdout]    5:     0x5592701a69e0 - test[aada8e7e76ba119b]::test_main_inner::{closure#0}
[INFO] [stdout]    6:     0x5592702a1d92 - std[617be2ca0a6fd877]::panicking::panic_with_hook
[INFO] [stdout]    7:     0x559270283ca2 - std[617be2ca0a6fd877]::panicking::panic_handler::{closure#0}
[INFO] [stdout]    8:     0x55927027c5b9 - std[617be2ca0a6fd877]::sys::backtrace::__rust_end_short_backtrace::<std[617be2ca0a6fd877]::panicking::panic_handler::{closure#0}, !>
[INFO] [stdout]    9:     0x559270284a9d - __rustc[ea4f61d10b84890b]::rust_begin_unwind
[INFO] [stdout]   10:     0x5592702c16dc - core[a373ad73a504971]::panicking::panic_fmt
[INFO] [stdout]   11:     0x5592702c14b2 - core[a373ad73a504971]::result::unwrap_failed
[INFO] [stdout]   12:     0x55927015492c - live[f1669a0dd0cfd0a0]::redis_addr::{closure#0}
[INFO] [stdout]   13:     0x559270158059 - live[f1669a0dd0cfd0a0]::dropping_leadership_requests_abdication::{closure#0}
[INFO] [stdout]   14:     0x5592701927da - <tokio[dc602bde7b40025]::runtime::context::scoped::Scoped<tokio[dc602bde7b40025]::runtime::scheduler::Context>>::set::<<tokio[dc602bde7b40025]::runtime::scheduler::current_thread::CoreGuard>::enter<<tokio[dc602bde7b40025]::runtime::scheduler::current_thread::CoreGuard>::block_on<core[a373ad73a504971]::pin::Pin<&mut core[a373ad73a504971]::pin::Pin<&mut dyn core[a373ad73a504971]::future::future::Future<Output = ()>>>>::{closure#0}, core[a373ad73a504971]::option::Option<()>>::{closure#0}, (alloc[2e1b2a31b91974c5]::boxed::Box<tokio[dc602bde7b40025]::runtime::scheduler::current_thread::Core>, core[a373ad73a504971]::option::Option<()>)>
[INFO] [stdout]   15:     0x55927019333d - <tokio[dc602bde7b40025]::runtime::scheduler::current_thread::CoreGuard>::block_on::<core[a373ad73a504971]::pin::Pin<&mut core[a373ad73a504971]::pin::Pin<&mut dyn core[a373ad73a504971]::future::future::Future<Output = ()>>>>
[INFO] [stdout]   16:     0x55927019616b - tokio[dc602bde7b40025]::runtime::context::runtime::enter_runtime::<<tokio[dc602bde7b40025]::runtime::scheduler::current_thread::CurrentThread>::block_on<core[a373ad73a504971]::pin::Pin<&mut dyn core[a373ad73a504971]::future::future::Future<Output = ()>>>::{closure#0}, ()>
[INFO] [stdout]   17:     0x559270189455 - <tokio[dc602bde7b40025]::runtime::runtime::Runtime>::block_on::<core[a373ad73a504971]::pin::Pin<&mut dyn core[a373ad73a504971]::future::future::Future<Output = ()>>>
[INFO] [stdout]   18:     0x5592701685cd - <live[f1669a0dd0cfd0a0]::dropping_leadership_requests_abdication::{closure#0} as core[a373ad73a504971]::ops::function::FnOnce<()>>::call_once
[INFO] [stdout]   19:     0x559270199e2b - test[aada8e7e76ba119b]::__rust_begin_short_backtrace::<core[a373ad73a504971]::result::Result<(), alloc[2e1b2a31b91974c5]::string::String>, fn() -> core[a373ad73a504971]::result::Result<(), alloc[2e1b2a31b91974c5]::string::String>>
[INFO] [stdout]   20:     0x5592701a7005 - test[aada8e7e76ba119b]::run_test::{closure#0}
[INFO] [stdout]   21:     0x5592701a08f4 - std[617be2ca0a6fd877]::sys::backtrace::__rust_begin_short_backtrace::<test[aada8e7e76ba119b]::run_test::{closure#1}, ()>
[INFO] [stdout]   22:     0x5592701aa092 - <std[617be2ca0a6fd877]::thread::lifecycle::spawn_unchecked<test[aada8e7e76ba119b]::run_test::{closure#1}, ()>::{closure#1} as core[a373ad73a504971]::ops::function::FnOnce<()>>::call_once::{shim:vtable#0}
[INFO] [stdout]   23:     0x5592702a933f - <std[617be2ca0a6fd877]::sys::thread::unix::Thread>::new::thread_start
[INFO] [stdout]   24:     0x7cbdb0755dfa - <unknown>
[INFO] [stdout]   25:     0x7cbdb07e93d4 - clone
[INFO] [stdout]   26:                0x0 - <unknown>
[INFO] [stdout] 
[INFO] [stdout] ---- latch_distinguishes_timeout_from_expiry stdout ----
[INFO] [stdout] 
[INFO] [stdout] thread 'latch_distinguishes_timeout_from_expiry' (1413) panicked at tests/live.rs:35:18:
[INFO] [stdout] failed to start Redis server: BinaryNotFound { binary: "redis-server" }
[INFO] [stdout] stack backtrace:
[INFO] [stdout]    0:     0x5592702aa3d1 - <<std[617be2ca0a6fd877]::sys::backtrace::BacktraceLock>::print::DisplayBacktrace as core[a373ad73a504971]::fmt::Display>::fmt
[INFO] [stdout]    1:     0x5592702c0f7a - core[a373ad73a504971]::fmt::write
[INFO] [stdout]    2:     0x5592702aeefc - <alloc[2e1b2a31b91974c5]::vec::Vec<u8> as core[a373ad73a504971]::io::write::Write>::write_fmt
[INFO] [stdout]    3:     0x559270283bf6 - std[617be2ca0a6fd877]::panicking::default_hook::{closure#0}
[INFO] [stdout]    4:     0x5592702a1a69 - std[617be2ca0a6fd877]::panicking::default_hook
[INFO] [stdout]    5:     0x5592701a69e0 - test[aada8e7e76ba119b]::test_main_inner::{closure#0}
[INFO] [stdout]    6:     0x5592702a1d92 - std[617be2ca0a6fd877]::panicking::panic_with_hook
[INFO] [stdout]    7:     0x559270283ca2 - std[617be2ca0a6fd877]::panicking::panic_handler::{closure#0}
[INFO] [stdout]    8:     0x55927027c5b9 - std[617be2ca0a6fd877]::sys::backtrace::__rust_end_short_backtrace::<std[617be2ca0a6fd877]::panicking::panic_handler::{closure#0}, !>
[INFO] [stdout]    9:     0x559270284a9d - __rustc[ea4f61d10b84890b]::rust_begin_unwind
[INFO] [stdout]   10:     0x5592702c16dc - core[a373ad73a504971]::panicking::panic_fmt
[INFO] [stdout]   11:     0x5592702c14b2 - core[a373ad73a504971]::result::unwrap_failed
[INFO] [stdout]   12:     0x55927015492c - live[f1669a0dd0cfd0a0]::redis_addr::{closure#0}
[INFO] [stdout]   13:     0x559270152e03 - live[f1669a0dd0cfd0a0]::connection::{closure#0}
[INFO] [stdout]   14:     0x559270159020 - live[f1669a0dd0cfd0a0]::latch_distinguishes_timeout_from_expiry::{closure#0}
[INFO] [stdout]   15:     0x5592701927da - <tokio[dc602bde7b40025]::runtime::context::scoped::Scoped<tokio[dc602bde7b40025]::runtime::scheduler::Context>>::set::<<tokio[dc602bde7b40025]::runtime::scheduler::current_thread::CoreGuard>::enter<<tokio[dc602bde7b40025]::runtime::scheduler::current_thread::CoreGuard>::block_on<core[a373ad73a504971]::pin::Pin<&mut core[a373ad73a504971]::pin::Pin<&mut dyn core[a373ad73a504971]::future::future::Future<Output = ()>>>>::{closure#0}, core[a373ad73a504971]::option::Option<()>>::{closure#0}, (alloc[2e1b2a31b91974c5]::boxed::Box<tokio[dc602bde7b40025]::runtime::scheduler::current_thread::Core>, core[a373ad73a504971]::option::Option<()>)>
[INFO] [stdout]   16:     0x55927019333d - <tokio[dc602bde7b40025]::runtime::scheduler::current_thread::CoreGuard>::block_on::<core[a373ad73a504971]::pin::Pin<&mut core[a373ad73a504971]::pin::Pin<&mut dyn core[a373ad73a504971]::future::future::Future<Output = ()>>>>
[INFO] [stdout]   17:     0x55927019616b - tokio[dc602bde7b40025]::runtime::context::runtime::enter_runtime::<<tokio[dc602bde7b40025]::runtime::scheduler::current_thread::CurrentThread>::block_on<core[a373ad73a504971]::pin::Pin<&mut dyn core[a373ad73a504971]::future::future::Future<Output = ()>>>::{closure#0}, ()>
[INFO] [stdout]   18:     0x559270189455 - <tokio[dc602bde7b40025]::runtime::runtime::Runtime>::block_on::<core[a373ad73a504971]::pin::Pin<&mut dyn core[a373ad73a504971]::future::future::Future<Output = ()>>>
[INFO] [stdout]   19:     0x55927016872d - <live[f1669a0dd0cfd0a0]::latch_distinguishes_timeout_from_expiry::{closure#0} as core[a373ad73a504971]::ops::function::FnOnce<()>>::call_once
[INFO] [stdout]   20:     0x559270199e2b - test[aada8e7e76ba119b]::__rust_begin_short_backtrace::<core[a373ad73a504971]::result::Result<(), alloc[2e1b2a31b91974c5]::string::String>, fn() -> core[a373ad73a504971]::result::Result<(), alloc[2e1b2a31b91974c5]::string::String>>
[INFO] [stdout]   21:     0x5592701a7005 - test[aada8e7e76ba119b]::run_test::{closure#0}
[INFO] [stdout]   22:     0x5592701a08f4 - std[617be2ca0a6fd877]::sys::backtrace::__rust_begin_short_backtrace::<test[aada8e7e76ba119b]::run_test::{closure#1}, ()>
[INFO] [stdout]   23:     0x5592701aa092 - <std[617be2ca0a6fd877]::thread::lifecycle::spawn_unchecked<test[aada8e7e76ba119b]::run_test::{closure#1}, ()>::{closure#1} as core[a373ad73a504971]::ops::function::FnOnce<()>>::call_once::{shim:vtable#0}
[INFO] [stdout]   24:     0x5592702a933f - <std[617be2ca0a6fd877]::sys::thread::unix::Thread>::new::thread_start
[INFO] [stdout]   25:     0x7cbdb0755dfa - <unknown>
[INFO] [stdout]   26:     0x7cbdb07e93d4 - clone
[INFO] [stdout]   27:                0x0 - <unknown>
[INFO] [stdout] 
[INFO] [stdout] ---- delayed_queue_preserves_binary_duplicates_and_deadlines stdout ----
[INFO] [stdout] 
[INFO] [stdout] thread 'delayed_queue_preserves_binary_duplicates_and_deadlines' (1406) panicked at tests/live.rs:35:18:
[INFO] [stdout] failed to start Redis server: BinaryNotFound { binary: "redis-server" }
[INFO] [stdout] stack backtrace:
[INFO] [stdout]    0:     0x5592702aa3d1 - <<std[617be2ca0a6fd877]::sys::backtrace::BacktraceLock>::print::DisplayBacktrace as core[a373ad73a504971]::fmt::Display>::fmt
[INFO] [stdout]    1:     0x5592702c0f7a - core[a373ad73a504971]::fmt::write
[INFO] [stdout]    2:     0x5592702aeefc - <alloc[2e1b2a31b91974c5]::vec::Vec<u8> as core[a373ad73a504971]::io::write::Write>::write_fmt
[INFO] [stdout]    3:     0x559270283bf6 - std[617be2ca0a6fd877]::panicking::default_hook::{closure#0}
[INFO] [stdout]    4:     0x5592702a1a69 - std[617be2ca0a6fd877]::panicking::default_hook
[INFO] [stdout]    5:     0x5592701a69e0 - test[aada8e7e76ba119b]::test_main_inner::{closure#0}
[INFO] [stdout]    6:     0x5592702a1d92 - std[617be2ca0a6fd877]::panicking::panic_with_hook
[INFO] [stdout]    7:     0x559270283ca2 - std[617be2ca0a6fd877]::panicking::panic_handler::{closure#0}
[INFO] [stdout]    8:     0x55927027c5b9 - std[617be2ca0a6fd877]::sys::backtrace::__rust_end_short_backtrace::<std[617be2ca0a6fd877]::panicking::panic_handler::{closure#0}, !>
[INFO] [stdout]    9:     0x559270284a9d - __rustc[ea4f61d10b84890b]::rust_begin_unwind
[INFO] [stdout]   10:     0x5592702c16dc - core[a373ad73a504971]::panicking::panic_fmt
[INFO] [stdout]   11:     0x5592702c14b2 - core[a373ad73a504971]::result::unwrap_failed
[INFO] [stdout]   12:     0x55927015492c - live[f1669a0dd0cfd0a0]::redis_addr::{closure#0}
[INFO] [stdout]   13:     0x559270152e03 - live[f1669a0dd0cfd0a0]::connection::{closure#0}
[INFO] [stdout]   14:     0x55927015fcc8 - live[f1669a0dd0cfd0a0]::delayed_queue_preserves_binary_duplicates_and_deadlines::{closure#0}
[INFO] [stdout]   15:     0x5592701927da - <tokio[dc602bde7b40025]::runtime::context::scoped::Scoped<tokio[dc602bde7b40025]::runtime::scheduler::Context>>::set::<<tokio[dc602bde7b40025]::runtime::scheduler::current_thread::CoreGuard>::enter<<tokio[dc602bde7b40025]::runtime::scheduler::current_thread::CoreGuard>::block_on<core[a373ad73a504971]::pin::Pin<&mut core[a373ad73a504971]::pin::Pin<&mut dyn core[a373ad73a504971]::future::future::Future<Output = ()>>>>::{closure#0}, core[a373ad73a504971]::option::Option<()>>::{closure#0}, (alloc[2e1b2a31b91974c5]::boxed::Box<tokio[dc602bde7b40025]::runtime::scheduler::current_thread::Core>, core[a373ad73a504971]::option::Option<()>)>
[INFO] [stdout]   16:     0x55927019333d - <tokio[dc602bde7b40025]::runtime::scheduler::current_thread::CoreGuard>::block_on::<core[a373ad73a504971]::pin::Pin<&mut core[a373ad73a504971]::pin::Pin<&mut dyn core[a373ad73a504971]::future::future::Future<Output = ()>>>>
[INFO] [stdout]   17:     0x55927019616b - tokio[dc602bde7b40025]::runtime::context::runtime::enter_runtime::<<tokio[dc602bde7b40025]::runtime::scheduler::current_thread::CurrentThread>::block_on<core[a373ad73a504971]::pin::Pin<&mut dyn core[a373ad73a504971]::future::future::Future<Output = ()>>>::{closure#0}, ()>
[INFO] [stdout]   18:     0x559270189455 - <tokio[dc602bde7b40025]::runtime::runtime::Runtime>::block_on::<core[a373ad73a504971]::pin::Pin<&mut dyn core[a373ad73a504971]::future::future::Future<Output = ()>>>
[INFO] [stdout]   19:     0x5592701694ed - <live[f1669a0dd0cfd0a0]::delayed_queue_preserves_binary_duplicates_and_deadlines::{closure#0} as core[a373ad73a504971]::ops::function::FnOnce<()>>::call_once
[INFO] [stdout]   20:     0x559270199e2b - test[aada8e7e76ba119b]::__rust_begin_short_backtrace::<core[a373ad73a504971]::result::Result<(), alloc[2e1b2a31b91974c5]::string::String>, fn() -> core[a373ad73a504971]::result::Result<(), alloc[2e1b2a31b91974c5]::string::String>>
[INFO] [stdout]   21:     0x5592701a7005 - test[aada8e7e76ba119b]::run_test::{closure#0}
[INFO] [stdout]   22:     0x5592701a08f4 - std[617be2ca0a6fd877]::sys::backtrace::__rust_begin_short_backtrace::<test[aada8e7e76ba119b]::run_test::{closure#1}, ()>
[INFO] [stdout]   23:     0x5592701aa092 - <std[617be2ca0a6fd877]::thread::lifecycle::spawn_unchecked<test[aada8e7e76ba119b]::run_test::{closure#1}, ()>::{closure#1} as core[a373ad73a504971]::ops::function::FnOnce<()>>::call_once::{shim:vtable#0}
[INFO] [stdout]   24:     0x5592702a933f - <std[617be2ca0a6fd877]::sys::thread::unix::Thread>::new::thread_start
[INFO] [stdout]   25:     0x7cbdb0755dfa - <unknown>
[INFO] [stdout]   26:     0x7cbdb07e93d4 - clone
[INFO] [stdout]   27:                0x0 - <unknown>
[INFO] [stdout] 
[INFO] [stdout] ---- owned_renewal_keeps_lease_alive_and_returns_it_on_shutdown stdout ----
[INFO] [stdout] 
[INFO] [stdout] thread 'owned_renewal_keeps_lease_alive_and_returns_it_on_shutdown' (1417) panicked at tests/live.rs:35:18:
[INFO] [stdout] failed to start Redis server: BinaryNotFound { binary: "redis-server" }
[INFO] [stdout] stack backtrace:
[INFO] [stdout]    0:     0x5592702aa3d1 - <<std[617be2ca0a6fd877]::sys::backtrace::BacktraceLock>::print::DisplayBacktrace as core[a373ad73a504971]::fmt::Display>::fmt
[INFO] [stdout]    1:     0x5592702c0f7a - core[a373ad73a504971]::fmt::write
[INFO] [stdout]    2:     0x5592702aeefc - <alloc[2e1b2a31b91974c5]::vec::Vec<u8> as core[a373ad73a504971]::io::write::Write>::write_fmt
[INFO] [stdout]    3:     0x559270283bf6 - std[617be2ca0a6fd877]::panicking::default_hook::{closure#0}
[INFO] [stdout]    4:     0x5592702a1a69 - std[617be2ca0a6fd877]::panicking::default_hook
[INFO] [stdout]    5:     0x5592701a69e0 - test[aada8e7e76ba119b]::test_main_inner::{closure#0}
[INFO] [stdout]    6:     0x5592702a1d92 - std[617be2ca0a6fd877]::panicking::panic_with_hook
[INFO] [stdout]    7:     0x559270283ca2 - std[617be2ca0a6fd877]::panicking::panic_handler::{closure#0}
[INFO] [stdout]    8:     0x55927027c5b9 - std[617be2ca0a6fd877]::sys::backtrace::__rust_end_short_backtrace::<std[617be2ca0a6fd877]::panicking::panic_handler::{closure#0}, !>
[INFO] [stdout]    9:     0x559270284a9d - __rustc[ea4f61d10b84890b]::rust_begin_unwind
[INFO] [stdout]   10:     0x5592702c16dc - core[a373ad73a504971]::panicking::panic_fmt
[INFO] [stdout]   11:     0x5592702c14b2 - core[a373ad73a504971]::result::unwrap_failed
[INFO] [stdout]   12:     0x55927015492c - live[f1669a0dd0cfd0a0]::redis_addr::{closure#0}
[INFO] [stdout]   13:     0x559270152e03 - live[f1669a0dd0cfd0a0]::connection::{closure#0}
[INFO] [stdout]   14:     0x559270162212 - live[f1669a0dd0cfd0a0]::owned_renewal_keeps_lease_alive_and_returns_it_on_shutdown::{closure#0}
[INFO] [stdout]   15:     0x5592701927da - <tokio[dc602bde7b40025]::runtime::context::scoped::Scoped<tokio[dc602bde7b40025]::runtime::scheduler::Context>>::set::<<tokio[dc602bde7b40025]::runtime::scheduler::current_thread::CoreGuard>::enter<<tokio[dc602bde7b40025]::runtime::scheduler::current_thread::CoreGuard>::block_on<core[a373ad73a504971]::pin::Pin<&mut core[a373ad73a504971]::pin::Pin<&mut dyn core[a373ad73a504971]::future::future::Future<Output = ()>>>>::{closure#0}, core[a373ad73a504971]::option::Option<()>>::{closure#0}, (alloc[2e1b2a31b91974c5]::boxed::Box<tokio[dc602bde7b40025]::runtime::scheduler::current_thread::Core>, core[a373ad73a504971]::option::Option<()>)>
[INFO] [stdout]   16:     0x55927019333d - <tokio[dc602bde7b40025]::runtime::scheduler::current_thread::CoreGuard>::block_on::<core[a373ad73a504971]::pin::Pin<&mut core[a373ad73a504971]::pin::Pin<&mut dyn core[a373ad73a504971]::future::future::Future<Output = ()>>>>
[INFO] [stdout]   17:     0x55927019616b - tokio[dc602bde7b40025]::runtime::context::runtime::enter_runtime::<<tokio[dc602bde7b40025]::runtime::scheduler::current_thread::CurrentThread>::block_on<core[a373ad73a504971]::pin::Pin<&mut dyn core[a373ad73a504971]::future::future::Future<Output = ()>>>::{closure#0}, ()>
[INFO] [stdout]   18:     0x559270189455 - <tokio[dc602bde7b40025]::runtime::runtime::Runtime>::block_on::<core[a373ad73a504971]::pin::Pin<&mut dyn core[a373ad73a504971]::future::future::Future<Output = ()>>>
[INFO] [stdout]   19:     0x5592701697ad - <live[f1669a0dd0cfd0a0]::owned_renewal_keeps_lease_alive_and_returns_it_on_shutdown::{closure#0} as core[a373ad73a504971]::ops::function::FnOnce<()>>::call_once
[INFO] [stdout]   20:     0x559270199e2b - test[aada8e7e76ba119b]::__rust_begin_short_backtrace::<core[a373ad73a504971]::result::Result<(), alloc[2e1b2a31b91974c5]::string::String>, fn() -> core[a373ad73a504971]::result::Result<(), alloc[2e1b2a31b91974c5]::string::String>>
[INFO] [stdout]   21:     0x5592701a7005 - test[aada8e7e76ba119b]::run_test::{closure#0}
[INFO] [stdout]   22:     0x5592701a08f4 - std[617be2ca0a6fd877]::sys::backtrace::__rust_begin_short_backtrace::<test[aada8e7e76ba119b]::run_test::{closure#1}, ()>
[INFO] [stdout]   23:     0x5592701aa092 - <std[617be2ca0a6fd877]::thread::lifecycle::spawn_unchecked<test[aada8e7e76ba119b]::run_test::{closure#1}, ()>::{closure#1} as core[a373ad73a504971]::ops::function::FnOnce<()>>::call_once::{shim:vtable#0}
[INFO] [stdout]   24:     0x5592702a933f - <std[617be2ca0a6fd877]::sys::thread::unix::Thread>::new::thread_start
[INFO] [stdout]   25:     0x7cbdb0755dfa - <unknown>
[INFO] [stdout]   26:     0x7cbdb07e93d4 - clone
[INFO] [stdout]   27:                0x0 - <unknown>
[INFO] [stdout] 
[INFO] [stdout] ---- delayed_queue_reports_retention_pruning stdout ----
[INFO] [stdout] 
[INFO] [stdout] thread 'delayed_queue_reports_retention_pruning' (1407) panicked at tests/live.rs:35:18:
[INFO] [stdout] failed to start Redis server: BinaryNotFound { binary: "redis-server" }
[INFO] [stdout] stack backtrace:
[INFO] [stdout]    0:     0x5592702aa3d1 - <<std[617be2ca0a6fd877]::sys::backtrace::BacktraceLock>::print::DisplayBacktrace as core[a373ad73a504971]::fmt::Display>::fmt
[INFO] [stdout]    1:     0x5592702c0f7a - core[a373ad73a504971]::fmt::write
[INFO] [stdout]    2:     0x5592702aeefc - <alloc[2e1b2a31b91974c5]::vec::Vec<u8> as core[a373ad73a504971]::io::write::Write>::write_fmt
[INFO] [stdout]    3:     0x559270283bf6 - std[617be2ca0a6fd877]::panicking::default_hook::{closure#0}
[INFO] [stdout]    4:     0x5592702a1a69 - std[617be2ca0a6fd877]::panicking::default_hook
[INFO] [stdout]    5:     0x5592701a69e0 - test[aada8e7e76ba119b]::test_main_inner::{closure#0}
[INFO] [stdout]    6:     0x5592702a1d92 - std[617be2ca0a6fd877]::panicking::panic_with_hook
[INFO] [stdout]    7:     0x559270283ca2 - std[617be2ca0a6fd877]::panicking::panic_handler::{closure#0}
[INFO] [stdout]    8:     0x55927027c5b9 - std[617be2ca0a6fd877]::sys::backtrace::__rust_end_short_backtrace::<std[617be2ca0a6fd877]::panicking::panic_handler::{closure#0}, !>
[INFO] [stdout]    9:     0x559270284a9d - __rustc[ea4f61d10b84890b]::rust_begin_unwind
[INFO] [stdout]   10:     0x5592702c16dc - core[a373ad73a504971]::panicking::panic_fmt
[INFO] [stdout]   11:     0x5592702c14b2 - core[a373ad73a504971]::result::unwrap_failed
[INFO] [stdout]   12:     0x55927015492c - live[f1669a0dd0cfd0a0]::redis_addr::{closure#0}
[INFO] [stdout]   13:     0x559270152e03 - live[f1669a0dd0cfd0a0]::connection::{closure#0}
[INFO] [stdout]   14:     0x559270156ec0 - live[f1669a0dd0cfd0a0]::delayed_queue_reports_retention_pruning::{closure#0}
[INFO] [stdout]   15:     0x5592701927da - <tokio[dc602bde7b40025]::runtime::context::scoped::Scoped<tokio[dc602bde7b40025]::runtime::scheduler::Context>>::set::<<tokio[dc602bde7b40025]::runtime::scheduler::current_thread::CoreGuard>::enter<<tokio[dc602bde7b40025]::runtime::scheduler::current_thread::CoreGuard>::block_on<core[a373ad73a504971]::pin::Pin<&mut core[a373ad73a504971]::pin::Pin<&mut dyn core[a373ad73a504971]::future::future::Future<Output = ()>>>>::{closure#0}, core[a373ad73a504971]::option::Option<()>>::{closure#0}, (alloc[2e1b2a31b91974c5]::boxed::Box<tokio[dc602bde7b40025]::runtime::scheduler::current_thread::Core>, core[a373ad73a504971]::option::Option<()>)>
[INFO] [stdout]   16:     0x55927019333d - <tokio[dc602bde7b40025]::runtime::scheduler::current_thread::CoreGuard>::block_on::<core[a373ad73a504971]::pin::Pin<&mut core[a373ad73a504971]::pin::Pin<&mut dyn core[a373ad73a504971]::future::future::Future<Output = ()>>>>
[INFO] [stdout]   17:     0x55927019616b - tokio[dc602bde7b40025]::runtime::context::runtime::enter_runtime::<<tokio[dc602bde7b40025]::runtime::scheduler::current_thread::CurrentThread>::block_on<core[a373ad73a504971]::pin::Pin<&mut dyn core[a373ad73a504971]::future::future::Future<Output = ()>>>::{closure#0}, ()>
[INFO] [stdout]   18:     0x559270189455 - <tokio[dc602bde7b40025]::runtime::runtime::Runtime>::block_on::<core[a373ad73a504971]::pin::Pin<&mut dyn core[a373ad73a504971]::future::future::Future<Output = ()>>>
[INFO] [stdout]   19:     0x55927016846d - <live[f1669a0dd0cfd0a0]::delayed_queue_reports_retention_pruning::{closure#0} as core[a373ad73a504971]::ops::function::FnOnce<()>>::call_once
[INFO] [stdout]   20:     0x559270199e2b - test[aada8e7e76ba119b]::__rust_begin_short_backtrace::<core[a373ad73a504971]::result::Result<(), alloc[2e1b2a31b91974c5]::string::String>, fn() -> core[a373ad73a504971]::result::Result<(), alloc[2e1b2a31b91974c5]::string::String>>
[INFO] [stdout]   21:     0x5592701a7005 - test[aada8e7e76ba119b]::run_test::{closure#0}
[INFO] [stdout]   22:     0x5592701a08f4 - std[617be2ca0a6fd877]::sys::backtrace::__rust_begin_short_backtrace::<test[aada8e7e76ba119b]::run_test::{closure#1}, ()>
[INFO] [stdout]   23:     0x5592701aa092 - <std[617be2ca0a6fd877]::thread::lifecycle::spawn_unchecked<test[aada8e7e76ba119b]::run_test::{closure#1}, ()>::{closure#1} as core[a373ad73a504971]::ops::function::FnOnce<()>>::call_once::{shim:vtable#0}
[INFO] [stdout]   24:     0x5592702a933f - <std[617be2ca0a6fd877]::sys::thread::unix::Thread>::new::thread_start
[INFO] [stdout]   25:     0x7cbdb0755dfa - <unknown>
[INFO] [stdout]   26:     0x7cbdb07e93d4 - clone
[INFO] [stdout]   27:                0x0 - <unknown>
[INFO] [stdout] 
[INFO] [stdout] ---- latch_initializes_once_and_waits_for_release stdout ----
[INFO] [stdout] 
[INFO] [stdout] thread 'latch_initializes_once_and_waits_for_release' (1414) panicked at tests/live.rs:35:18:
[INFO] [stdout] failed to start Redis server: BinaryNotFound { binary: "redis-server" }
[INFO] [stdout] stack backtrace:
[INFO] [stdout]    0:     0x5592702aa3d1 - <<std[617be2ca0a6fd877]::sys::backtrace::BacktraceLock>::print::DisplayBacktrace as core[a373ad73a504971]::fmt::Display>::fmt
[INFO] [stdout]    1:     0x5592702c0f7a - core[a373ad73a504971]::fmt::write
[INFO] [stdout]    2:     0x5592702aeefc - <alloc[2e1b2a31b91974c5]::vec::Vec<u8> as core[a373ad73a504971]::io::write::Write>::write_fmt
[INFO] [stdout]    3:     0x559270283bf6 - std[617be2ca0a6fd877]::panicking::default_hook::{closure#0}
[INFO] [stdout]    4:     0x5592702a1a69 - std[617be2ca0a6fd877]::panicking::default_hook
[INFO] [stdout]    5:     0x5592701a69e0 - test[aada8e7e76ba119b]::test_main_inner::{closure#0}
[INFO] [stdout]    6:     0x5592702a1d92 - std[617be2ca0a6fd877]::panicking::panic_with_hook
[INFO] [stdout]    7:     0x559270283ca2 - std[617be2ca0a6fd877]::panicking::panic_handler::{closure#0}
[INFO] [stdout]    8:     0x55927027c5b9 - std[617be2ca0a6fd877]::sys::backtrace::__rust_end_short_backtrace::<std[617be2ca0a6fd877]::panicking::panic_handler::{closure#0}, !>
[INFO] [stdout]    9:     0x559270284a9d - __rustc[ea4f61d10b84890b]::rust_begin_unwind
[INFO] [stdout]   10:     0x5592702c16dc - core[a373ad73a504971]::panicking::panic_fmt
[INFO] [stdout]   11:     0x5592702c14b2 - core[a373ad73a504971]::result::unwrap_failed
[INFO] [stdout]   12:     0x55927015492c - live[f1669a0dd0cfd0a0]::redis_addr::{closure#0}
[INFO] [stdout]   13:     0x559270152e03 - live[f1669a0dd0cfd0a0]::connection::{closure#0}
[INFO] [stdout]   14:     0x55927015b8a5 - live[f1669a0dd0cfd0a0]::latch_initializes_once_and_waits_for_release::{closure#0}
[INFO] [stdout]   15:     0x5592701927da - <tokio[dc602bde7b40025]::runtime::context::scoped::Scoped<tokio[dc602bde7b40025]::runtime::scheduler::Context>>::set::<<tokio[dc602bde7b40025]::runtime::scheduler::current_thread::CoreGuard>::enter<<tokio[dc602bde7b40025]::runtime::scheduler::current_thread::CoreGuard>::block_on<core[a373ad73a504971]::pin::Pin<&mut core[a373ad73a504971]::pin::Pin<&mut dyn core[a373ad73a504971]::future::future::Future<Output = ()>>>>::{closure#0}, core[a373ad73a504971]::option::Option<()>>::{closure#0}, (alloc[2e1b2a31b91974c5]::boxed::Box<tokio[dc602bde7b40025]::runtime::scheduler::current_thread::Core>, core[a373ad73a504971]::option::Option<()>)>
[INFO] [stdout]   16:     0x55927019333d - <tokio[dc602bde7b40025]::runtime::scheduler::current_thread::CoreGuard>::block_on::<core[a373ad73a504971]::pin::Pin<&mut core[a373ad73a504971]::pin::Pin<&mut dyn core[a373ad73a504971]::future::future::Future<Output = ()>>>>
[INFO] [stdout]   17:     0x55927019616b - tokio[dc602bde7b40025]::runtime::context::runtime::enter_runtime::<<tokio[dc602bde7b40025]::runtime::scheduler::current_thread::CurrentThread>::block_on<core[a373ad73a504971]::pin::Pin<&mut dyn core[a373ad73a504971]::future::future::Future<Output = ()>>>::{closure#0}, ()>
[INFO] [stdout]   18:     0x559270189455 - <tokio[dc602bde7b40025]::runtime::runtime::Runtime>::block_on::<core[a373ad73a504971]::pin::Pin<&mut dyn core[a373ad73a504971]::future::future::Future<Output = ()>>>
[INFO] [stdout]   19:     0x559270168cad - <live[f1669a0dd0cfd0a0]::latch_initializes_once_and_waits_for_release::{closure#0} as core[a373ad73a504971]::ops::function::FnOnce<()>>::call_once
[INFO] [stdout]   20:     0x559270199e2b - test[aada8e7e76ba119b]::__rust_begin_short_backtrace::<core[a373ad73a504971]::result::Result<(), alloc[2e1b2a31b91974c5]::string::String>, fn() -> core[a373ad73a504971]::result::Result<(), alloc[2e1b2a31b91974c5]::string::String>>
[INFO] [stdout]   21:     0x5592701a7005 - test[aada8e7e76ba119b]::run_test::{closure#0}
[INFO] [stdout]   22:     0x5592701a08f4 - std[617be2ca0a6fd877]::sys::backtrace::__rust_begin_short_backtrace::<test[aada8e7e76ba119b]::run_test::{closure#1}, ()>
[INFO] [stdout]   23:     0x5592701aa092 - <std[617be2ca0a6fd877]::thread::lifecycle::spawn_unchecked<test[aada8e7e76ba119b]::run_test::{closure#1}, ()>::{closure#1} as core[a373ad73a504971]::ops::function::FnOnce<()>>::call_once::{shim:vtable#0}
[INFO] [stdout]   24:     0x5592702a933f - <std[617be2ca0a6fd877]::sys::thread::unix::Thread>::new::thread_start
[INFO] [stdout]   25:     0x7cbdb0755dfa - <unknown>
[INFO] [stdout]   26:     0x7cbdb07e93d4 - clone
[INFO] [stdout]   27:                0x0 - <unknown>
[INFO] [stdout] 
[INFO] [stdout] ---- semaphore_enforces_capacity_and_release_recovers_it stdout ----
[INFO] [stdout] 
[INFO] [stdout] thread 'semaphore_enforces_capacity_and_release_recovers_it' (1419) panicked at tests/live.rs:35:18:
[INFO] [stdout] failed to start Redis server: BinaryNotFound { binary: "redis-server" }
[INFO] [stdout] stack backtrace:
[INFO] [stdout]    0:     0x5592702aa3d1 - <<std[617be2ca0a6fd877]::sys::backtrace::BacktraceLock>::print::DisplayBacktrace as core[a373ad73a504971]::fmt::Display>::fmt
[INFO] [stdout]    1:     0x5592702c0f7a - core[a373ad73a504971]::fmt::write
[INFO] [stdout]    2:     0x5592702aeefc - <alloc[2e1b2a31b91974c5]::vec::Vec<u8> as core[a373ad73a504971]::io::write::Write>::write_fmt
[INFO] [stdout]    3:     0x559270283bf6 - std[617be2ca0a6fd877]::panicking::default_hook::{closure#0}
[INFO] [stdout]    4:     0x5592702a1a69 - std[617be2ca0a6fd877]::panicking::default_hook
[INFO] [stdout]    5:     0x5592701a69e0 - test[aada8e7e76ba119b]::test_main_inner::{closure#0}
[INFO] [stdout]    6:     0x5592702a1d92 - std[617be2ca0a6fd877]::panicking::panic_with_hook
[INFO] [stdout]    7:     0x559270283ca2 - std[617be2ca0a6fd877]::panicking::panic_handler::{closure#0}
[INFO] [stdout]    8:     0x55927027c5b9 - std[617be2ca0a6fd877]::sys::backtrace::__rust_end_short_backtrace::<std[617be2ca0a6fd877]::panicking::panic_handler::{closure#0}, !>
[INFO] [stdout]    9:     0x559270284a9d - __rustc[ea4f61d10b84890b]::rust_begin_unwind
[INFO] [stdout]   10:     0x5592702c16dc - core[a373ad73a504971]::panicking::panic_fmt
[INFO] [stdout]   11:     0x5592702c14b2 - core[a373ad73a504971]::result::unwrap_failed
[INFO] [stdout]   12:     0x55927015492c - live[f1669a0dd0cfd0a0]::redis_addr::{closure#0}
[INFO] [stdout]   13:     0x559270152e03 - live[f1669a0dd0cfd0a0]::connection::{closure#0}
[INFO] [stdout]   14:     0x55927015f0cc - live[f1669a0dd0cfd0a0]::semaphore_enforces_capacity_and_release_recovers_it::{closure#0}
[INFO] [stdout]   15:     0x5592701927da - <tokio[dc602bde7b40025]::runtime::context::scoped::Scoped<tokio[dc602bde7b40025]::runtime::scheduler::Context>>::set::<<tokio[dc602bde7b40025]::runtime::scheduler::current_thread::CoreGuard>::enter<<tokio[dc602bde7b40025]::runtime::scheduler::current_thread::CoreGuard>::block_on<core[a373ad73a504971]::pin::Pin<&mut core[a373ad73a504971]::pin::Pin<&mut dyn core[a373ad73a504971]::future::future::Future<Output = ()>>>>::{closure#0}, core[a373ad73a504971]::option::Option<()>>::{closure#0}, (alloc[2e1b2a31b91974c5]::boxed::Box<tokio[dc602bde7b40025]::runtime::scheduler::current_thread::Core>, core[a373ad73a504971]::option::Option<()>)>
[INFO] [stdout]   16:     0x55927019333d - <tokio[dc602bde7b40025]::runtime::scheduler::current_thread::CoreGuard>::block_on::<core[a373ad73a504971]::pin::Pin<&mut core[a373ad73a504971]::pin::Pin<&mut dyn core[a373ad73a504971]::future::future::Future<Output = ()>>>>
[INFO] [stdout]   17:     0x55927019616b - tokio[dc602bde7b40025]::runtime::context::runtime::enter_runtime::<<tokio[dc602bde7b40025]::runtime::scheduler::current_thread::CurrentThread>::block_on<core[a373ad73a504971]::pin::Pin<&mut dyn core[a373ad73a504971]::future::future::Future<Output = ()>>>::{closure#0}, ()>
[INFO] [stdout]   18:     0x559270189455 - <tokio[dc602bde7b40025]::runtime::runtime::Runtime>::block_on::<core[a373ad73a504971]::pin::Pin<&mut dyn core[a373ad73a504971]::future::future::Future<Output = ()>>>
[INFO] [stdout]   19:     0x55927016938d - <live[f1669a0dd0cfd0a0]::semaphore_enforces_capacity_and_release_recovers_it::{closure#0} as core[a373ad73a504971]::ops::function::FnOnce<()>>::call_once
[INFO] [stdout]   20:     0x559270199e2b - test[aada8e7e76ba119b]::__rust_begin_short_backtrace::<core[a373ad73a504971]::result::Result<(), alloc[2e1b2a31b91974c5]::string::String>, fn() -> core[a373ad73a504971]::result::Result<(), alloc[2e1b2a31b91974c5]::string::String>>
[INFO] [stdout]   21:     0x5592701a7005 - test[aada8e7e76ba119b]::run_test::{closure#0}
[INFO] [stdout]   22:     0x5592701a08f4 - std[617be2ca0a6fd877]::sys::backtrace::__rust_begin_short_backtrace::<test[aada8e7e76ba119b]::run_test::{closure#1}, ()>
[INFO] [stdout]   23:     0x5592701aa092 - <std[617be2ca0a6fd877]::thread::lifecycle::spawn_unchecked<test[aada8e7e76ba119b]::run_test::{closure#1}, ()>::{closure#1} as core[a373ad73a504971]::ops::function::FnOnce<()>>::call_once::{shim:vtable#0}
[INFO] [stdout]   24:     0x5592702a933f - <std[617be2ca0a6fd877]::sys::thread::unix::Thread>::new::thread_start
[INFO] [stdout]   25:     0x7cbdb0755dfa - <unknown>
[INFO] [stdout]   26:     0x7cbdb07e93d4 - clone
[INFO] [stdout]   27:                0x0 - <unknown>
[INFO] [stdout] 
[INFO] [stdout] ---- stale_owner_cannot_release_or_extend_replacement stdout ----
[INFO] [stdout] 
[INFO] [stdout] thread 'stale_owner_cannot_release_or_extend_replacement' (1421) panicked at tests/live.rs:35:18:
[INFO] [stdout] failed to start Redis server: BinaryNotFound { binary: "redis-server" }
[INFO] [stdout] stack backtrace:
[INFO] [stdout]    0:     0x5592702aa3d1 - <<std[617be2ca0a6fd877]::sys::backtrace::BacktraceLock>::print::DisplayBacktrace as core[a373ad73a504971]::fmt::Display>::fmt
[INFO] [stdout]    1:     0x5592702c0f7a - core[a373ad73a504971]::fmt::write
[INFO] [stdout]    2:     0x5592702aeefc - <alloc[2e1b2a31b91974c5]::vec::Vec<u8> as core[a373ad73a504971]::io::write::Write>::write_fmt
[INFO] [stdout]    3:     0x559270283bf6 - std[617be2ca0a6fd877]::panicking::default_hook::{closure#0}
[INFO] [stdout]    4:     0x5592702a1a69 - std[617be2ca0a6fd877]::panicking::default_hook
[INFO] [stdout]    5:     0x5592701a69e0 - test[aada8e7e76ba119b]::test_main_inner::{closure#0}
[INFO] [stdout]    6:     0x5592702a1d92 - std[617be2ca0a6fd877]::panicking::panic_with_hook
[INFO] [stdout]    7:     0x559270283ca2 - std[617be2ca0a6fd877]::panicking::panic_handler::{closure#0}
[INFO] [stdout]    8:     0x55927027c5b9 - std[617be2ca0a6fd877]::sys::backtrace::__rust_end_short_backtrace::<std[617be2ca0a6fd877]::panicking::panic_handler::{closure#0}, !>
[INFO] [stdout]    9:     0x559270284a9d - __rustc[ea4f61d10b84890b]::rust_begin_unwind
[INFO] [stdout]   10:     0x5592702c16dc - core[a373ad73a504971]::panicking::panic_fmt
[INFO] [stdout]   11:     0x5592702c14b2 - core[a373ad73a504971]::result::unwrap_failed
[INFO] [stdout]   12:     0x55927015492c - live[f1669a0dd0cfd0a0]::redis_addr::{closure#0}
[INFO] [stdout]   13:     0x559270152e03 - live[f1669a0dd0cfd0a0]::connection::{closure#0}
[INFO] [stdout]   14:     0x55927015dc2c - live[f1669a0dd0cfd0a0]::stale_owner_cannot_release_or_extend_replacement::{closure#0}
[INFO] [stdout]   15:     0x5592701927da - <tokio[dc602bde7b40025]::runtime::context::scoped::Scoped<tokio[dc602bde7b40025]::runtime::scheduler::Context>>::set::<<tokio[dc602bde7b40025]::runtime::scheduler::current_thread::CoreGuard>::enter<<tokio[dc602bde7b40025]::runtime::scheduler::current_thread::CoreGuard>::block_on<core[a373ad73a504971]::pin::Pin<&mut core[a373ad73a504971]::pin::Pin<&mut dyn core[a373ad73a504971]::future::future::Future<Output = ()>>>>::{closure#0}, core[a373ad73a504971]::option::Option<()>>::{closure#0}, (alloc[2e1b2a31b91974c5]::boxed::Box<tokio[dc602bde7b40025]::runtime::scheduler::current_thread::Core>, core[a373ad73a504971]::option::Option<()>)>
[INFO] [stdout]   16:     0x55927019333d - <tokio[dc602bde7b40025]::runtime::scheduler::current_thread::CoreGuard>::block_on::<core[a373ad73a504971]::pin::Pin<&mut core[a373ad73a504971]::pin::Pin<&mut dyn core[a373ad73a504971]::future::future::Future<Output = ()>>>>
[INFO] [stdout]   17:     0x55927019616b - tokio[dc602bde7b40025]::runtime::context::runtime::enter_runtime::<<tokio[dc602bde7b40025]::runtime::scheduler::current_thread::CurrentThread>::block_on<core[a373ad73a504971]::pin::Pin<&mut dyn core[a373ad73a504971]::future::future::Future<Output = ()>>>::{closure#0}, ()>
[INFO] [stdout]   18:     0x559270189455 - <tokio[dc602bde7b40025]::runtime::runtime::Runtime>::block_on::<core[a373ad73a504971]::pin::Pin<&mut dyn core[a373ad73a504971]::future::future::Future<Output = ()>>>
[INFO] [stdout]   19:     0x5592701690cd - <live[f1669a0dd0cfd0a0]::stale_owner_cannot_release_or_extend_replacement::{closure#0} as core[a373ad73a504971]::ops::function::FnOnce<()>>::call_once
[INFO] [stdout]   20:     0x559270199e2b - test[aada8e7e76ba119b]::__rust_begin_short_backtrace::<core[a373ad73a504971]::result::Result<(), alloc[2e1b2a31b91974c5]::string::String>, fn() -> core[a373ad73a504971]::result::Result<(), alloc[2e1b2a31b91974c5]::string::String>>
[INFO] [stdout]   21:     0x5592701a7005 - test[aada8e7e76ba119b]::run_test::{closure#0}
[INFO] [stdout]   22:     0x5592701a08f4 - std[617be2ca0a6fd877]::sys::backtrace::__rust_begin_short_backtrace::<test[aada8e7e76ba119b]::run_test::{closure#1}, ()>
[INFO] [stdout]   23:     0x5592701aa092 - <std[617be2ca0a6fd877]::thread::lifecycle::spawn_unchecked<test[aada8e7e76ba119b]::run_test::{closure#1}, ()>::{closure#1} as core[a373ad73a504971]::ops::function::FnOnce<()>>::call_once::{shim:vtable#0}
[INFO] [stdout]   24:     0x5592702a933f - <std[617be2ca0a6fd877]::sys::thread::unix::Thread>::new::thread_start
[INFO] [stdout]   25:     0x7cbdb0755dfa - <unknown>
[INFO] [stdout]   26:     0x7cbdb07e93d4 - clone
[INFO] [stdout]   27:                0x0 - <unknown>
[INFO] [stdout] 
[INFO] [stdout] ---- id_generator_allocates_disjoint_local_blocks stdout ----
[INFO] [stdout] 
[INFO] [stdout] thread 'id_generator_allocates_disjoint_local_blocks' (1412) panicked at tests/live.rs:35:18:
[INFO] [stdout] failed to start Redis server: BinaryNotFound { binary: "redis-server" }
[INFO] [stdout] stack backtrace:
[INFO] [stdout]    0:     0x5592702aa3d1 - <<std[617be2ca0a6fd877]::sys::backtrace::BacktraceLock>::print::DisplayBacktrace as core[a373ad73a504971]::fmt::Display>::fmt
[INFO] [stdout]    1:     0x5592702c0f7a - core[a373ad73a504971]::fmt::write
[INFO] [stdout]    2:     0x5592702aeefc - <alloc[2e1b2a31b91974c5]::vec::Vec<u8> as core[a373ad73a504971]::io::write::Write>::write_fmt
[INFO] [stdout]    3:     0x559270283bf6 - std[617be2ca0a6fd877]::panicking::default_hook::{closure#0}
[INFO] [stdout]    4:     0x5592702a1a69 - std[617be2ca0a6fd877]::panicking::default_hook
[INFO] [stdout]    5:     0x5592701a69e0 - test[aada8e7e76ba119b]::test_main_inner::{closure#0}
[INFO] [stdout]    6:     0x5592702a1d92 - std[617be2ca0a6fd877]::panicking::panic_with_hook
[INFO] [stdout]    7:     0x559270283ca2 - std[617be2ca0a6fd877]::panicking::panic_handler::{closure#0}
[INFO] [stdout]    8:     0x55927027c5b9 - std[617be2ca0a6fd877]::sys::backtrace::__rust_end_short_backtrace::<std[617be2ca0a6fd877]::panicking::panic_handler::{closure#0}, !>
[INFO] [stdout]    9:     0x559270284a9d - __rustc[ea4f61d10b84890b]::rust_begin_unwind
[INFO] [stdout]   10:     0x5592702c16dc - core[a373ad73a504971]::panicking::panic_fmt
[INFO] [stdout]   11:     0x5592702c14b2 - core[a373ad73a504971]::result::unwrap_failed
[INFO] [stdout]   12:     0x55927015492c - live[f1669a0dd0cfd0a0]::redis_addr::{closure#0}
[INFO] [stdout]   13:     0x559270152e03 - live[f1669a0dd0cfd0a0]::connection::{closure#0}
[INFO] [stdout]   14:     0x55927015af1a - live[f1669a0dd0cfd0a0]::id_generator_allocates_disjoint_local_blocks::{closure#0}
[INFO] [stdout]   15:     0x5592701927da - <tokio[dc602bde7b40025]::runtime::context::scoped::Scoped<tokio[dc602bde7b40025]::runtime::scheduler::Context>>::set::<<tokio[dc602bde7b40025]::runtime::scheduler::current_thread::CoreGuard>::enter<<tokio[dc602bde7b40025]::runtime::scheduler::current_thread::CoreGuard>::block_on<core[a373ad73a504971]::pin::Pin<&mut core[a373ad73a504971]::pin::Pin<&mut dyn core[a373ad73a504971]::future::future::Future<Output = ()>>>>::{closure#0}, core[a373ad73a504971]::option::Option<()>>::{closure#0}, (alloc[2e1b2a31b91974c5]::boxed::Box<tokio[dc602bde7b40025]::runtime::scheduler::current_thread::Core>, core[a373ad73a504971]::option::Option<()>)>
[INFO] [stdout]   16:     0x55927019333d - <tokio[dc602bde7b40025]::runtime::scheduler::current_thread::CoreGuard>::block_on::<core[a373ad73a504971]::pin::Pin<&mut core[a373ad73a504971]::pin::Pin<&mut dyn core[a373ad73a504971]::future::future::Future<Output = ()>>>>
[INFO] [stdout]   17:     0x55927019616b - tokio[dc602bde7b40025]::runtime::context::runtime::enter_runtime::<<tokio[dc602bde7b40025]::runtime::scheduler::current_thread::CurrentThread>::block_on<core[a373ad73a504971]::pin::Pin<&mut dyn core[a373ad73a504971]::future::future::Future<Output = ()>>>::{closure#0}, ()>
[INFO] [stderr] error: test failed, to rerun pass `--test live`
[INFO] [stdout]   18:     0x559270189455 - <tokio[dc602bde7b40025]::runtime::runtime::Runtime>::block_on::<core[a373ad73a504971]::pin::Pin<&mut dyn core[a373ad73a504971]::future::future::Future<Output = ()>>>
[INFO] [stdout]   19:     0x559270168b4d - <live[f1669a0dd0cfd0a0]::id_generator_allocates_disjoint_local_blocks::{closure#0} as core[a373ad73a504971]::ops::function::FnOnce<()>>::call_once
[INFO] [stdout]   20:     0x559270199e2b - test[aada8e7e76ba119b]::__rust_begin_short_backtrace::<core[a373ad73a504971]::result::Result<(), alloc[2e1b2a31b91974c5]::string::String>, fn() -> core[a373ad73a504971]::result::Result<(), alloc[2e1b2a31b91974c5]::string::String>>
[INFO] [stdout]   21:     0x5592701a7005 - test[aada8e7e76ba119b]::run_test::{closure#0}
[INFO] [stdout]   22:     0x5592701a08f4 - std[617be2ca0a6fd877]::sys::backtrace::__rust_begin_short_backtrace::<test[aada8e7e76ba119b]::run_test::{closure#1}, ()>
[INFO] [stdout]   23:     0x5592701aa092 - <std[617be2ca0a6fd877]::thread::lifecycle::spawn_unchecked<test[aada8e7e76ba119b]::run_test::{closure#1}, ()>::{closure#1} as core[a373ad73a504971]::ops::function::FnOnce<()>>::call_once::{shim:vtable#0}
[INFO] [stdout]   24:     0x5592702a933f - <std[617be2ca0a6fd877]::sys::thread::unix::Thread>::new::thread_start
[INFO] [stdout]   25:     0x7cbdb0755dfa - <unknown>
[INFO] [stdout]   26:     0x7cbdb07e93d4 - clone
[INFO] [stdout]   27:                0x0 - <unknown>
[INFO] [stdout] 
[INFO] [stdout] ---- dropping_renewal_stops_extending_the_lock stdout ----
[INFO] [stdout] 
[INFO] [stdout] thread 'dropping_renewal_stops_extending_the_lock' (1409) panicked at tests/live.rs:35:18:
[INFO] [stdout] failed to start Redis server: BinaryNotFound { binary: "redis-server" }
[INFO] [stdout] stack backtrace:
[INFO] [stdout]    0:     0x5592702aa3d1 - <<std[617be2ca0a6fd877]::sys::backtrace::BacktraceLock>::print::DisplayBacktrace as core[a373ad73a504971]::fmt::Display>::fmt
[INFO] [stdout]    1:     0x5592702c0f7a - core[a373ad73a504971]::fmt::write
[INFO] [stdout]    2:     0x5592702aeefc - <alloc[2e1b2a31b91974c5]::vec::Vec<u8> as core[a373ad73a504971]::io::write::Write>::write_fmt
[INFO] [stdout]    3:     0x559270283bf6 - std[617be2ca0a6fd877]::panicking::default_hook::{closure#0}
[INFO] [stdout]    4:     0x5592702a1a69 - std[617be2ca0a6fd877]::panicking::default_hook
[INFO] [stdout]    5:     0x5592701a69e0 - test[aada8e7e76ba119b]::test_main_inner::{closure#0}
[INFO] [stdout]    6:     0x5592702a1d92 - std[617be2ca0a6fd877]::panicking::panic_with_hook
[INFO] [stdout]    7:     0x559270283ca2 - std[617be2ca0a6fd877]::panicking::panic_handler::{closure#0}
[INFO] [stdout]    8:     0x55927027c5b9 - std[617be2ca0a6fd877]::sys::backtrace::__rust_end_short_backtrace::<std[617be2ca0a6fd877]::panicking::panic_handler::{closure#0}, !>
[INFO] [stdout]    9:     0x559270284a9d - __rustc[ea4f61d10b84890b]::rust_begin_unwind
[INFO] [stdout]   10:     0x5592702c16dc - core[a373ad73a504971]::panicking::panic_fmt
[INFO] [stdout]   11:     0x5592702c14b2 - core[a373ad73a504971]::result::unwrap_failed
[INFO] [stdout]   12:     0x55927015492c - live[f1669a0dd0cfd0a0]::redis_addr::{closure#0}
[INFO] [stdout]   13:     0x559270152e03 - live[f1669a0dd0cfd0a0]::connection::{closure#0}
[INFO] [stdout]   14:     0x559270159987 - live[f1669a0dd0cfd0a0]::dropping_renewal_stops_extending_the_lock::{closure#0}
[INFO] [stdout]   15:     0x5592701927da - <tokio[dc602bde7b40025]::runtime::context::scoped::Scoped<tokio[dc602bde7b40025]::runtime::scheduler::Context>>::set::<<tokio[dc602bde7b40025]::runtime::scheduler::current_thread::CoreGuard>::enter<<tokio[dc602bde7b40025]::runtime::scheduler::current_thread::CoreGuard>::block_on<core[a373ad73a504971]::pin::Pin<&mut core[a373ad73a504971]::pin::Pin<&mut dyn core[a373ad73a504971]::future::future::Future<Output = ()>>>>::{closure#0}, core[a373ad73a504971]::option::Option<()>>::{closure#0}, (alloc[2e1b2a31b91974c5]::boxed::Box<tokio[dc602bde7b40025]::runtime::scheduler::current_thread::Core>, core[a373ad73a504971]::option::Option<()>)>
[INFO] [stdout]   16:     0x55927019333d - <tokio[dc602bde7b40025]::runtime::scheduler::current_thread::CoreGuard>::block_on::<core[a373ad73a504971]::pin::Pin<&mut core[a373ad73a504971]::pin::Pin<&mut dyn core[a373ad73a504971]::future::future::Future<Output = ()>>>>
[INFO] [stdout]   17:     0x55927019616b - tokio[dc602bde7b40025]::runtime::context::runtime::enter_runtime::<<tokio[dc602bde7b40025]::runtime::scheduler::current_thread::CurrentThread>::block_on<core[a373ad73a504971]::pin::Pin<&mut dyn core[a373ad73a504971]::future::future::Future<Output = ()>>>::{closure#0}, ()>
[INFO] [stdout]   18:     0x559270189455 - <tokio[dc602bde7b40025]::runtime::runtime::Runtime>::block_on::<core[a373ad73a504971]::pin::Pin<&mut dyn core[a373ad73a504971]::future::future::Future<Output = ()>>>
[INFO] [stdout]   19:     0x55927016888d - <live[f1669a0dd0cfd0a0]::dropping_renewal_stops_extending_the_lock::{closure#0} as core[a373ad73a504971]::ops::function::FnOnce<()>>::call_once
[INFO] [stdout]   20:     0x559270199e2b - test[aada8e7e76ba119b]::__rust_begin_short_backtrace::<core[a373ad73a504971]::result::Result<(), alloc[2e1b2a31b91974c5]::string::String>, fn() -> core[a373ad73a504971]::result::Result<(), alloc[2e1b2a31b91974c5]::string::String>>
[INFO] [stdout]   21:     0x5592701a7005 - test[aada8e7e76ba119b]::run_test::{closure#0}
[INFO] [stdout]   22:     0x5592701a08f4 - std[617be2ca0a6fd877]::sys::backtrace::__rust_begin_short_backtrace::<test[aada8e7e76ba119b]::run_test::{closure#1}, ()>
[INFO] [stdout]   23:     0x5592701aa092 - <std[617be2ca0a6fd877]::thread::lifecycle::spawn_unchecked<test[aada8e7e76ba119b]::run_test::{closure#1}, ()>::{closure#1} as core[a373ad73a504971]::ops::function::FnOnce<()>>::call_once::{shim:vtable#0}
[INFO] [stdout]   24:     0x5592702a933f - <std[617be2ca0a6fd877]::sys::thread::unix::Thread>::new::thread_start
[INFO] [stdout]   25:     0x7cbdb0755dfa - <unknown>
[INFO] [stdout]   26:     0x7cbdb07e93d4 - clone
[INFO] [stdout]   27:                0x0 - <unknown>
[INFO] [stdout] 
[INFO] [stdout] ---- gcra_recovers_capacity_after_server_computed_delay stdout ----
[INFO] [stdout] 
[INFO] [stdout] thread 'gcra_recovers_capacity_after_server_computed_delay' (1411) panicked at tests/live.rs:35:18:
[INFO] [stdout] failed to start Redis server: BinaryNotFound { binary: "redis-server" }
[INFO] [stdout] stack backtrace:
[INFO] [stdout]    0:     0x5592702aa3d1 - <<std[617be2ca0a6fd877]::sys::backtrace::BacktraceLock>::print::DisplayBacktrace as core[a373ad73a504971]::fmt::Display>::fmt
[INFO] [stdout]    1:     0x5592702c0f7a - core[a373ad73a504971]::fmt::write
[INFO] [stdout]    2:     0x5592702aeefc - <alloc[2e1b2a31b91974c5]::vec::Vec<u8> as core[a373ad73a504971]::io::write::Write>::write_fmt
[INFO] [stdout]    3:     0x559270283bf6 - std[617be2ca0a6fd877]::panicking::default_hook::{closure#0}
[INFO] [stdout]    4:     0x5592702a1a69 - std[617be2ca0a6fd877]::panicking::default_hook
[INFO] [stdout]    5:     0x5592701a69e0 - test[aada8e7e76ba119b]::test_main_inner::{closure#0}
[INFO] [stdout]    6:     0x5592702a1d92 - std[617be2ca0a6fd877]::panicking::panic_with_hook
[INFO] [stdout]    7:     0x559270283ca2 - std[617be2ca0a6fd877]::panicking::panic_handler::{closure#0}
[INFO] [stdout]    8:     0x55927027c5b9 - std[617be2ca0a6fd877]::sys::backtrace::__rust_end_short_backtrace::<std[617be2ca0a6fd877]::panicking::panic_handler::{closure#0}, !>
[INFO] [stdout]    9:     0x559270284a9d - __rustc[ea4f61d10b84890b]::rust_begin_unwind
[INFO] [stdout]   10:     0x5592702c16dc - core[a373ad73a504971]::panicking::panic_fmt
[INFO] [stdout]   11:     0x5592702c14b2 - core[a373ad73a504971]::result::unwrap_failed
[INFO] [stdout]   12:     0x55927015492c - live[f1669a0dd0cfd0a0]::redis_addr::{closure#0}
[INFO] [stdout]   13:     0x559270152e03 - live[f1669a0dd0cfd0a0]::connection::{closure#0}
[INFO] [stdout]   14:     0x55927015e94f - live[f1669a0dd0cfd0a0]::gcra_recovers_capacity_after_server_computed_delay::{closure#0}
[INFO] [stdout]   15:     0x5592701927da - <tokio[dc602bde7b40025]::runtime::context::scoped::Scoped<tokio[dc602bde7b40025]::runtime::scheduler::Context>>::set::<<tokio[dc602bde7b40025]::runtime::scheduler::current_thread::CoreGuard>::enter<<tokio[dc602bde7b40025]::runtime::scheduler::current_thread::CoreGuard>::block_on<core[a373ad73a504971]::pin::Pin<&mut core[a373ad73a504971]::pin::Pin<&mut dyn core[a373ad73a504971]::future::future::Future<Output = ()>>>>::{closure#0}, core[a373ad73a504971]::option::Option<()>>::{closure#0}, (alloc[2e1b2a31b91974c5]::boxed::Box<tokio[dc602bde7b40025]::runtime::scheduler::current_thread::Core>, core[a373ad73a504971]::option::Option<()>)>
[INFO] [stdout]   16:     0x55927019333d - <tokio[dc602bde7b40025]::runtime::scheduler::current_thread::CoreGuard>::block_on::<core[a373ad73a504971]::pin::Pin<&mut core[a373ad73a504971]::pin::Pin<&mut dyn core[a373ad73a504971]::future::future::Future<Output = ()>>>>
[INFO] [stdout]   17:     0x55927019616b - tokio[dc602bde7b40025]::runtime::context::runtime::enter_runtime::<<tokio[dc602bde7b40025]::runtime::scheduler::current_thread::CurrentThread>::block_on<core[a373ad73a504971]::pin::Pin<&mut dyn core[a373ad73a504971]::future::future::Future<Output = ()>>>::{closure#0}, ()>
[INFO] [stdout]   18:     0x559270189455 - <tokio[dc602bde7b40025]::runtime::runtime::Runtime>::block_on::<core[a373ad73a504971]::pin::Pin<&mut dyn core[a373ad73a504971]::future::future::Future<Output = ()>>>
[INFO] [stdout]   19:     0x55927016922d - <live[f1669a0dd0cfd0a0]::gcra_recovers_capacity_after_server_computed_delay::{closure#0} as core[a373ad73a504971]::ops::function::FnOnce<()>>::call_once
[INFO] [stdout]   20:     0x559270199e2b - test[aada8e7e76ba119b]::__rust_begin_short_backtrace::<core[a373ad73a504971]::result::Result<(), alloc[2e1b2a31b91974c5]::string::String>, fn() -> core[a373ad73a504971]::result::Result<(), alloc[2e1b2a31b91974c5]::string::String>>
[INFO] [stdout]   21:     0x5592701a7005 - test[aada8e7e76ba119b]::run_test::{closure#0}
[INFO] [stdout]   22:     0x5592701a08f4 - std[617be2ca0a6fd877]::sys::backtrace::__rust_begin_short_backtrace::<test[aada8e7e76ba119b]::run_test::{closure#1}, ()>
[INFO] [stdout]   23:     0x5592701aa092 - <std[617be2ca0a6fd877]::thread::lifecycle::spawn_unchecked<test[aada8e7e76ba119b]::run_test::{closure#1}, ()>::{closure#1} as core[a373ad73a504971]::ops::function::FnOnce<()>>::call_once::{shim:vtable#0}
[INFO] [stdout]   24:     0x5592702a933f - <std[617be2ca0a6fd877]::sys::thread::unix::Thread>::new::thread_start
[INFO] [stdout]   25:     0x7cbdb0755dfa - <unknown>
[INFO] [stdout]   26:     0x7cbdb07e93d4 - clone
[INFO] [stdout]   27:                0x0 - <unknown>
[INFO] [stdout] 
[INFO] [stdout] ---- renewal_reports_ownership_loss stdout ----
[INFO] [stdout] 
[INFO] [stdout] thread 'renewal_reports_ownership_loss' (1418) panicked at tests/live.rs:35:18:
[INFO] [stdout] failed to start Redis server: BinaryNotFound { binary: "redis-server" }
[INFO] [stdout] stack backtrace:
[INFO] [stdout]    0:     0x5592702aa3d1 - <<std[617be2ca0a6fd877]::sys::backtrace::BacktraceLock>::print::DisplayBacktrace as core[a373ad73a504971]::fmt::Display>::fmt
[INFO] [stdout]    1:     0x5592702c0f7a - core[a373ad73a504971]::fmt::write
[INFO] [stdout]    2:     0x5592702aeefc - <alloc[2e1b2a31b91974c5]::vec::Vec<u8> as core[a373ad73a504971]::io::write::Write>::write_fmt
[INFO] [stdout]    3:     0x559270283bf6 - std[617be2ca0a6fd877]::panicking::default_hook::{closure#0}
[INFO] [stdout]    4:     0x5592702a1a69 - std[617be2ca0a6fd877]::panicking::default_hook
[INFO] [stdout]    5:     0x5592701a69e0 - test[aada8e7e76ba119b]::test_main_inner::{closure#0}
[INFO] [stdout]    6:     0x5592702a1d92 - std[617be2ca0a6fd877]::panicking::panic_with_hook
[INFO] [stdout]    7:     0x559270283ca2 - std[617be2ca0a6fd877]::panicking::panic_handler::{closure#0}
[INFO] [stdout]    8:     0x55927027c5b9 - std[617be2ca0a6fd877]::sys::backtrace::__rust_end_short_backtrace::<std[617be2ca0a6fd877]::panicking::panic_handler::{closure#0}, !>
[INFO] [stdout]    9:     0x559270284a9d - __rustc[ea4f61d10b84890b]::rust_begin_unwind
[INFO] [stdout]   10:     0x5592702c16dc - core[a373ad73a504971]::panicking::panic_fmt
[INFO] [stdout]   11:     0x5592702c14b2 - core[a373ad73a504971]::result::unwrap_failed
[INFO] [stdout]   12:     0x55927015492c - live[f1669a0dd0cfd0a0]::redis_addr::{closure#0}
[INFO] [stdout]   13:     0x559270152e03 - live[f1669a0dd0cfd0a0]::connection::{closure#0}
[INFO] [stdout]   14:     0x559270156237 - live[f1669a0dd0cfd0a0]::renewal_reports_ownership_loss::{closure#0}
[INFO] [stdout]   15:     0x5592701927da - <tokio[dc602bde7b40025]::runtime::context::scoped::Scoped<tokio[dc602bde7b40025]::runtime::scheduler::Context>>::set::<<tokio[dc602bde7b40025]::runtime::scheduler::current_thread::CoreGuard>::enter<<tokio[dc602bde7b40025]::runtime::scheduler::current_thread::CoreGuard>::block_on<core[a373ad73a504971]::pin::Pin<&mut core[a373ad73a504971]::pin::Pin<&mut dyn core[a373ad73a504971]::future::future::Future<Output = ()>>>>::{closure#0}, core[a373ad73a504971]::option::Option<()>>::{closure#0}, (alloc[2e1b2a31b91974c5]::boxed::Box<tokio[dc602bde7b40025]::runtime::scheduler::current_thread::Core>, core[a373ad73a504971]::option::Option<()>)>
[INFO] [stdout]   16:     0x55927019333d - <tokio[dc602bde7b40025]::runtime::scheduler::current_thread::CoreGuard>::block_on::<core[a373ad73a504971]::pin::Pin<&mut core[a373ad73a504971]::pin::Pin<&mut dyn core[a373ad73a504971]::future::future::Future<Output = ()>>>>
[INFO] [stdout]   17:     0x55927019616b - tokio[dc602bde7b40025]::runtime::context::runtime::enter_runtime::<<tokio[dc602bde7b40025]::runtime::scheduler::current_thread::CurrentThread>::block_on<core[a373ad73a504971]::pin::Pin<&mut dyn core[a373ad73a504971]::future::future::Future<Output = ()>>>::{closure#0}, ()>
[INFO] [stdout]   18:     0x559270189455 - <tokio[dc602bde7b40025]::runtime::runtime::Runtime>::block_on::<core[a373ad73a504971]::pin::Pin<&mut dyn core[a373ad73a504971]::future::future::Future<Output = ()>>>
[INFO] [stdout]   19:     0x55927016830d - <live[f1669a0dd0cfd0a0]::renewal_reports_ownership_loss::{closure#0} as core[a373ad73a504971]::ops::function::FnOnce<()>>::call_once
[INFO] [stdout]   20:     0x559270199e2b - test[aada8e7e76ba119b]::__rust_begin_short_backtrace::<core[a373ad73a504971]::result::Result<(), alloc[2e1b2a31b91974c5]::string::String>, fn() -> core[a373ad73a504971]::result::Result<(), alloc[2e1b2a31b91974c5]::string::String>>
[INFO] [stdout]   21:     0x5592701a7005 - test[aada8e7e76ba119b]::run_test::{closure#0}
[INFO] [stdout]   22:     0x5592701a08f4 - std[617be2ca0a6fd877]::sys::backtrace::__rust_begin_short_backtrace::<test[aada8e7e76ba119b]::run_test::{closure#1}, ()>
[INFO] [stdout]   23:     0x5592701aa092 - <std[617be2ca0a6fd877]::thread::lifecycle::spawn_unchecked<test[aada8e7e76ba119b]::run_test::{closure#1}, ()>::{closure#1} as core[a373ad73a504971]::ops::function::FnOnce<()>>::call_once::{shim:vtable#0}
[INFO] [stdout]   24:     0x5592702a933f - <std[617be2ca0a6fd877]::sys::thread::unix::Thread>::new::thread_start
[INFO] [stdout]   25:     0x7cbdb0755dfa - <unknown>
[INFO] [stdout]   26:     0x7cbdb07e93d4 - clone
[INFO] [stdout]   27:                0x0 - <unknown>
[INFO] [stdout] 
[INFO] [stdout] ---- gcra_enforces_shared_quota_and_reports_retry stdout ----
[INFO] [stdout] 
[INFO] [stdout] thread 'gcra_enforces_shared_quota_and_reports_retry' (1410) panicked at tests/live.rs:35:18:
[INFO] [stdout] failed to start Redis server: BinaryNotFound { binary: "redis-server" }
[INFO] [stdout] stack backtrace:
[INFO] [stdout]    0:     0x5592702aa3d1 - <<std[617be2ca0a6fd877]::sys::backtrace::BacktraceLock>::print::DisplayBacktrace as core[a373ad73a504971]::fmt::Display>::fmt
[INFO] [stdout]    1:     0x5592702c0f7a - core[a373ad73a504971]::fmt::write
[INFO] [stdout]    2:     0x5592702aeefc - <alloc[2e1b2a31b91974c5]::vec::Vec<u8> as core[a373ad73a504971]::io::write::Write>::write_fmt
[INFO] [stdout]    3:     0x559270283bf6 - std[617be2ca0a6fd877]::panicking::default_hook::{closure#0}
[INFO] [stdout]    4:     0x5592702a1a69 - std[617be2ca0a6fd877]::panicking::default_hook
[INFO] [stdout]    5:     0x5592701a69e0 - test[aada8e7e76ba119b]::test_main_inner::{closure#0}
[INFO] [stdout]    6:     0x5592702a1d92 - std[617be2ca0a6fd877]::panicking::panic_with_hook
[INFO] [stdout]    7:     0x559270283ca2 - std[617be2ca0a6fd877]::panicking::panic_handler::{closure#0}
[INFO] [stdout]    8:     0x55927027c5b9 - std[617be2ca0a6fd877]::sys::backtrace::__rust_end_short_backtrace::<std[617be2ca0a6fd877]::panicking::panic_handler::{closure#0}, !>
[INFO] [stdout]    9:     0x559270284a9d - __rustc[ea4f61d10b84890b]::rust_begin_unwind
[INFO] [stdout]   10:     0x5592702c16dc - core[a373ad73a504971]::panicking::panic_fmt
[INFO] [stdout]   11:     0x5592702c14b2 - core[a373ad73a504971]::result::unwrap_failed
[INFO] [stdout]   12:     0x55927015492c - live[f1669a0dd0cfd0a0]::redis_addr::{closure#0}
[INFO] [stdout]   13:     0x559270152e03 - live[f1669a0dd0cfd0a0]::connection::{closure#0}
[INFO] [stdout]   14:     0x55927015a5a1 - live[f1669a0dd0cfd0a0]::gcra_enforces_shared_quota_and_reports_retry::{closure#0}
[INFO] [stdout]   15:     0x5592701927da - <tokio[dc602bde7b40025]::runtime::context::scoped::Scoped<tokio[dc602bde7b40025]::runtime::scheduler::Context>>::set::<<tokio[dc602bde7b40025]::runtime::scheduler::current_thread::CoreGuard>::enter<<tokio[dc602bde7b40025]::runtime::scheduler::current_thread::CoreGuard>::block_on<core[a373ad73a504971]::pin::Pin<&mut core[a373ad73a504971]::pin::Pin<&mut dyn core[a373ad73a504971]::future::future::Future<Output = ()>>>>::{closure#0}, core[a373ad73a504971]::option::Option<()>>::{closure#0}, (alloc[2e1b2a31b91974c5]::boxed::Box<tokio[dc602bde7b40025]::runtime::scheduler::current_thread::Core>, core[a373ad73a504971]::option::Option<()>)>
[INFO] [stdout]   16:     0x55927019333d - <tokio[dc602bde7b40025]::runtime::scheduler::current_thread::CoreGuard>::block_on::<core[a373ad73a504971]::pin::Pin<&mut core[a373ad73a504971]::pin::Pin<&mut dyn core[a373ad73a504971]::future::future::Future<Output = ()>>>>
[INFO] [stdout]   17:     0x55927019616b - tokio[dc602bde7b40025]::runtime::context::runtime::enter_runtime::<<tokio[dc602bde7b40025]::runtime::scheduler::current_thread::CurrentThread>::block_on<core[a373ad73a504971]::pin::Pin<&mut dyn core[a373ad73a504971]::future::future::Future<Output = ()>>>::{closure#0}, ()>
[INFO] [stdout]   18:     0x559270189455 - <tokio[dc602bde7b40025]::runtime::runtime::Runtime>::block_on::<core[a373ad73a504971]::pin::Pin<&mut dyn core[a373ad73a504971]::future::future::Future<Output = ()>>>
[INFO] [stdout]   19:     0x5592701689ed - <live[f1669a0dd0cfd0a0]::gcra_enforces_shared_quota_and_reports_retry::{closure#0} as core[a373ad73a504971]::ops::function::FnOnce<()>>::call_once
[INFO] [stdout]   20:     0x559270199e2b - test[aada8e7e76ba119b]::__rust_begin_short_backtrace::<core[a373ad73a504971]::result::Result<(), alloc[2e1b2a31b91974c5]::string::String>, fn() -> core[a373ad73a504971]::result::Result<(), alloc[2e1b2a31b91974c5]::string::String>>
[INFO] [stdout]   21:     0x5592701a7005 - test[aada8e7e76ba119b]::run_test::{closure#0}
[INFO] [stdout]   22:     0x5592701a08f4 - std[617be2ca0a6fd877]::sys::backtrace::__rust_begin_short_backtrace::<test[aada8e7e76ba119b]::run_test::{closure#1}, ()>
[INFO] [stdout]   23:     0x5592701aa092 - <std[617be2ca0a6fd877]::thread::lifecycle::spawn_unchecked<test[aada8e7e76ba119b]::run_test::{closure#1}, ()>::{closure#1} as core[a373ad73a504971]::ops::function::FnOnce<()>>::call_once::{shim:vtable#0}
[INFO] [stdout]   24:     0x5592702a933f - <std[617be2ca0a6fd877]::sys::thread::unix::Thread>::new::thread_start
[INFO] [stdout]   25:     0x7cbdb0755dfa - <unknown>
[INFO] [stdout]   26:     0x7cbdb07e93d4 - clone
[INFO] [stdout]   27:                0x0 - <unknown>
[INFO] [stdout] 
[INFO] [stdout] ---- lock_excludes_contenders_and_fencing_increases stdout ----
[INFO] [stdout] 
[INFO] [stdout] thread 'lock_excludes_contenders_and_fencing_increases' (1416) panicked at tests/live.rs:35:18:
[INFO] [stdout] failed to start Redis server: BinaryNotFound { binary: "redis-server" }
[INFO] [stdout] stack backtrace:
[INFO] [stdout]    0:     0x5592702aa3d1 - <<std[617be2ca0a6fd877]::sys::backtrace::BacktraceLock>::print::DisplayBacktrace as core[a373ad73a504971]::fmt::Display>::fmt
[INFO] [stdout]    1:     0x5592702c0f7a - core[a373ad73a504971]::fmt::write
[INFO] [stdout]    2:     0x5592702aeefc - <alloc[2e1b2a31b91974c5]::vec::Vec<u8> as core[a373ad73a504971]::io::write::Write>::write_fmt
[INFO] [stdout]    3:     0x559270283bf6 - std[617be2ca0a6fd877]::panicking::default_hook::{closure#0}
[INFO] [stdout]    4:     0x5592702a1a69 - std[617be2ca0a6fd877]::panicking::default_hook
[INFO] [stdout]    5:     0x5592701a69e0 - test[aada8e7e76ba119b]::test_main_inner::{closure#0}
[INFO] [stdout]    6:     0x5592702a1d92 - std[617be2ca0a6fd877]::panicking::panic_with_hook
[INFO] [stdout]    7:     0x559270283ca2 - std[617be2ca0a6fd877]::panicking::panic_handler::{closure#0}
[INFO] [stdout]    8:     0x55927027c5b9 - std[617be2ca0a6fd877]::sys::backtrace::__rust_end_short_backtrace::<std[617be2ca0a6fd877]::panicking::panic_handler::{closure#0}, !>
[INFO] [stdout]    9:     0x559270284a9d - __rustc[ea4f61d10b84890b]::rust_begin_unwind
[INFO] [stdout]   10:     0x5592702c16dc - core[a373ad73a504971]::panicking::panic_fmt
[INFO] [stdout]   11:     0x5592702c14b2 - core[a373ad73a504971]::result::unwrap_failed
[INFO] [stdout]   12:     0x55927015492c - live[f1669a0dd0cfd0a0]::redis_addr::{closure#0}
[INFO] [stdout]   13:     0x559270152e03 - live[f1669a0dd0cfd0a0]::connection::{closure#0}
[INFO] [stdout]   14:     0x55927015d38c - live[f1669a0dd0cfd0a0]::lock_excludes_contenders_and_fencing_increases::{closure#0}
[INFO] [stdout]   15:     0x5592701927da - <tokio[dc602bde7b40025]::runtime::context::scoped::Scoped<tokio[dc602bde7b40025]::runtime::scheduler::Context>>::set::<<tokio[dc602bde7b40025]::runtime::scheduler::current_thread::CoreGuard>::enter<<tokio[dc602bde7b40025]::runtime::scheduler::current_thread::CoreGuard>::block_on<core[a373ad73a504971]::pin::Pin<&mut core[a373ad73a504971]::pin::Pin<&mut dyn core[a373ad73a504971]::future::future::Future<Output = ()>>>>::{closure#0}, core[a373ad73a504971]::option::Option<()>>::{closure#0}, (alloc[2e1b2a31b91974c5]::boxed::Box<tokio[dc602bde7b40025]::runtime::scheduler::current_thread::Core>, core[a373ad73a504971]::option::Option<()>)>
[INFO] [stdout]   16:     0x55927019333d - <tokio[dc602bde7b40025]::runtime::scheduler::current_thread::CoreGuard>::block_on::<core[a373ad73a504971]::pin::Pin<&mut core[a373ad73a504971]::pin::Pin<&mut dyn core[a373ad73a504971]::future::future::Future<Output = ()>>>>
[INFO] [stdout]   17:     0x55927019616b - tokio[dc602bde7b40025]::runtime::context::runtime::enter_runtime::<<tokio[dc602bde7b40025]::runtime::scheduler::current_thread::CurrentThread>::block_on<core[a373ad73a504971]::pin::Pin<&mut dyn core[a373ad73a504971]::future::future::Future<Output = ()>>>::{closure#0}, ()>
[INFO] [stdout]   18:     0x559270189455 - <tokio[dc602bde7b40025]::runtime::runtime::Runtime>::block_on::<core[a373ad73a504971]::pin::Pin<&mut dyn core[a373ad73a504971]::future::future::Future<Output = ()>>>
[INFO] [stdout]   19:     0x559270168f6d - <live[f1669a0dd0cfd0a0]::lock_excludes_contenders_and_fencing_increases::{closure#0} as core[a373ad73a504971]::ops::function::FnOnce<()>>::call_once
[INFO] [stdout]   20:     0x559270199e2b - test[aada8e7e76ba119b]::__rust_begin_short_backtrace::<core[a373ad73a504971]::result::Result<(), alloc[2e1b2a31b91974c5]::string::String>, fn() -> core[a373ad73a504971]::result::Result<(), alloc[2e1b2a31b91974c5]::string::String>>
[INFO] [stdout]   21:     0x5592701a7005 - test[aada8e7e76ba119b]::run_test::{closure#0}
[INFO] [stdout]   22:     0x5592701a08f4 - std[617be2ca0a6fd877]::sys::backtrace::__rust_begin_short_backtrace::<test[aada8e7e76ba119b]::run_test::{closure#1}, ()>
[INFO] [stdout]   23:     0x5592701aa092 - <std[617be2ca0a6fd877]::thread::lifecycle::spawn_unchecked<test[aada8e7e76ba119b]::run_test::{closure#1}, ()>::{closure#1} as core[a373ad73a504971]::ops::function::FnOnce<()>>::call_once::{shim:vtable#0}
[INFO] [stdout]   24:     0x5592702a933f - <std[617be2ca0a6fd877]::sys::thread::unix::Thread>::new::thread_start
[INFO] [stdout]   25:     0x7cbdb0755dfa - <unknown>
[INFO] [stdout]   26:     0x7cbdb07e93d4 - clone
[INFO] [stdout]   27:                0x0 - <unknown>
[INFO] [stdout] 
[INFO] [stdout] ---- leader_election_is_exclusive_and_abdication_is_observable stdout ----
[INFO] [stdout] 
[INFO] [stdout] thread 'leader_election_is_exclusive_and_abdication_is_observable' (1415) panicked at tests/live.rs:35:18:
[INFO] [stdout] failed to start Redis server: BinaryNotFound { binary: "redis-server" }
[INFO] [stdout] stack backtrace:
[INFO] [stdout]    0:     0x5592702aa3d1 - <<std[617be2ca0a6fd877]::sys::backtrace::BacktraceLock>::print::DisplayBacktrace as core[a373ad73a504971]::fmt::Display>::fmt
[INFO] [stdout]    1:     0x5592702c0f7a - core[a373ad73a504971]::fmt::write
[INFO] [stdout]    2:     0x5592702aeefc - <alloc[2e1b2a31b91974c5]::vec::Vec<u8> as core[a373ad73a504971]::io::write::Write>::write_fmt
[INFO] [stdout]    3:     0x559270283bf6 - std[617be2ca0a6fd877]::panicking::default_hook::{closure#0}
[INFO] [stdout]    4:     0x5592702a1a69 - std[617be2ca0a6fd877]::panicking::default_hook
[INFO] [stdout]    5:     0x5592701a69e0 - test[aada8e7e76ba119b]::test_main_inner::{closure#0}
[INFO] [stdout]    6:     0x5592702a1d92 - std[617be2ca0a6fd877]::panicking::panic_with_hook
[INFO] [stdout]    7:     0x559270283ca2 - std[617be2ca0a6fd877]::panicking::panic_handler::{closure#0}
[INFO] [stdout]    8:     0x55927027c5b9 - std[617be2ca0a6fd877]::sys::backtrace::__rust_end_short_backtrace::<std[617be2ca0a6fd877]::panicking::panic_handler::{closure#0}, !>
[INFO] [stdout]    9:     0x559270284a9d - __rustc[ea4f61d10b84890b]::rust_begin_unwind
[INFO] [stdout]   10:     0x5592702c16dc - core[a373ad73a504971]::panicking::panic_fmt
[INFO] [stdout]   11:     0x5592702c14b2 - core[a373ad73a504971]::result::unwrap_failed
[INFO] [stdout]   12:     0x55927015492c - live[f1669a0dd0cfd0a0]::redis_addr::{closure#0}
[INFO] [stdout]   13:     0x559270160cee - live[f1669a0dd0cfd0a0]::leader_election_is_exclusive_and_abdication_is_observable::{closure#0}
[INFO] [stdout]   14:     0x5592701927da - <tokio[dc602bde7b40025]::runtime::context::scoped::Scoped<tokio[dc602bde7b40025]::runtime::scheduler::Context>>::set::<<tokio[dc602bde7b40025]::runtime::scheduler::current_thread::CoreGuard>::enter<<tokio[dc602bde7b40025]::runtime::scheduler::current_thread::CoreGuard>::block_on<core[a373ad73a504971]::pin::Pin<&mut core[a373ad73a504971]::pin::Pin<&mut dyn core[a373ad73a504971]::future::future::Future<Output = ()>>>>::{closure#0}, core[a373ad73a504971]::option::Option<()>>::{closure#0}, (alloc[2e1b2a31b91974c5]::boxed::Box<tokio[dc602bde7b40025]::runtime::scheduler::current_thread::Core>, core[a373ad73a504971]::option::Option<()>)>
[INFO] [stdout]   15:     0x55927019333d - <tokio[dc602bde7b40025]::runtime::scheduler::current_thread::CoreGuard>::block_on::<core[a373ad73a504971]::pin::Pin<&mut core[a373ad73a504971]::pin::Pin<&mut dyn core[a373ad73a504971]::future::future::Future<Output = ()>>>>
[INFO] [stdout]   16:     0x55927019616b - tokio[dc602bde7b40025]::runtime::context::runtime::enter_runtime::<<tokio[dc602bde7b40025]::runtime::scheduler::current_thread::CurrentThread>::block_on<core[a373ad73a504971]::pin::Pin<&mut dyn core[a373ad73a504971]::future::future::Future<Output = ()>>>::{closure#0}, ()>
[INFO] [stdout]   17:     0x559270189455 - <tokio[dc602bde7b40025]::runtime::runtime::Runtime>::block_on::<core[a373ad73a504971]::pin::Pin<&mut dyn core[a373ad73a504971]::future::future::Future<Output = ()>>>
[INFO] [stdout]   18:     0x55927016964d - <live[f1669a0dd0cfd0a0]::leader_election_is_exclusive_and_abdication_is_observable::{closure#0} as core[a373ad73a504971]::ops::function::FnOnce<()>>::call_once
[INFO] [stdout]   19:     0x559270199e2b - test[aada8e7e76ba119b]::__rust_begin_short_backtrace::<core[a373ad73a504971]::result::Result<(), alloc[2e1b2a31b91974c5]::string::String>, fn() -> core[a373ad73a504971]::result::Result<(), alloc[2e1b2a31b91974c5]::string::String>>
[INFO] [stdout]   20:     0x5592701a7005 - test[aada8e7e76ba119b]::run_test::{closure#0}
[INFO] [stdout]   21:     0x5592701a08f4 - std[617be2ca0a6fd877]::sys::backtrace::__rust_begin_short_backtrace::<test[aada8e7e76ba119b]::run_test::{closure#1}, ()>
[INFO] [stdout]   22:     0x5592701aa092 - <std[617be2ca0a6fd877]::thread::lifecycle::spawn_unchecked<test[aada8e7e76ba119b]::run_test::{closure#1}, ()>::{closure#1} as core[a373ad73a504971]::ops::function::FnOnce<()>>::call_once::{shim:vtable#0}
[INFO] [stdout]   23:     0x5592702a933f - <std[617be2ca0a6fd877]::sys::thread::unix::Thread>::new::thread_start
[INFO] [stdout]   24:     0x7cbdb0755dfa - <unknown>
[INFO] [stdout]   25:     0x7cbdb07e93d4 - clone
[INFO] [stdout]   26:                0x0 - <unknown>
[INFO] [stdout] 
[INFO] [stdout] ---- semaphore_expiry_recovers_from_crashed_holder stdout ----
[INFO] [stdout] 
[INFO] [stdout] thread 'semaphore_expiry_recovers_from_crashed_holder' (1420) panicked at tests/live.rs:35:18:
[INFO] [stdout] failed to start Redis server: BinaryNotFound { binary: "redis-server" }
[INFO] [stdout] stack backtrace:
[INFO] [stdout]    0:     0x5592702aa3d1 - <<std[617be2ca0a6fd877]::sys::backtrace::BacktraceLock>::print::DisplayBacktrace as core[a373ad73a504971]::fmt::Display>::fmt
[INFO] [stdout]    1:     0x5592702c0f7a - core[a373ad73a504971]::fmt::write
[INFO] [stdout]    2:     0x5592702aeefc - <alloc[2e1b2a31b91974c5]::vec::Vec<u8> as core[a373ad73a504971]::io::write::Write>::write_fmt
[INFO] [stdout]    3:     0x559270283bf6 - std[617be2ca0a6fd877]::panicking::default_hook::{closure#0}
[INFO] [stdout]    4:     0x5592702a1a69 - std[617be2ca0a6fd877]::panicking::default_hook
[INFO] [stdout]    5:     0x5592701a69e0 - test[aada8e7e76ba119b]::test_main_inner::{closure#0}
[INFO] [stdout]    6:     0x5592702a1d92 - std[617be2ca0a6fd877]::panicking::panic_with_hook
[INFO] [stdout]    7:     0x559270283ca2 - std[617be2ca0a6fd877]::panicking::panic_handler::{closure#0}
[INFO] [stdout]    8:     0x55927027c5b9 - std[617be2ca0a6fd877]::sys::backtrace::__rust_end_short_backtrace::<std[617be2ca0a6fd877]::panicking::panic_handler::{closure#0}, !>
[INFO] [stdout]    9:     0x559270284a9d - __rustc[ea4f61d10b84890b]::rust_begin_unwind
[INFO] [stdout]   10:     0x5592702c16dc - core[a373ad73a504971]::panicking::panic_fmt
[INFO] [stdout]   11:     0x5592702c14b2 - core[a373ad73a504971]::result::unwrap_failed
[INFO] [stdout]   12:     0x55927015492c - live[f1669a0dd0cfd0a0]::redis_addr::{closure#0}
[INFO] [stdout]   13:     0x559270152e03 - live[f1669a0dd0cfd0a0]::connection::{closure#0}
[INFO] [stdout]   14:     0x55927015c8dc - live[f1669a0dd0cfd0a0]::semaphore_expiry_recovers_from_crashed_holder::{closure#0}
[INFO] [stdout]   15:     0x5592701927da - <tokio[dc602bde7b40025]::runtime::context::scoped::Scoped<tokio[dc602bde7b40025]::runtime::scheduler::Context>>::set::<<tokio[dc602bde7b40025]::runtime::scheduler::current_thread::CoreGuard>::enter<<tokio[dc602bde7b40025]::runtime::scheduler::current_thread::CoreGuard>::block_on<core[a373ad73a504971]::pin::Pin<&mut core[a373ad73a504971]::pin::Pin<&mut dyn core[a373ad73a504971]::future::future::Future<Output = ()>>>>::{closure#0}, core[a373ad73a504971]::option::Option<()>>::{closure#0}, (alloc[2e1b2a31b91974c5]::boxed::Box<tokio[dc602bde7b40025]::runtime::scheduler::current_thread::Core>, core[a373ad73a504971]::option::Option<()>)>
[INFO] [stdout]   16:     0x55927019333d - <tokio[dc602bde7b40025]::runtime::scheduler::current_thread::CoreGuard>::block_on::<core[a373ad73a504971]::pin::Pin<&mut core[a373ad73a504971]::pin::Pin<&mut dyn core[a373ad73a504971]::future::future::Future<Output = ()>>>>
[INFO] [stdout]   17:     0x55927019616b - tokio[dc602bde7b40025]::runtime::context::runtime::enter_runtime::<<tokio[dc602bde7b40025]::runtime::scheduler::current_thread::CurrentThread>::block_on<core[a373ad73a504971]::pin::Pin<&mut dyn core[a373ad73a504971]::future::future::Future<Output = ()>>>::{closure#0}, ()>
[INFO] [stdout]   18:     0x559270189455 - <tokio[dc602bde7b40025]::runtime::runtime::Runtime>::block_on::<core[a373ad73a504971]::pin::Pin<&mut dyn core[a373ad73a504971]::future::future::Future<Output = ()>>>
[INFO] [stdout]   19:     0x559270168e0d - <live[f1669a0dd0cfd0a0]::semaphore_expiry_recovers_from_crashed_holder::{closure#0} as core[a373ad73a504971]::ops::function::FnOnce<()>>::call_once
[INFO] [stdout]   20:     0x559270199e2b - test[aada8e7e76ba119b]::__rust_begin_short_backtrace::<core[a373ad73a504971]::result::Result<(), alloc[2e1b2a31b91974c5]::string::String>, fn() -> core[a373ad73a504971]::result::Result<(), alloc[2e1b2a31b91974c5]::string::String>>
[INFO] [stdout]   21:     0x5592701a7005 - test[aada8e7e76ba119b]::run_test::{closure#0}
[INFO] [stdout]   22:     0x5592701a08f4 - std[617be2ca0a6fd877]::sys::backtrace::__rust_begin_short_backtrace::<test[aada8e7e76ba119b]::run_test::{closure#1}, ()>
[INFO] [stdout]   23:     0x5592701aa092 - <std[617be2ca0a6fd877]::thread::lifecycle::spawn_unchecked<test[aada8e7e76ba119b]::run_test::{closure#1}, ()>::{closure#1} as core[a373ad73a504971]::ops::function::FnOnce<()>>::call_once::{shim:vtable#0}
[INFO] [stdout]   24:     0x5592702a933f - <std[617be2ca0a6fd877]::sys::thread::unix::Thread>::new::thread_start
[INFO] [stdout]   25:     0x7cbdb0755dfa - <unknown>
[INFO] [stdout]   26:     0x7cbdb07e93d4 - clone
[INFO] [stdout]   27:                0x0 - <unknown>
[INFO] [stdout] 
[INFO] [stdout] 
[INFO] [stdout] failures:
[INFO] [stdout]     delayed_queue_preserves_binary_duplicates_and_deadlines
[INFO] [stdout]     delayed_queue_reports_retention_pruning
[INFO] [stdout]     dropping_leadership_requests_abdication
[INFO] [stdout]     dropping_renewal_stops_extending_the_lock
[INFO] [stdout]     gcra_enforces_shared_quota_and_reports_retry
[INFO] [stdout]     gcra_recovers_capacity_after_server_computed_delay
[INFO] [stdout]     id_generator_allocates_disjoint_local_blocks
[INFO] [stdout]     latch_distinguishes_timeout_from_expiry
[INFO] [stdout]     latch_initializes_once_and_waits_for_release
[INFO] [stdout]     leader_election_is_exclusive_and_abdication_is_observable
[INFO] [stdout]     lock_excludes_contenders_and_fencing_increases
[INFO] [stdout]     owned_renewal_keeps_lease_alive_and_returns_it_on_shutdown
[INFO] [stdout]     renewal_reports_ownership_loss
[INFO] [stdout]     semaphore_enforces_capacity_and_release_recovers_it
[INFO] [stdout]     semaphore_expiry_recovers_from_crashed_holder
[INFO] [stdout]     stale_owner_cannot_release_or_extend_replacement
[INFO] [stdout] 
[INFO] [stdout] test result: FAILED. 0 passed; 16 failed; 0 ignored; 0 measured; 0 filtered out; finished in 0.03s
[INFO] [stdout] 
[INFO] running `Command { std: "docker" "inspect" "00b04ac9afed84b53f567e4a6bd2657d738468ac415ba26f9ac1f820dba03125", kill_on_drop: false }`
[INFO] running `Command { std: "docker" "rm" "-f" "00b04ac9afed84b53f567e4a6bd2657d738468ac415ba26f9ac1f820dba03125", kill_on_drop: false }`
[INFO] [stdout] 00b04ac9afed84b53f567e4a6bd2657d738468ac415ba26f9ac1f820dba03125
