[INFO] fetching crate redis-tower-client 0.1.3...
[INFO] testing redis-tower-client-0.1.3 against 1.99.0-beta.8+cargoflags=--release for beta-release-1.100-2
[INFO] extracting crate redis-tower-client 0.1.3 into /workspace/builds/worker-3-tc1/source
[INFO] started tweaking crates.io crate redis-tower-client 0.1.3
[INFO] removed 0 missing tests
[INFO] finished tweaking crates.io crate redis-tower-client 0.1.3
[INFO] tweaked toml for crates.io crate redis-tower-client 0.1.3 written to /workspace/builds/worker-3-tc1/source/Cargo.toml
[INFO] validating manifest of crates.io crate redis-tower-client 0.1.3 on toolchain 1.99.0-beta.8
[INFO] running `Command { std: CARGO_HOME="/workspace/cargo-home" RUSTUP_HOME="/workspace/rustup-home" "/workspace/cargo-home/bin/cargo" "+1.99.0-beta.8" "metadata" "--manifest-path" "Cargo.toml" "--no-deps", kill_on_drop: false }`
[INFO] crate crates.io crate redis-tower-client 0.1.3 already has a lockfile, it will not be regenerated
[INFO] running `Command { std: CARGO_HOME="/workspace/cargo-home" RUSTUP_HOME="/workspace/rustup-home" "/workspace/cargo-home/bin/cargo" "+1.99.0-beta.8" "fetch" "--manifest-path" "Cargo.toml", kill_on_drop: false }`
[INFO] [stderr]     Updating crates.io index
[INFO] [stderr]  Downloading crates ...
[INFO] [stderr]   Downloaded resp-rs v0.1.8
[INFO] [stderr]   Downloaded redis-tower-protocol v0.1.4
[INFO] [stderr]   Downloaded env_home v0.1.0
[INFO] [stderr]   Downloaded cc v1.5.1
[INFO] [stderr]   Downloaded which v7.0.3
[INFO] [stderr]   Downloaded tower-resilience-core v0.10.1
[INFO] [stderr]   Downloaded redis-tower-sentinel v0.1.4
[INFO] [stderr]   Downloaded redis-tower-core v0.1.3
[INFO] [stderr]   Downloaded tower-resilience-circuitbreaker v0.10.1
[INFO] [stderr]   Downloaded redis-server-wrapper v0.4.3
[INFO] [stderr]   Downloaded redis-tower-cluster v0.1.4
[INFO] [stderr]   Downloaded redis-tower-commands v0.1.3
[INFO] [stderr]   Downloaded redis-tower v0.1.4
[INFO] [stderr]   Downloaded winsafe v0.0.19
[INFO] running `Command { std: "docker" "create" "-v" "/var/lib/crater-agent-workspace/builds/worker-3-tc1/source:/opt/rustwide/workdir:ro,Z" "-v" "/var/lib/crater-agent-workspace/builds/worker-3-tc1/target:/opt/rustwide/target:rw,Z" "-v" "/var/lib/crater-agent-workspace/cargo-home:/opt/rustwide/cargo-home:ro,Z" "-v" "/var/lib/crater-agent-workspace/rustup-home:/opt/rustwide/rustup-home:ro,Z" "-m" "1610612736" "--network" "none" "ghcr.io/rust-lang/crates-build-env/linux@sha256:77db811e55d90add9212f6832c23229e3de5f1c1f9905e8cb07319ea15df73ac" "sleep" "infinity", kill_on_drop: false }`
[INFO] [stdout] 60ca30b8d3090a5ec07c5b4a06ead853c38afdb005a260a2e5f9aca428e81686
[INFO] running `Command { std: "docker" "start" "60ca30b8d3090a5ec07c5b4a06ead853c38afdb005a260a2e5f9aca428e81686", kill_on_drop: false }`
[INFO] running `Command { std: "docker" "inspect" "60ca30b8d3090a5ec07c5b4a06ead853c38afdb005a260a2e5f9aca428e81686", kill_on_drop: false }`
[INFO] running `Command { std: "docker" "exec" "-e" "SOURCE_DIR=/opt/rustwide/workdir" "-e" "CARGO_HOME=/opt/rustwide/cargo-home" "-e" "RUSTUP_HOME=/opt/rustwide/rustup-home" "-e" "CARGO_TARGET_DIR=/opt/rustwide/target" "-w" "/opt/rustwide/workdir" "--user" "0:0" "60ca30b8d3090a5ec07c5b4a06ead853c38afdb005a260a2e5f9aca428e81686" "/opt/rustwide/cargo-home/bin/cargo" "+1.99.0-beta.8" "metadata" "--no-deps" "--format-version=1", kill_on_drop: false }`
[INFO] running `Command { std: "docker" "inspect" "60ca30b8d3090a5ec07c5b4a06ead853c38afdb005a260a2e5f9aca428e81686", kill_on_drop: false }`
[INFO] running `Command { std: "docker" "exec" "-e" "SOURCE_DIR=/opt/rustwide/workdir" "-e" "CARGO_HOME=/opt/rustwide/cargo-home" "-e" "RUSTUP_HOME=/opt/rustwide/rustup-home" "-e" "CARGO_TARGET_DIR=/opt/rustwide/target" "-e" "CARGO_INCREMENTAL=0" "-e" "RUST_BACKTRACE=full" "-e" "RUSTFLAGS=--cap-lints=warn" "-e" "RUSTDOCFLAGS=--cap-lints=warn" "-w" "/opt/rustwide/workdir" "--user" "0:0" "60ca30b8d3090a5ec07c5b4a06ead853c38afdb005a260a2e5f9aca428e81686" "/opt/rustwide/cargo-home/bin/cargo" "+1.99.0-beta.8" "build" "--frozen" "--message-format=json" "--release", kill_on_drop: false }`
[INFO] [stderr]    Compiling libc v0.2.189
[INFO] [stderr]    Compiling slab v0.4.12
[INFO] [stderr]    Compiling typenum v1.20.1
[INFO] [stderr]    Compiling syn v2.0.119
[INFO] [stderr]    Compiling futures-channel v0.3.34
[INFO] [stderr]    Compiling zerocopy v0.8.59
[INFO] [stderr]    Compiling hex v0.4.3
[INFO] [stderr]    Compiling tokio-macros v2.7.2
[INFO] [stderr]    Compiling thiserror-impl v2.0.21
[INFO] [stderr]    Compiling futures-macro v0.3.34
[INFO] [stderr]    Compiling generic-array v0.14.7
[INFO] [stderr]    Compiling futures-util v0.3.34
[INFO] [stderr]    Compiling thiserror v2.0.21
[INFO] [stderr]    Compiling resp-rs v0.1.8
[INFO] [stderr]    Compiling block-buffer v0.10.4
[INFO] [stderr]    Compiling crypto-common v0.1.7
[INFO] [stderr]    Compiling mio v1.2.3
[INFO] [stderr]    Compiling socket2 v0.6.5
[INFO] [stderr]    Compiling getrandom v0.3.4
[INFO] [stderr]    Compiling socket2 v0.5.10
[INFO] [stderr]    Compiling digest v0.10.7
[INFO] [stderr]    Compiling rand_core v0.9.5
[INFO] [stderr]    Compiling sha1 v0.10.7
[INFO] [stderr]    Compiling tokio v1.53.1
[INFO] [stderr]    Compiling futures-executor v0.3.34
[INFO] [stderr]    Compiling futures v0.3.34
[INFO] [stderr]    Compiling tracing-attributes v0.1.31
[INFO] [stderr]    Compiling async-stream-impl v0.3.6
[INFO] [stderr]    Compiling zeroize_derive v1.5.0
[INFO] [stderr]    Compiling async-stream v0.3.6
[INFO] [stderr]    Compiling zeroize v1.9.0
[INFO] [stderr]    Compiling tracing v0.1.44
[INFO] [stderr]    Compiling ppv-lite86 v0.2.21
[INFO] [stderr]    Compiling tokio-util v0.7.19
[INFO] [stderr]    Compiling tower-resilience-core v0.10.1
[INFO] [stderr]    Compiling rand_chacha v0.9.0
[INFO] [stderr]    Compiling redis-tower-protocol v0.1.4
[INFO] [stderr]    Compiling tokio-stream v0.1.19
[INFO] [stderr]    Compiling tower v0.5.3
[INFO] [stderr]    Compiling rand v0.9.5
[INFO] [stderr]    Compiling tower-resilience-circuitbreaker v0.10.1
[INFO] [stderr]    Compiling redis-tower-core v0.1.3
[INFO] [stderr]    Compiling redis-tower-commands v0.1.3
[INFO] [stderr]    Compiling redis-tower v0.1.4
[INFO] [stderr]    Compiling redis-tower-cluster v0.1.4
[INFO] [stderr]    Compiling redis-tower-sentinel v0.1.4
[INFO] [stderr]    Compiling redis-tower-client v0.1.3 (/opt/rustwide/workdir)
[INFO] [stderr]     Finished `release` profile [optimized] target(s) in 1m 02s
[INFO] running `Command { std: "docker" "inspect" "60ca30b8d3090a5ec07c5b4a06ead853c38afdb005a260a2e5f9aca428e81686", kill_on_drop: false }`
[INFO] running `Command { std: "docker" "exec" "-e" "SOURCE_DIR=/opt/rustwide/workdir" "-e" "CARGO_HOME=/opt/rustwide/cargo-home" "-e" "RUSTUP_HOME=/opt/rustwide/rustup-home" "-e" "CARGO_TARGET_DIR=/opt/rustwide/target" "-e" "CARGO_INCREMENTAL=0" "-e" "RUST_BACKTRACE=full" "-e" "RUSTFLAGS=--cap-lints=warn" "-e" "RUSTDOCFLAGS=--cap-lints=warn" "-w" "/opt/rustwide/workdir" "--user" "0:0" "60ca30b8d3090a5ec07c5b4a06ead853c38afdb005a260a2e5f9aca428e81686" "/opt/rustwide/cargo-home/bin/cargo" "+1.99.0-beta.8" "test" "--frozen" "--no-run" "--message-format=json" "--release", kill_on_drop: false }`
[INFO] [stderr]    Compiling cc v1.5.1
[INFO] [stderr]    Compiling deranged v0.5.8
[INFO] [stderr]    Compiling time-core v0.1.9
[INFO] [stderr]    Compiling num-conv v0.2.2
[INFO] [stderr]    Compiling rustix v1.1.5
[INFO] [stderr]    Compiling base64 v0.22.1
[INFO] [stderr]    Compiling errno v0.3.14
[INFO] [stderr]    Compiling getrandom v0.2.17
[INFO] [stderr]    Compiling env_home v0.1.0
[INFO] [stderr]    Compiling rustls-pki-types v1.15.1
[INFO] [stderr]    Compiling either v1.18.0
[INFO] [stderr]    Compiling glob v0.3.4
[INFO] [stderr]    Compiling signal-hook-registry v1.4.8
[INFO] [stderr]    Compiling tokio v1.53.1
[INFO] [stderr]    Compiling pem v3.0.6
[INFO] [stderr]    Compiling time v0.3.55
[INFO] [stderr]    Compiling ring v0.17.14
[INFO] [stderr]    Compiling yasna v0.5.2
[INFO] [stderr]    Compiling which v7.0.3
[INFO] [stderr]    Compiling tokio-util v0.7.19
[INFO] [stderr]    Compiling tower-resilience-core v0.10.1
[INFO] [stderr]    Compiling redis-tower-protocol v0.1.4
[INFO] [stderr]    Compiling tokio-stream v0.1.19
[INFO] [stderr]    Compiling tower v0.5.3
[INFO] [stderr]    Compiling tower-resilience-circuitbreaker v0.10.1
[INFO] [stderr]    Compiling redis-tower-core v0.1.3
[INFO] [stderr]    Compiling redis-tower-commands v0.1.3
[INFO] [stderr]    Compiling redis-tower v0.1.4
[INFO] [stderr]    Compiling rcgen v0.13.2
[INFO] [stderr]    Compiling redis-server-wrapper v0.4.3
[INFO] [stderr]    Compiling redis-tower-cluster v0.1.4
[INFO] [stderr]    Compiling redis-tower-sentinel v0.1.4
[INFO] [stderr]    Compiling redis-tower-client v0.1.3 (/opt/rustwide/workdir)
[INFO] [stderr]     Finished `release` profile [optimized] target(s) in 1m 20s
[INFO] running `Command { std: "docker" "inspect" "60ca30b8d3090a5ec07c5b4a06ead853c38afdb005a260a2e5f9aca428e81686", kill_on_drop: false }`
[INFO] running `Command { std: "docker" "exec" "-e" "SOURCE_DIR=/opt/rustwide/workdir" "-e" "CARGO_HOME=/opt/rustwide/cargo-home" "-e" "RUSTUP_HOME=/opt/rustwide/rustup-home" "-e" "CARGO_TARGET_DIR=/opt/rustwide/target" "-e" "CARGO_INCREMENTAL=0" "-e" "RUST_BACKTRACE=full" "-e" "RUSTFLAGS=--cap-lints=warn" "-e" "RUSTDOCFLAGS=--cap-lints=warn" "-w" "/opt/rustwide/workdir" "--user" "0:0" "60ca30b8d3090a5ec07c5b4a06ead853c38afdb005a260a2e5f9aca428e81686" "/opt/rustwide/cargo-home/bin/cargo" "+1.99.0-beta.8" "test" "--frozen" "--release", kill_on_drop: false }`
[INFO] [stderr]     Finished `release` profile [optimized] target(s) in 0.12s
[INFO] [stderr]      Running unittests src/lib.rs (/opt/rustwide/target/release/deps/redis_tower_client-1bdcd558de15846a)
[INFO] [stdout] 
[INFO] [stdout] running 7 tests
[INFO] [stdout] test tests::connect_url_rejects_empty_tls_cluster_seed ... ok
[INFO] [stdout] test tests::connect_url_rejects_empty_cluster_seed ... ok
[INFO] [stdout] test tests::connect_url_rejects_tls_sentinel_without_master ... ok
[INFO] [stdout] test tests::connect_url_rejects_sentinel_without_hosts ... ok
[INFO] [stdout] test tests::connect_url_rejects_unknown_sentinel_query_param ... ok
[INFO] [stdout] test tests::universal_client_implements_redis_executor ... ok
[INFO] [stderr]      Running tests/standalone.rs (/opt/rustwide/target/release/deps/standalone-54a38f71f1fb32f9)
[INFO] [stdout] test tests::connect_url_rejects_sentinel_without_master ... ok
[INFO] [stdout] 
[INFO] [stdout] test result: ok. 7 passed; 0 failed; 0 ignored; 0 measured; 0 filtered out; finished in 0.00s
[INFO] [stdout] 
[INFO] [stdout] 
[INFO] [stdout] running 2 tests
[INFO] [stdout] test standalone_connect_url_percent_decodes_password ... FAILED
[INFO] [stdout] test standalone_connect_url_executes_commands ... FAILED
[INFO] [stdout] 
[INFO] [stdout] failures:
[INFO] [stdout] 
[INFO] [stdout] ---- standalone_connect_url_percent_decodes_password stdout ----
[INFO] [stdout] 
[INFO] [stdout] thread 'standalone_connect_url_percent_decodes_password' (1820) panicked at tests/standalone.rs:56:10:
[INFO] [stdout] failed to start password-protected redis-server: BinaryNotFound { binary: "redis-server" }
[INFO] [stdout] stack backtrace:
[INFO] [stdout]    0:     0x6180d4155ea1 - <<std[70759c8f55707aa4]::sys::backtrace::BacktraceLock>::print::DisplayBacktrace as core[df12db4294e9bfd3]::fmt::Display>::fmt
[INFO] [stdout]    1:     0x6180d416cd4a - core[df12db4294e9bfd3]::fmt::write
[INFO] [stdout]    2:     0x6180d415acbc - <alloc[2182bb758b4b3781]::vec::Vec<u8> as core[df12db4294e9bfd3]::io::write::Write>::write_fmt
[INFO] [stdout]    3:     0x6180d412f496 - std[70759c8f55707aa4]::panicking::default_hook::{closure#0}
[INFO] [stdout]    4:     0x6180d414d429 - std[70759c8f55707aa4]::panicking::default_hook
[INFO] [stdout]    5:     0x6180d4006740 - test[9d35eded1c95d3be]::test_main_inner::<test[9d35eded1c95d3be]::test_main_static::{closure#0}>::{closure#0}
[INFO] [stdout]    6:     0x6180d414d752 - std[70759c8f55707aa4]::panicking::panic_with_hook
[INFO] [stdout]    7:     0x6180d412f542 - std[70759c8f55707aa4]::panicking::panic_handler::{closure#0}
[INFO] [stdout]    8:     0x6180d4127ec9 - std[70759c8f55707aa4]::sys::backtrace::__rust_end_short_backtrace::<std[70759c8f55707aa4]::panicking::panic_handler::{closure#0}, !>
[INFO] [stdout]    9:     0x6180d413032d - __rustc[8fa7c3cbc660c2b3]::rust_begin_unwind
[INFO] [stdout]   10:     0x6180d416d4ac - core[df12db4294e9bfd3]::panicking::panic_fmt
[INFO] [stdout]   11:     0x6180d416d282 - core[df12db4294e9bfd3]::result::unwrap_failed
[INFO] [stdout]   12:     0x6180d3f9f7e2 - standalone[931ba2ec32fbec59]::standalone_connect_url_percent_decodes_password::{closure#0}
[INFO] [stdout]   13:     0x6180d3fec863 - <tokio[cc47fa1b1d52a971]::runtime::scheduler::current_thread::Context>::enter::<core[df12db4294e9bfd3]::task::poll::Poll<()>, <tokio[cc47fa1b1d52a971]::runtime::scheduler::current_thread::CoreGuard>::block_on<core[df12db4294e9bfd3]::pin::Pin<&mut core[df12db4294e9bfd3]::pin::Pin<&mut dyn core[df12db4294e9bfd3]::future::future::Future<Output = ()>>>>::{closure#0}::{closure#0}>
[INFO] [stdout]   14:     0x6180d3fede49 - <std[70759c8f55707aa4]::thread::local::LocalKey<tokio[cc47fa1b1d52a971]::runtime::context::Context>>::with::<tokio[cc47fa1b1d52a971]::runtime::context::set_scheduler<(alloc[2182bb758b4b3781]::boxed::Box<tokio[cc47fa1b1d52a971]::runtime::scheduler::current_thread::Core>, core[df12db4294e9bfd3]::option::Option<()>), <tokio[cc47fa1b1d52a971]::runtime::scheduler::current_thread::CoreGuard>::enter<<tokio[cc47fa1b1d52a971]::runtime::scheduler::current_thread::CoreGuard>::block_on<core[df12db4294e9bfd3]::pin::Pin<&mut core[df12db4294e9bfd3]::pin::Pin<&mut dyn core[df12db4294e9bfd3]::future::future::Future<Output = ()>>>>::{closure#0}, core[df12db4294e9bfd3]::option::Option<()>>::{closure#0}>::{closure#0}, (alloc[2182bb758b4b3781]::boxed::Box<tokio[cc47fa1b1d52a971]::runtime::scheduler::current_thread::Core>, core[df12db4294e9bfd3]::option::Option<()>)>
[INFO] [stdout]   15:     0x6180d3fec9e7 - <tokio[cc47fa1b1d52a971]::runtime::scheduler::current_thread::CoreGuard>::block_on::<core[df12db4294e9bfd3]::pin::Pin<&mut core[df12db4294e9bfd3]::pin::Pin<&mut dyn core[df12db4294e9bfd3]::future::future::Future<Output = ()>>>>
[INFO] [stdout]   16:     0x6180d3ff8fdd - tokio[cc47fa1b1d52a971]::runtime::context::runtime::enter_runtime::<<tokio[cc47fa1b1d52a971]::runtime::scheduler::current_thread::CurrentThread>::block_on<core[df12db4294e9bfd3]::pin::Pin<&mut dyn core[df12db4294e9bfd3]::future::future::Future<Output = ()>>>::{closure#0}, ()>
[INFO] [stdout]   17:     0x6180d3ff7a63 - <tokio[cc47fa1b1d52a971]::runtime::runtime::Runtime>::block_on::<core[df12db4294e9bfd3]::pin::Pin<&mut dyn core[df12db4294e9bfd3]::future::future::Future<Output = ()>>>
[INFO] [stdout]   18:     0x6180d3fb9c1c - <standalone[931ba2ec32fbec59]::standalone_connect_url_percent_decodes_password::{closure#0} as core[df12db4294e9bfd3]::ops::function::FnOnce<()>>::call_once
[INFO] [stdout]   19:     0x6180d3ff9a2b - test[9d35eded1c95d3be]::__rust_begin_short_backtrace::<core[df12db4294e9bfd3]::result::Result<(), alloc[2182bb758b4b3781]::string::String>, fn() -> core[df12db4294e9bfd3]::result::Result<(), alloc[2182bb758b4b3781]::string::String>>
[INFO] [stdout]   20:     0x6180d4007095 - test[9d35eded1c95d3be]::run_test::{closure#0}
[INFO] [stdout]   21:     0x6180d4000954 - std[70759c8f55707aa4]::sys::backtrace::__rust_begin_short_backtrace::<test[9d35eded1c95d3be]::run_test::{closure#1}, ()>
[INFO] [stdout]   22:     0x6180d400a1f2 - <std[70759c8f55707aa4]::thread::lifecycle::spawn_unchecked<test[9d35eded1c95d3be]::run_test::{closure#1}, ()>::{closure#1} as core[df12db4294e9bfd3]::ops::function::FnOnce<()>>::call_once::{shim:vtable#0}
[INFO] [stdout]   23:     0x6180d4154e69 - <std[70759c8f55707aa4]::sys::thread::unix::Thread>::new::thread_start
[INFO] [stdout]   24:     0x725aa7b61dfa - <unknown>
[INFO] [stdout]   25:     0x725aa7bf53d4 - clone
[INFO] [stdout]   26:                0x0 - <unknown>
[INFO] [stdout] 
[INFO] [stdout] ---- standalone_connect_url_executes_commands stdout ----
[INFO] [stdout] 
[INFO] [stdout] thread 'standalone_connect_url_executes_commands' (1819) panicked at tests/standalone.rs:22:18:
[INFO] [stdout] failed to start redis-server: BinaryNotFound { binary: "redis-server" }
[INFO] [stdout] stack backtrace:
[INFO] [stdout]    0:     0x6180d4155ea1 - <<std[70759c8f55707aa4]::sys::backtrace::BacktraceLock>::print::DisplayBacktrace as core[df12db4294e9bfd3]::fmt::Display>::fmt
[INFO] [stdout]    1:     0x6180d416cd4a - core[df12db4294e9bfd3]::fmt::write
[INFO] [stdout]    2:     0x6180d415acbc - <alloc[2182bb758b4b3781]::vec::Vec<u8> as core[df12db4294e9bfd3]::io::write::Write>::write_fmt
[INFO] [stdout]    3:     0x6180d412f496 - std[70759c8f55707aa4]::panicking::default_hook::{closure#0}
[INFO] [stdout]    4:     0x6180d414d429 - std[70759c8f55707aa4]::panicking::default_hook
[INFO] [stdout]    5:     0x6180d4006740 - test[9d35eded1c95d3be]::test_main_inner::<test[9d35eded1c95d3be]::test_main_static::{closure#0}>::{closure#0}
[INFO] [stdout]    6:     0x6180d414d752 - std[70759c8f55707aa4]::panicking::panic_with_hook
[INFO] [stdout]    7:     0x6180d412f542 - std[70759c8f55707aa4]::panicking::panic_handler::{closure#0}
[INFO] [stdout]    8:     0x6180d4127ec9 - std[70759c8f55707aa4]::sys::backtrace::__rust_end_short_backtrace::<std[70759c8f55707aa4]::panicking::panic_handler::{closure#0}, !>
[INFO] [stdout]    9:     0x6180d413032d - __rustc[8fa7c3cbc660c2b3]::rust_begin_unwind
[INFO] [stdout]   10:     0x6180d416d4ac - core[df12db4294e9bfd3]::panicking::panic_fmt
[INFO] [stdout]   11:     0x6180d416d282 - core[df12db4294e9bfd3]::result::unwrap_failed
[INFO] [stdout]   12:     0x6180d3f9ee77 - standalone[931ba2ec32fbec59]::standalone_connect_url_executes_commands::{closure#0}
[INFO] [stdout]   13:     0x6180d3fec863 - <tokio[cc47fa1b1d52a971]::runtime::scheduler::current_thread::Context>::enter::<core[df12db4294e9bfd3]::task::poll::Poll<()>, <tokio[cc47fa1b1d52a971]::runtime::scheduler::current_thread::CoreGuard>::block_on<core[df12db4294e9bfd3]::pin::Pin<&mut core[df12db4294e9bfd3]::pin::Pin<&mut dyn core[df12db4294e9bfd3]::future::future::Future<Output = ()>>>>::{closure#0}::{closure#0}>
[INFO] [stdout]   14:     0x6180d3fede49 - <std[70759c8f55707aa4]::thread::local::LocalKey<tokio[cc47fa1b1d52a971]::runtime::context::Context>>::with::<tokio[cc47fa1b1d52a971]::runtime::context::set_scheduler<(alloc[2182bb758b4b3781]::boxed::Box<tokio[cc47fa1b1d52a971]::runtime::scheduler::current_thread::Core>, core[df12db4294e9bfd3]::option::Option<()>), <tokio[cc47fa1b1d52a971]::runtime::scheduler::current_thread::CoreGuard>::enter<<tokio[cc47fa1b1d52a971]::runtime::scheduler::current_thread::CoreGuard>::block_on<core[df12db4294e9bfd3]::pin::Pin<&mut core[df12db4294e9bfd3]::pin::Pin<&mut dyn core[df12db4294e9bfd3]::future::future::Future<Output = ()>>>>::{closure#0}, core[df12db4294e9bfd3]::option::Option<()>>::{closure#0}>::{closure#0}, (alloc[2182bb758b4b3781]::boxed::Box<tokio[cc47fa1b1d52a971]::runtime::scheduler::current_thread::Core>, core[df12db4294e9bfd3]::option::Option<()>)>
[INFO] [stdout]   15:     0x6180d3fec9e7 - <tokio[cc47fa1b1d52a971]::runtime::scheduler::current_thread::CoreGuard>::block_on::<core[df12db4294e9bfd3]::pin::Pin<&mut core[df12db4294e9bfd3]::pin::Pin<&mut dyn core[df12db4294e9bfd3]::future::future::Future<Output = ()>>>>
[INFO] [stdout]   16:     0x6180d3ff8fdd - tokio[cc47fa1b1d52a971]::runtime::context::runtime::enter_runtime::<<tokio[cc47fa1b1d52a971]::runtime::scheduler::current_thread::CurrentThread>::block_on<core[df12db4294e9bfd3]::pin::Pin<&mut dyn core[df12db4294e9bfd3]::future::future::Future<Output = ()>>>::{closure#0}, ()>
[INFO] [stdout]   17:     0x6180d3ff7a63 - <tokio[cc47fa1b1d52a971]::runtime::runtime::Runtime>::block_on::<core[df12db4294e9bfd3]::pin::Pin<&mut dyn core[df12db4294e9bfd3]::future::future::Future<Output = ()>>>
[INFO] [stdout]   18:     0x6180d3fb9aac - <standalone[931ba2ec32fbec59]::standalone_connect_url_executes_commands::{closure#0} as core[df12db4294e9bfd3]::ops::function::FnOnce<()>>::call_once
[INFO] [stdout]   19:     0x6180d3ff9a2b - test[9d35eded1c95d3be]::__rust_begin_short_backtrace::<core[df12db4294e9bfd3]::result::Result<(), alloc[2182bb758b4b3781]::string::String>, fn() -> core[df12db4294e9bfd3]::result::Result<(), alloc[2182bb758b4b3781]::string::String>>
[INFO] [stdout]   20:     0x6180d4007095 - test[9d35eded1c95d3be]::run_test::{closure#0}
[INFO] [stdout]   21:     0x6180d4000954 - std[70759c8f55707aa4]::sys::backtrace::__rust_begin_short_backtrace::<test[9d35eded1c95d3be]::run_test::{closure#1}, ()>
[INFO] [stdout]   22:     0x6180d400a1f2 - <std[70759c8f55707aa4]::thread::lifecycle::spawn_unchecked<test[9d35eded1c95d3be]::run_test::{closure#1}, ()>::{closure#1} as core[df12db4294e9bfd3]::ops::function::FnOnce<()>>::call_once::{shim:vtable#0}
[INFO] [stdout]   23:     0x6180d4154e69 - <std[70759c8f55707aa4]::sys::thread::unix::Thread>::new::thread_start
[INFO] [stdout]   24:     0x725aa7b61dfa - <unknown>
[INFO] [stdout]   25:     0x725aa7bf53d4 - clone
[INFO] [stdout]   26:                0x0 - <unknown>
[INFO] [stdout] 
[INFO] [stdout] 
[INFO] [stdout] failures:
[INFO] [stdout]     standalone_connect_url_executes_commands
[INFO] [stdout]     standalone_connect_url_percent_decodes_password
[INFO] [stdout] 
[INFO] [stdout] test result: FAILED. 0 passed; 2 failed; 0 ignored; 0 measured; 0 filtered out; finished in 0.01s
[INFO] [stderr] error: test failed, to rerun pass `--test standalone`
[INFO] [stdout] 
[INFO] running `Command { std: "docker" "inspect" "60ca30b8d3090a5ec07c5b4a06ead853c38afdb005a260a2e5f9aca428e81686", kill_on_drop: false }`
[INFO] running `Command { std: "docker" "rm" "-f" "60ca30b8d3090a5ec07c5b4a06ead853c38afdb005a260a2e5f9aca428e81686", kill_on_drop: false }`
[INFO] [stdout] 60ca30b8d3090a5ec07c5b4a06ead853c38afdb005a260a2e5f9aca428e81686
