[INFO] fetching crate redis-sdk 0.1.0...
[INFO] testing redis-sdk-0.1.0 against 1.99.0-beta.8+cargoflags=--release for beta-release-1.100-2
[INFO] extracting crate redis-sdk 0.1.0 into /workspace/builds/worker-1-tc1/source
[INFO] started tweaking crates.io crate redis-sdk 0.1.0
[INFO] finished tweaking crates.io crate redis-sdk 0.1.0
[INFO] tweaked toml for crates.io crate redis-sdk 0.1.0 written to /workspace/builds/worker-1-tc1/source/Cargo.toml
[INFO] validating manifest of crates.io crate redis-sdk 0.1.0 on toolchain 1.99.0-beta.8
[INFO] running `Command { std: CARGO_HOME="/workspace/cargo-home" RUSTUP_HOME="/workspace/rustup-home" "/workspace/cargo-home/bin/cargo" "+1.99.0-beta.8" "metadata" "--manifest-path" "Cargo.toml" "--no-deps", kill_on_drop: false }`
[INFO] running `Command { std: CARGO_HOME="/workspace/cargo-home" RUSTUP_HOME="/workspace/rustup-home" "/workspace/cargo-home/bin/cargo" "+1.99.0-beta.8" "generate-lockfile" "--manifest-path" "Cargo.toml", kill_on_drop: false }`
[INFO] [stderr]     Blocking waiting for file lock on package cache
[INFO] [stderr]     Updating crates.io index
[INFO] [stderr]     Blocking waiting for file lock on package cache
[INFO] [stderr]      Locking 112 packages to highest compatible versions
[INFO] [stderr]       Adding bb8 v0.8.6 (available: v0.9.1)
[INFO] [stderr]       Adding bb8-redis v0.17.0 (available: v0.26.0)
[INFO] [stderr]       Adding lru v0.12.5 (available: v0.18.5)
[INFO] [stderr]       Adding redis v0.27.6 (available: v1.7.1)
[INFO] running `Command { std: CARGO_HOME="/workspace/cargo-home" RUSTUP_HOME="/workspace/rustup-home" "/workspace/cargo-home/bin/cargo" "+1.99.0-beta.8" "fetch" "--manifest-path" "Cargo.toml", kill_on_drop: false }`
[INFO] [stderr]  Downloading crates ...
[INFO] [stderr]   Downloaded bb8 v0.8.6
[INFO] [stderr]   Downloaded bb8-redis v0.17.0
[INFO] [stderr]   Downloaded redis v0.27.6
[INFO] [stderr]   Downloaded arc-swap v1.9.3
[INFO] running `Command { std: "docker" "create" "-v" "/var/lib/crater-agent-workspace/builds/worker-1-tc1/source:/opt/rustwide/workdir:ro,Z" "-v" "/var/lib/crater-agent-workspace/builds/worker-1-tc1/target:/opt/rustwide/target:rw,Z" "-v" "/var/lib/crater-agent-workspace/cargo-home:/opt/rustwide/cargo-home:ro,Z" "-v" "/var/lib/crater-agent-workspace/rustup-home:/opt/rustwide/rustup-home:ro,Z" "-m" "1610612736" "--network" "none" "ghcr.io/rust-lang/crates-build-env/linux@sha256:77db811e55d90add9212f6832c23229e3de5f1c1f9905e8cb07319ea15df73ac" "sleep" "infinity", kill_on_drop: false }`
[INFO] [stdout] 0102ba323010839a3c4a41954d9fc458e0d6932e8a88a0b810383be1ba4915cd
[INFO] running `Command { std: "docker" "start" "0102ba323010839a3c4a41954d9fc458e0d6932e8a88a0b810383be1ba4915cd", kill_on_drop: false }`
[INFO] running `Command { std: "docker" "inspect" "0102ba323010839a3c4a41954d9fc458e0d6932e8a88a0b810383be1ba4915cd", kill_on_drop: false }`
[INFO] running `Command { std: "docker" "exec" "-e" "SOURCE_DIR=/opt/rustwide/workdir" "-e" "CARGO_HOME=/opt/rustwide/cargo-home" "-e" "RUSTUP_HOME=/opt/rustwide/rustup-home" "-e" "CARGO_TARGET_DIR=/opt/rustwide/target" "-w" "/opt/rustwide/workdir" "--user" "0:0" "0102ba323010839a3c4a41954d9fc458e0d6932e8a88a0b810383be1ba4915cd" "/opt/rustwide/cargo-home/bin/cargo" "+1.99.0-beta.8" "metadata" "--no-deps" "--format-version=1", kill_on_drop: false }`
[INFO] running `Command { std: "docker" "inspect" "0102ba323010839a3c4a41954d9fc458e0d6932e8a88a0b810383be1ba4915cd", kill_on_drop: false }`
[INFO] running `Command { std: "docker" "exec" "-e" "SOURCE_DIR=/opt/rustwide/workdir" "-e" "CARGO_HOME=/opt/rustwide/cargo-home" "-e" "RUSTUP_HOME=/opt/rustwide/rustup-home" "-e" "CARGO_TARGET_DIR=/opt/rustwide/target" "-e" "CARGO_INCREMENTAL=0" "-e" "RUST_BACKTRACE=full" "-e" "RUSTFLAGS=--cap-lints=warn" "-e" "RUSTDOCFLAGS=--cap-lints=warn" "-w" "/opt/rustwide/workdir" "--user" "0:0" "0102ba323010839a3c4a41954d9fc458e0d6932e8a88a0b810383be1ba4915cd" "/opt/rustwide/cargo-home/bin/cargo" "+1.99.0-beta.8" "build" "--frozen" "--message-format=json" "--release", kill_on_drop: false }`
[INFO] [stderr]    Compiling crc16 v0.4.0
[INFO] [stderr]    Compiling itertools v0.13.0
[INFO] [stderr]    Compiling socket2 v0.5.10
[INFO] [stderr]    Compiling async-trait v0.1.92
[INFO] [stderr]    Compiling arc-swap v1.9.3
[INFO] [stderr]    Compiling tokio v1.53.3
[INFO] [stderr]    Compiling futures-util v0.3.34
[INFO] [stderr]    Compiling num-integer v0.1.47
[INFO] [stderr]    Compiling sha1_smol v1.0.1
[INFO] [stderr]    Compiling hashbrown v0.15.5
[INFO] [stderr]    Compiling dotenv v0.15.0
[INFO] [stderr]    Compiling url v2.5.8
[INFO] [stderr]    Compiling num-bigint v0.4.8
[INFO] [stderr]    Compiling lru v0.12.5
[INFO] [stderr]    Compiling futures-executor v0.3.34
[INFO] [stderr]    Compiling futures v0.3.34
[INFO] [stderr]    Compiling tokio-util v0.7.20
[INFO] [stderr]    Compiling bb8 v0.8.6
[INFO] [stderr]    Compiling combine v4.6.9
[INFO] [stderr]    Compiling redis v0.27.6
[INFO] [stderr]    Compiling bb8-redis v0.17.0
[INFO] [stderr]    Compiling redis-sdk v0.1.0 (/opt/rustwide/workdir)
[INFO] [stderr]     Finished `release` profile [optimized] target(s) in 35.83s
[INFO] running `Command { std: "docker" "inspect" "0102ba323010839a3c4a41954d9fc458e0d6932e8a88a0b810383be1ba4915cd", kill_on_drop: false }`
[INFO] running `Command { std: "docker" "exec" "-e" "SOURCE_DIR=/opt/rustwide/workdir" "-e" "CARGO_HOME=/opt/rustwide/cargo-home" "-e" "RUSTUP_HOME=/opt/rustwide/rustup-home" "-e" "CARGO_TARGET_DIR=/opt/rustwide/target" "-e" "CARGO_INCREMENTAL=0" "-e" "RUST_BACKTRACE=full" "-e" "RUSTFLAGS=--cap-lints=warn" "-e" "RUSTDOCFLAGS=--cap-lints=warn" "-w" "/opt/rustwide/workdir" "--user" "0:0" "0102ba323010839a3c4a41954d9fc458e0d6932e8a88a0b810383be1ba4915cd" "/opt/rustwide/cargo-home/bin/cargo" "+1.99.0-beta.8" "test" "--frozen" "--no-run" "--message-format=json" "--release", kill_on_drop: false }`
[INFO] [stderr]    Compiling redis-sdk v0.1.0 (/opt/rustwide/workdir)
[INFO] [stderr]     Finished `release` profile [optimized] target(s) in 3.25s
[INFO] running `Command { std: "docker" "inspect" "0102ba323010839a3c4a41954d9fc458e0d6932e8a88a0b810383be1ba4915cd", kill_on_drop: false }`
[INFO] running `Command { std: "docker" "exec" "-e" "SOURCE_DIR=/opt/rustwide/workdir" "-e" "CARGO_HOME=/opt/rustwide/cargo-home" "-e" "RUSTUP_HOME=/opt/rustwide/rustup-home" "-e" "CARGO_TARGET_DIR=/opt/rustwide/target" "-e" "CARGO_INCREMENTAL=0" "-e" "RUST_BACKTRACE=full" "-e" "RUSTFLAGS=--cap-lints=warn" "-e" "RUSTDOCFLAGS=--cap-lints=warn" "-w" "/opt/rustwide/workdir" "--user" "0:0" "0102ba323010839a3c4a41954d9fc458e0d6932e8a88a0b810383be1ba4915cd" "/opt/rustwide/cargo-home/bin/cargo" "+1.99.0-beta.8" "test" "--frozen" "--release", kill_on_drop: false }`
[INFO] [stderr]     Finished `release` profile [optimized] target(s) in 0.13s
[INFO] [stderr]      Running unittests src/lib.rs (/opt/rustwide/target/release/deps/redis_sdk-623664063e12a0b8)
[INFO] [stdout] 
[INFO] [stdout] running 5 tests
[INFO] [stdout] test tests::test_set_and_get ... FAILED
[INFO] [stdout] test tests::test_exists ... FAILED
[INFO] [stdout] test tests::test_keys_pattern ... FAILED
[INFO] [stderr] error: test failed, to rerun pass `--lib`
[INFO] [stdout] test tests::test_set_and_get_json ... FAILED
[INFO] [stdout] test tests::test_set_ex_and_expire ... FAILED
[INFO] [stdout] 
[INFO] [stdout] failures:
[INFO] [stdout] 
[INFO] [stdout] ---- tests::test_set_and_get stdout ----
[INFO] [stdout] 
[INFO] [stdout] thread 'tests::test_set_and_get' (527) panicked at src/lib.rs:195:38:
[INFO] [stdout] called `Result::unwrap()` on an `Err` value: Failed to get Redis connection from pool: Timed out in bb8
[INFO] [stdout] 
[INFO] [stdout] Stack backtrace:
[INFO] [stdout]    0: <anyhow::Error>::msg::<alloc::string::String>
[INFO] [stdout]    1: <redis_sdk::CacheClient>::get_conn::{closure#0}::{closure#0}
[INFO] [stdout]    2: <redis_sdk::CacheClient>::get_conn::{closure#0}
[INFO] [stdout]    3: <redis_sdk::CacheClient>::set::{closure#0}
[INFO] [stdout]    4: redis_sdk::tests::test_set_and_get::{closure#0}
[INFO] [stdout]    5: <tokio::runtime::scheduler::current_thread::Context>::enter::<core::task::poll::Poll<()>, <tokio::runtime::scheduler::current_thread::CoreGuard>::block_on<core::pin::Pin<&mut core::pin::Pin<&mut dyn core::future::future::Future<Output = ()>>>>::{closure#0}::{closure#0}>
[INFO] [stdout]    6: <tokio::runtime::context::scoped::Scoped<tokio::runtime::scheduler::Context>>::set::<<tokio::runtime::scheduler::current_thread::CoreGuard>::enter<<tokio::runtime::scheduler::current_thread::CoreGuard>::block_on<core::pin::Pin<&mut core::pin::Pin<&mut dyn core::future::future::Future<Output = ()>>>>::{closure#0}, core::option::Option<()>>::{closure#0}, (alloc::boxed::Box<tokio::runtime::scheduler::current_thread::Core>, core::option::Option<()>)>
[INFO] [stdout]    7: <tokio::runtime::scheduler::current_thread::CoreGuard>::block_on::<core::pin::Pin<&mut core::pin::Pin<&mut dyn core::future::future::Future<Output = ()>>>>
[INFO] [stdout]    8: tokio::runtime::context::runtime::enter_runtime::<<tokio::runtime::scheduler::current_thread::CurrentThread>::block_on<core::pin::Pin<&mut dyn core::future::future::Future<Output = ()>>>::{closure#0}, ()>
[INFO] [stdout]    9: <tokio::runtime::runtime::Runtime>::block_on::<core::pin::Pin<&mut dyn core::future::future::Future<Output = ()>>>
[INFO] [stdout]   10: redis_sdk::tests::test_set_and_get
[INFO] [stdout]   11: <redis_sdk::tests::test_set_and_get::{closure#0} as core::ops::function::FnOnce<()>>::call_once
[INFO] [stdout]   12: test::__rust_begin_short_backtrace::<core::result::Result<(), alloc::string::String>, fn() -> core::result::Result<(), alloc::string::String>>
[INFO] [stdout]   13: test::run_test::{closure#0}
[INFO] [stdout]   14: std::sys::backtrace::__rust_begin_short_backtrace::<test::run_test::{closure#1}, ()>
[INFO] [stdout]   15: <std::thread::lifecycle::spawn_unchecked<test::run_test::{closure#1}, ()>::{closure#1} as core::ops::function::FnOnce<()>>::call_once::{shim:vtable#0}
[INFO] [stdout]   16: <std::sys::thread::unix::Thread>::new::thread_start
[INFO] [stdout]   17: <unknown>
[INFO] [stdout]   18: clone
[INFO] [stdout] stack backtrace:
[INFO] [stdout]    0:     0x63ee59191ed1 - <<std[70759c8f55707aa4]::sys::backtrace::BacktraceLock>::print::DisplayBacktrace as core[df12db4294e9bfd3]::fmt::Display>::fmt
[INFO] [stdout]    1:     0x63ee591a882a - core[df12db4294e9bfd3]::fmt::write
[INFO] [stdout]    2:     0x63ee59196f3c - <alloc[2182bb758b4b3781]::vec::Vec<u8> as core[df12db4294e9bfd3]::io::write::Write>::write_fmt
[INFO] [stdout]    3:     0x63ee5916d166 - std[70759c8f55707aa4]::panicking::default_hook::{closure#0}
[INFO] [stdout]    4:     0x63ee59189f19 - std[70759c8f55707aa4]::panicking::default_hook
[INFO] [stdout]    5:     0x63ee59095760 - test[9d35eded1c95d3be]::test_main_inner::<test[9d35eded1c95d3be]::test_main_static::{closure#0}>::{closure#0}
[INFO] [stdout]    6:     0x63ee5918a242 - std[70759c8f55707aa4]::panicking::panic_with_hook
[INFO] [stdout]    7:     0x63ee5916d212 - std[70759c8f55707aa4]::panicking::panic_handler::{closure#0}
[INFO] [stdout]    8:     0x63ee59165929 - std[70759c8f55707aa4]::sys::backtrace::__rust_end_short_backtrace::<std[70759c8f55707aa4]::panicking::panic_handler::{closure#0}, !>
[INFO] [stdout]    9:     0x63ee5916e10d - __rustc[8fa7c3cbc660c2b3]::rust_begin_unwind
[INFO] [stdout]   10:     0x63ee591a8f8c - core[df12db4294e9bfd3]::panicking::panic_fmt
[INFO] [stdout]   11:     0x63ee591a8d62 - core[df12db4294e9bfd3]::result::unwrap_failed
[INFO] [stdout]   12:     0x63ee5906cb0f - redis_sdk[e1deb3908f867e04]::tests::test_set_and_get::{closure#0}
[INFO] [stdout]   13:     0x63ee59077b53 - <tokio[802eaeee5dbcae8]::runtime::scheduler::current_thread::Context>::enter::<core[df12db4294e9bfd3]::task::poll::Poll<()>, <tokio[802eaeee5dbcae8]::runtime::scheduler::current_thread::CoreGuard>::block_on<core[df12db4294e9bfd3]::pin::Pin<&mut core[df12db4294e9bfd3]::pin::Pin<&mut dyn core[df12db4294e9bfd3]::future::future::Future<Output = ()>>>>::{closure#0}::{closure#0}>
[INFO] [stdout]   14:     0x63ee5907644c - <tokio[802eaeee5dbcae8]::runtime::context::scoped::Scoped<tokio[802eaeee5dbcae8]::runtime::scheduler::Context>>::set::<<tokio[802eaeee5dbcae8]::runtime::scheduler::current_thread::CoreGuard>::enter<<tokio[802eaeee5dbcae8]::runtime::scheduler::current_thread::CoreGuard>::block_on<core[df12db4294e9bfd3]::pin::Pin<&mut core[df12db4294e9bfd3]::pin::Pin<&mut dyn core[df12db4294e9bfd3]::future::future::Future<Output = ()>>>>::{closure#0}, core[df12db4294e9bfd3]::option::Option<()>>::{closure#0}, (alloc[2182bb758b4b3781]::boxed::Box<tokio[802eaeee5dbcae8]::runtime::scheduler::current_thread::Core>, core[df12db4294e9bfd3]::option::Option<()>)>
[INFO] [stdout]   15:     0x63ee590781c7 - <tokio[802eaeee5dbcae8]::runtime::scheduler::current_thread::CoreGuard>::block_on::<core[df12db4294e9bfd3]::pin::Pin<&mut core[df12db4294e9bfd3]::pin::Pin<&mut dyn core[df12db4294e9bfd3]::future::future::Future<Output = ()>>>>
[INFO] [stdout]   16:     0x63ee5907e5db - tokio[802eaeee5dbcae8]::runtime::context::runtime::enter_runtime::<<tokio[802eaeee5dbcae8]::runtime::scheduler::current_thread::CurrentThread>::block_on<core[df12db4294e9bfd3]::pin::Pin<&mut dyn core[df12db4294e9bfd3]::future::future::Future<Output = ()>>>::{closure#0}, ()>
[INFO] [stdout]   17:     0x63ee5907ea25 - <tokio[802eaeee5dbcae8]::runtime::runtime::Runtime>::block_on::<core[df12db4294e9bfd3]::pin::Pin<&mut dyn core[df12db4294e9bfd3]::future::future::Future<Output = ()>>>
[INFO] [stdout]   18:     0x63ee5906f47b - redis_sdk[e1deb3908f867e04]::tests::test_set_and_get
[INFO] [stdout]   19:     0x63ee5907a8b9 - <redis_sdk[e1deb3908f867e04]::tests::test_set_and_get::{closure#0} as core[df12db4294e9bfd3]::ops::function::FnOnce<()>>::call_once
[INFO] [stdout]   20:     0x63ee59088a4b - test[9d35eded1c95d3be]::__rust_begin_short_backtrace::<core[df12db4294e9bfd3]::result::Result<(), alloc[2182bb758b4b3781]::string::String>, fn() -> core[df12db4294e9bfd3]::result::Result<(), alloc[2182bb758b4b3781]::string::String>>
[INFO] [stdout]   21:     0x63ee590960b5 - test[9d35eded1c95d3be]::run_test::{closure#0}
[INFO] [stdout]   22:     0x63ee5908f974 - std[70759c8f55707aa4]::sys::backtrace::__rust_begin_short_backtrace::<test[9d35eded1c95d3be]::run_test::{closure#1}, ()>
[INFO] [stdout]   23:     0x63ee59099212 - <std[70759c8f55707aa4]::thread::lifecycle::spawn_unchecked<test[9d35eded1c95d3be]::run_test::{closure#1}, ()>::{closure#1} as core[df12db4294e9bfd3]::ops::function::FnOnce<()>>::call_once::{shim:vtable#0}
[INFO] [stdout]   24:     0x63ee59191429 - <std[70759c8f55707aa4]::sys::thread::unix::Thread>::new::thread_start
[INFO] [stdout]   25:     0x79b577ca3dfa - <unknown>
[INFO] [stdout]   26:     0x79b577d373d4 - clone
[INFO] [stdout]   27:                0x0 - <unknown>
[INFO] [stdout] 
[INFO] [stdout] ---- tests::test_exists stdout ----
[INFO] [stdout] 
[INFO] [stdout] thread 'tests::test_exists' (525) panicked at src/lib.rs:239:40:
[INFO] [stdout] called `Result::unwrap()` on an `Err` value: Failed to get Redis connection from pool: Timed out in bb8
[INFO] [stdout] 
[INFO] [stdout] Stack backtrace:
[INFO] [stdout]    0: <anyhow::Error>::msg::<alloc::string::String>
[INFO] [stdout]    1: <redis_sdk::CacheClient>::get_conn::{closure#0}::{closure#0}
[INFO] [stdout]    2: <redis_sdk::CacheClient>::get_conn::{closure#0}
[INFO] [stdout]    3: <redis_sdk::CacheClient>::set::{closure#0}
[INFO] [stdout]    4: redis_sdk::tests::test_exists::{closure#0}
[INFO] [stdout]    5: <tokio::runtime::scheduler::current_thread::Context>::enter::<core::task::poll::Poll<()>, <tokio::runtime::scheduler::current_thread::CoreGuard>::block_on<core::pin::Pin<&mut core::pin::Pin<&mut dyn core::future::future::Future<Output = ()>>>>::{closure#0}::{closure#0}>
[INFO] [stdout]    6: <tokio::runtime::context::scoped::Scoped<tokio::runtime::scheduler::Context>>::set::<<tokio::runtime::scheduler::current_thread::CoreGuard>::enter<<tokio::runtime::scheduler::current_thread::CoreGuard>::block_on<core::pin::Pin<&mut core::pin::Pin<&mut dyn core::future::future::Future<Output = ()>>>>::{closure#0}, core::option::Option<()>>::{closure#0}, (alloc::boxed::Box<tokio::runtime::scheduler::current_thread::Core>, core::option::Option<()>)>
[INFO] [stdout]    7: <tokio::runtime::scheduler::current_thread::CoreGuard>::block_on::<core::pin::Pin<&mut core::pin::Pin<&mut dyn core::future::future::Future<Output = ()>>>>
[INFO] [stdout]    8: tokio::runtime::context::runtime::enter_runtime::<<tokio::runtime::scheduler::current_thread::CurrentThread>::block_on<core::pin::Pin<&mut dyn core::future::future::Future<Output = ()>>>::{closure#0}, ()>
[INFO] [stdout]    9: <tokio::runtime::runtime::Runtime>::block_on::<core::pin::Pin<&mut dyn core::future::future::Future<Output = ()>>>
[INFO] [stdout]   10: redis_sdk::tests::test_exists
[INFO] [stdout]   11: <redis_sdk::tests::test_exists::{closure#0} as core::ops::function::FnOnce<()>>::call_once
[INFO] [stdout]   12: test::__rust_begin_short_backtrace::<core::result::Result<(), alloc::string::String>, fn() -> core::result::Result<(), alloc::string::String>>
[INFO] [stdout]   13: test::run_test::{closure#0}
[INFO] [stdout]   14: std::sys::backtrace::__rust_begin_short_backtrace::<test::run_test::{closure#1}, ()>
[INFO] [stdout]   15: <std::thread::lifecycle::spawn_unchecked<test::run_test::{closure#1}, ()>::{closure#1} as core::ops::function::FnOnce<()>>::call_once::{shim:vtable#0}
[INFO] [stdout]   16: <std::sys::thread::unix::Thread>::new::thread_start
[INFO] [stdout]   17: <unknown>
[INFO] [stdout]   18: clone
[INFO] [stdout] stack backtrace:
[INFO] [stdout]    0:     0x63ee59191ed1 - <<std[70759c8f55707aa4]::sys::backtrace::BacktraceLock>::print::DisplayBacktrace as core[df12db4294e9bfd3]::fmt::Display>::fmt
[INFO] [stdout]    1:     0x63ee591a882a - core[df12db4294e9bfd3]::fmt::write
[INFO] [stdout]    2:     0x63ee59196f3c - <alloc[2182bb758b4b3781]::vec::Vec<u8> as core[df12db4294e9bfd3]::io::write::Write>::write_fmt
[INFO] [stdout]    3:     0x63ee5916d166 - std[70759c8f55707aa4]::panicking::default_hook::{closure#0}
[INFO] [stdout]    4:     0x63ee59189f19 - std[70759c8f55707aa4]::panicking::default_hook
[INFO] [stdout]    5:     0x63ee59095760 - test[9d35eded1c95d3be]::test_main_inner::<test[9d35eded1c95d3be]::test_main_static::{closure#0}>::{closure#0}
[INFO] [stdout]    6:     0x63ee5918a242 - std[70759c8f55707aa4]::panicking::panic_with_hook
[INFO] [stdout]    7:     0x63ee5916d212 - std[70759c8f55707aa4]::panicking::panic_handler::{closure#0}
[INFO] [stdout]    8:     0x63ee59165929 - std[70759c8f55707aa4]::sys::backtrace::__rust_end_short_backtrace::<std[70759c8f55707aa4]::panicking::panic_handler::{closure#0}, !>
[INFO] [stdout]    9:     0x63ee5916e10d - __rustc[8fa7c3cbc660c2b3]::rust_begin_unwind
[INFO] [stdout]   10:     0x63ee591a8f8c - core[df12db4294e9bfd3]::panicking::panic_fmt
[INFO] [stdout]   11:     0x63ee591a8d62 - core[df12db4294e9bfd3]::result::unwrap_failed
[INFO] [stdout]   12:     0x63ee5906c655 - redis_sdk[e1deb3908f867e04]::tests::test_exists::{closure#0}
[INFO] [stdout]   13:     0x63ee59077b53 - <tokio[802eaeee5dbcae8]::runtime::scheduler::current_thread::Context>::enter::<core[df12db4294e9bfd3]::task::poll::Poll<()>, <tokio[802eaeee5dbcae8]::runtime::scheduler::current_thread::CoreGuard>::block_on<core[df12db4294e9bfd3]::pin::Pin<&mut core[df12db4294e9bfd3]::pin::Pin<&mut dyn core[df12db4294e9bfd3]::future::future::Future<Output = ()>>>>::{closure#0}::{closure#0}>
[INFO] [stdout]   14:     0x63ee5907644c - <tokio[802eaeee5dbcae8]::runtime::context::scoped::Scoped<tokio[802eaeee5dbcae8]::runtime::scheduler::Context>>::set::<<tokio[802eaeee5dbcae8]::runtime::scheduler::current_thread::CoreGuard>::enter<<tokio[802eaeee5dbcae8]::runtime::scheduler::current_thread::CoreGuard>::block_on<core[df12db4294e9bfd3]::pin::Pin<&mut core[df12db4294e9bfd3]::pin::Pin<&mut dyn core[df12db4294e9bfd3]::future::future::Future<Output = ()>>>>::{closure#0}, core[df12db4294e9bfd3]::option::Option<()>>::{closure#0}, (alloc[2182bb758b4b3781]::boxed::Box<tokio[802eaeee5dbcae8]::runtime::scheduler::current_thread::Core>, core[df12db4294e9bfd3]::option::Option<()>)>
[INFO] [stdout]   15:     0x63ee590781c7 - <tokio[802eaeee5dbcae8]::runtime::scheduler::current_thread::CoreGuard>::block_on::<core[df12db4294e9bfd3]::pin::Pin<&mut core[df12db4294e9bfd3]::pin::Pin<&mut dyn core[df12db4294e9bfd3]::future::future::Future<Output = ()>>>>
[INFO] [stdout]   16:     0x63ee5907e5db - tokio[802eaeee5dbcae8]::runtime::context::runtime::enter_runtime::<<tokio[802eaeee5dbcae8]::runtime::scheduler::current_thread::CurrentThread>::block_on<core[df12db4294e9bfd3]::pin::Pin<&mut dyn core[df12db4294e9bfd3]::future::future::Future<Output = ()>>>::{closure#0}, ()>
[INFO] [stdout]   17:     0x63ee5907ea25 - <tokio[802eaeee5dbcae8]::runtime::runtime::Runtime>::block_on::<core[df12db4294e9bfd3]::pin::Pin<&mut dyn core[df12db4294e9bfd3]::future::future::Future<Output = ()>>>
[INFO] [stdout]   18:     0x63ee5906f32b - redis_sdk[e1deb3908f867e04]::tests::test_exists
[INFO] [stdout]   19:     0x63ee5907a899 - <redis_sdk[e1deb3908f867e04]::tests::test_exists::{closure#0} as core[df12db4294e9bfd3]::ops::function::FnOnce<()>>::call_once
[INFO] [stdout]   20:     0x63ee59088a4b - test[9d35eded1c95d3be]::__rust_begin_short_backtrace::<core[df12db4294e9bfd3]::result::Result<(), alloc[2182bb758b4b3781]::string::String>, fn() -> core[df12db4294e9bfd3]::result::Result<(), alloc[2182bb758b4b3781]::string::String>>
[INFO] [stdout]   21:     0x63ee590960b5 - test[9d35eded1c95d3be]::run_test::{closure#0}
[INFO] [stdout]   22:     0x63ee5908f974 - std[70759c8f55707aa4]::sys::backtrace::__rust_begin_short_backtrace::<test[9d35eded1c95d3be]::run_test::{closure#1}, ()>
[INFO] [stdout]   23:     0x63ee59099212 - <std[70759c8f55707aa4]::thread::lifecycle::spawn_unchecked<test[9d35eded1c95d3be]::run_test::{closure#1}, ()>::{closure#1} as core[df12db4294e9bfd3]::ops::function::FnOnce<()>>::call_once::{shim:vtable#0}
[INFO] [stdout]   24:     0x63ee59191429 - <std[70759c8f55707aa4]::sys::thread::unix::Thread>::new::thread_start
[INFO] [stdout]   25:     0x79b577ca3dfa - <unknown>
[INFO] [stdout]   26:     0x79b577d373d4 - clone
[INFO] [stdout]   27:                0x0 - <unknown>
[INFO] [stdout] 
[INFO] [stdout] ---- tests::test_keys_pattern stdout ----
[INFO] [stdout] 
[INFO] [stdout] thread 'tests::test_keys_pattern' (526) panicked at src/lib.rs:254:42:
[INFO] [stdout] called `Result::unwrap()` on an `Err` value: Failed to get Redis connection from pool: Timed out in bb8
[INFO] [stdout] 
[INFO] [stdout] Stack backtrace:
[INFO] [stdout]    0: <anyhow::Error>::msg::<alloc::string::String>
[INFO] [stdout]    1: <redis_sdk::CacheClient>::get_conn::{closure#0}::{closure#0}
[INFO] [stdout]    2: <redis_sdk::CacheClient>::get_conn::{closure#0}
[INFO] [stdout]    3: <redis_sdk::CacheClient>::set::{closure#0}
[INFO] [stdout]    4: redis_sdk::tests::test_keys_pattern::{closure#0}
[INFO] [stdout]    5: <tokio::runtime::scheduler::current_thread::Context>::enter::<core::task::poll::Poll<()>, <tokio::runtime::scheduler::current_thread::CoreGuard>::block_on<core::pin::Pin<&mut core::pin::Pin<&mut dyn core::future::future::Future<Output = ()>>>>::{closure#0}::{closure#0}>
[INFO] [stdout]    6: <tokio::runtime::context::scoped::Scoped<tokio::runtime::scheduler::Context>>::set::<<tokio::runtime::scheduler::current_thread::CoreGuard>::enter<<tokio::runtime::scheduler::current_thread::CoreGuard>::block_on<core::pin::Pin<&mut core::pin::Pin<&mut dyn core::future::future::Future<Output = ()>>>>::{closure#0}, core::option::Option<()>>::{closure#0}, (alloc::boxed::Box<tokio::runtime::scheduler::current_thread::Core>, core::option::Option<()>)>
[INFO] [stdout]    7: <tokio::runtime::scheduler::current_thread::CoreGuard>::block_on::<core::pin::Pin<&mut core::pin::Pin<&mut dyn core::future::future::Future<Output = ()>>>>
[INFO] [stdout]    8: tokio::runtime::context::runtime::enter_runtime::<<tokio::runtime::scheduler::current_thread::CurrentThread>::block_on<core::pin::Pin<&mut dyn core::future::future::Future<Output = ()>>>::{closure#0}, ()>
[INFO] [stdout]    9: <tokio::runtime::runtime::Runtime>::block_on::<core::pin::Pin<&mut dyn core::future::future::Future<Output = ()>>>
[INFO] [stdout]   10: redis_sdk::tests::test_keys_pattern
[INFO] [stdout]   11: <redis_sdk::tests::test_keys_pattern::{closure#0} as core::ops::function::FnOnce<()>>::call_once
[INFO] [stdout]   12: test::__rust_begin_short_backtrace::<core::result::Result<(), alloc::string::String>, fn() -> core::result::Result<(), alloc::string::String>>
[INFO] [stdout]   13: test::run_test::{closure#0}
[INFO] [stdout]   14: std::sys::backtrace::__rust_begin_short_backtrace::<test::run_test::{closure#1}, ()>
[INFO] [stdout]   15: <std::thread::lifecycle::spawn_unchecked<test::run_test::{closure#1}, ()>::{closure#1} as core::ops::function::FnOnce<()>>::call_once::{shim:vtable#0}
[INFO] [stdout]   16: <std::sys::thread::unix::Thread>::new::thread_start
[INFO] [stdout]   17: <unknown>
[INFO] [stdout]   18: clone
[INFO] [stdout] stack backtrace:
[INFO] [stdout]    0:     0x63ee59191ed1 - <<std[70759c8f55707aa4]::sys::backtrace::BacktraceLock>::print::DisplayBacktrace as core[df12db4294e9bfd3]::fmt::Display>::fmt
[INFO] [stdout]    1:     0x63ee591a882a - core[df12db4294e9bfd3]::fmt::write
[INFO] [stdout]    2:     0x63ee59196f3c - <alloc[2182bb758b4b3781]::vec::Vec<u8> as core[df12db4294e9bfd3]::io::write::Write>::write_fmt
[INFO] [stdout]    3:     0x63ee5916d166 - std[70759c8f55707aa4]::panicking::default_hook::{closure#0}
[INFO] [stdout]    4:     0x63ee59189f19 - std[70759c8f55707aa4]::panicking::default_hook
[INFO] [stdout]    5:     0x63ee59095760 - test[9d35eded1c95d3be]::test_main_inner::<test[9d35eded1c95d3be]::test_main_static::{closure#0}>::{closure#0}
[INFO] [stdout]    6:     0x63ee5918a242 - std[70759c8f55707aa4]::panicking::panic_with_hook
[INFO] [stdout]    7:     0x63ee5916d212 - std[70759c8f55707aa4]::panicking::panic_handler::{closure#0}
[INFO] [stdout]    8:     0x63ee59165929 - std[70759c8f55707aa4]::sys::backtrace::__rust_end_short_backtrace::<std[70759c8f55707aa4]::panicking::panic_handler::{closure#0}, !>
[INFO] [stdout]    9:     0x63ee5916e10d - __rustc[8fa7c3cbc660c2b3]::rust_begin_unwind
[INFO] [stdout]   10:     0x63ee591a8f8c - core[df12db4294e9bfd3]::panicking::panic_fmt
[INFO] [stdout]   11:     0x63ee591a8d62 - core[df12db4294e9bfd3]::result::unwrap_failed
[INFO] [stdout]   12:     0x63ee5906d468 - redis_sdk[e1deb3908f867e04]::tests::test_keys_pattern::{closure#0}
[INFO] [stdout]   13:     0x63ee59077b53 - <tokio[802eaeee5dbcae8]::runtime::scheduler::current_thread::Context>::enter::<core[df12db4294e9bfd3]::task::poll::Poll<()>, <tokio[802eaeee5dbcae8]::runtime::scheduler::current_thread::CoreGuard>::block_on<core[df12db4294e9bfd3]::pin::Pin<&mut core[df12db4294e9bfd3]::pin::Pin<&mut dyn core[df12db4294e9bfd3]::future::future::Future<Output = ()>>>>::{closure#0}::{closure#0}>
[INFO] [stdout]   14:     0x63ee5907644c - <tokio[802eaeee5dbcae8]::runtime::context::scoped::Scoped<tokio[802eaeee5dbcae8]::runtime::scheduler::Context>>::set::<<tokio[802eaeee5dbcae8]::runtime::scheduler::current_thread::CoreGuard>::enter<<tokio[802eaeee5dbcae8]::runtime::scheduler::current_thread::CoreGuard>::block_on<core[df12db4294e9bfd3]::pin::Pin<&mut core[df12db4294e9bfd3]::pin::Pin<&mut dyn core[df12db4294e9bfd3]::future::future::Future<Output = ()>>>>::{closure#0}, core[df12db4294e9bfd3]::option::Option<()>>::{closure#0}, (alloc[2182bb758b4b3781]::boxed::Box<tokio[802eaeee5dbcae8]::runtime::scheduler::current_thread::Core>, core[df12db4294e9bfd3]::option::Option<()>)>
[INFO] [stdout]   15:     0x63ee590781c7 - <tokio[802eaeee5dbcae8]::runtime::scheduler::current_thread::CoreGuard>::block_on::<core[df12db4294e9bfd3]::pin::Pin<&mut core[df12db4294e9bfd3]::pin::Pin<&mut dyn core[df12db4294e9bfd3]::future::future::Future<Output = ()>>>>
[INFO] [stdout]   16:     0x63ee5907e5db - tokio[802eaeee5dbcae8]::runtime::context::runtime::enter_runtime::<<tokio[802eaeee5dbcae8]::runtime::scheduler::current_thread::CurrentThread>::block_on<core[df12db4294e9bfd3]::pin::Pin<&mut dyn core[df12db4294e9bfd3]::future::future::Future<Output = ()>>>::{closure#0}, ()>
[INFO] [stdout]   17:     0x63ee5907ea25 - <tokio[802eaeee5dbcae8]::runtime::runtime::Runtime>::block_on::<core[df12db4294e9bfd3]::pin::Pin<&mut dyn core[df12db4294e9bfd3]::future::future::Future<Output = ()>>>
[INFO] [stdout]   18:     0x63ee5906f5cb - redis_sdk[e1deb3908f867e04]::tests::test_keys_pattern
[INFO] [stdout]   19:     0x63ee5907a8d9 - <redis_sdk[e1deb3908f867e04]::tests::test_keys_pattern::{closure#0} as core[df12db4294e9bfd3]::ops::function::FnOnce<()>>::call_once
[INFO] [stdout]   20:     0x63ee59088a4b - test[9d35eded1c95d3be]::__rust_begin_short_backtrace::<core[df12db4294e9bfd3]::result::Result<(), alloc[2182bb758b4b3781]::string::String>, fn() -> core[df12db4294e9bfd3]::result::Result<(), alloc[2182bb758b4b3781]::string::String>>
[INFO] [stdout]   21:     0x63ee590960b5 - test[9d35eded1c95d3be]::run_test::{closure#0}
[INFO] [stdout]   22:     0x63ee5908f974 - std[70759c8f55707aa4]::sys::backtrace::__rust_begin_short_backtrace::<test[9d35eded1c95d3be]::run_test::{closure#1}, ()>
[INFO] [stdout]   23:     0x63ee59099212 - <std[70759c8f55707aa4]::thread::lifecycle::spawn_unchecked<test[9d35eded1c95d3be]::run_test::{closure#1}, ()>::{closure#1} as core[df12db4294e9bfd3]::ops::function::FnOnce<()>>::call_once::{shim:vtable#0}
[INFO] [stdout]   24:     0x63ee59191429 - <std[70759c8f55707aa4]::sys::thread::unix::Thread>::new::thread_start
[INFO] [stdout]   25:     0x79b577ca3dfa - <unknown>
[INFO] [stdout]   26:     0x79b577d373d4 - clone
[INFO] [stdout]   27:                0x0 - <unknown>
[INFO] [stdout] 
[INFO] [stdout] ---- tests::test_set_and_get_json stdout ----
[INFO] [stdout] 
[INFO] [stdout] thread 'tests::test_set_and_get_json' (528) panicked at src/lib.rs:227:43:
[INFO] [stdout] called `Result::unwrap()` on an `Err` value: Failed to get Redis connection from pool: Timed out in bb8
[INFO] [stdout] 
[INFO] [stdout] Stack backtrace:
[INFO] [stdout]    0: <anyhow::Error>::msg::<alloc::string::String>
[INFO] [stdout]    1: <redis_sdk::CacheClient>::get_conn::{closure#0}::{closure#0}
[INFO] [stdout]    2: <redis_sdk::CacheClient>::get_conn::{closure#0}
[INFO] [stdout]    3: <redis_sdk::CacheClient>::set::{closure#0}
[INFO] [stdout]    4: redis_sdk::tests::test_set_and_get_json::{closure#0}
[INFO] [stdout]    5: <tokio::runtime::scheduler::current_thread::Context>::enter::<core::task::poll::Poll<()>, <tokio::runtime::scheduler::current_thread::CoreGuard>::block_on<core::pin::Pin<&mut core::pin::Pin<&mut dyn core::future::future::Future<Output = ()>>>>::{closure#0}::{closure#0}>
[INFO] [stdout]    6: <tokio::runtime::context::scoped::Scoped<tokio::runtime::scheduler::Context>>::set::<<tokio::runtime::scheduler::current_thread::CoreGuard>::enter<<tokio::runtime::scheduler::current_thread::CoreGuard>::block_on<core::pin::Pin<&mut core::pin::Pin<&mut dyn core::future::future::Future<Output = ()>>>>::{closure#0}, core::option::Option<()>>::{closure#0}, (alloc::boxed::Box<tokio::runtime::scheduler::current_thread::Core>, core::option::Option<()>)>
[INFO] [stdout]    7: <tokio::runtime::scheduler::current_thread::CoreGuard>::block_on::<core::pin::Pin<&mut core::pin::Pin<&mut dyn core::future::future::Future<Output = ()>>>>
[INFO] [stdout]    8: tokio::runtime::context::runtime::enter_runtime::<<tokio::runtime::scheduler::current_thread::CurrentThread>::block_on<core::pin::Pin<&mut dyn core::future::future::Future<Output = ()>>>::{closure#0}, ()>
[INFO] [stdout]    9: <tokio::runtime::runtime::Runtime>::block_on::<core::pin::Pin<&mut dyn core::future::future::Future<Output = ()>>>
[INFO] [stdout]   10: redis_sdk::tests::test_set_and_get_json
[INFO] [stdout]   11: <redis_sdk::tests::test_set_and_get_json::{closure#0} as core::ops::function::FnOnce<()>>::call_once
[INFO] [stdout]   12: test::__rust_begin_short_backtrace::<core::result::Result<(), alloc::string::String>, fn() -> core::result::Result<(), alloc::string::String>>
[INFO] [stdout]   13: test::run_test::{closure#0}
[INFO] [stdout]   14: std::sys::backtrace::__rust_begin_short_backtrace::<test::run_test::{closure#1}, ()>
[INFO] [stdout]   15: <std::thread::lifecycle::spawn_unchecked<test::run_test::{closure#1}, ()>::{closure#1} as core::ops::function::FnOnce<()>>::call_once::{shim:vtable#0}
[INFO] [stdout]   16: <std::sys::thread::unix::Thread>::new::thread_start
[INFO] [stdout]   17: <unknown>
[INFO] [stdout]   18: clone
[INFO] [stdout] stack backtrace:
[INFO] [stdout]    0:     0x63ee59191ed1 - <<std[70759c8f55707aa4]::sys::backtrace::BacktraceLock>::print::DisplayBacktrace as core[df12db4294e9bfd3]::fmt::Display>::fmt
[INFO] [stdout]    1:     0x63ee591a882a - core[df12db4294e9bfd3]::fmt::write
[INFO] [stdout]    2:     0x63ee59196f3c - <alloc[2182bb758b4b3781]::vec::Vec<u8> as core[df12db4294e9bfd3]::io::write::Write>::write_fmt
[INFO] [stdout]    3:     0x63ee5916d166 - std[70759c8f55707aa4]::panicking::default_hook::{closure#0}
[INFO] [stdout]    4:     0x63ee59189f19 - std[70759c8f55707aa4]::panicking::default_hook
[INFO] [stdout]    5:     0x63ee59095760 - test[9d35eded1c95d3be]::test_main_inner::<test[9d35eded1c95d3be]::test_main_static::{closure#0}>::{closure#0}
[INFO] [stdout]    6:     0x63ee5918a242 - std[70759c8f55707aa4]::panicking::panic_with_hook
[INFO] [stdout]    7:     0x63ee5916d212 - std[70759c8f55707aa4]::panicking::panic_handler::{closure#0}
[INFO] [stdout]    8:     0x63ee59165929 - std[70759c8f55707aa4]::sys::backtrace::__rust_end_short_backtrace::<std[70759c8f55707aa4]::panicking::panic_handler::{closure#0}, !>
[INFO] [stdout]    9:     0x63ee5916e10d - __rustc[8fa7c3cbc660c2b3]::rust_begin_unwind
[INFO] [stdout]   10:     0x63ee591a8f8c - core[df12db4294e9bfd3]::panicking::panic_fmt
[INFO] [stdout]   11:     0x63ee591a8d62 - core[df12db4294e9bfd3]::result::unwrap_failed
[INFO] [stdout]   12:     0x63ee5906e350 - redis_sdk[e1deb3908f867e04]::tests::test_set_and_get_json::{closure#0}
[INFO] [stdout]   13:     0x63ee59077b53 - <tokio[802eaeee5dbcae8]::runtime::scheduler::current_thread::Context>::enter::<core[df12db4294e9bfd3]::task::poll::Poll<()>, <tokio[802eaeee5dbcae8]::runtime::scheduler::current_thread::CoreGuard>::block_on<core[df12db4294e9bfd3]::pin::Pin<&mut core[df12db4294e9bfd3]::pin::Pin<&mut dyn core[df12db4294e9bfd3]::future::future::Future<Output = ()>>>>::{closure#0}::{closure#0}>
[INFO] [stdout]   14:     0x63ee5907644c - <tokio[802eaeee5dbcae8]::runtime::context::scoped::Scoped<tokio[802eaeee5dbcae8]::runtime::scheduler::Context>>::set::<<tokio[802eaeee5dbcae8]::runtime::scheduler::current_thread::CoreGuard>::enter<<tokio[802eaeee5dbcae8]::runtime::scheduler::current_thread::CoreGuard>::block_on<core[df12db4294e9bfd3]::pin::Pin<&mut core[df12db4294e9bfd3]::pin::Pin<&mut dyn core[df12db4294e9bfd3]::future::future::Future<Output = ()>>>>::{closure#0}, core[df12db4294e9bfd3]::option::Option<()>>::{closure#0}, (alloc[2182bb758b4b3781]::boxed::Box<tokio[802eaeee5dbcae8]::runtime::scheduler::current_thread::Core>, core[df12db4294e9bfd3]::option::Option<()>)>
[INFO] [stdout]   15:     0x63ee590781c7 - <tokio[802eaeee5dbcae8]::runtime::scheduler::current_thread::CoreGuard>::block_on::<core[df12db4294e9bfd3]::pin::Pin<&mut core[df12db4294e9bfd3]::pin::Pin<&mut dyn core[df12db4294e9bfd3]::future::future::Future<Output = ()>>>>
[INFO] [stdout]   16:     0x63ee5907e5db - tokio[802eaeee5dbcae8]::runtime::context::runtime::enter_runtime::<<tokio[802eaeee5dbcae8]::runtime::scheduler::current_thread::CurrentThread>::block_on<core[df12db4294e9bfd3]::pin::Pin<&mut dyn core[df12db4294e9bfd3]::future::future::Future<Output = ()>>>::{closure#0}, ()>
[INFO] [stdout]   17:     0x63ee5907ea25 - <tokio[802eaeee5dbcae8]::runtime::runtime::Runtime>::block_on::<core[df12db4294e9bfd3]::pin::Pin<&mut dyn core[df12db4294e9bfd3]::future::future::Future<Output = ()>>>
[INFO] [stdout]   18:     0x63ee5906f71b - redis_sdk[e1deb3908f867e04]::tests::test_set_and_get_json
[INFO] [stdout]   19:     0x63ee5907a8f9 - <redis_sdk[e1deb3908f867e04]::tests::test_set_and_get_json::{closure#0} as core[df12db4294e9bfd3]::ops::function::FnOnce<()>>::call_once
[INFO] [stdout]   20:     0x63ee59088a4b - test[9d35eded1c95d3be]::__rust_begin_short_backtrace::<core[df12db4294e9bfd3]::result::Result<(), alloc[2182bb758b4b3781]::string::String>, fn() -> core[df12db4294e9bfd3]::result::Result<(), alloc[2182bb758b4b3781]::string::String>>
[INFO] [stdout]   21:     0x63ee590960b5 - test[9d35eded1c95d3be]::run_test::{closure#0}
[INFO] [stdout]   22:     0x63ee5908f974 - std[70759c8f55707aa4]::sys::backtrace::__rust_begin_short_backtrace::<test[9d35eded1c95d3be]::run_test::{closure#1}, ()>
[INFO] [stdout]   23:     0x63ee59099212 - <std[70759c8f55707aa4]::thread::lifecycle::spawn_unchecked<test[9d35eded1c95d3be]::run_test::{closure#1}, ()>::{closure#1} as core[df12db4294e9bfd3]::ops::function::FnOnce<()>>::call_once::{shim:vtable#0}
[INFO] [stdout]   24:     0x63ee59191429 - <std[70759c8f55707aa4]::sys::thread::unix::Thread>::new::thread_start
[INFO] [stdout]   25:     0x79b577ca3dfa - <unknown>
[INFO] [stdout]   26:     0x79b577d373d4 - clone
[INFO] [stdout]   27:                0x0 - <unknown>
[INFO] [stdout] 
[INFO] [stdout] ---- tests::test_set_ex_and_expire stdout ----
[INFO] [stdout] 
[INFO] [stdout] thread 'tests::test_set_ex_and_expire' (529) panicked at src/lib.rs:208:44:
[INFO] [stdout] called `Result::unwrap()` on an `Err` value: Failed to get Redis connection from pool: Timed out in bb8
[INFO] [stdout] 
[INFO] [stdout] Stack backtrace:
[INFO] [stdout]    0: <anyhow::Error>::msg::<alloc::string::String>
[INFO] [stdout]    1: <redis_sdk::CacheClient>::get_conn::{closure#0}::{closure#0}
[INFO] [stdout]    2: <redis_sdk::CacheClient>::get_conn::{closure#0}
[INFO] [stdout]    3: redis_sdk::tests::test_set_ex_and_expire::{closure#0}
[INFO] [stdout]    4: <tokio::runtime::scheduler::current_thread::Context>::enter::<core::task::poll::Poll<()>, <tokio::runtime::scheduler::current_thread::CoreGuard>::block_on<core::pin::Pin<&mut core::pin::Pin<&mut dyn core::future::future::Future<Output = ()>>>>::{closure#0}::{closure#0}>
[INFO] [stdout]    5: <tokio::runtime::context::scoped::Scoped<tokio::runtime::scheduler::Context>>::set::<<tokio::runtime::scheduler::current_thread::CoreGuard>::enter<<tokio::runtime::scheduler::current_thread::CoreGuard>::block_on<core::pin::Pin<&mut core::pin::Pin<&mut dyn core::future::future::Future<Output = ()>>>>::{closure#0}, core::option::Option<()>>::{closure#0}, (alloc::boxed::Box<tokio::runtime::scheduler::current_thread::Core>, core::option::Option<()>)>
[INFO] [stdout]    6: <tokio::runtime::scheduler::current_thread::CoreGuard>::block_on::<core::pin::Pin<&mut core::pin::Pin<&mut dyn core::future::future::Future<Output = ()>>>>
[INFO] [stdout]    7: tokio::runtime::context::runtime::enter_runtime::<<tokio::runtime::scheduler::current_thread::CurrentThread>::block_on<core::pin::Pin<&mut dyn core::future::future::Future<Output = ()>>>::{closure#0}, ()>
[INFO] [stdout]    8: <tokio::runtime::runtime::Runtime>::block_on::<core::pin::Pin<&mut dyn core::future::future::Future<Output = ()>>>
[INFO] [stdout]    9: redis_sdk::tests::test_set_ex_and_expire
[INFO] [stdout]   10: <redis_sdk::tests::test_set_ex_and_expire::{closure#0} as core::ops::function::FnOnce<()>>::call_once
[INFO] [stdout]   11: test::__rust_begin_short_backtrace::<core::result::Result<(), alloc::string::String>, fn() -> core::result::Result<(), alloc::string::String>>
[INFO] [stdout]   12: test::run_test::{closure#0}
[INFO] [stdout]   13: std::sys::backtrace::__rust_begin_short_backtrace::<test::run_test::{closure#1}, ()>
[INFO] [stdout]   14: <std::thread::lifecycle::spawn_unchecked<test::run_test::{closure#1}, ()>::{closure#1} as core::ops::function::FnOnce<()>>::call_once::{shim:vtable#0}
[INFO] [stdout]   15: <std::sys::thread::unix::Thread>::new::thread_start
[INFO] [stdout]   16: <unknown>
[INFO] [stdout]   17: clone
[INFO] [stdout] stack backtrace:
[INFO] [stdout]    0:     0x63ee59191ed1 - <<std[70759c8f55707aa4]::sys::backtrace::BacktraceLock>::print::DisplayBacktrace as core[df12db4294e9bfd3]::fmt::Display>::fmt
[INFO] [stdout]    1:     0x63ee591a882a - core[df12db4294e9bfd3]::fmt::write
[INFO] [stdout]    2:     0x63ee59196f3c - <alloc[2182bb758b4b3781]::vec::Vec<u8> as core[df12db4294e9bfd3]::io::write::Write>::write_fmt
[INFO] [stdout]    3:     0x63ee5916d166 - std[70759c8f55707aa4]::panicking::default_hook::{closure#0}
[INFO] [stdout]    4:     0x63ee59189f19 - std[70759c8f55707aa4]::panicking::default_hook
[INFO] [stdout]    5:     0x63ee59095760 - test[9d35eded1c95d3be]::test_main_inner::<test[9d35eded1c95d3be]::test_main_static::{closure#0}>::{closure#0}
[INFO] [stdout]    6:     0x63ee5918a242 - std[70759c8f55707aa4]::panicking::panic_with_hook
[INFO] [stdout]    7:     0x63ee5916d212 - std[70759c8f55707aa4]::panicking::panic_handler::{closure#0}
[INFO] [stdout]    8:     0x63ee59165929 - std[70759c8f55707aa4]::sys::backtrace::__rust_end_short_backtrace::<std[70759c8f55707aa4]::panicking::panic_handler::{closure#0}, !>
[INFO] [stdout]    9:     0x63ee5916e10d - __rustc[8fa7c3cbc660c2b3]::rust_begin_unwind
[INFO] [stdout]   10:     0x63ee591a8f8c - core[df12db4294e9bfd3]::panicking::panic_fmt
[INFO] [stdout]   11:     0x63ee591a8d62 - core[df12db4294e9bfd3]::result::unwrap_failed
[INFO] [stdout]   12:     0x63ee5906ef6a - redis_sdk[e1deb3908f867e04]::tests::test_set_ex_and_expire::{closure#0}
[INFO] [stdout]   13:     0x63ee59077b53 - <tokio[802eaeee5dbcae8]::runtime::scheduler::current_thread::Context>::enter::<core[df12db4294e9bfd3]::task::poll::Poll<()>, <tokio[802eaeee5dbcae8]::runtime::scheduler::current_thread::CoreGuard>::block_on<core[df12db4294e9bfd3]::pin::Pin<&mut core[df12db4294e9bfd3]::pin::Pin<&mut dyn core[df12db4294e9bfd3]::future::future::Future<Output = ()>>>>::{closure#0}::{closure#0}>
[INFO] [stdout]   14:     0x63ee5907644c - <tokio[802eaeee5dbcae8]::runtime::context::scoped::Scoped<tokio[802eaeee5dbcae8]::runtime::scheduler::Context>>::set::<<tokio[802eaeee5dbcae8]::runtime::scheduler::current_thread::CoreGuard>::enter<<tokio[802eaeee5dbcae8]::runtime::scheduler::current_thread::CoreGuard>::block_on<core[df12db4294e9bfd3]::pin::Pin<&mut core[df12db4294e9bfd3]::pin::Pin<&mut dyn core[df12db4294e9bfd3]::future::future::Future<Output = ()>>>>::{closure#0}, core[df12db4294e9bfd3]::option::Option<()>>::{closure#0}, (alloc[2182bb758b4b3781]::boxed::Box<tokio[802eaeee5dbcae8]::runtime::scheduler::current_thread::Core>, core[df12db4294e9bfd3]::option::Option<()>)>
[INFO] [stdout]   15:     0x63ee590781c7 - <tokio[802eaeee5dbcae8]::runtime::scheduler::current_thread::CoreGuard>::block_on::<core[df12db4294e9bfd3]::pin::Pin<&mut core[df12db4294e9bfd3]::pin::Pin<&mut dyn core[df12db4294e9bfd3]::future::future::Future<Output = ()>>>>
[INFO] [stdout]   16:     0x63ee5907e5db - tokio[802eaeee5dbcae8]::runtime::context::runtime::enter_runtime::<<tokio[802eaeee5dbcae8]::runtime::scheduler::current_thread::CurrentThread>::block_on<core[df12db4294e9bfd3]::pin::Pin<&mut dyn core[df12db4294e9bfd3]::future::future::Future<Output = ()>>>::{closure#0}, ()>
[INFO] [stdout]   17:     0x63ee5907ea25 - <tokio[802eaeee5dbcae8]::runtime::runtime::Runtime>::block_on::<core[df12db4294e9bfd3]::pin::Pin<&mut dyn core[df12db4294e9bfd3]::future::future::Future<Output = ()>>>
[INFO] [stdout]   18:     0x63ee5906f86b - redis_sdk[e1deb3908f867e04]::tests::test_set_ex_and_expire
[INFO] [stdout]   19:     0x63ee5907a919 - <redis_sdk[e1deb3908f867e04]::tests::test_set_ex_and_expire::{closure#0} as core[df12db4294e9bfd3]::ops::function::FnOnce<()>>::call_once
[INFO] [stdout]   20:     0x63ee59088a4b - test[9d35eded1c95d3be]::__rust_begin_short_backtrace::<core[df12db4294e9bfd3]::result::Result<(), alloc[2182bb758b4b3781]::string::String>, fn() -> core[df12db4294e9bfd3]::result::Result<(), alloc[2182bb758b4b3781]::string::String>>
[INFO] [stdout]   21:     0x63ee590960b5 - test[9d35eded1c95d3be]::run_test::{closure#0}
[INFO] [stdout]   22:     0x63ee5908f974 - std[70759c8f55707aa4]::sys::backtrace::__rust_begin_short_backtrace::<test[9d35eded1c95d3be]::run_test::{closure#1}, ()>
[INFO] [stdout]   23:     0x63ee59099212 - <std[70759c8f55707aa4]::thread::lifecycle::spawn_unchecked<test[9d35eded1c95d3be]::run_test::{closure#1}, ()>::{closure#1} as core[df12db4294e9bfd3]::ops::function::FnOnce<()>>::call_once::{shim:vtable#0}
[INFO] [stdout]   24:     0x63ee59191429 - <std[70759c8f55707aa4]::sys::thread::unix::Thread>::new::thread_start
[INFO] [stdout]   25:     0x79b577ca3dfa - <unknown>
[INFO] [stdout]   26:     0x79b577d373d4 - clone
[INFO] [stdout]   27:                0x0 - <unknown>
[INFO] [stdout] 
[INFO] [stdout] 
[INFO] [stdout] failures:
[INFO] [stdout]     tests::test_exists
[INFO] [stdout]     tests::test_keys_pattern
[INFO] [stdout]     tests::test_set_and_get
[INFO] [stdout]     tests::test_set_and_get_json
[INFO] [stdout]     tests::test_set_ex_and_expire
[INFO] [stdout] 
[INFO] [stdout] test result: FAILED. 0 passed; 5 failed; 0 ignored; 0 measured; 0 filtered out; finished in 30.01s
[INFO] [stdout] 
[INFO] running `Command { std: "docker" "inspect" "0102ba323010839a3c4a41954d9fc458e0d6932e8a88a0b810383be1ba4915cd", kill_on_drop: false }`
[INFO] running `Command { std: "docker" "rm" "-f" "0102ba323010839a3c4a41954d9fc458e0d6932e8a88a0b810383be1ba4915cd", kill_on_drop: false }`
[INFO] [stdout] 0102ba323010839a3c4a41954d9fc458e0d6932e8a88a0b810383be1ba4915cd
