[INFO] fetching crate redis-queue 0.3.0...
[INFO] testing redis-queue-0.3.0 against 1.100.0-beta.1+cargoflags=--release for beta-release-1.100-2
[INFO] extracting crate redis-queue 0.3.0 into /workspace/builds/worker-6-tc2/source
[INFO] started tweaking crates.io crate redis-queue 0.3.0
[INFO] removed 0 missing tests
[INFO] finished tweaking crates.io crate redis-queue 0.3.0
[INFO] tweaked toml for crates.io crate redis-queue 0.3.0 written to /workspace/builds/worker-6-tc2/source/Cargo.toml
[INFO] validating manifest of crates.io crate redis-queue 0.3.0 on toolchain 1.100.0-beta.1
[INFO] running `Command { std: CARGO_HOME="/workspace/cargo-home" RUSTUP_HOME="/workspace/rustup-home" "/workspace/cargo-home/bin/cargo" "+1.100.0-beta.1" "metadata" "--manifest-path" "Cargo.toml" "--no-deps", kill_on_drop: false }`
[INFO] running `Command { std: CARGO_HOME="/workspace/cargo-home" RUSTUP_HOME="/workspace/rustup-home" "/workspace/cargo-home/bin/cargo" "+1.100.0-beta.1" "generate-lockfile" "--manifest-path" "Cargo.toml", kill_on_drop: false }`
[INFO] [stderr]     Updating crates.io index
[INFO] [stderr]      Locking 87 packages to highest compatible versions
[INFO] [stderr]       Adding redis v0.25.5 (available: v1.7.1)
[INFO] [stderr]       Adding str-buf v3.0.3 (available: v4.0.0)
[INFO] running `Command { std: CARGO_HOME="/workspace/cargo-home" RUSTUP_HOME="/workspace/rustup-home" "/workspace/cargo-home/bin/cargo" "+1.100.0-beta.1" "fetch" "--manifest-path" "Cargo.toml", kill_on_drop: false }`
[INFO] running `Command { std: "docker" "create" "-v" "/var/lib/crater-agent-workspace/builds/worker-6-tc2/source:/opt/rustwide/workdir:ro,Z" "-v" "/var/lib/crater-agent-workspace/builds/worker-6-tc2/target:/opt/rustwide/target:rw,Z" "-v" "/var/lib/crater-agent-workspace/cargo-home:/opt/rustwide/cargo-home:ro,Z" "-v" "/var/lib/crater-agent-workspace/rustup-home:/opt/rustwide/rustup-home:ro,Z" "-m" "1610612736" "--network" "none" "ghcr.io/rust-lang/crates-build-env/linux@sha256:77db811e55d90add9212f6832c23229e3de5f1c1f9905e8cb07319ea15df73ac" "sleep" "infinity", kill_on_drop: false }`
[INFO] [stdout] 63ce11c5d5569478e66cb9d8846c9c28d5f9daab75d9314c22f1cfb343f81ad6
[INFO] running `Command { std: "docker" "start" "63ce11c5d5569478e66cb9d8846c9c28d5f9daab75d9314c22f1cfb343f81ad6", kill_on_drop: false }`
[INFO] running `Command { std: "docker" "inspect" "63ce11c5d5569478e66cb9d8846c9c28d5f9daab75d9314c22f1cfb343f81ad6", kill_on_drop: false }`
[INFO] running `Command { std: "docker" "exec" "-e" "SOURCE_DIR=/opt/rustwide/workdir" "-e" "CARGO_HOME=/opt/rustwide/cargo-home" "-e" "RUSTUP_HOME=/opt/rustwide/rustup-home" "-e" "CARGO_TARGET_DIR=/opt/rustwide/target" "-w" "/opt/rustwide/workdir" "--user" "0:0" "63ce11c5d5569478e66cb9d8846c9c28d5f9daab75d9314c22f1cfb343f81ad6" "/opt/rustwide/cargo-home/bin/cargo" "+1.100.0-beta.1" "metadata" "--no-deps" "--format-version=1", kill_on_drop: false }`
[INFO] running `Command { std: "docker" "inspect" "63ce11c5d5569478e66cb9d8846c9c28d5f9daab75d9314c22f1cfb343f81ad6", kill_on_drop: false }`
[INFO] running `Command { std: "docker" "exec" "-e" "SOURCE_DIR=/opt/rustwide/workdir" "-e" "CARGO_HOME=/opt/rustwide/cargo-home" "-e" "RUSTUP_HOME=/opt/rustwide/rustup-home" "-e" "CARGO_TARGET_DIR=/opt/rustwide/target" "-e" "CARGO_INCREMENTAL=0" "-e" "RUST_BACKTRACE=full" "-e" "RUSTFLAGS=--cap-lints=warn" "-e" "RUSTDOCFLAGS=--cap-lints=warn" "-w" "/opt/rustwide/workdir" "--user" "0:0" "63ce11c5d5569478e66cb9d8846c9c28d5f9daab75d9314c22f1cfb343f81ad6" "/opt/rustwide/cargo-home/bin/cargo" "+1.100.0-beta.1" "build" "--frozen" "--message-format=json" "--release", kill_on_drop: false }`
[INFO] [stderr]    Compiling getrandom v0.4.3
[INFO] [stderr]    Compiling futures-channel v0.3.34
[INFO] [stderr]    Compiling cpufeatures v0.3.1
[INFO] [stderr]    Compiling slab v0.4.12
[INFO] [stderr]    Compiling form_urlencoded v1.2.2
[INFO] [stderr]    Compiling str-buf v3.0.3
[INFO] [stderr]    Compiling syn v3.0.9
[INFO] [stderr]    Compiling syn v2.0.119
[INFO] [stderr]    Compiling arc-swap v1.9.3
[INFO] [stderr]    Compiling chacha20 v0.10.2
[INFO] [stderr]    Compiling rand v0.10.3
[INFO] [stderr]    Compiling uuid v1.28.0
[INFO] [stderr]    Compiling tracing-attributes v0.1.31
[INFO] [stderr]    Compiling synstructure v0.14.0
[INFO] [stderr]    Compiling tracing v0.1.44
[INFO] [stderr]    Compiling zerofrom-derive v0.1.8
[INFO] [stderr]    Compiling yoke-derive v0.8.4
[INFO] [stderr]    Compiling zerovec-derive v0.11.6
[INFO] [stderr]    Compiling displaydoc v0.2.7
[INFO] [stderr]    Compiling tokio-macros v2.7.2
[INFO] [stderr]    Compiling futures-macro v0.3.34
[INFO] [stderr]    Compiling async-trait v0.1.92
[INFO] [stderr]    Compiling futures-util v0.3.34
[INFO] [stderr]    Compiling tokio v1.53.3
[INFO] [stderr]    Compiling zerofrom v0.1.8
[INFO] [stderr]    Compiling yoke v0.8.3
[INFO] [stderr]    Compiling zerotrie v0.2.5
[INFO] [stderr]    Compiling zerovec v0.11.8
[INFO] [stderr]    Compiling tinystr v0.8.4
[INFO] [stderr]    Compiling potential_utf v0.1.6
[INFO] [stderr]    Compiling icu_collections v2.3.0
[INFO] [stderr]    Compiling icu_locale_core v2.3.0
[INFO] [stderr]    Compiling icu_provider v2.3.1
[INFO] [stderr]    Compiling icu_normalizer v2.3.0
[INFO] [stderr]    Compiling icu_properties v2.3.0
[INFO] [stderr]    Compiling idna_adapter v1.2.2
[INFO] [stderr]    Compiling idna v1.1.0
[INFO] [stderr]    Compiling futures-executor v0.3.34
[INFO] [stderr]    Compiling futures v0.3.34
[INFO] [stderr]    Compiling url v2.5.8
[INFO] [stderr]    Compiling tokio-util v0.7.20
[INFO] [stderr]    Compiling tokio-retry v0.3.2
[INFO] [stderr]    Compiling combine v4.6.9
[INFO] [stderr]    Compiling redis v0.25.5
[INFO] [stderr]    Compiling redis-queue v0.3.0 (/opt/rustwide/workdir)
[INFO] [stdout] warning: use of deprecated associated function `core::num::<impl u64>::max_value`: replaced by the `MAX` associated constant on this type
[INFO] [stdout]    --> src/types.rs:223:32
[INFO] [stdout]     |
[INFO] [stdout] 223 |                 Err(_) => u64::max_value(),
[INFO] [stdout]     |                                ^^^^^^^^^
[INFO] [stdout]     |
[INFO] [stdout]     = note: `#[warn(deprecated)]` on by default
[INFO] [stdout] 
[INFO] [stdout] 
[INFO] [stdout] warning: use of deprecated associated function `core::num::<impl u64>::max_value`: replaced by the `MAX` associated constant on this type
[INFO] [stdout]    --> src/types.rs:289:35
[INFO] [stdout]     |
[INFO] [stdout] 289 |         if self.timestamp == u64::max_value() {
[INFO] [stdout]     |                                   ^^^^^^^^^
[INFO] [stdout] 
[INFO] [stdout] 
[INFO] [stdout] warning: use of deprecated associated function `core::num::<impl u64>::max_value`: replaced by the `MAX` associated constant on this type
[INFO] [stdout]    --> src/types.rs:294:36
[INFO] [stdout]     |
[INFO] [stdout] 294 |         } else if self.seq == u64::max_value() {
[INFO] [stdout]     |                                    ^^^^^^^^^
[INFO] [stdout] 
[INFO] [stdout] 
[INFO] [stdout] warning: use of deprecated associated function `core::num::<impl u64>::max_value`: replaced by the `MAX` associated constant on this type
[INFO] [stdout]    --> src/types.rs:758:32
[INFO] [stdout]     |
[INFO] [stdout] 758 |                 Err(_) => u64::max_value(),
[INFO] [stdout]     |                                ^^^^^^^^^
[INFO] [stdout] 
[INFO] [stdout] 
[INFO] [stderr]     Finished `release` profile [optimized] target(s) in 42.68s
[INFO] running `Command { std: "docker" "inspect" "63ce11c5d5569478e66cb9d8846c9c28d5f9daab75d9314c22f1cfb343f81ad6", kill_on_drop: false }`
[INFO] running `Command { std: "docker" "exec" "-e" "SOURCE_DIR=/opt/rustwide/workdir" "-e" "CARGO_HOME=/opt/rustwide/cargo-home" "-e" "RUSTUP_HOME=/opt/rustwide/rustup-home" "-e" "CARGO_TARGET_DIR=/opt/rustwide/target" "-e" "CARGO_INCREMENTAL=0" "-e" "RUST_BACKTRACE=full" "-e" "RUSTFLAGS=--cap-lints=warn" "-e" "RUSTDOCFLAGS=--cap-lints=warn" "-w" "/opt/rustwide/workdir" "--user" "0:0" "63ce11c5d5569478e66cb9d8846c9c28d5f9daab75d9314c22f1cfb343f81ad6" "/opt/rustwide/cargo-home/bin/cargo" "+1.100.0-beta.1" "test" "--frozen" "--no-run" "--message-format=json" "--release", kill_on_drop: false }`
[INFO] [stderr]    Compiling thread_local v1.1.10
[INFO] [stderr]    Compiling tracing-log v0.2.0
[INFO] [stderr]    Compiling sharded-slab v0.1.7
[INFO] [stdout] warning: use of deprecated associated function `core::num::<impl u64>::max_value`: replaced by the `MAX` associated constant on this type
[INFO] [stdout]    --> src/types.rs:223:32
[INFO] [stdout]     |
[INFO] [stdout] 223 |                 Err(_) => u64::max_value(),
[INFO] [stdout]     |                                ^^^^^^^^^
[INFO] [stdout]     |
[INFO] [stdout]     = note: `#[warn(deprecated)]` on by default
[INFO] [stdout] 
[INFO] [stdout] 
[INFO] [stdout] warning: use of deprecated associated function `core::num::<impl u64>::max_value`: replaced by the `MAX` associated constant on this type
[INFO] [stdout]    --> src/types.rs:289:35
[INFO] [stdout]     |
[INFO] [stdout] 289 |         if self.timestamp == u64::max_value() {
[INFO] [stdout]     |                                   ^^^^^^^^^
[INFO] [stdout] 
[INFO] [stdout] 
[INFO] [stdout] warning: use of deprecated associated function `core::num::<impl u64>::max_value`: replaced by the `MAX` associated constant on this type
[INFO] [stdout]    --> src/types.rs:294:36
[INFO] [stdout]     |
[INFO] [stdout] 294 |         } else if self.seq == u64::max_value() {
[INFO] [stdout]     |                                    ^^^^^^^^^
[INFO] [stdout] 
[INFO] [stdout] 
[INFO] [stdout] warning: use of deprecated associated function `core::num::<impl u64>::max_value`: replaced by the `MAX` associated constant on this type
[INFO] [stdout]    --> src/types.rs:758:32
[INFO] [stdout]     |
[INFO] [stdout] 758 |                 Err(_) => u64::max_value(),
[INFO] [stdout]     |                                ^^^^^^^^^
[INFO] [stdout] 
[INFO] [stdout] 
[INFO] [stderr]    Compiling tracing-subscriber v0.3.23
[INFO] [stderr]    Compiling redis-queue v0.3.0 (/opt/rustwide/workdir)
[INFO] [stdout] warning: use of deprecated associated function `core::num::<impl u64>::max_value`: replaced by the `MAX` associated constant on this type
[INFO] [stdout]    --> src/types.rs:223:32
[INFO] [stdout]     |
[INFO] [stdout] 223 |                 Err(_) => u64::max_value(),
[INFO] [stdout]     |                                ^^^^^^^^^
[INFO] [stdout]     |
[INFO] [stdout]     = note: `#[warn(deprecated)]` on by default
[INFO] [stdout] 
[INFO] [stdout] 
[INFO] [stdout] warning: use of deprecated associated function `core::num::<impl u64>::max_value`: replaced by the `MAX` associated constant on this type
[INFO] [stdout]    --> src/types.rs:289:35
[INFO] [stdout]     |
[INFO] [stdout] 289 |         if self.timestamp == u64::max_value() {
[INFO] [stdout]     |                                   ^^^^^^^^^
[INFO] [stdout] 
[INFO] [stdout] 
[INFO] [stdout] warning: use of deprecated associated function `core::num::<impl u64>::max_value`: replaced by the `MAX` associated constant on this type
[INFO] [stdout]    --> src/types.rs:294:36
[INFO] [stdout]     |
[INFO] [stdout] 294 |         } else if self.seq == u64::max_value() {
[INFO] [stdout]     |                                    ^^^^^^^^^
[INFO] [stdout] 
[INFO] [stdout] 
[INFO] [stdout] warning: use of deprecated associated function `core::num::<impl u64>::max_value`: replaced by the `MAX` associated constant on this type
[INFO] [stdout]    --> src/types.rs:758:32
[INFO] [stdout]     |
[INFO] [stdout] 758 |                 Err(_) => u64::max_value(),
[INFO] [stdout]     |                                ^^^^^^^^^
[INFO] [stdout] 
[INFO] [stdout] 
[INFO] [stderr]     Finished `release` profile [optimized] target(s) in 6.99s
[INFO] running `Command { std: "docker" "inspect" "63ce11c5d5569478e66cb9d8846c9c28d5f9daab75d9314c22f1cfb343f81ad6", kill_on_drop: false }`
[INFO] running `Command { std: "docker" "exec" "-e" "SOURCE_DIR=/opt/rustwide/workdir" "-e" "CARGO_HOME=/opt/rustwide/cargo-home" "-e" "RUSTUP_HOME=/opt/rustwide/rustup-home" "-e" "CARGO_TARGET_DIR=/opt/rustwide/target" "-e" "CARGO_INCREMENTAL=0" "-e" "RUST_BACKTRACE=full" "-e" "RUSTFLAGS=--cap-lints=warn" "-e" "RUSTDOCFLAGS=--cap-lints=warn" "-w" "/opt/rustwide/workdir" "--user" "0:0" "63ce11c5d5569478e66cb9d8846c9c28d5f9daab75d9314c22f1cfb343f81ad6" "/opt/rustwide/cargo-home/bin/cargo" "+1.100.0-beta.1" "test" "--frozen" "--release", kill_on_drop: false }`
[INFO] [stderr] warning: use of deprecated associated function `core::num::<impl u64>::max_value`: replaced by the `MAX` associated constant on this type
[INFO] [stderr]    --> src/types.rs:223:32
[INFO] [stderr]     |
[INFO] [stderr] 223 |                 Err(_) => u64::max_value(),
[INFO] [stderr]     |                                ^^^^^^^^^
[INFO] [stderr]     |
[INFO] [stderr]     = note: `#[warn(deprecated)]` on by default
[INFO] [stderr] 
[INFO] [stderr] warning: use of deprecated associated function `core::num::<impl u64>::max_value`: replaced by the `MAX` associated constant on this type
[INFO] [stderr]    --> src/types.rs:289:35
[INFO] [stderr]     |
[INFO] [stderr] 289 |         if self.timestamp == u64::max_value() {
[INFO] [stderr]     |                                   ^^^^^^^^^
[INFO] [stderr] 
[INFO] [stderr] warning: use of deprecated associated function `core::num::<impl u64>::max_value`: replaced by the `MAX` associated constant on this type
[INFO] [stderr]    --> src/types.rs:294:36
[INFO] [stderr]     |
[INFO] [stderr] 294 |         } else if self.seq == u64::max_value() {
[INFO] [stderr]     |                                    ^^^^^^^^^
[INFO] [stderr] 
[INFO] [stderr] warning: use of deprecated associated function `core::num::<impl u64>::max_value`: replaced by the `MAX` associated constant on this type
[INFO] [stderr]    --> src/types.rs:758:32
[INFO] [stderr]     |
[INFO] [stderr] 758 |                 Err(_) => u64::max_value(),
[INFO] [stderr]     |                                ^^^^^^^^^
[INFO] [stderr] 
[INFO] [stderr] warning: `redis-queue` (lib) generated 4 warnings
[INFO] [stderr] warning: `redis-queue` (lib test) generated 4 warnings (4 duplicates)
[INFO] [stderr]     Finished `release` profile [optimized] target(s) in 0.07s
[INFO] [stderr]      Running unittests src/lib.rs (/opt/rustwide/target/release/build/redis-queue/5190f3f770c6b5f6/out/redis_queue-5190f3f770c6b5f6)
[INFO] [stdout] 
[INFO] [stdout] running 0 tests
[INFO] [stdout] 
[INFO] [stdout] test result: ok. 0 passed; 0 failed; 0 ignored; 0 measured; 0 filtered out; finished in 0.00s
[INFO] [stdout] 
[INFO] [stderr]      Running tests/queue_behavior.rs (/opt/rustwide/target/release/build/redis-queue/003eb57f86688b32/out/queue_behavior-003eb57f86688b32)
[INFO] [stdout] 
[INFO] [stdout] running 1 test
[INFO] [stdout] test verify_redis_behavior ... FAILED
[INFO] [stdout] 
[INFO] [stdout] failures:
[INFO] [stdout] 
[INFO] [stdout] ---- verify_redis_behavior stdout ----
[INFO] [stdout] 
[INFO] [stdout] thread 'verify_redis_behavior' (1017) panicked at tests/queue_behavior.rs:16:54:
[INFO] [stdout] to get connection: Connection refused (os error 111)
[INFO] [stdout] stack backtrace:
[INFO] [stdout]    0:     0x5ca3d7dc1451 - <<std[617be2ca0a6fd877]::sys::backtrace::BacktraceLock>::print::DisplayBacktrace as core[a373ad73a504971]::fmt::Display>::fmt
[INFO] [stdout]    1:     0x5ca3d7dd6e6a - core[a373ad73a504971]::fmt::write
[INFO] [stdout]    2:     0x5ca3d7dc5d5c - <alloc[2e1b2a31b91974c5]::vec::Vec<u8> as core[a373ad73a504971]::io::write::Write>::write_fmt
[INFO] [stdout]    3:     0x5ca3d7d9c946 - std[617be2ca0a6fd877]::panicking::default_hook::{closure#0}
[INFO] [stdout]    4:     0x5ca3d7db9349 - std[617be2ca0a6fd877]::panicking::default_hook
[INFO] [stdout]    5:     0x5ca3d7ce1360 - test[aada8e7e76ba119b]::test_main_inner::{closure#0}
[INFO] [stdout]    6:     0x5ca3d7db9672 - std[617be2ca0a6fd877]::panicking::panic_with_hook
[INFO] [stdout]    7:     0x5ca3d7d9c9f2 - std[617be2ca0a6fd877]::panicking::panic_handler::{closure#0}
[INFO] [stdout]    8:     0x5ca3d7d95629 - std[617be2ca0a6fd877]::sys::backtrace::__rust_end_short_backtrace::<std[617be2ca0a6fd877]::panicking::panic_handler::{closure#0}, !>
[INFO] [stdout]    9:     0x5ca3d7d9d7ed - __rustc[ea4f61d10b84890b]::rust_begin_unwind
[INFO] [stdout]   10:     0x5ca3d7dd75cc - core[a373ad73a504971]::panicking::panic_fmt
[INFO] [stdout]   11:     0x5ca3d7dd73a2 - core[a373ad73a504971]::result::unwrap_failed
[INFO] [stdout]   12:     0x5ca3d7cbc3a1 - <core[a373ad73a504971]::result::Result<redis[c0579d917a849273]::aio::connection_manager::ConnectionManager, redis[c0579d917a849273]::types::RedisError>>::expect
[INFO] [stdout]   13:     0x5ca3d7cb106a - queue_behavior[9741426145e386bf]::verify_redis_behavior::{closure#0}
[INFO] [stdout]   14:     0x5ca3d7ccfa4a - <tokio[36f75c0d59257410]::runtime::context::scoped::Scoped<tokio[36f75c0d59257410]::runtime::scheduler::Context>>::set::<<tokio[36f75c0d59257410]::runtime::scheduler::current_thread::CoreGuard>::enter<<tokio[36f75c0d59257410]::runtime::scheduler::current_thread::CoreGuard>::block_on<core[a373ad73a504971]::pin::Pin<&mut core[a373ad73a504971]::pin::Pin<&mut dyn core[a373ad73a504971]::future::future::Future<Output = ()>>>>::{closure#0}, core[a373ad73a504971]::option::Option<()>>::{closure#0}, (alloc[2e1b2a31b91974c5]::boxed::Box<tokio[36f75c0d59257410]::runtime::scheduler::current_thread::Core>, core[a373ad73a504971]::option::Option<()>)>
[INFO] [stdout]   15:     0x5ca3d7cd01cd - <tokio[36f75c0d59257410]::runtime::scheduler::current_thread::CoreGuard>::block_on::<core[a373ad73a504971]::pin::Pin<&mut core[a373ad73a504971]::pin::Pin<&mut dyn core[a373ad73a504971]::future::future::Future<Output = ()>>>>
[INFO] [stdout]   16:     0x5ca3d7cd4426 - tokio[36f75c0d59257410]::runtime::context::runtime::enter_runtime::<<tokio[36f75c0d59257410]::runtime::scheduler::current_thread::CurrentThread>::block_on<core[a373ad73a504971]::pin::Pin<&mut dyn core[a373ad73a504971]::future::future::Future<Output = ()>>>::{closure#0}, ()>
[INFO] [stdout]   17:     0x5ca3d7cd3726 - <tokio[36f75c0d59257410]::runtime::runtime::Runtime>::block_on::<core[a373ad73a504971]::pin::Pin<&mut dyn core[a373ad73a504971]::future::future::Future<Output = ()>>>
[INFO] [stdout]   18:     0x5ca3d7cbcaad - <queue_behavior[9741426145e386bf]::verify_redis_behavior::{closure#0} as core[a373ad73a504971]::ops::function::FnOnce<()>>::call_once
[INFO] [stdout]   19:     0x5ca3d7cd47ab - test[aada8e7e76ba119b]::__rust_begin_short_backtrace::<core[a373ad73a504971]::result::Result<(), alloc[2e1b2a31b91974c5]::string::String>, fn() -> core[a373ad73a504971]::result::Result<(), alloc[2e1b2a31b91974c5]::string::String>>
[INFO] [stdout]   20:     0x5ca3d7ce1985 - test[aada8e7e76ba119b]::run_test::{closure#0}
[INFO] [stdout]   21:     0x5ca3d7cdb274 - std[617be2ca0a6fd877]::sys::backtrace::__rust_begin_short_backtrace::<test[aada8e7e76ba119b]::run_test::{closure#1}, ()>
[INFO] [stdout]   22:     0x5ca3d7ce4a12 - <std[617be2ca0a6fd877]::thread::lifecycle::spawn_unchecked<test[aada8e7e76ba119b]::run_test::{closure#1}, ()>::{closure#1} as core[a373ad73a504971]::ops::function::FnOnce<()>>::call_once::{shim:vtable#0}
[INFO] [stdout]   23:     0x5ca3d7dc08ff - <std[617be2ca0a6fd877]::sys::thread::unix::Thread>::new::thread_start
[INFO] [stdout]   24:     0x74644f10edfa - <unknown>
[INFO] [stdout]   25:     0x74644f1a23d4 - clone
[INFO] [stdout]   26:                0x0 - <unknown>
[INFO] [stdout] 
[INFO] [stdout] 
[INFO] [stdout] failures:
[INFO] [stdout]     verify_redis_behavior
[INFO] [stdout] 
[INFO] [stdout] test result: FAILED. 0 passed; 1 failed; 0 ignored; 0 measured; 0 filtered out; finished in 8.19s
[INFO] [stdout] 
[INFO] [stderr] error: test failed, to rerun pass `--test queue_behavior`
[INFO] running `Command { std: "docker" "inspect" "63ce11c5d5569478e66cb9d8846c9c28d5f9daab75d9314c22f1cfb343f81ad6", kill_on_drop: false }`
[INFO] running `Command { std: "docker" "rm" "-f" "63ce11c5d5569478e66cb9d8846c9c28d5f9daab75d9314c22f1cfb343f81ad6", kill_on_drop: false }`
[INFO] [stdout] 63ce11c5d5569478e66cb9d8846c9c28d5f9daab75d9314c22f1cfb343f81ad6
