[INFO] fetching crate reddb-io-types 1.24.0...
[INFO] testing reddb-io-types-1.24.0 against 1.99.0-beta.8+cargoflags=--release for beta-release-1.100-2
[INFO] extracting crate reddb-io-types 1.24.0 into /workspace/builds/worker-6-tc1/source
[INFO] started tweaking crates.io crate reddb-io-types 1.24.0
[INFO] removed 0 missing tests
[INFO] finished tweaking crates.io crate reddb-io-types 1.24.0
[INFO] tweaked toml for crates.io crate reddb-io-types 1.24.0 written to /workspace/builds/worker-6-tc1/source/Cargo.toml
[INFO] validating manifest of crates.io crate reddb-io-types 1.24.0 on toolchain 1.99.0-beta.8
[INFO] running `Command { std: CARGO_HOME="/workspace/cargo-home" RUSTUP_HOME="/workspace/rustup-home" "/workspace/cargo-home/bin/cargo" "+1.99.0-beta.8" "metadata" "--manifest-path" "Cargo.toml" "--no-deps", kill_on_drop: false }`
[INFO] crate crates.io crate reddb-io-types 1.24.0 already has a lockfile, it will not be regenerated
[INFO] running `Command { std: CARGO_HOME="/workspace/cargo-home" RUSTUP_HOME="/workspace/rustup-home" "/workspace/cargo-home/bin/cargo" "+1.99.0-beta.8" "fetch" "--manifest-path" "Cargo.toml", kill_on_drop: false }`
[INFO] running `Command { std: "docker" "create" "-v" "/var/lib/crater-agent-workspace/builds/worker-6-tc1/source:/opt/rustwide/workdir:ro,Z" "-v" "/var/lib/crater-agent-workspace/builds/worker-6-tc1/target:/opt/rustwide/target:rw,Z" "-v" "/var/lib/crater-agent-workspace/cargo-home:/opt/rustwide/cargo-home:ro,Z" "-v" "/var/lib/crater-agent-workspace/rustup-home:/opt/rustwide/rustup-home:ro,Z" "-m" "1610612736" "--network" "none" "ghcr.io/rust-lang/crates-build-env/linux@sha256:77db811e55d90add9212f6832c23229e3de5f1c1f9905e8cb07319ea15df73ac" "sleep" "infinity", kill_on_drop: false }`
[INFO] [stdout] e67029db6aa9ce4ec3deab5844e37b8f1658901324cbf89d9e430492d00c9f78
[INFO] running `Command { std: "docker" "start" "e67029db6aa9ce4ec3deab5844e37b8f1658901324cbf89d9e430492d00c9f78", kill_on_drop: false }`
[INFO] running `Command { std: "docker" "inspect" "e67029db6aa9ce4ec3deab5844e37b8f1658901324cbf89d9e430492d00c9f78", kill_on_drop: false }`
[INFO] running `Command { std: "docker" "exec" "-e" "SOURCE_DIR=/opt/rustwide/workdir" "-e" "CARGO_HOME=/opt/rustwide/cargo-home" "-e" "RUSTUP_HOME=/opt/rustwide/rustup-home" "-e" "CARGO_TARGET_DIR=/opt/rustwide/target" "-w" "/opt/rustwide/workdir" "--user" "0:0" "e67029db6aa9ce4ec3deab5844e37b8f1658901324cbf89d9e430492d00c9f78" "/opt/rustwide/cargo-home/bin/cargo" "+1.99.0-beta.8" "metadata" "--no-deps" "--format-version=1", kill_on_drop: false }`
[INFO] running `Command { std: "docker" "inspect" "e67029db6aa9ce4ec3deab5844e37b8f1658901324cbf89d9e430492d00c9f78", kill_on_drop: false }`
[INFO] running `Command { std: "docker" "exec" "-e" "SOURCE_DIR=/opt/rustwide/workdir" "-e" "CARGO_HOME=/opt/rustwide/cargo-home" "-e" "RUSTUP_HOME=/opt/rustwide/rustup-home" "-e" "CARGO_TARGET_DIR=/opt/rustwide/target" "-e" "CARGO_INCREMENTAL=0" "-e" "RUST_BACKTRACE=full" "-e" "RUSTFLAGS=--cap-lints=warn" "-e" "RUSTDOCFLAGS=--cap-lints=warn" "-w" "/opt/rustwide/workdir" "--user" "0:0" "e67029db6aa9ce4ec3deab5844e37b8f1658901324cbf89d9e430492d00c9f78" "/opt/rustwide/cargo-home/bin/cargo" "+1.99.0-beta.8" "build" "--frozen" "--message-format=json" "--release", kill_on_drop: false }`
[INFO] [stderr]    Compiling zstd-safe v7.2.4
[INFO] [stderr]    Compiling jobserver v0.1.34
[INFO] [stderr]    Compiling cc v1.2.66
[INFO] [stderr]    Compiling zstd-sys v2.0.16+zstd.1.5.7
[INFO] [stderr]    Compiling zstd v0.13.3
[INFO] [stderr]    Compiling reddb-io-types v1.24.0 (/opt/rustwide/workdir)
[INFO] [stderr]     Finished `release` profile [optimized] target(s) in 35.86s
[INFO] running `Command { std: "docker" "inspect" "e67029db6aa9ce4ec3deab5844e37b8f1658901324cbf89d9e430492d00c9f78", kill_on_drop: false }`
[INFO] running `Command { std: "docker" "exec" "-e" "SOURCE_DIR=/opt/rustwide/workdir" "-e" "CARGO_HOME=/opt/rustwide/cargo-home" "-e" "RUSTUP_HOME=/opt/rustwide/rustup-home" "-e" "CARGO_TARGET_DIR=/opt/rustwide/target" "-e" "CARGO_INCREMENTAL=0" "-e" "RUST_BACKTRACE=full" "-e" "RUSTFLAGS=--cap-lints=warn" "-e" "RUSTDOCFLAGS=--cap-lints=warn" "-w" "/opt/rustwide/workdir" "--user" "0:0" "e67029db6aa9ce4ec3deab5844e37b8f1658901324cbf89d9e430492d00c9f78" "/opt/rustwide/cargo-home/bin/cargo" "+1.99.0-beta.8" "test" "--frozen" "--no-run" "--message-format=json" "--release", kill_on_drop: false }`
[INFO] [stderr]    Compiling zerocopy v0.8.48
[INFO] [stderr]    Compiling zerocopy-derive v0.8.48
[INFO] [stderr]    Compiling getrandom v0.4.2
[INFO] [stderr]    Compiling alloca v0.4.0
[INFO] [stderr]    Compiling serde v1.0.228
[INFO] [stderr]    Compiling serde_json v1.0.151
[INFO] [stderr]    Compiling regex-automata v0.4.18
[INFO] [stderr]    Compiling criterion-plot v0.8.2
[INFO] [stderr]    Compiling rand v0.9.4
[INFO] [stderr]    Compiling rayon v1.12.0
[INFO] [stderr]    Compiling tempfile v3.27.0
[INFO] [stderr]    Compiling rusty-fork v0.3.1
[INFO] [stderr]    Compiling tinytemplate v1.2.1
[INFO] [stderr]    Compiling regex v1.13.1
[INFO] [stderr]    Compiling half v2.7.1
[INFO] [stderr]    Compiling ppv-lite86 v0.2.21
[INFO] [stderr]    Compiling ciborium-ll v0.2.2
[INFO] [stderr]    Compiling ciborium v0.2.2
[INFO] [stderr]    Compiling rand_chacha v0.9.0
[INFO] [stderr]    Compiling proptest v1.11.0
[INFO] [stderr]    Compiling criterion v0.8.2
[INFO] [stderr]    Compiling reddb-io-types v1.24.0 (/opt/rustwide/workdir)
[INFO] [stderr]     Finished `release` profile [optimized] target(s) in 44.57s
[INFO] running `Command { std: "docker" "inspect" "e67029db6aa9ce4ec3deab5844e37b8f1658901324cbf89d9e430492d00c9f78", kill_on_drop: false }`
[INFO] running `Command { std: "docker" "exec" "-e" "SOURCE_DIR=/opt/rustwide/workdir" "-e" "CARGO_HOME=/opt/rustwide/cargo-home" "-e" "RUSTUP_HOME=/opt/rustwide/rustup-home" "-e" "CARGO_TARGET_DIR=/opt/rustwide/target" "-e" "CARGO_INCREMENTAL=0" "-e" "RUST_BACKTRACE=full" "-e" "RUSTFLAGS=--cap-lints=warn" "-e" "RUSTDOCFLAGS=--cap-lints=warn" "-w" "/opt/rustwide/workdir" "--user" "0:0" "e67029db6aa9ce4ec3deab5844e37b8f1658901324cbf89d9e430492d00c9f78" "/opt/rustwide/cargo-home/bin/cargo" "+1.99.0-beta.8" "test" "--frozen" "--release", kill_on_drop: false }`
[INFO] [stderr]     Finished `release` profile [optimized] target(s) in 0.15s
[INFO] [stderr]      Running unittests src/lib.rs (/opt/rustwide/target/release/deps/reddb_types-ad5f5baa175e3381)
[INFO] [stdout] 
[INFO] [stdout] running 338 tests
[INFO] [stdout] test catalog::tests::ai_policy_empty_detection ... ok
[INFO] [stdout] test catalog::tests::moderate_degraded_mode_round_trips ... ok
[INFO] [stdout] test catalog::tests::subscription_operations_round_trip_canonical_names ... ok
[INFO] [stdout] test canonical_key::tests::non_indexable_values_do_not_produce_canonical_keys ... ok
[INFO] [stdout] test catalog::tests::descriptors_are_plain_data_carriers ... ok
[INFO] [stdout] test catalog::tests::analytics_outputs_round_trip_lowercase_names ... ok
[INFO] [stdout] test coerce::tests::test_civil_days_known_dates ... ok
[INFO] [stdout] test coerce::tests::test_coerce_asset_code_roundtrip ... ok
[INFO] [stdout] test coerce::tests::test_coerce_asset_code_valid ... ok
[INFO] [stdout] test coerce::tests::test_coerce_bigint_invalid ... ok
[INFO] [stdout] test canonical_key::tests::pair_key_ordering_uses_secondary_components ... ok
[INFO] [stdout] test coerce::tests::test_coerce_boolean_true_variants ... ok
[INFO] [stdout] test coerce::tests::test_coerce_cidr_bad_ip ... ok
[INFO] [stdout] test coerce::tests::test_coerce_asset_code_invalid_chars ... ok
[INFO] [stdout] test coerce::tests::test_coerce_cidr_default_route ... ok
[INFO] [stdout] test canonical_key::tests::text_and_email_use_different_families ... ok
[INFO] [stdout] test coerce::tests::test_coerce_cidr_invalid_prefix ... ok
[INFO] [stdout] test coerce::tests::test_coerce_bigint_negative ... ok
[INFO] [stdout] test coerce::tests::test_coerce_cidr_no_prefix ... ok
[INFO] [stdout] test coerce::tests::test_coerce_color_alpha_invalid_length ... ok
[INFO] [stdout] test coerce::tests::test_coerce_cidr_valid ... ok
[INFO] [stdout] test coerce::tests::test_coerce_color_alpha_no_hash ... ok
[INFO] [stdout] test coerce::tests::test_coerce_color_alpha_valid ... ok
[INFO] [stdout] test coerce::tests::test_coerce_color_invalid_hex ... ok
[INFO] [stdout] test coerce::tests::test_coerce_color_valid_hash ... ok
[INFO] [stdout] test canonical_key::tests::value_to_canonical_key_covers_supported_families ... ok
[INFO] [stdout] test catalog::tests::moderate_reject_action_round_trips ... ok
[INFO] [stdout] test canonical_key::tests::canonical_keys_round_trip_to_values_by_shape ... ok
[INFO] [stdout] test coerce::tests::test_coerce_color_invalid_length ... ok
[INFO] [stdout] test coerce::tests::test_coerce_color_lowercase ... ok
[INFO] [stdout] test canonical_key::tests::float_keys_reject_nan ... ok
[INFO] [stdout] test coerce::tests::test_coerce_color_valid_no_hash ... ok
[INFO] [stdout] test coerce::tests::test_coerce_country2_uppercase ... ok
[INFO] [stdout] test coerce::tests::test_coerce_country2_valid ... ok
[INFO] [stdout] test coerce::tests::test_coerce_boolean_false_variants ... ok
[INFO] [stdout] test coerce::tests::test_coerce_country3_valid ... ok
[INFO] [stdout] test coerce::tests::test_coerce_country2_invalid_length ... ok
[INFO] [stdout] test canonical_key::tests::canonical_keys_are_ordered_inside_their_family ... ok
[INFO] [stdout] test coerce::tests::test_coerce_cidr_host_route ... ok
[INFO] [stdout] test coerce::tests::test_coerce_boolean_invalid ... ok
[INFO] [stdout] test coerce::tests::test_coerce_bigint_valid ... ok
[INFO] [stdout] test coerce::tests::test_coerce_currency_invalid ... ok
[INFO] [stdout] test coerce::tests::test_coerce_currency_usd ... ok
[INFO] [stdout] test coerce::tests::test_coerce_currency_valid ... ok
[INFO] [stdout] test coerce::tests::test_coerce_country2_invalid_chars ... ok
[INFO] [stdout] test coerce::tests::test_coerce_date_invalid_day ... ok
[INFO] [stdout] test coerce::tests::test_coerce_date_epoch ... ok
[INFO] [stdout] test coerce::tests::test_coerce_date_invalid_format ... ok
[INFO] [stdout] test coerce::tests::test_coerce_date_invalid_month ... ok
[INFO] [stdout] test coerce::tests::test_coerce_decimal_integer_input ... ok
[INFO] [stdout] test coerce::tests::test_coerce_date_valid ... ok
[INFO] [stdout] test coerce::tests::test_coerce_decimal_invalid ... ok
[INFO] [stdout] test coerce::tests::test_coerce_country3_invalid ... ok
[INFO] [stdout] test coerce::tests::test_coerce_decimal_rejects_too_many_fraction_digits ... ok
[INFO] [stdout] test coerce::tests::test_coerce_decimal_negative ... ok
[INFO] [stdout] test coerce::tests::test_coerce_decimal_valid ... ok
[INFO] [stdout] test coerce::tests::test_coerce_decimal_zero ... ok
[INFO] [stdout] test coerce::tests::test_coerce_doc_ref_invalid_no_hash ... ok
[INFO] [stdout] test coerce::tests::test_coerce_doc_ref_valid ... ok
[INFO] [stdout] test coerce::tests::test_coerce_doc_ref_invalid_id ... ok
[INFO] [stdout] test coerce::tests::test_coerce_email_double_at ... ok
[INFO] [stdout] test coerce::tests::test_coerce_email_empty_local ... ok
[INFO] [stdout] test coerce::tests::test_coerce_email_missing_dot_in_domain ... ok
[INFO] [stdout] test coerce::tests::test_coerce_email_missing_at ... ok
[INFO] [stdout] test coerce::tests::test_coerce_email_valid ... ok
[INFO] [stdout] test coerce::tests::test_coerce_enum_case_insensitive ... ok
[INFO] [stdout] test coerce::tests::test_coerce_geopoint_valid ... ok
[INFO] [stdout] test coerce::tests::test_coerce_ipv4_valid ... ok
[INFO] [stdout] test coerce::tests::test_coerce_geopoint_invalid ... ok
[INFO] [stdout] test coerce::tests::test_coerce_email_valid_with_plus ... ok
[INFO] [stdout] test coerce::tests::test_coerce_enum_valid ... ok
[INFO] [stdout] test coerce::tests::test_coerce_key_ref_invalid_no_colon ... ok
[INFO] [stdout] test coerce::tests::test_coerce_ipv6_invalid ... ok
[INFO] [stdout] test coerce::tests::test_coerce_ipv6_valid ... ok
[INFO] [stdout] test coerce::tests::test_coerce_lang2_uppercase_normalized ... ok
[INFO] [stdout] test coerce::tests::test_coerce_geopoint_with_spaces ... ok
[INFO] [stdout] test coerce::tests::test_coerce_lang2_valid ... ok
[INFO] [stdout] test coerce::tests::test_coerce_integer ... ok
[INFO] [stdout] test coerce::tests::test_coerce_lang5_en_us ... ok
[INFO] [stdout] test coerce::tests::test_coerce_geopoint_out_of_range ... ok
[INFO] [stdout] test coerce::tests::test_coerce_lang5_invalid_format ... ok
[INFO] [stdout] test coerce::tests::test_coerce_enum_empty_variants ... ok
[INFO] [stdout] test coerce::tests::test_coerce_ipv6_full ... ok
[INFO] [stdout] test coerce::tests::test_coerce_enum_invalid_variant ... ok
[INFO] [stdout] test coerce::tests::test_coerce_enum_last_variant ... ok
[INFO] [stdout] test coerce::tests::test_coerce_float ... ok
[INFO] [stdout] test coerce::tests::test_coerce_ipv4_invalid ... ok
[INFO] [stdout] test coerce::tests::test_coerce_ipv4_too_few_octets ... ok
[INFO] [stdout] test coerce::tests::test_coerce_longitude_out_of_range ... ok
[INFO] [stdout] test coerce::tests::test_coerce_longitude_valid ... ok
[INFO] [stdout] test coerce::tests::test_coerce_money_amount_asset ... ok
[INFO] [stdout] test coerce::tests::test_coerce_lang5_wrong_case ... ok
[INFO] [stdout] test coerce::tests::test_coerce_money_normalizes_trailing_zeroes ... ok
[INFO] [stdout] test coerce::tests::test_coerce_page_ref_invalid ... ok
[INFO] [stdout] test coerce::tests::test_coerce_page_ref_valid ... ok
[INFO] [stdout] test coerce::tests::test_coerce_phone_too_long ... ok
[INFO] [stdout] test coerce::tests::test_coerce_phone_valid_digits_only ... ok
[INFO] [stdout] test coerce::tests::test_coerce_phone_valid_parens ... ok
[INFO] [stdout] test coerce::tests::test_coerce_phone_valid_with_plus ... ok
[INFO] [stdout] test coerce::tests::test_coerce_roundtrip_bigint ... ok
[INFO] [stdout] test coerce::tests::test_coerce_lang5_valid ... ok
[INFO] [stdout] test coerce::tests::test_coerce_roundtrip_color ... ok
[INFO] [stdout] test coerce::tests::test_coerce_port_valid ... ok
[INFO] [stdout] test coerce::tests::test_coerce_roundtrip_color_alpha ... ok
[INFO] [stdout] test coerce::tests::test_coerce_roundtrip_country2 ... ok
[INFO] [stdout] test coerce::tests::test_coerce_roundtrip_currency ... ok
[INFO] [stdout] test coerce::tests::test_coerce_roundtrip_cidr ... ok
[INFO] [stdout] test coerce::tests::test_coerce_money_asset_amount ... ok
[INFO] [stdout] test coerce::tests::test_coerce_money_roundtrip ... ok
[INFO] [stdout] test coerce::tests::test_coerce_roundtrip_date ... ok
[INFO] [stdout] test coerce::tests::test_coerce_roundtrip_doc_ref ... ok
[INFO] [stdout] test coerce::tests::test_coerce_roundtrip_email ... ok
[INFO] [stdout] test coerce::tests::test_coerce_roundtrip_geopoint ... ok
[INFO] [stdout] test coerce::tests::test_coerce_port_invalid ... ok
[INFO] [stdout] test coerce::tests::test_coerce_roundtrip_ipv4 ... ok
[INFO] [stdout] test coerce::tests::test_coerce_port_max ... ok
[INFO] [stdout] test coerce::tests::test_coerce_roundtrip_ipv6 ... ok
[INFO] [stdout] test coerce::tests::test_coerce_roundtrip_key_ref ... ok
[INFO] [stdout] test coerce::tests::test_coerce_roundtrip_lang5 ... ok
[INFO] [stdout] test coerce::tests::test_coerce_roundtrip_page_ref ... ok
[INFO] [stdout] test coerce::tests::test_coerce_roundtrip_port ... ok
[INFO] [stdout] test coerce::tests::test_coerce_roundtrip_semver ... ok
[INFO] [stdout] test coerce::tests::test_coerce_roundtrip_subnet ... ok
[INFO] [stdout] test coerce::tests::test_coerce_roundtrip_table_ref ... ok
[INFO] [stdout] test coerce::tests::test_coerce_roundtrip_time ... ok
[INFO] [stdout] test coerce::tests::test_coerce_roundtrip_decimal ... ok
[INFO] [stdout] test coerce::tests::test_coerce_latitude_out_of_range ... ok
[INFO] [stdout] test coerce::tests::test_coerce_phone_too_short ... ok
[INFO] [stdout] test coerce::tests::test_coerce_latitude_valid ... ok
[INFO] [stdout] test coerce::tests::test_coerce_semver_invalid_format ... ok
[INFO] [stdout] test coerce::tests::test_coerce_semver_non_numeric ... ok
[INFO] [stdout] test coerce::tests::test_coerce_semver_max ... ok
[INFO] [stdout] test coerce::tests::test_coerce_semver_valid ... ok
[INFO] [stdout] test coerce::tests::test_coerce_semver_zero ... ok
[INFO] [stdout] test coerce::tests::test_coerce_subnet_cidr ... ok
[INFO] [stdout] test coerce::tests::test_coerce_subnet_dotted_mask ... ok
[INFO] [stdout] test coerce::tests::test_coerce_subnet_invalid ... ok
[INFO] [stdout] test coerce::tests::test_coerce_text ... ok
[INFO] [stdout] test coerce::tests::test_coerce_time_end_of_day ... ok
[INFO] [stdout] test coerce::tests::test_coerce_time_hm ... ok
[INFO] [stdout] test coerce::tests::test_coerce_time_midnight ... ok
[INFO] [stdout] test coerce::tests::test_coerce_table_ref_valid ... ok
[INFO] [stdout] test coerce::tests::test_coerce_timestamp_ms_epoch ... ok
[INFO] [stdout] test coerce::tests::test_coerce_timestamp_ms_invalid ... ok
[INFO] [stdout] test coerce::tests::test_coerce_timestamp_ms_iso ... ok
[INFO] [stdout] test coerce::tests::test_coerce_unsigned_integer ... ok
[INFO] [stdout] test coerce::tests::test_coerce_url_invalid_no_scheme ... ok
[INFO] [stdout] test coerce::tests::test_coerce_time_hms ... ok
[INFO] [stdout] test coerce::tests::test_coerce_url_invalid_scheme ... ok
[INFO] [stdout] test coerce::tests::test_coerce_time_invalid_minute ... ok
[INFO] [stdout] test coerce::tests::test_coerce_url_valid_https ... ok
[INFO] [stdout] test coercion_spine::tests::binop_exact_match_emits_identity_coercions ... ok
[INFO] [stdout] test coercion_spine::tests::binop_int_plus_bigint_widens_to_preferred_float ... ok
[INFO] [stdout] test coercion_spine::tests::binop_int_plus_float_resolves_exact ... ok
[INFO] [stdout] test coercion_spine::tests::cast_float_to_int_currently_resolves_via_assignment_entry ... ok
[INFO] [stdout] test coercion_spine::tests::cast_int_to_float_is_implicit ... ok
[INFO] [stdout] test coercion_spine::tests::function_exact_match_emits_identity ... ok
[INFO] [stdout] test coercion_spine::tests::function_int_to_text_widening_rejected ... ok
[INFO] [stdout] test coerce::tests::test_coerce_semver_overflow ... ok
[INFO] [stdout] test coerce::tests::test_coerce_url_valid_ftp ... ok
[INFO] [stdout] test coerce::tests::test_coerce_key_ref_valid ... ok
[INFO] [stdout] test coercion_spine::tests::function_overload_selects_exact_over_coercion ... ok
[INFO] [stdout] test coerce::tests::test_coerce_key_ref_with_colon_in_key ... ok
[INFO] [stdout] test coercion_spine::tests::function_picks_exact_overload_over_cast_overload ... ok
[INFO] [stdout] test coerce::tests::test_coerce_lang2_invalid ... ok
[INFO] [stdout] test coercion_spine::tests::numeric_promotion_ladder_all_implicit_edges ... ok
[INFO] [stdout] test coercion_spine::tests::operator_with_unknown_null_type_returns_none ... ok
[INFO] [stdout] test coercion_spine::tests::text_arithmetic_not_resolvable ... ok
[INFO] [stdout] test coercion_spine::tests::text_to_integer_cast_rejected_by_spine ... ok
[INFO] [stdout] test conversions::tests::primitive_conversions_construct_expected_value_variants ... ok
[INFO] [stdout] test document_body_codec::tests::array_value_round_trip ... ok
[INFO] [stdout] test coerce::tests::test_coerce_time_invalid_format ... ok
[INFO] [stdout] test document_body_codec::tests::common_keys_are_interned_as_key_ids ... ok
[INFO] [stdout] test document_body_codec::tests::decode_value_at_offset_matches_full_decode ... ok
[INFO] [stdout] test document_body_codec::tests::empty_document_round_trips ... ok
[INFO] [stdout] test document_body_codec::tests::field_names_lists_keys_in_encode_order ... ok
[INFO] [stdout] test document_body_codec::tests::mixed_dictionary_and_inline_round_trip ... ok
[INFO] [stdout] test document_body_codec::tests::multi_field_round_trip ... ok
[INFO] [stdout] test document_body_codec::tests::new_common_key_appends_to_dictionary ... ok
[INFO] [stdout] test document_body_codec::tests::rare_key_stays_inline_and_out_of_dictionary ... ok
[INFO] [stdout] test document_body_codec::tests::read_field_by_name_skips_other_fields ... ok
[INFO] [stdout] test coerce::tests::test_coerce_url_valid_http ... ok
[INFO] [stdout] test document_body_codec::tests::offset_table_offsets_are_valid ... ok
[INFO] [stdout] test document_body_codec::tests::null_values_round_trip ... ok
[INFO] [stdout] test document_body_codec::tests::empty_dictionary_document_round_trips ... ok
[INFO] [stdout] test coerce::tests::test_coerce_time_invalid_hour ... ok
[INFO] [stdout] test document_body_codec::tests::rejects_bad_magic ... ok
[INFO] [stdout] test document_body_codec::tests::rejects_truncated_buffer ... ok
[INFO] [stdout] test document_body_codec::tests::superseded_plain_version_is_rejected_didactically ... ok
[INFO] [stdout] test document_body_codec::tests::unknown_key_id_is_rejected ... ok
[INFO] [stdout] test document_body_codec::tests::v1_and_v2_versions_do_not_alias ... ok
[INFO] [stdout] test duration::tests::test_parse_duration ... ok
[INFO] [stdout] test duration::tests::test_parse_duration_long_form ... ok
[INFO] [stdout] test encoding::tests::base64_standard_vectors ... ok
[INFO] [stdout] test coercion_spine::tests::integer_to_text_implicit_cast_rejected ... ok
[INFO] [stdout] test document_body_codec::tests::rich_semantic_types_round_trip ... ok
[INFO] [stdout] test function_catalog::tests::resolve_delegates_to_coercion_spine ... ok
[INFO] [stdout] test key_dictionary::tests::decode_rejects_bad_magic_and_version ... ok
[INFO] [stdout] test function_catalog::tests::catalog_pins_key_function_kinds_and_variadic_flags ... ok
[INFO] [stdout] test document_body_codec::tests::superseded_dict_version_is_rejected_didactically ... ok
[INFO] [stdout] test function_catalog::tests::lookup_is_case_insensitive_and_returns_overloads ... ok
[INFO] [stdout] test key_dictionary::tests::encode_decode_round_trip ... ok
[INFO] [stdout] test document_body_codec::tests::single_field_round_trip ... ok
[INFO] [stdout] test encoding::tests::json_escape_vectors ... ok
[INFO] [stdout] test key_dictionary::tests::id_of_does_not_mutate ... ok
[INFO] [stdout] test key_dictionary::tests::intern_assigns_dense_ids_in_order ... ok
[INFO] [stdout] test key_dictionary::tests::intern_is_idempotent_and_append_only ... ok
[INFO] [stdout] test key_dictionary::tests::name_of_round_trips_ids ... ok
[INFO] [stdout] test key_dictionary::tests::empty_dictionary_round_trips ... ok
[INFO] [stdout] test knowledge::tests::infer_literal_type_maps_json_shapes ... ok
[INFO] [stdout] test knowledge::tests::catalog_excludes_sentinels ... ok
[INFO] [stdout] test knowledge::tests::reference_lists_every_operator ... ok
[INFO] [stdout] test knowledge::tests::catalog_is_sorted_and_unique ... ok
[INFO] [stdout] test knowledge::tests::reference_lists_every_value_type ... ok
[INFO] [stdout] test knowledge::tests::llms_section_wraps_reference ... ok
[INFO] [stdout] test knowledge::tests::type_facts_json_reports_canonical_casts_and_operators ... ok
[INFO] [stdout] test knowledge::tests::multi_model_map_covers_every_paradigm ... ok
[INFO] [stdout] test knowledge::tests::operators_for_matches_either_operand ... ok
[INFO] [stdout] test knowledge::tests::reference_includes_multi_model_map ... ok
[INFO] [stdout] test key_dictionary::tests::decode_rejects_truncated ... ok
[INFO] [stdout] test knowledge::tests::catalog_matches_authorities ... ok
[INFO] [stdout] test knowledge::tests::reference_is_deterministic ... ok
[INFO] [stdout] test operator_catalog::tests::resolve_picks_exact_infix_and_prefix_overloads ... ok
[INFO] [stdout] test operator::tests::precedence_groups_match_parser_contract ... ok
[INFO] [stdout] test key_dictionary::tests::empty_dictionary ... ok
[INFO] [stdout] test knowledge::tests::casts_from_reads_catalog_rows ... ok
[INFO] [stdout] test polymorphic::tests::anycompatible_uses_cast_catalog_to_resolve_binding ... ok
[INFO] [stdout] test queue_mode::tests::queue_modes_parse_aliases_and_render_canonical_names ... ok
[INFO] [stdout] test parametric::tests::varchar_modifier_parses_defaults_and_errors ... ok
[INFO] [stdout] test polymorphic::tests::substitution_apply_returns_bound_or_concrete_types ... ok
[INFO] [stdout] test polymorphic::tests::resolve_reports_arity_and_kind_errors ... ok
[INFO] [stdout] test serde_json::tests::escape_string_handles_every_control_byte ... ok
[INFO] [stdout] test operator_catalog::tests::lookup_returns_all_overloads_for_symbol ... ok
[INFO] [stdout] test knowledge::tests::resolve_type_name_accepts_canonical_and_aliases ... ok
[INFO] [stdout] test parametric::tests::validate_decimal_checks_precision_scale_and_syntax ... ok
[INFO] [stdout] test serde_json::tests::audit_log_preserves_low_control_bytes ... ok
[INFO] [stdout] test operator_catalog::tests::resolve_rejects_unknown_and_mismatched_overloads ... ok
[INFO] [stdout] test knowledge::tests::type_of_json_resolves_name_and_value ... ok
[INFO] [stdout] test parametric::tests::validate_varchar_rejects_or_truncates_by_mode ... ok
[INFO] [stdout] test polymorphic::tests::repeated_pseudo_slots_must_be_consistent ... ok
[INFO] [stdout] test polymorphic::tests::resolve_accepts_concrete_and_poly_slots ... ok
[INFO] [stdout] test serde_json::json_macro_tests::object_macro_supports_empty_and_non_empty_objects ... ok
[INFO] [stdout] test table::tests::table_validation_accepts_valid_references ... ok
[INFO] [stdout] test types::tests::sql_aliases_cover_domain_reference_and_unknown_paths ... ok
[INFO] [stdout] test types::tests::sql_type_name_parses_modifiers_and_helpers ... ok
[INFO] [stdout] test types::tests::test_datatype_roundtrip ... ok
[INFO] [stdout] test types::tests::test_new_datatype_properties ... ok
[INFO] [stdout] test types::tests::test_new_datatype_roundtrip ... ok
[INFO] [stdout] test types::tests::test_from_sql_name_uses_shared_alias_mapping ... ok
[INFO] [stdout] test table::tests::table_validation_rejects_invalid_references ... ok
[INFO] [stdout] test types::tests::datatype_category_preference_display_and_storage_traits_cover_all_variants ... ok
[INFO] [stdout] test types::tests::plain_text_does_not_sql_quote_text ... ok
[INFO] [stdout] test types::tests::test_row_with_all_new_types ... ok
[INFO] [stdout] test types::tests::test_value_array_nested_roundtrip ... ok
[INFO] [stdout] test types::tests::test_value_blob ... ok
[INFO] [stdout] test types::tests::test_value_bigint_roundtrip ... ok
[INFO] [stdout] test types::tests::test_row_roundtrip ... ok
[INFO] [stdout] test types::tests::test_rich_type_datatype_properties ... ok
[INFO] [stdout] test types::tests::test_row_with_new_types ... ok
[INFO] [stdout] test serde_json::tests::escape_string_handles_standard_escapes ... ok
[INFO] [stdout] test serde_json::tests::string_and_byte_entry_points_round_trip_and_reject_bad_inputs ... ok
[INFO] [stdout] test serde_json::tests::json_encode_decode_traits_cover_scalars_collections_and_errors ... ok
[INFO] [stdout] test types::tests::test_value_cidr_roundtrip ... ok
[INFO] [stdout] test parametric::tests::decimal_modifier_parses_defaults_and_errors ... ok
[INFO] [stdout] test types::tests::test_value_array_roundtrip ... ok
[INFO] [stdout] test serde_json::tests::value_accessors_indexing_and_pretty_printing_cover_all_shapes ... ok
[INFO] [stdout] test types::tests::test_value_color_alpha_roundtrip ... ok
[INFO] [stdout] test types::tests::test_value_display ... ok
[INFO] [stdout] test types::tests::test_value_color_roundtrip ... ok
[INFO] [stdout] test types::tests::test_value_email_roundtrip ... ok
[INFO] [stdout] test types::tests::test_value_country2_roundtrip ... ok
[INFO] [stdout] test serde_json::tests::escape_string_handles_mixed_payload ... ok
[INFO] [stdout] test table::tests::builders_preserve_column_and_constraint_details ... ok
[INFO] [stdout] test types::tests::test_value_country3_roundtrip ... ok
[INFO] [stdout] test types::tests::row_accessors_iteration_and_error_paths ... ok
[INFO] [stdout] test types::tests::test_value_decimal_roundtrip ... ok
[INFO] [stdout] test types::tests::test_value_currency_roundtrip ... ok
[INFO] [stdout] test types::tests::test_datatype_properties ... ok
[INFO] [stdout] test types::tests::test_value_date_display_epoch ... ok
[INFO] [stdout] test types::tests::test_value_date_roundtrip ... ok
[INFO] [stdout] test types::tests::test_value_integer ... ok
[INFO] [stdout] test types::tests::test_value_ipv4_roundtrip ... ok
[INFO] [stdout] test types::tests::test_value_lang5_roundtrip ... ok
[INFO] [stdout] test types::tests::test_value_null ... ok
[INFO] [stdout] test types::tests::test_value_semver_roundtrip ... ok
[INFO] [stdout] test types::tests::test_value_subnet_roundtrip ... ok
[INFO] [stdout] test types::tests::test_value_text ... ok
[INFO] [stdout] test types::tests::test_value_time_roundtrip ... ok
[INFO] [stdout] test types::tests::test_value_geopoint_roundtrip ... ok
[INFO] [stdout] test types::tests::test_value_timestamp_ms_roundtrip ... ok
[INFO] [stdout] test types::tests::test_value_uuid ... ok
[INFO] [stdout] test types::tests::test_value_vector ... ok
[INFO] [stdout] test types::tests::value_accessors_hash_and_display_cover_remaining_variants ... ok
[INFO] [stdout] test types::tests::value_error_display_covers_every_variant ... ok
[INFO] [stdout] test types::tests::test_value_ipaddr_v6 ... ok
[INFO] [stdout] test types::tests::test_value_enum_roundtrip ... ok
[INFO] [stdout] test types::tests::test_value_ipv6_roundtrip ... ok
[INFO] [stdout] test types::tests::test_value_phone_roundtrip ... ok
[INFO] [stdout] test types::tests::test_varint_encoding ... ok
[INFO] [stdout] test types::tests::test_value_lang2_roundtrip ... ok
[INFO] [stdout] test types::tests::test_value_longitude_roundtrip ... ok
[INFO] [stdout] test types::tests::test_value_mac_addr ... ok
[INFO] [stdout] test types::tests::test_value_port_roundtrip ... ok
[INFO] [stdout] test types::tests::test_value_ipaddr_v4 ... ok
[INFO] [stdout] test types::tests::test_value_url_roundtrip ... ok
[INFO] [stdout] test types::tests::test_value_latitude_roundtrip ... ok
[INFO] [stdout] test utils::json::tests::nesting_just_below_the_cap_still_parses ... ok
[INFO] [stdout] test utils::json::tests::parse_nested_array ... ok
[INFO] [stdout] test utils::json::tests::stringify_roundtrip ... ok
[INFO] [stdout] test value_codec::tests::round_trip_canonical_variants ... ok
[INFO] [stdout] test utils::json::tests::constructors_accessors_mutators_and_display_cover_all_shapes ... ok
[INFO] [stdout] test utils::json::tests::deeply_nested_json_is_rejected_instead_of_overflowing_the_stack ... ok
[INFO] [stdout] test value_codec::tests::round_trip_every_value_variant_directly_through_registry ... ok
[INFO] [stdout] test value_compare::tests::cross_type_total_compare_is_total ... ok
[INFO] [stdout] test value_compare::tests::numeric_cross_type_comparisons_use_numeric_value ... ok
[INFO] [stdout] test value_codec::tests::decode_rejects_short_payload_for_registered_tags ... ok
[INFO] [stdout] test utils::json::tests::parse_simple_object ... ok
[INFO] [stdout] test value_codec::tests::type_tag_matches_data_type_byte ... ok
[INFO] [stdout] test utils::json::tests::parser_rejects_invalid_tokens_numbers_strings_and_separators ... ok
[INFO] [stdout] test utils::json::tests::parser_accepts_scalars_escapes_empty_containers_and_trailing_space ... ok
[INFO] [stdout] test vector_metadata::tests::metadata_entry_inserts_gets_keys_and_removes_nulls ... ok
[INFO] [stdout] test value_codec::tests::pinned_bytes ... ok
[INFO] [stdout] test value_codec::tests::rejects_unknown_type_tag ... ok
[INFO] [stdout] test value_codec::tests::compressed_text_and_blob_decode_to_plain_values ... ok
[INFO] [stdout] test value_codec::tests::decode_rejects_invalid_embedded_tags_and_utf8_payloads ... ok
[INFO] [stdout] test value_codec::tests::rejects_truncated_buffer ... ok
[INFO] [stdout] test value_codec::tests::type_for_tag_handles_null_registered_and_unknown_tags ... ok
[INFO] [stdout] test vector_metadata::tests::metadata_values_convert_to_canonical_keys ... ok
[INFO] [stdout] test vector_metadata::tests::metadata_values_compare_and_match_by_type ... ok
[INFO] [stdout] test vector_metadata::tests::metadata_filters_cover_existence_and_boolean_composition ... ok
[INFO] [stdout] test value_compare::tests::nan_partial_compare_falls_back_to_total_tag_order ... ok
[INFO] [stdout] test value_compare::tests::same_type_partial_comparisons_cover_registered_orderings ... ok
[INFO] [stdout] test value_compare::tests::type_tag_delegates_to_registry ... ok
[INFO] [stdout] test value_codec::tests::prop_value_codec_round_trips_remaining_variants ... ok
[INFO] [stdout] test value_json::tests::every_value_variant_has_canonical_json ... ok
[INFO] [stdout] test vector_metadata::tests::metadata_filters_cover_comparison_membership_and_strings ... ok
[INFO] [stdout] test utils::json::tests::beyond_native_decimal_text_round_trips ... ok
[INFO] [stderr]      Running unittests src/bin/measure_value_layout.rs (/opt/rustwide/target/release/deps/measure_value_layout-1e8cfc90e62fa1a8)
[INFO] [stdout] test types::tests::plain_text_is_deterministic_for_every_value_variant ... ok
[INFO] [stdout] 
[INFO] [stdout] test result: ok. 338 passed; 0 failed; 0 ignored; 0 measured; 0 filtered out; finished in 0.05s
[INFO] [stdout] 
[INFO] [stdout] 
[INFO] [stdout] running 0 tests
[INFO] [stdout] 
[INFO] [stdout] test result: ok. 0 passed; 0 failed; 0 ignored; 0 measured; 0 filtered out; finished in 0.00s
[INFO] [stdout] 
[INFO] [stderr]      Running tests/type_authority.rs (/opt/rustwide/target/release/deps/type_authority-504647179beca940)
[INFO] [stdout] 
[INFO] [stdout] running 5 tests
[INFO] [stdout] test server_must_not_redeclare_the_logical_type_system ... FAILED
[INFO] [stdout] test server_must_not_redeclare_seeded_authority_concepts ... FAILED
[INFO] [stdout] test server_imports_name_types_keystone_directly ... FAILED
[INFO] [stdout] test renamed_seeded_concept_fixture_fails_the_fence ... FAILED
[INFO] [stdout] test types_crate_owns_the_logical_type_system ... FAILED
[INFO] [stderr] error: test failed, to rerun pass `--test type_authority`
[INFO] [stdout] 
[INFO] [stdout] failures:
[INFO] [stdout] 
[INFO] [stdout] ---- server_must_not_redeclare_the_logical_type_system stdout ----
[INFO] [stdout] 
[INFO] [stdout] thread 'server_must_not_redeclare_the_logical_type_system' (1292) panicked at tests/type_authority.rs:280:54:
[INFO] [stdout] read_dir /opt/crates/reddb-server/src: No such file or directory (os error 2)
[INFO] [stdout] stack backtrace:
[INFO] [stdout]    0:     0x6356130841a1 - <<std[70759c8f55707aa4]::sys::backtrace::BacktraceLock>::print::DisplayBacktrace as core[df12db4294e9bfd3]::fmt::Display>::fmt
[INFO] [stdout]    1:     0x6356130986da - core[df12db4294e9bfd3]::fmt::write
[INFO] [stdout]    2:     0x63561308892c - <alloc[2182bb758b4b3781]::vec::Vec<u8> as core[df12db4294e9bfd3]::io::write::Write>::write_fmt
[INFO] [stdout]    3:     0x63561305fd56 - std[70759c8f55707aa4]::panicking::default_hook::{closure#0}
[INFO] [stdout]    4:     0x63561307c389 - std[70759c8f55707aa4]::panicking::default_hook
[INFO] [stdout]    5:     0x635613017d00 - test[9d35eded1c95d3be]::test_main_inner::<test[9d35eded1c95d3be]::test_main_static::{closure#0}>::{closure#0}
[INFO] [stdout]    6:     0x63561307c542 - std[70759c8f55707aa4]::panicking::panic_with_hook
[INFO] [stdout]    7:     0x63561305fe02 - std[70759c8f55707aa4]::panicking::panic_handler::{closure#0}
[INFO] [stdout]    8:     0x635613058959 - std[70759c8f55707aa4]::sys::backtrace::__rust_end_short_backtrace::<std[70759c8f55707aa4]::panicking::panic_handler::{closure#0}, !>
[INFO] [stdout]    9:     0x6356130609fd - __rustc[8fa7c3cbc660c2b3]::rust_begin_unwind
[INFO] [stdout]   10:     0x635613098e0c - core[df12db4294e9bfd3]::panicking::panic_fmt
[INFO] [stdout]   11:     0x635613002289 - type_authority[1fb93ce9047d3d98]::rust_files_under::{closure#0}
[INFO] [stdout]   12:     0x635613002c68 - type_authority[1fb93ce9047d3d98]::rust_files_under
[INFO] [stdout]   13:     0x635613006d05 - <type_authority[1fb93ce9047d3d98]::server_must_not_redeclare_the_logical_type_system::{closure#0} as core[df12db4294e9bfd3]::ops::function::FnOnce<()>>::call_once
[INFO] [stdout]   14:     0x63561300afeb - test[9d35eded1c95d3be]::__rust_begin_short_backtrace::<core[df12db4294e9bfd3]::result::Result<(), alloc[2182bb758b4b3781]::string::String>, fn() -> core[df12db4294e9bfd3]::result::Result<(), alloc[2182bb758b4b3781]::string::String>>
[INFO] [stdout]   15:     0x635613018655 - test[9d35eded1c95d3be]::run_test::{closure#0}
[INFO] [stdout]   16:     0x635613011f14 - std[70759c8f55707aa4]::sys::backtrace::__rust_begin_short_backtrace::<test[9d35eded1c95d3be]::run_test::{closure#1}, ()>
[INFO] [stdout]   17:     0x63561301b7b2 - <std[70759c8f55707aa4]::thread::lifecycle::spawn_unchecked<test[9d35eded1c95d3be]::run_test::{closure#1}, ()>::{closure#1} as core[df12db4294e9bfd3]::ops::function::FnOnce<()>>::call_once::{shim:vtable#0}
[INFO] [stdout]   18:     0x635613083709 - <std[70759c8f55707aa4]::sys::thread::unix::Thread>::new::thread_start
[INFO] [stdout]   19:     0x7379d202edfa - <unknown>
[INFO] [stdout]   20:     0x7379d20c23d4 - clone
[INFO] [stdout]   21:                0x0 - <unknown>
[INFO] [stdout] 
[INFO] [stdout] ---- server_must_not_redeclare_seeded_authority_concepts stdout ----
[INFO] [stdout] 
[INFO] [stdout] thread 'server_must_not_redeclare_seeded_authority_concepts' (1291) panicked at tests/type_authority.rs:266:31:
[INFO] [stdout] read /opt/crates/reddb-rql/src/optimizer/stats.rs: No such file or directory (os error 2)
[INFO] [stdout] stack backtrace:
[INFO] [stdout]    0:     0x6356130841a1 - <<std[70759c8f55707aa4]::sys::backtrace::BacktraceLock>::print::DisplayBacktrace as core[df12db4294e9bfd3]::fmt::Display>::fmt
[INFO] [stdout]    1:     0x6356130986da - core[df12db4294e9bfd3]::fmt::write
[INFO] [stdout]    2:     0x63561308892c - <alloc[2182bb758b4b3781]::vec::Vec<u8> as core[df12db4294e9bfd3]::io::write::Write>::write_fmt
[INFO] [stdout]    3:     0x63561305fd56 - std[70759c8f55707aa4]::panicking::default_hook::{closure#0}
[INFO] [stdout]    4:     0x63561307c389 - std[70759c8f55707aa4]::panicking::default_hook
[INFO] [stdout]    5:     0x635613017d00 - test[9d35eded1c95d3be]::test_main_inner::<test[9d35eded1c95d3be]::test_main_static::{closure#0}>::{closure#0}
[INFO] [stdout]    6:     0x63561307c542 - std[70759c8f55707aa4]::panicking::panic_with_hook
[INFO] [stdout]    7:     0x63561305fe02 - std[70759c8f55707aa4]::panicking::panic_handler::{closure#0}
[INFO] [stdout]    8:     0x635613058959 - std[70759c8f55707aa4]::sys::backtrace::__rust_end_short_backtrace::<std[70759c8f55707aa4]::panicking::panic_handler::{closure#0}, !>
[INFO] [stdout]    9:     0x6356130609fd - __rustc[8fa7c3cbc660c2b3]::rust_begin_unwind
[INFO] [stdout]   10:     0x635613098e0c - core[df12db4294e9bfd3]::panicking::panic_fmt
[INFO] [stdout]   11:     0x635613002149 - type_authority[1fb93ce9047d3d98]::read::<std[70759c8f55707aa4]::path::PathBuf>::{closure#0}
[INFO] [stdout]   12:     0x635613009ee0 - <alloc[2182bb758b4b3781]::vec::Vec<type_authority[1fb93ce9047d3d98]::ConceptFingerprint> as alloc[2182bb758b4b3781]::vec::spec_from_iter_nested::SpecFromIterNested<type_authority[1fb93ce9047d3d98]::ConceptFingerprint, core[df12db4294e9bfd3]::iter::adapters::map::Map<core[df12db4294e9bfd3]::slice::iter::Iter<type_authority[1fb93ce9047d3d98]::SeededConcept>, type_authority[1fb93ce9047d3d98]::concept_fingerprints::{closure#0}>>>::from_iter
[INFO] [stdout]   13:     0x635613007f47 - <type_authority[1fb93ce9047d3d98]::server_must_not_redeclare_seeded_authority_concepts::{closure#0} as core[df12db4294e9bfd3]::ops::function::FnOnce<()>>::call_once
[INFO] [stdout]   14:     0x63561300afeb - test[9d35eded1c95d3be]::__rust_begin_short_backtrace::<core[df12db4294e9bfd3]::result::Result<(), alloc[2182bb758b4b3781]::string::String>, fn() -> core[df12db4294e9bfd3]::result::Result<(), alloc[2182bb758b4b3781]::string::String>>
[INFO] [stdout]   15:     0x635613018655 - test[9d35eded1c95d3be]::run_test::{closure#0}
[INFO] [stdout]   16:     0x635613011f14 - std[70759c8f55707aa4]::sys::backtrace::__rust_begin_short_backtrace::<test[9d35eded1c95d3be]::run_test::{closure#1}, ()>
[INFO] [stdout]   17:     0x63561301b7b2 - <std[70759c8f55707aa4]::thread::lifecycle::spawn_unchecked<test[9d35eded1c95d3be]::run_test::{closure#1}, ()>::{closure#1} as core[df12db4294e9bfd3]::ops::function::FnOnce<()>>::call_once::{shim:vtable#0}
[INFO] [stdout]   18:     0x635613083709 - <std[70759c8f55707aa4]::sys::thread::unix::Thread>::new::thread_start
[INFO] [stdout]   19:     0x7379d202edfa - <unknown>
[INFO] [stdout]   20:     0x7379d20c23d4 - clone
[INFO] [stdout]   21:                0x0 - <unknown>
[INFO] [stdout] 
[INFO] [stdout] ---- server_imports_name_types_keystone_directly stdout ----
[INFO] [stdout] 
[INFO] [stdout] thread 'server_imports_name_types_keystone_directly' (1290) panicked at tests/type_authority.rs:266:31:
[INFO] [stdout] read /opt/crates/reddb-server/src/storage/schema/mod.rs: No such file or directory (os error 2)
[INFO] [stdout] stack backtrace:
[INFO] [stdout]    0:     0x6356130841a1 - <<std[70759c8f55707aa4]::sys::backtrace::BacktraceLock>::print::DisplayBacktrace as core[df12db4294e9bfd3]::fmt::Display>::fmt
[INFO] [stdout]    1:     0x6356130986da - core[df12db4294e9bfd3]::fmt::write
[INFO] [stdout]    2:     0x63561308892c - <alloc[2182bb758b4b3781]::vec::Vec<u8> as core[df12db4294e9bfd3]::io::write::Write>::write_fmt
[INFO] [stdout]    3:     0x63561305fd56 - std[70759c8f55707aa4]::panicking::default_hook::{closure#0}
[INFO] [stdout]    4:     0x63561307c389 - std[70759c8f55707aa4]::panicking::default_hook
[INFO] [stdout]    5:     0x635613017d00 - test[9d35eded1c95d3be]::test_main_inner::<test[9d35eded1c95d3be]::test_main_static::{closure#0}>::{closure#0}
[INFO] [stdout]    6:     0x63561307c542 - std[70759c8f55707aa4]::panicking::panic_with_hook
[INFO] [stdout]    7:     0x63561305fe02 - std[70759c8f55707aa4]::panicking::panic_handler::{closure#0}
[INFO] [stdout]    8:     0x635613058959 - std[70759c8f55707aa4]::sys::backtrace::__rust_end_short_backtrace::<std[70759c8f55707aa4]::panicking::panic_handler::{closure#0}, !>
[INFO] [stdout]    9:     0x6356130609fd - __rustc[8fa7c3cbc660c2b3]::rust_begin_unwind
[INFO] [stdout]   10:     0x635613098e0c - core[df12db4294e9bfd3]::panicking::panic_fmt
[INFO] [stdout]   11:     0x6356130021e8 - type_authority[1fb93ce9047d3d98]::read::<&std[70759c8f55707aa4]::path::PathBuf>::{closure#0}
[INFO] [stdout]   12:     0x635613006439 - <type_authority[1fb93ce9047d3d98]::server_imports_name_types_keystone_directly::{closure#0} as core[df12db4294e9bfd3]::ops::function::FnOnce<()>>::call_once
[INFO] [stdout]   13:     0x63561300afeb - test[9d35eded1c95d3be]::__rust_begin_short_backtrace::<core[df12db4294e9bfd3]::result::Result<(), alloc[2182bb758b4b3781]::string::String>, fn() -> core[df12db4294e9bfd3]::result::Result<(), alloc[2182bb758b4b3781]::string::String>>
[INFO] [stdout]   14:     0x635613018655 - test[9d35eded1c95d3be]::run_test::{closure#0}
[INFO] [stdout]   15:     0x635613011f14 - std[70759c8f55707aa4]::sys::backtrace::__rust_begin_short_backtrace::<test[9d35eded1c95d3be]::run_test::{closure#1}, ()>
[INFO] [stdout]   16:     0x63561301b7b2 - <std[70759c8f55707aa4]::thread::lifecycle::spawn_unchecked<test[9d35eded1c95d3be]::run_test::{closure#1}, ()>::{closure#1} as core[df12db4294e9bfd3]::ops::function::FnOnce<()>>::call_once::{shim:vtable#0}
[INFO] [stdout]   17:     0x635613083709 - <std[70759c8f55707aa4]::sys::thread::unix::Thread>::new::thread_start
[INFO] [stdout]   18:     0x7379d202edfa - <unknown>
[INFO] [stdout]   19:     0x7379d20c23d4 - clone
[INFO] [stdout]   20:                0x0 - <unknown>
[INFO] [stdout] 
[INFO] [stdout] ---- renamed_seeded_concept_fixture_fails_the_fence stdout ----
[INFO] [stdout] 
[INFO] [stdout] thread 'renamed_seeded_concept_fixture_fails_the_fence' (1289) panicked at tests/type_authority.rs:266:31:
[INFO] [stdout] read /opt/crates/reddb-types/tests/fixtures/renamed_queue_side.rs: No such file or directory (os error 2)
[INFO] [stdout] stack backtrace:
[INFO] [stdout]    0:     0x6356130841a1 - <<std[70759c8f55707aa4]::sys::backtrace::BacktraceLock>::print::DisplayBacktrace as core[df12db4294e9bfd3]::fmt::Display>::fmt
[INFO] [stdout]    1:     0x6356130986da - core[df12db4294e9bfd3]::fmt::write
[INFO] [stdout]    2:     0x63561308892c - <alloc[2182bb758b4b3781]::vec::Vec<u8> as core[df12db4294e9bfd3]::io::write::Write>::write_fmt
[INFO] [stdout]    3:     0x63561305fd56 - std[70759c8f55707aa4]::panicking::default_hook::{closure#0}
[INFO] [stdout]    4:     0x63561307c389 - std[70759c8f55707aa4]::panicking::default_hook
[INFO] [stdout]    5:     0x635613017d00 - test[9d35eded1c95d3be]::test_main_inner::<test[9d35eded1c95d3be]::test_main_static::{closure#0}>::{closure#0}
[INFO] [stdout]    6:     0x63561307c542 - std[70759c8f55707aa4]::panicking::panic_with_hook
[INFO] [stdout]    7:     0x63561305fe02 - std[70759c8f55707aa4]::panicking::panic_handler::{closure#0}
[INFO] [stdout]    8:     0x635613058959 - std[70759c8f55707aa4]::sys::backtrace::__rust_end_short_backtrace::<std[70759c8f55707aa4]::panicking::panic_handler::{closure#0}, !>
[INFO] [stdout]    9:     0x6356130609fd - __rustc[8fa7c3cbc660c2b3]::rust_begin_unwind
[INFO] [stdout]   10:     0x635613098e0c - core[df12db4294e9bfd3]::panicking::panic_fmt
[INFO] [stdout]   11:     0x6356130021e8 - type_authority[1fb93ce9047d3d98]::read::<&std[70759c8f55707aa4]::path::PathBuf>::{closure#0}
[INFO] [stdout]   12:     0x635613006b60 - <type_authority[1fb93ce9047d3d98]::renamed_seeded_concept_fixture_fails_the_fence::{closure#0} as core[df12db4294e9bfd3]::ops::function::FnOnce<()>>::call_once
[INFO] [stdout]   13:     0x63561300afeb - test[9d35eded1c95d3be]::__rust_begin_short_backtrace::<core[df12db4294e9bfd3]::result::Result<(), alloc[2182bb758b4b3781]::string::String>, fn() -> core[df12db4294e9bfd3]::result::Result<(), alloc[2182bb758b4b3781]::string::String>>
[INFO] [stdout]   14:     0x635613018655 - test[9d35eded1c95d3be]::run_test::{closure#0}
[INFO] [stdout]   15:     0x635613011f14 - std[70759c8f55707aa4]::sys::backtrace::__rust_begin_short_backtrace::<test[9d35eded1c95d3be]::run_test::{closure#1}, ()>
[INFO] [stdout]   16:     0x63561301b7b2 - <std[70759c8f55707aa4]::thread::lifecycle::spawn_unchecked<test[9d35eded1c95d3be]::run_test::{closure#1}, ()>::{closure#1} as core[df12db4294e9bfd3]::ops::function::FnOnce<()>>::call_once::{shim:vtable#0}
[INFO] [stdout]   17:     0x635613083709 - <std[70759c8f55707aa4]::sys::thread::unix::Thread>::new::thread_start
[INFO] [stdout]   18:     0x7379d202edfa - <unknown>
[INFO] [stdout]   19:     0x7379d20c23d4 - clone
[INFO] [stdout]   20:                0x0 - <unknown>
[INFO] [stdout] 
[INFO] [stdout] ---- types_crate_owns_the_logical_type_system stdout ----
[INFO] [stdout] 
[INFO] [stdout] thread 'types_crate_owns_the_logical_type_system' (1293) panicked at tests/type_authority.rs:266:31:
[INFO] [stdout] read /opt/crates/reddb-types/src/types.rs: No such file or directory (os error 2)
[INFO] [stdout] stack backtrace:
[INFO] [stdout]    0:     0x6356130841a1 - <<std[70759c8f55707aa4]::sys::backtrace::BacktraceLock>::print::DisplayBacktrace as core[df12db4294e9bfd3]::fmt::Display>::fmt
[INFO] [stdout]    1:     0x6356130986da - core[df12db4294e9bfd3]::fmt::write
[INFO] [stdout]    2:     0x63561308892c - <alloc[2182bb758b4b3781]::vec::Vec<u8> as core[df12db4294e9bfd3]::io::write::Write>::write_fmt
[INFO] [stdout]    3:     0x63561305fd56 - std[70759c8f55707aa4]::panicking::default_hook::{closure#0}
[INFO] [stdout]    4:     0x63561307c389 - std[70759c8f55707aa4]::panicking::default_hook
[INFO] [stdout]    5:     0x635613017d00 - test[9d35eded1c95d3be]::test_main_inner::<test[9d35eded1c95d3be]::test_main_static::{closure#0}>::{closure#0}
[INFO] [stdout]    6:     0x63561307c542 - std[70759c8f55707aa4]::panicking::panic_with_hook
[INFO] [stdout]    7:     0x63561305fe02 - std[70759c8f55707aa4]::panicking::panic_handler::{closure#0}
[INFO] [stdout]    8:     0x635613058959 - std[70759c8f55707aa4]::sys::backtrace::__rust_end_short_backtrace::<std[70759c8f55707aa4]::panicking::panic_handler::{closure#0}, !>
[INFO] [stdout]    9:     0x6356130609fd - __rustc[8fa7c3cbc660c2b3]::rust_begin_unwind
[INFO] [stdout]   10:     0x635613098e0c - core[df12db4294e9bfd3]::panicking::panic_fmt
[INFO] [stdout]   11:     0x635613002149 - type_authority[1fb93ce9047d3d98]::read::<std[70759c8f55707aa4]::path::PathBuf>::{closure#0}
[INFO] [stdout]   12:     0x635613005271 - <type_authority[1fb93ce9047d3d98]::types_crate_owns_the_logical_type_system::{closure#0} as core[df12db4294e9bfd3]::ops::function::FnOnce<()>>::call_once
[INFO] [stdout]   13:     0x63561300afeb - test[9d35eded1c95d3be]::__rust_begin_short_backtrace::<core[df12db4294e9bfd3]::result::Result<(), alloc[2182bb758b4b3781]::string::String>, fn() -> core[df12db4294e9bfd3]::result::Result<(), alloc[2182bb758b4b3781]::string::String>>
[INFO] [stdout]   14:     0x635613018655 - test[9d35eded1c95d3be]::run_test::{closure#0}
[INFO] [stdout]   15:     0x635613011f14 - std[70759c8f55707aa4]::sys::backtrace::__rust_begin_short_backtrace::<test[9d35eded1c95d3be]::run_test::{closure#1}, ()>
[INFO] [stdout]   16:     0x63561301b7b2 - <std[70759c8f55707aa4]::thread::lifecycle::spawn_unchecked<test[9d35eded1c95d3be]::run_test::{closure#1}, ()>::{closure#1} as core[df12db4294e9bfd3]::ops::function::FnOnce<()>>::call_once::{shim:vtable#0}
[INFO] [stdout]   17:     0x635613083709 - <std[70759c8f55707aa4]::sys::thread::unix::Thread>::new::thread_start
[INFO] [stdout]   18:     0x7379d202edfa - <unknown>
[INFO] [stdout]   19:     0x7379d20c23d4 - clone
[INFO] [stdout]   20:                0x0 - <unknown>
[INFO] [stdout] 
[INFO] [stdout] 
[INFO] [stdout] failures:
[INFO] [stdout]     renamed_seeded_concept_fixture_fails_the_fence
[INFO] [stdout]     server_imports_name_types_keystone_directly
[INFO] [stdout]     server_must_not_redeclare_seeded_authority_concepts
[INFO] [stdout]     server_must_not_redeclare_the_logical_type_system
[INFO] [stdout]     types_crate_owns_the_logical_type_system
[INFO] [stdout] 
[INFO] [stdout] test result: FAILED. 0 passed; 5 failed; 0 ignored; 0 measured; 0 filtered out; finished in 0.00s
[INFO] [stdout] 
[INFO] running `Command { std: "docker" "inspect" "e67029db6aa9ce4ec3deab5844e37b8f1658901324cbf89d9e430492d00c9f78", kill_on_drop: false }`
[INFO] running `Command { std: "docker" "rm" "-f" "e67029db6aa9ce4ec3deab5844e37b8f1658901324cbf89d9e430492d00c9f78", kill_on_drop: false }`
[INFO] [stdout] e67029db6aa9ce4ec3deab5844e37b8f1658901324cbf89d9e430492d00c9f78
