[INFO] fetching crate reda-spsim 0.2.1...
[INFO] testing reda-spsim-0.2.1 against 1.99.0-beta.8+cargoflags=--release for beta-release-1.100-2
[INFO] extracting crate reda-spsim 0.2.1 into /workspace/builds/worker-0-tc1/source
[INFO] started tweaking crates.io crate reda-spsim 0.2.1
[INFO] removed 0 missing examples
[INFO] finished tweaking crates.io crate reda-spsim 0.2.1
[INFO] tweaked toml for crates.io crate reda-spsim 0.2.1 written to /workspace/builds/worker-0-tc1/source/Cargo.toml
[INFO] validating manifest of crates.io crate reda-spsim 0.2.1 on toolchain 1.99.0-beta.8
[INFO] running `Command { std: CARGO_HOME="/workspace/cargo-home" RUSTUP_HOME="/workspace/rustup-home" "/workspace/cargo-home/bin/cargo" "+1.99.0-beta.8" "metadata" "--manifest-path" "Cargo.toml" "--no-deps", kill_on_drop: false }`
[INFO] crate crates.io crate reda-spsim 0.2.1 already has a lockfile, it will not be regenerated
[INFO] running `Command { std: CARGO_HOME="/workspace/cargo-home" RUSTUP_HOME="/workspace/rustup-home" "/workspace/cargo-home/bin/cargo" "+1.99.0-beta.8" "fetch" "--manifest-path" "Cargo.toml", kill_on_drop: false }`
[INFO] [stderr]     Updating crates.io index
[INFO] [stderr]  Downloading crates ...
[INFO] [stderr]   Downloaded reda-unit-macros v0.3.1
[INFO] [stderr]   Downloaded reda-unit v0.2.1
[INFO] [stderr]   Downloaded reda-sp v0.2.1
[INFO] [stderr]   Downloaded radium v0.5.3
[INFO] [stderr]   Downloaded bitvec v0.19.6
[INFO] [stderr]   Downloaded pathfinder_simd v0.5.5
[INFO] [stderr]   Downloaded font-kit v0.14.3
[INFO] [stderr]   Downloaded nom v6.1.2
[INFO] running `Command { std: "docker" "create" "-v" "/var/lib/crater-agent-workspace/builds/worker-0-tc1/source:/opt/rustwide/workdir:ro,Z" "-v" "/var/lib/crater-agent-workspace/builds/worker-0-tc1/target:/opt/rustwide/target:rw,Z" "-v" "/var/lib/crater-agent-workspace/cargo-home:/opt/rustwide/cargo-home:ro,Z" "-v" "/var/lib/crater-agent-workspace/rustup-home:/opt/rustwide/rustup-home:ro,Z" "-m" "1610612736" "--network" "none" "ghcr.io/rust-lang/crates-build-env/linux@sha256:77db811e55d90add9212f6832c23229e3de5f1c1f9905e8cb07319ea15df73ac" "sleep" "infinity", kill_on_drop: false }`
[INFO] [stdout] c34f418a7af1e5a04b747d61cac3fa0b801ae5214591debac969b4dfa6bb9ebd
[INFO] running `Command { std: "docker" "start" "c34f418a7af1e5a04b747d61cac3fa0b801ae5214591debac969b4dfa6bb9ebd", kill_on_drop: false }`
[INFO] running `Command { std: "docker" "inspect" "c34f418a7af1e5a04b747d61cac3fa0b801ae5214591debac969b4dfa6bb9ebd", kill_on_drop: false }`
[INFO] running `Command { std: "docker" "exec" "-e" "SOURCE_DIR=/opt/rustwide/workdir" "-e" "CARGO_HOME=/opt/rustwide/cargo-home" "-e" "RUSTUP_HOME=/opt/rustwide/rustup-home" "-e" "CARGO_TARGET_DIR=/opt/rustwide/target" "-w" "/opt/rustwide/workdir" "--user" "0:0" "c34f418a7af1e5a04b747d61cac3fa0b801ae5214591debac969b4dfa6bb9ebd" "/opt/rustwide/cargo-home/bin/cargo" "+1.99.0-beta.8" "metadata" "--no-deps" "--format-version=1", kill_on_drop: false }`
[INFO] running `Command { std: "docker" "inspect" "c34f418a7af1e5a04b747d61cac3fa0b801ae5214591debac969b4dfa6bb9ebd", kill_on_drop: false }`
[INFO] running `Command { std: "docker" "exec" "-e" "SOURCE_DIR=/opt/rustwide/workdir" "-e" "CARGO_HOME=/opt/rustwide/cargo-home" "-e" "RUSTUP_HOME=/opt/rustwide/rustup-home" "-e" "CARGO_TARGET_DIR=/opt/rustwide/target" "-e" "CARGO_INCREMENTAL=0" "-e" "RUST_BACKTRACE=full" "-e" "RUSTFLAGS=--cap-lints=warn" "-e" "RUSTDOCFLAGS=--cap-lints=warn" "-w" "/opt/rustwide/workdir" "--user" "0:0" "c34f418a7af1e5a04b747d61cac3fa0b801ae5214591debac969b4dfa6bb9ebd" "/opt/rustwide/cargo-home/bin/cargo" "+1.99.0-beta.8" "build" "--frozen" "--message-format=json" "--release", kill_on_drop: false }`
[INFO] [stderr]    Compiling memchr v2.7.6
[INFO] [stderr]    Compiling simd-adler32 v0.3.8
[INFO] [stderr]    Compiling winnow v0.7.14
[INFO] [stderr]    Compiling indexmap v2.12.1
[INFO] [stderr]    Compiling freetype-sys v0.20.1
[INFO] [stderr]    Compiling pathfinder_simd v0.5.5
[INFO] [stderr]    Compiling yeslogic-fontconfig-sys v6.0.0
[INFO] [stderr]    Compiling toml_datetime v0.7.3
[INFO] [stderr]    Compiling radium v0.5.3
[INFO] [stderr]    Compiling syn v2.0.111
[INFO] [stderr]    Compiling regex-syntax v0.8.8
[INFO] [stderr]    Compiling libloading v0.8.9
[INFO] [stderr]    Compiling serde v1.0.228
[INFO] [stderr]    Compiling unicode-segmentation v1.12.0
[INFO] [stderr]    Compiling lexical-core v0.7.6
[INFO] [stderr]    Compiling miniz_oxide v0.8.9
[INFO] [stderr]    Compiling fdeflate v0.3.7
[INFO] [stderr]    Compiling dlib v0.5.2
[INFO] [stderr]    Compiling nom v6.1.2
[INFO] [stderr]    Compiling dirs-sys v0.5.0
[INFO] [stderr]    Compiling funty v1.1.0
[INFO] [stderr]    Compiling jpeg-decoder v0.3.2
[INFO] [stderr]    Compiling bytemuck v1.24.0
[INFO] [stderr]    Compiling arrayvec v0.5.2
[INFO] [stderr]    Compiling aho-corasick v1.1.4
[INFO] [stderr]    Compiling convert_case v0.8.0
[INFO] [stderr]    Compiling wyz v0.2.0
[INFO] [stderr]    Compiling font-kit v0.14.3
[INFO] [stderr]    Compiling pathfinder_geometry v0.5.1
[INFO] [stderr]    Compiling bitvec v0.19.6
[INFO] [stderr]    Compiling serde_json v1.0.145
[INFO] [stderr]    Compiling dirs v6.0.0
[INFO] [stderr]    Compiling flate2 v1.1.5
[INFO] [stderr]    Compiling gif v0.12.0
[INFO] [stderr]    Compiling float-ord v0.3.2
[INFO] [stderr]    Compiling chrono v0.4.42
[INFO] [stderr]    Compiling ttf-parser v0.20.0
[INFO] [stderr]    Compiling png v0.17.16
[INFO] [stderr]    Compiling num-complex v0.4.6
[INFO] [stderr]    Compiling regex-automata v0.4.13
[INFO] [stderr]    Compiling image v0.24.9
[INFO] [stderr]    Compiling toml_parser v1.0.4
[INFO] [stderr]    Compiling toml_edit v0.23.9
[INFO] [stderr]    Compiling regex v1.12.2
[INFO] [stderr]    Compiling proc-macro-crate v3.4.0
[INFO] [stderr]    Compiling darling_core v0.20.11
[INFO] [stderr]    Compiling reda-unit-macros v0.3.1
[INFO] [stderr]    Compiling thiserror-impl v2.0.17
[INFO] [stderr]    Compiling plotters-bitmap v0.3.7
[INFO] [stderr]    Compiling reda-unit v0.2.1
[INFO] [stderr]    Compiling plotters v0.3.7
[INFO] [stderr]    Compiling thiserror v2.0.17
[INFO] [stderr]    Compiling darling_macro v0.20.11
[INFO] [stderr]    Compiling darling v0.20.11
[INFO] [stderr]    Compiling derive_builder_core v0.20.2
[INFO] [stderr]    Compiling derive_builder_macro v0.20.2
[INFO] [stderr]    Compiling derive_builder v0.20.2
[INFO] [stderr]    Compiling reda-sp v0.2.1
[INFO] [stderr]    Compiling reda-spsim v0.2.1 (/opt/rustwide/workdir)
[INFO] [stderr]     Finished `release` profile [optimized] target(s) in 49.23s
[INFO] [stderr] warning: the following packages contain code that will be rejected by a future version of Rust: nom v6.1.2
[INFO] [stderr] note: to see what the problems were, use the option `--future-incompat-report`, or run `cargo report future-incompatibilities --id 5`
[INFO] running `Command { std: "docker" "inspect" "c34f418a7af1e5a04b747d61cac3fa0b801ae5214591debac969b4dfa6bb9ebd", kill_on_drop: false }`
[INFO] running `Command { std: "docker" "exec" "-e" "SOURCE_DIR=/opt/rustwide/workdir" "-e" "CARGO_HOME=/opt/rustwide/cargo-home" "-e" "RUSTUP_HOME=/opt/rustwide/rustup-home" "-e" "CARGO_TARGET_DIR=/opt/rustwide/target" "-e" "CARGO_INCREMENTAL=0" "-e" "RUST_BACKTRACE=full" "-e" "RUSTFLAGS=--cap-lints=warn" "-e" "RUSTDOCFLAGS=--cap-lints=warn" "-w" "/opt/rustwide/workdir" "--user" "0:0" "c34f418a7af1e5a04b747d61cac3fa0b801ae5214591debac969b4dfa6bb9ebd" "/opt/rustwide/cargo-home/bin/cargo" "+1.99.0-beta.8" "test" "--frozen" "--no-run" "--message-format=json" "--release", kill_on_drop: false }`
[INFO] [stderr]    Compiling reda-spsim v0.2.1 (/opt/rustwide/workdir)
[INFO] [stderr]     Finished `release` profile [optimized] target(s) in 11.75s
[INFO] [stderr] warning: the following packages contain code that will be rejected by a future version of Rust: nom v6.1.2
[INFO] [stderr] note: to see what the problems were, use the option `--future-incompat-report`, or run `cargo report future-incompatibilities --id 5`
[INFO] running `Command { std: "docker" "inspect" "c34f418a7af1e5a04b747d61cac3fa0b801ae5214591debac969b4dfa6bb9ebd", kill_on_drop: false }`
[INFO] running `Command { std: "docker" "exec" "-e" "SOURCE_DIR=/opt/rustwide/workdir" "-e" "CARGO_HOME=/opt/rustwide/cargo-home" "-e" "RUSTUP_HOME=/opt/rustwide/rustup-home" "-e" "CARGO_TARGET_DIR=/opt/rustwide/target" "-e" "CARGO_INCREMENTAL=0" "-e" "RUST_BACKTRACE=full" "-e" "RUSTFLAGS=--cap-lints=warn" "-e" "RUSTDOCFLAGS=--cap-lints=warn" "-w" "/opt/rustwide/workdir" "--user" "0:0" "c34f418a7af1e5a04b747d61cac3fa0b801ae5214591debac969b4dfa6bb9ebd" "/opt/rustwide/cargo-home/bin/cargo" "+1.99.0-beta.8" "test" "--frozen" "--release", kill_on_drop: false }`
[INFO] [stderr]     Finished `release` profile [optimized] target(s) in 0.13s
[INFO] [stderr] warning: the following packages contain code that will be rejected by a future version of Rust: nom v6.1.2
[INFO] [stderr] note: to see what the problems were, use the option `--future-incompat-report`, or run `cargo report future-incompatibilities --id 5`
[INFO] [stderr]      Running unittests src/lib.rs (/opt/rustwide/target/release/deps/reda_spsim-ae9d80a71d37e155)
[INFO] [stdout] 
[INFO] [stdout] running 11 tests
[INFO] [stdout] test simulate::ngspice::server::tests::test_op ... FAILED
[INFO] [stdout] test simulate::ngspice::server::tests::test_dc_analysis ... FAILED
[INFO] [stdout] test netlist::test::test_dc ... FAILED
[INFO] [stdout] test simulate::ngspice::shared::tests::test_operating_point_analysis ... FAILED
[INFO] [stdout] test simulate::ngspice::server::tests::test_dc ... FAILED
[INFO] [stdout] test simulate::ngspice::shared::tests::test_tran_analysis ... FAILED
[INFO] [stdout] test simulate::ngspice::shared::tests::test_load_lib ... FAILED
[INFO] [stdout] test simulate::ngspice::shared::tests::test_dc_analysis ... FAILED
[INFO] [stdout] test simulate::ngspice::server::tests::test_op_analysis ... FAILED
[INFO] [stdout] test simulate::ngspice::server::tests::test_tran_analysis ... FAILED
[INFO] [stdout] test simulate::ngspice::shared::tests::test_use_shared ... FAILED
[INFO] [stdout] 
[INFO] [stdout] failures:
[INFO] [stdout] 
[INFO] [stdout] ---- simulate::ngspice::server::tests::test_op stdout ----
[INFO] [stdout] 
[INFO] [stdout] thread 'simulate::ngspice::server::tests::test_op' (1796) panicked at src/simulate/ngspice/server/mod.rs:100:39:
[INFO] [stderr] error: test failed, to rerun pass `--lib`
[INFO] [stdout] run fialed: Io(Os { code: 2, kind: NotFound, message: "No such file or directory" })
[INFO] [stdout] stack backtrace:
[INFO] [stdout]    0:     0x5f7df0c1ef61 - <<std[70759c8f55707aa4]::sys::backtrace::BacktraceLock>::print::DisplayBacktrace as core[df12db4294e9bfd3]::fmt::Display>::fmt
[INFO] [stdout]    1:     0x5f7df0c35a0a - core[df12db4294e9bfd3]::fmt::write
[INFO] [stdout]    2:     0x5f7df0c2346c - <alloc[2182bb758b4b3781]::vec::Vec<u8> as core[df12db4294e9bfd3]::io::write::Write>::write_fmt
[INFO] [stdout]    3:     0x5f7df0bfb0a6 - std[70759c8f55707aa4]::panicking::default_hook::{closure#0}
[INFO] [stdout]    4:     0x5f7df0c176a9 - std[70759c8f55707aa4]::panicking::default_hook
[INFO] [stdout]    5:     0x5f7df0aed800 - test[9d35eded1c95d3be]::test_main_inner::<test[9d35eded1c95d3be]::test_main_static::{closure#0}>::{closure#0}
[INFO] [stdout]    6:     0x5f7df0c17862 - std[70759c8f55707aa4]::panicking::panic_with_hook
[INFO] [stdout]    7:     0x5f7df0bfb152 - std[70759c8f55707aa4]::panicking::panic_handler::{closure#0}
[INFO] [stdout]    8:     0x5f7df0bf3ed9 - std[70759c8f55707aa4]::sys::backtrace::__rust_end_short_backtrace::<std[70759c8f55707aa4]::panicking::panic_handler::{closure#0}, !>
[INFO] [stdout]    9:     0x5f7df0bfbd4d - __rustc[8fa7c3cbc660c2b3]::rust_begin_unwind
[INFO] [stdout]   10:     0x5f7df0c361ec - core[df12db4294e9bfd3]::panicking::panic_fmt
[INFO] [stdout]   11:     0x5f7df0c35fc2 - core[df12db4294e9bfd3]::result::unwrap_failed
[INFO] [stdout]   12:     0x5f7df0adcf83 - reda_spsim[b0c6ad8dbc2e1ea8]::simulate::ngspice::server::tests::test_op
[INFO] [stdout]   13:     0x5f7df0ad2ea9 - <reda_spsim[b0c6ad8dbc2e1ea8]::simulate::ngspice::server::tests::test_op::{closure#0} as core[df12db4294e9bfd3]::ops::function::FnOnce<()>>::call_once
[INFO] [stdout]   14:     0x5f7df0ae0aeb - test[9d35eded1c95d3be]::__rust_begin_short_backtrace::<core[df12db4294e9bfd3]::result::Result<(), alloc[2182bb758b4b3781]::string::String>, fn() -> core[df12db4294e9bfd3]::result::Result<(), alloc[2182bb758b4b3781]::string::String>>
[INFO] [stdout]   15:     0x5f7df0aee155 - test[9d35eded1c95d3be]::run_test::{closure#0}
[INFO] [stdout]   16:     0x5f7df0ae7a14 - std[70759c8f55707aa4]::sys::backtrace::__rust_begin_short_backtrace::<test[9d35eded1c95d3be]::run_test::{closure#1}, ()>
[INFO] [stdout]   17:     0x5f7df0af12b2 - <std[70759c8f55707aa4]::thread::lifecycle::spawn_unchecked<test[9d35eded1c95d3be]::run_test::{closure#1}, ()>::{closure#1} as core[df12db4294e9bfd3]::ops::function::FnOnce<()>>::call_once::{shim:vtable#0}
[INFO] [stdout]   18:     0x5f7df0c1e839 - <std[70759c8f55707aa4]::sys::thread::unix::Thread>::new::thread_start
[INFO] [stdout]   19:     0x74fe805b0dfa - <unknown>
[INFO] [stdout]   20:     0x74fe806443d4 - clone
[INFO] [stdout]   21:                0x0 - <unknown>
[INFO] [stdout] 
[INFO] [stdout] ---- simulate::ngspice::server::tests::test_dc_analysis stdout ----
[INFO] [stdout] 
[INFO] [stdout] thread 'simulate::ngspice::server::tests::test_dc_analysis' (1795) panicked at src/simulate/ngspice/server/mod.rs:167:43:
[INFO] [stdout] run fialed: Io(Os { code: 2, kind: NotFound, message: "No such file or directory" })
[INFO] [stdout] stack backtrace:
[INFO] [stdout]    0:     0x5f7df0c1ef61 - <<std[70759c8f55707aa4]::sys::backtrace::BacktraceLock>::print::DisplayBacktrace as core[df12db4294e9bfd3]::fmt::Display>::fmt
[INFO] [stdout]    1:     0x5f7df0c35a0a - core[df12db4294e9bfd3]::fmt::write
[INFO] [stdout]    2:     0x5f7df0c2346c - <alloc[2182bb758b4b3781]::vec::Vec<u8> as core[df12db4294e9bfd3]::io::write::Write>::write_fmt
[INFO] [stdout]    3:     0x5f7df0bfb0a6 - std[70759c8f55707aa4]::panicking::default_hook::{closure#0}
[INFO] [stdout]    4:     0x5f7df0c176a9 - std[70759c8f55707aa4]::panicking::default_hook
[INFO] [stdout]    5:     0x5f7df0aed800 - test[9d35eded1c95d3be]::test_main_inner::<test[9d35eded1c95d3be]::test_main_static::{closure#0}>::{closure#0}
[INFO] [stdout]    6:     0x5f7df0c17862 - std[70759c8f55707aa4]::panicking::panic_with_hook
[INFO] [stdout]    7:     0x5f7df0bfb152 - std[70759c8f55707aa4]::panicking::panic_handler::{closure#0}
[INFO] [stdout]    8:     0x5f7df0bf3ed9 - std[70759c8f55707aa4]::sys::backtrace::__rust_end_short_backtrace::<std[70759c8f55707aa4]::panicking::panic_handler::{closure#0}, !>
[INFO] [stdout]    9:     0x5f7df0bfbd4d - __rustc[8fa7c3cbc660c2b3]::rust_begin_unwind
[INFO] [stdout]   10:     0x5f7df0c361ec - core[df12db4294e9bfd3]::panicking::panic_fmt
[INFO] [stdout]   11:     0x5f7df0c35fc2 - core[df12db4294e9bfd3]::result::unwrap_failed
[INFO] [stdout]   12:     0x5f7df0adb980 - reda_spsim[b0c6ad8dbc2e1ea8]::simulate::ngspice::server::tests::test_dc_analysis
[INFO] [stdout]   13:     0x5f7df0ad2e29 - <reda_spsim[b0c6ad8dbc2e1ea8]::simulate::ngspice::server::tests::test_dc_analysis::{closure#0} as core[df12db4294e9bfd3]::ops::function::FnOnce<()>>::call_once
[INFO] [stdout]   14:     0x5f7df0ae0aeb - test[9d35eded1c95d3be]::__rust_begin_short_backtrace::<core[df12db4294e9bfd3]::result::Result<(), alloc[2182bb758b4b3781]::string::String>, fn() -> core[df12db4294e9bfd3]::result::Result<(), alloc[2182bb758b4b3781]::string::String>>
[INFO] [stdout]   15:     0x5f7df0aee155 - test[9d35eded1c95d3be]::run_test::{closure#0}
[INFO] [stdout]   16:     0x5f7df0ae7a14 - std[70759c8f55707aa4]::sys::backtrace::__rust_begin_short_backtrace::<test[9d35eded1c95d3be]::run_test::{closure#1}, ()>
[INFO] [stdout]   17:     0x5f7df0af12b2 - <std[70759c8f55707aa4]::thread::lifecycle::spawn_unchecked<test[9d35eded1c95d3be]::run_test::{closure#1}, ()>::{closure#1} as core[df12db4294e9bfd3]::ops::function::FnOnce<()>>::call_once::{shim:vtable#0}
[INFO] [stdout]   18:     0x5f7df0c1e839 - <std[70759c8f55707aa4]::sys::thread::unix::Thread>::new::thread_start
[INFO] [stdout]   19:     0x74fe805b0dfa - <unknown>
[INFO] [stdout]   20:     0x74fe806443d4 - clone
[INFO] [stdout]   21:                0x0 - <unknown>
[INFO] [stdout] 
[INFO] [stdout] ---- netlist::test::test_dc stdout ----
[INFO] [stdout] 
[INFO] [stdout] thread 'netlist::test::test_dc' (1793) panicked at src/netlist/mod.rs:78:47:
[INFO] [stdout] called `Result::unwrap()` on an `Err` value: Library("libngspice.so: cannot open shared object file: No such file or directory")
[INFO] [stdout] stack backtrace:
[INFO] [stdout]    0:     0x5f7df0c1ef61 - <<std[70759c8f55707aa4]::sys::backtrace::BacktraceLock>::print::DisplayBacktrace as core[df12db4294e9bfd3]::fmt::Display>::fmt
[INFO] [stdout]    1:     0x5f7df0c35a0a - core[df12db4294e9bfd3]::fmt::write
[INFO] [stdout]    2:     0x5f7df0c2346c - <alloc[2182bb758b4b3781]::vec::Vec<u8> as core[df12db4294e9bfd3]::io::write::Write>::write_fmt
[INFO] [stdout]    3:     0x5f7df0bfb0a6 - std[70759c8f55707aa4]::panicking::default_hook::{closure#0}
[INFO] [stdout]    4:     0x5f7df0c176a9 - std[70759c8f55707aa4]::panicking::default_hook
[INFO] [stdout]    5:     0x5f7df0aed800 - test[9d35eded1c95d3be]::test_main_inner::<test[9d35eded1c95d3be]::test_main_static::{closure#0}>::{closure#0}
[INFO] [stdout]    6:     0x5f7df0c17862 - std[70759c8f55707aa4]::panicking::panic_with_hook
[INFO] [stdout]    7:     0x5f7df0bfb152 - std[70759c8f55707aa4]::panicking::panic_handler::{closure#0}
[INFO] [stdout]    8:     0x5f7df0bf3ed9 - std[70759c8f55707aa4]::sys::backtrace::__rust_end_short_backtrace::<std[70759c8f55707aa4]::panicking::panic_handler::{closure#0}, !>
[INFO] [stdout]    9:     0x5f7df0bfbd4d - __rustc[8fa7c3cbc660c2b3]::rust_begin_unwind
[INFO] [stdout]   10:     0x5f7df0c361ec - core[df12db4294e9bfd3]::panicking::panic_fmt
[INFO] [stdout]   11:     0x5f7df0c35fc2 - core[df12db4294e9bfd3]::result::unwrap_failed
[INFO] [stdout]   12:     0x5f7df0adb340 - reda_spsim[b0c6ad8dbc2e1ea8]::netlist::test::test_dc
[INFO] [stdout]   13:     0x5f7df0ad2e09 - <reda_spsim[b0c6ad8dbc2e1ea8]::netlist::test::test_dc::{closure#0} as core[df12db4294e9bfd3]::ops::function::FnOnce<()>>::call_once
[INFO] [stdout]   14:     0x5f7df0ae0aeb - test[9d35eded1c95d3be]::__rust_begin_short_backtrace::<core[df12db4294e9bfd3]::result::Result<(), alloc[2182bb758b4b3781]::string::String>, fn() -> core[df12db4294e9bfd3]::result::Result<(), alloc[2182bb758b4b3781]::string::String>>
[INFO] [stdout]   15:     0x5f7df0aee155 - test[9d35eded1c95d3be]::run_test::{closure#0}
[INFO] [stdout]   16:     0x5f7df0ae7a14 - std[70759c8f55707aa4]::sys::backtrace::__rust_begin_short_backtrace::<test[9d35eded1c95d3be]::run_test::{closure#1}, ()>
[INFO] [stdout]   17:     0x5f7df0af12b2 - <std[70759c8f55707aa4]::thread::lifecycle::spawn_unchecked<test[9d35eded1c95d3be]::run_test::{closure#1}, ()>::{closure#1} as core[df12db4294e9bfd3]::ops::function::FnOnce<()>>::call_once::{shim:vtable#0}
[INFO] [stdout]   18:     0x5f7df0c1e839 - <std[70759c8f55707aa4]::sys::thread::unix::Thread>::new::thread_start
[INFO] [stdout]   19:     0x74fe805b0dfa - <unknown>
[INFO] [stdout]   20:     0x74fe806443d4 - clone
[INFO] [stdout]   21:                0x0 - <unknown>
[INFO] [stdout] 
[INFO] [stdout] ---- simulate::ngspice::shared::tests::test_operating_point_analysis stdout ----
[INFO] [stdout] 
[INFO] [stdout] thread 'simulate::ngspice::shared::tests::test_operating_point_analysis' (1804) panicked at src/simulate/ngspice/shared/mod.rs:680:14:
[INFO] [stdout] Failed to create NgSpiceShared: Library("libngspice.so: cannot open shared object file: No such file or directory")
[INFO] [stdout] stack backtrace:
[INFO] [stdout]    0:     0x5f7df0c1ef61 - <<std[70759c8f55707aa4]::sys::backtrace::BacktraceLock>::print::DisplayBacktrace as core[df12db4294e9bfd3]::fmt::Display>::fmt
[INFO] [stdout]    1:     0x5f7df0c35a0a - core[df12db4294e9bfd3]::fmt::write
[INFO] [stdout]    2:     0x5f7df0c2346c - <alloc[2182bb758b4b3781]::vec::Vec<u8> as core[df12db4294e9bfd3]::io::write::Write>::write_fmt
[INFO] [stdout]    3:     0x5f7df0bfb0a6 - std[70759c8f55707aa4]::panicking::default_hook::{closure#0}
[INFO] [stdout]    4:     0x5f7df0c176a9 - std[70759c8f55707aa4]::panicking::default_hook
[INFO] [stdout]    5:     0x5f7df0aed800 - test[9d35eded1c95d3be]::test_main_inner::<test[9d35eded1c95d3be]::test_main_static::{closure#0}>::{closure#0}
[INFO] [stdout]    6:     0x5f7df0c17862 - std[70759c8f55707aa4]::panicking::panic_with_hook
[INFO] [stdout]    7:     0x5f7df0bfb152 - std[70759c8f55707aa4]::panicking::panic_handler::{closure#0}
[INFO] [stdout]    8:     0x5f7df0bf3ed9 - std[70759c8f55707aa4]::sys::backtrace::__rust_end_short_backtrace::<std[70759c8f55707aa4]::panicking::panic_handler::{closure#0}, !>
[INFO] [stdout]    9:     0x5f7df0bfbd4d - __rustc[8fa7c3cbc660c2b3]::rust_begin_unwind
[INFO] [stdout]   10:     0x5f7df0c361ec - core[df12db4294e9bfd3]::panicking::panic_fmt
[INFO] [stdout]   11:     0x5f7df0c35fc2 - core[df12db4294e9bfd3]::result::unwrap_failed
[INFO] [stdout]   12:     0x5f7df0ad53bd - <reda_spsim[b0c6ad8dbc2e1ea8]::simulate::ngspice::shared::tests::test_operating_point_analysis::{closure#0} as core[df12db4294e9bfd3]::ops::function::FnOnce<()>>::call_once
[INFO] [stdout]   13:     0x5f7df0ae0aeb - test[9d35eded1c95d3be]::__rust_begin_short_backtrace::<core[df12db4294e9bfd3]::result::Result<(), alloc[2182bb758b4b3781]::string::String>, fn() -> core[df12db4294e9bfd3]::result::Result<(), alloc[2182bb758b4b3781]::string::String>>
[INFO] [stdout]   14:     0x5f7df0aee155 - test[9d35eded1c95d3be]::run_test::{closure#0}
[INFO] [stdout]   15:     0x5f7df0ae7a14 - std[70759c8f55707aa4]::sys::backtrace::__rust_begin_short_backtrace::<test[9d35eded1c95d3be]::run_test::{closure#1}, ()>
[INFO] [stdout]   16:     0x5f7df0af12b2 - <std[70759c8f55707aa4]::thread::lifecycle::spawn_unchecked<test[9d35eded1c95d3be]::run_test::{closure#1}, ()>::{closure#1} as core[df12db4294e9bfd3]::ops::function::FnOnce<()>>::call_once::{shim:vtable#0}
[INFO] [stdout]   17:     0x5f7df0c1e839 - <std[70759c8f55707aa4]::sys::thread::unix::Thread>::new::thread_start
[INFO] [stdout]   18:     0x74fe805b0dfa - <unknown>
[INFO] [stdout]   19:     0x74fe806443d4 - clone
[INFO] [stdout]   20:                0x0 - <unknown>
[INFO] [stdout] 
[INFO] [stdout] ---- simulate::ngspice::server::tests::test_dc stdout ----
[INFO] [stdout] 
[INFO] [stdout] thread 'simulate::ngspice::server::tests::test_dc' (1794) panicked at src/simulate/ngspice/server/mod.rs:151:39:
[INFO] [stdout] run fialed: Io(Os { code: 2, kind: NotFound, message: "No such file or directory" })
[INFO] [stdout] stack backtrace:
[INFO] [stdout]    0:     0x5f7df0c1ef61 - <<std[70759c8f55707aa4]::sys::backtrace::BacktraceLock>::print::DisplayBacktrace as core[df12db4294e9bfd3]::fmt::Display>::fmt
[INFO] [stdout]    1:     0x5f7df0c35a0a - core[df12db4294e9bfd3]::fmt::write
[INFO] [stdout]    2:     0x5f7df0c2346c - <alloc[2182bb758b4b3781]::vec::Vec<u8> as core[df12db4294e9bfd3]::io::write::Write>::write_fmt
[INFO] [stdout]    3:     0x5f7df0bfb0a6 - std[70759c8f55707aa4]::panicking::default_hook::{closure#0}
[INFO] [stdout]    4:     0x5f7df0c176a9 - std[70759c8f55707aa4]::panicking::default_hook
[INFO] [stdout]    5:     0x5f7df0aed800 - test[9d35eded1c95d3be]::test_main_inner::<test[9d35eded1c95d3be]::test_main_static::{closure#0}>::{closure#0}
[INFO] [stdout]    6:     0x5f7df0c17862 - std[70759c8f55707aa4]::panicking::panic_with_hook
[INFO] [stdout]    7:     0x5f7df0bfb152 - std[70759c8f55707aa4]::panicking::panic_handler::{closure#0}
[INFO] [stdout]    8:     0x5f7df0bf3ed9 - std[70759c8f55707aa4]::sys::backtrace::__rust_end_short_backtrace::<std[70759c8f55707aa4]::panicking::panic_handler::{closure#0}, !>
[INFO] [stdout]    9:     0x5f7df0bfbd4d - __rustc[8fa7c3cbc660c2b3]::rust_begin_unwind
[INFO] [stdout]   10:     0x5f7df0c361ec - core[df12db4294e9bfd3]::panicking::panic_fmt
[INFO] [stdout]   11:     0x5f7df0c35fc2 - core[df12db4294e9bfd3]::result::unwrap_failed
[INFO] [stdout]   12:     0x5f7df0adcde3 - reda_spsim[b0c6ad8dbc2e1ea8]::simulate::ngspice::server::tests::test_dc
[INFO] [stdout]   13:     0x5f7df0ad2e89 - <reda_spsim[b0c6ad8dbc2e1ea8]::simulate::ngspice::server::tests::test_dc::{closure#0} as core[df12db4294e9bfd3]::ops::function::FnOnce<()>>::call_once
[INFO] [stdout]   14:     0x5f7df0ae0aeb - test[9d35eded1c95d3be]::__rust_begin_short_backtrace::<core[df12db4294e9bfd3]::result::Result<(), alloc[2182bb758b4b3781]::string::String>, fn() -> core[df12db4294e9bfd3]::result::Result<(), alloc[2182bb758b4b3781]::string::String>>
[INFO] [stdout]   15:     0x5f7df0aee155 - test[9d35eded1c95d3be]::run_test::{closure#0}
[INFO] [stdout]   16:     0x5f7df0ae7a14 - std[70759c8f55707aa4]::sys::backtrace::__rust_begin_short_backtrace::<test[9d35eded1c95d3be]::run_test::{closure#1}, ()>
[INFO] [stdout]   17:     0x5f7df0af12b2 - <std[70759c8f55707aa4]::thread::lifecycle::spawn_unchecked<test[9d35eded1c95d3be]::run_test::{closure#1}, ()>::{closure#1} as core[df12db4294e9bfd3]::ops::function::FnOnce<()>>::call_once::{shim:vtable#0}
[INFO] [stdout]   18:     0x5f7df0c1e839 - <std[70759c8f55707aa4]::sys::thread::unix::Thread>::new::thread_start
[INFO] [stdout]   19:     0x74fe805b0dfa - <unknown>
[INFO] [stdout]   20:     0x74fe806443d4 - clone
[INFO] [stdout]   21:                0x0 - <unknown>
[INFO] [stdout] 
[INFO] [stdout] ---- simulate::ngspice::shared::tests::test_tran_analysis stdout ----
[INFO] [stdout] 
[INFO] [stdout] thread 'simulate::ngspice::shared::tests::test_tran_analysis' (1805) panicked at src/simulate/ngspice/shared/mod.rs:588:47:
[INFO] [stdout] Failed to create NgSpiceShared: Library("libngspice.so: cannot open shared object file: No such file or directory")
[INFO] [stdout] stack backtrace:
[INFO] [stdout]    0:     0x5f7df0c1ef61 - <<std[70759c8f55707aa4]::sys::backtrace::BacktraceLock>::print::DisplayBacktrace as core[df12db4294e9bfd3]::fmt::Display>::fmt
[INFO] [stdout]    1:     0x5f7df0c35a0a - core[df12db4294e9bfd3]::fmt::write
[INFO] [stdout]    2:     0x5f7df0c2346c - <alloc[2182bb758b4b3781]::vec::Vec<u8> as core[df12db4294e9bfd3]::io::write::Write>::write_fmt
[INFO] [stdout]    3:     0x5f7df0bfb0a6 - std[70759c8f55707aa4]::panicking::default_hook::{closure#0}
[INFO] [stdout]    4:     0x5f7df0c176a9 - std[70759c8f55707aa4]::panicking::default_hook
[INFO] [stdout]    5:     0x5f7df0aed800 - test[9d35eded1c95d3be]::test_main_inner::<test[9d35eded1c95d3be]::test_main_static::{closure#0}>::{closure#0}
[INFO] [stdout]    6:     0x5f7df0c17862 - std[70759c8f55707aa4]::panicking::panic_with_hook
[INFO] [stdout]    7:     0x5f7df0bfb152 - std[70759c8f55707aa4]::panicking::panic_handler::{closure#0}
[INFO] [stdout]    8:     0x5f7df0bf3ed9 - std[70759c8f55707aa4]::sys::backtrace::__rust_end_short_backtrace::<std[70759c8f55707aa4]::panicking::panic_handler::{closure#0}, !>
[INFO] [stdout]    9:     0x5f7df0bfbd4d - __rustc[8fa7c3cbc660c2b3]::rust_begin_unwind
[INFO] [stdout]   10:     0x5f7df0c361ec - core[df12db4294e9bfd3]::panicking::panic_fmt
[INFO] [stdout]   11:     0x5f7df0c35fc2 - core[df12db4294e9bfd3]::result::unwrap_failed
[INFO] [stdout]   12:     0x5f7df0ad4622 - <reda_spsim[b0c6ad8dbc2e1ea8]::simulate::ngspice::shared::tests::test_tran_analysis::{closure#0} as core[df12db4294e9bfd3]::ops::function::FnOnce<()>>::call_once
[INFO] [stdout]   13:     0x5f7df0ae0aeb - test[9d35eded1c95d3be]::__rust_begin_short_backtrace::<core[df12db4294e9bfd3]::result::Result<(), alloc[2182bb758b4b3781]::string::String>, fn() -> core[df12db4294e9bfd3]::result::Result<(), alloc[2182bb758b4b3781]::string::String>>
[INFO] [stdout]   14:     0x5f7df0aee155 - test[9d35eded1c95d3be]::run_test::{closure#0}
[INFO] [stdout]   15:     0x5f7df0ae7a14 - std[70759c8f55707aa4]::sys::backtrace::__rust_begin_short_backtrace::<test[9d35eded1c95d3be]::run_test::{closure#1}, ()>
[INFO] [stdout]   16:     0x5f7df0af12b2 - <std[70759c8f55707aa4]::thread::lifecycle::spawn_unchecked<test[9d35eded1c95d3be]::run_test::{closure#1}, ()>::{closure#1} as core[df12db4294e9bfd3]::ops::function::FnOnce<()>>::call_once::{shim:vtable#0}
[INFO] [stdout]   17:     0x5f7df0c1e839 - <std[70759c8f55707aa4]::sys::thread::unix::Thread>::new::thread_start
[INFO] [stdout]   18:     0x74fe805b0dfa - <unknown>
[INFO] [stdout]   19:     0x74fe806443d4 - clone
[INFO] [stdout]   20:                0x0 - <unknown>
[INFO] [stdout] 
[INFO] [stdout] ---- simulate::ngspice::shared::tests::test_load_lib stdout ----
[INFO] [stdout] 
[INFO] [stdout] thread 'simulate::ngspice::shared::tests::test_load_lib' (1803) panicked at src/simulate/ngspice/shared/mod.rs:549:47:
[INFO] [stdout] Failed to create NgSpiceShared: Library("libngspice.so: cannot open shared object file: No such file or directory")
[INFO] [stdout] stack backtrace:
[INFO] [stdout]    0:     0x5f7df0c1ef61 - <<std[70759c8f55707aa4]::sys::backtrace::BacktraceLock>::print::DisplayBacktrace as core[df12db4294e9bfd3]::fmt::Display>::fmt
[INFO] [stdout]    1:     0x5f7df0c35a0a - core[df12db4294e9bfd3]::fmt::write
[INFO] [stdout]    2:     0x5f7df0c2346c - <alloc[2182bb758b4b3781]::vec::Vec<u8> as core[df12db4294e9bfd3]::io::write::Write>::write_fmt
[INFO] [stdout]    3:     0x5f7df0bfb0a6 - std[70759c8f55707aa4]::panicking::default_hook::{closure#0}
[INFO] [stdout]    4:     0x5f7df0c176a9 - std[70759c8f55707aa4]::panicking::default_hook
[INFO] [stdout]    5:     0x5f7df0aed800 - test[9d35eded1c95d3be]::test_main_inner::<test[9d35eded1c95d3be]::test_main_static::{closure#0}>::{closure#0}
[INFO] [stdout]    6:     0x5f7df0c17862 - std[70759c8f55707aa4]::panicking::panic_with_hook
[INFO] [stdout]    7:     0x5f7df0bfb152 - std[70759c8f55707aa4]::panicking::panic_handler::{closure#0}
[INFO] [stdout]    8:     0x5f7df0bf3ed9 - std[70759c8f55707aa4]::sys::backtrace::__rust_end_short_backtrace::<std[70759c8f55707aa4]::panicking::panic_handler::{closure#0}, !>
[INFO] [stdout]    9:     0x5f7df0bfbd4d - __rustc[8fa7c3cbc660c2b3]::rust_begin_unwind
[INFO] [stdout]   10:     0x5f7df0c361ec - core[df12db4294e9bfd3]::panicking::panic_fmt
[INFO] [stdout]   11:     0x5f7df0c35fc2 - core[df12db4294e9bfd3]::result::unwrap_failed
[INFO] [stdout]   12:     0x5f7df0ad2fdb - <reda_spsim[b0c6ad8dbc2e1ea8]::simulate::ngspice::shared::tests::test_load_lib::{closure#0} as core[df12db4294e9bfd3]::ops::function::FnOnce<()>>::call_once
[INFO] [stdout]   13:     0x5f7df0ae0aeb - test[9d35eded1c95d3be]::__rust_begin_short_backtrace::<core[df12db4294e9bfd3]::result::Result<(), alloc[2182bb758b4b3781]::string::String>, fn() -> core[df12db4294e9bfd3]::result::Result<(), alloc[2182bb758b4b3781]::string::String>>
[INFO] [stdout]   14:     0x5f7df0aee155 - test[9d35eded1c95d3be]::run_test::{closure#0}
[INFO] [stdout]   15:     0x5f7df0ae7a14 - std[70759c8f55707aa4]::sys::backtrace::__rust_begin_short_backtrace::<test[9d35eded1c95d3be]::run_test::{closure#1}, ()>
[INFO] [stdout]   16:     0x5f7df0af12b2 - <std[70759c8f55707aa4]::thread::lifecycle::spawn_unchecked<test[9d35eded1c95d3be]::run_test::{closure#1}, ()>::{closure#1} as core[df12db4294e9bfd3]::ops::function::FnOnce<()>>::call_once::{shim:vtable#0}
[INFO] [stdout]   17:     0x5f7df0c1e839 - <std[70759c8f55707aa4]::sys::thread::unix::Thread>::new::thread_start
[INFO] [stdout]   18:     0x74fe805b0dfa - <unknown>
[INFO] [stdout]   19:     0x74fe806443d4 - clone
[INFO] [stdout]   20:                0x0 - <unknown>
[INFO] [stdout] 
[INFO] [stdout] ---- simulate::ngspice::shared::tests::test_dc_analysis stdout ----
[INFO] [stdout] 
[INFO] [stdout] thread 'simulate::ngspice::shared::tests::test_dc_analysis' (1802) panicked at src/simulate/ngspice/shared/mod.rs:631:14:
[INFO] [stdout] Failed to create NgSpiceShared: Library("libngspice.so: cannot open shared object file: No such file or directory")
[INFO] [stdout] stack backtrace:
[INFO] [stdout]    0:     0x5f7df0c1ef61 - <<std[70759c8f55707aa4]::sys::backtrace::BacktraceLock>::print::DisplayBacktrace as core[df12db4294e9bfd3]::fmt::Display>::fmt
[INFO] [stdout]    1:     0x5f7df0c35a0a - core[df12db4294e9bfd3]::fmt::write
[INFO] [stdout]    2:     0x5f7df0c2346c - <alloc[2182bb758b4b3781]::vec::Vec<u8> as core[df12db4294e9bfd3]::io::write::Write>::write_fmt
[INFO] [stdout]    3:     0x5f7df0bfb0a6 - std[70759c8f55707aa4]::panicking::default_hook::{closure#0}
[INFO] [stdout]    4:     0x5f7df0c176a9 - std[70759c8f55707aa4]::panicking::default_hook
[INFO] [stdout]    5:     0x5f7df0aed800 - test[9d35eded1c95d3be]::test_main_inner::<test[9d35eded1c95d3be]::test_main_static::{closure#0}>::{closure#0}
[INFO] [stdout]    6:     0x5f7df0c17862 - std[70759c8f55707aa4]::panicking::panic_with_hook
[INFO] [stdout]    7:     0x5f7df0bfb152 - std[70759c8f55707aa4]::panicking::panic_handler::{closure#0}
[INFO] [stdout]    8:     0x5f7df0bf3ed9 - std[70759c8f55707aa4]::sys::backtrace::__rust_end_short_backtrace::<std[70759c8f55707aa4]::panicking::panic_handler::{closure#0}, !>
[INFO] [stdout]    9:     0x5f7df0bfbd4d - __rustc[8fa7c3cbc660c2b3]::rust_begin_unwind
[INFO] [stdout]   10:     0x5f7df0c361ec - core[df12db4294e9bfd3]::panicking::panic_fmt
[INFO] [stdout]   11:     0x5f7df0c35fc2 - core[df12db4294e9bfd3]::result::unwrap_failed
[INFO] [stdout]   12:     0x5f7df0ad3cab - <reda_spsim[b0c6ad8dbc2e1ea8]::simulate::ngspice::shared::tests::test_dc_analysis::{closure#0} as core[df12db4294e9bfd3]::ops::function::FnOnce<()>>::call_once
[INFO] [stdout]   13:     0x5f7df0ae0aeb - test[9d35eded1c95d3be]::__rust_begin_short_backtrace::<core[df12db4294e9bfd3]::result::Result<(), alloc[2182bb758b4b3781]::string::String>, fn() -> core[df12db4294e9bfd3]::result::Result<(), alloc[2182bb758b4b3781]::string::String>>
[INFO] [stdout]   14:     0x5f7df0aee155 - test[9d35eded1c95d3be]::run_test::{closure#0}
[INFO] [stdout]   15:     0x5f7df0ae7a14 - std[70759c8f55707aa4]::sys::backtrace::__rust_begin_short_backtrace::<test[9d35eded1c95d3be]::run_test::{closure#1}, ()>
[INFO] [stdout]   16:     0x5f7df0af12b2 - <std[70759c8f55707aa4]::thread::lifecycle::spawn_unchecked<test[9d35eded1c95d3be]::run_test::{closure#1}, ()>::{closure#1} as core[df12db4294e9bfd3]::ops::function::FnOnce<()>>::call_once::{shim:vtable#0}
[INFO] [stdout]   17:     0x5f7df0c1e839 - <std[70759c8f55707aa4]::sys::thread::unix::Thread>::new::thread_start
[INFO] [stdout]   18:     0x74fe805b0dfa - <unknown>
[INFO] [stdout]   19:     0x74fe806443d4 - clone
[INFO] [stdout]   20:                0x0 - <unknown>
[INFO] [stdout] 
[INFO] [stdout] ---- simulate::ngspice::server::tests::test_op_analysis stdout ----
[INFO] [stdout] 
[INFO] [stdout] thread 'simulate::ngspice::server::tests::test_op_analysis' (1797) panicked at src/simulate/ngspice/server/mod.rs:116:43:
[INFO] [stdout] run fialed: Io(Os { code: 2, kind: NotFound, message: "No such file or directory" })
[INFO] [stdout] stack backtrace:
[INFO] [stdout]    0:     0x5f7df0c1ef61 - <<std[70759c8f55707aa4]::sys::backtrace::BacktraceLock>::print::DisplayBacktrace as core[df12db4294e9bfd3]::fmt::Display>::fmt
[INFO] [stdout]    1:     0x5f7df0c35a0a - core[df12db4294e9bfd3]::fmt::write
[INFO] [stdout]    2:     0x5f7df0c2346c - <alloc[2182bb758b4b3781]::vec::Vec<u8> as core[df12db4294e9bfd3]::io::write::Write>::write_fmt
[INFO] [stdout]    3:     0x5f7df0bfb0a6 - std[70759c8f55707aa4]::panicking::default_hook::{closure#0}
[INFO] [stdout]    4:     0x5f7df0c176a9 - std[70759c8f55707aa4]::panicking::default_hook
[INFO] [stdout]    5:     0x5f7df0aed800 - test[9d35eded1c95d3be]::test_main_inner::<test[9d35eded1c95d3be]::test_main_static::{closure#0}>::{closure#0}
[INFO] [stdout]    6:     0x5f7df0c17862 - std[70759c8f55707aa4]::panicking::panic_with_hook
[INFO] [stdout]    7:     0x5f7df0bfb152 - std[70759c8f55707aa4]::panicking::panic_handler::{closure#0}
[INFO] [stdout]    8:     0x5f7df0bf3ed9 - std[70759c8f55707aa4]::sys::backtrace::__rust_end_short_backtrace::<std[70759c8f55707aa4]::panicking::panic_handler::{closure#0}, !>
[INFO] [stdout]    9:     0x5f7df0bfbd4d - __rustc[8fa7c3cbc660c2b3]::rust_begin_unwind
[INFO] [stdout]   10:     0x5f7df0c361ec - core[df12db4294e9bfd3]::panicking::panic_fmt
[INFO] [stdout]   11:     0x5f7df0c35fc2 - core[df12db4294e9bfd3]::result::unwrap_failed
[INFO] [stdout]   12:     0x5f7df0adc2f5 - reda_spsim[b0c6ad8dbc2e1ea8]::simulate::ngspice::server::tests::test_op_analysis
[INFO] [stdout]   13:     0x5f7df0ad2e49 - <reda_spsim[b0c6ad8dbc2e1ea8]::simulate::ngspice::server::tests::test_op_analysis::{closure#0} as core[df12db4294e9bfd3]::ops::function::FnOnce<()>>::call_once
[INFO] [stdout]   14:     0x5f7df0ae0aeb - test[9d35eded1c95d3be]::__rust_begin_short_backtrace::<core[df12db4294e9bfd3]::result::Result<(), alloc[2182bb758b4b3781]::string::String>, fn() -> core[df12db4294e9bfd3]::result::Result<(), alloc[2182bb758b4b3781]::string::String>>
[INFO] [stdout]   15:     0x5f7df0aee155 - test[9d35eded1c95d3be]::run_test::{closure#0}
[INFO] [stdout]   16:     0x5f7df0ae7a14 - std[70759c8f55707aa4]::sys::backtrace::__rust_begin_short_backtrace::<test[9d35eded1c95d3be]::run_test::{closure#1}, ()>
[INFO] [stdout]   17:     0x5f7df0af12b2 - <std[70759c8f55707aa4]::thread::lifecycle::spawn_unchecked<test[9d35eded1c95d3be]::run_test::{closure#1}, ()>::{closure#1} as core[df12db4294e9bfd3]::ops::function::FnOnce<()>>::call_once::{shim:vtable#0}
[INFO] [stdout]   18:     0x5f7df0c1e839 - <std[70759c8f55707aa4]::sys::thread::unix::Thread>::new::thread_start
[INFO] [stdout]   19:     0x74fe805b0dfa - <unknown>
[INFO] [stdout]   20:     0x74fe806443d4 - clone
[INFO] [stdout]   21:                0x0 - <unknown>
[INFO] [stdout] 
[INFO] [stdout] ---- simulate::ngspice::server::tests::test_tran_analysis stdout ----
[INFO] [stdout] 
[INFO] [stdout] thread 'simulate::ngspice::server::tests::test_tran_analysis' (1801) panicked at src/simulate/ngspice/server/mod.rs:208:43:
[INFO] [stdout] run fialed: Io(Os { code: 2, kind: NotFound, message: "No such file or directory" })
[INFO] [stdout] stack backtrace:
[INFO] [stdout]    0:     0x5f7df0c1ef61 - <<std[70759c8f55707aa4]::sys::backtrace::BacktraceLock>::print::DisplayBacktrace as core[df12db4294e9bfd3]::fmt::Display>::fmt
[INFO] [stdout]    1:     0x5f7df0c35a0a - core[df12db4294e9bfd3]::fmt::write
[INFO] [stdout]    2:     0x5f7df0c2346c - <alloc[2182bb758b4b3781]::vec::Vec<u8> as core[df12db4294e9bfd3]::io::write::Write>::write_fmt
[INFO] [stdout]    3:     0x5f7df0bfb0a6 - std[70759c8f55707aa4]::panicking::default_hook::{closure#0}
[INFO] [stdout]    4:     0x5f7df0c176a9 - std[70759c8f55707aa4]::panicking::default_hook
[INFO] [stdout]    5:     0x5f7df0aed800 - test[9d35eded1c95d3be]::test_main_inner::<test[9d35eded1c95d3be]::test_main_static::{closure#0}>::{closure#0}
[INFO] [stdout]    6:     0x5f7df0c17862 - std[70759c8f55707aa4]::panicking::panic_with_hook
[INFO] [stdout]    7:     0x5f7df0bfb152 - std[70759c8f55707aa4]::panicking::panic_handler::{closure#0}
[INFO] [stdout]    8:     0x5f7df0bf3ed9 - std[70759c8f55707aa4]::sys::backtrace::__rust_end_short_backtrace::<std[70759c8f55707aa4]::panicking::panic_handler::{closure#0}, !>
[INFO] [stdout]    9:     0x5f7df0bfbd4d - __rustc[8fa7c3cbc660c2b3]::rust_begin_unwind
[INFO] [stdout]   10:     0x5f7df0c361ec - core[df12db4294e9bfd3]::panicking::panic_fmt
[INFO] [stdout]   11:     0x5f7df0c35fc2 - core[df12db4294e9bfd3]::result::unwrap_failed
[INFO] [stdout]   12:     0x5f7df0adcb49 - reda_spsim[b0c6ad8dbc2e1ea8]::simulate::ngspice::server::tests::test_tran_analysis
[INFO] [stdout]   13:     0x5f7df0ad2e69 - <reda_spsim[b0c6ad8dbc2e1ea8]::simulate::ngspice::server::tests::test_tran_analysis::{closure#0} as core[df12db4294e9bfd3]::ops::function::FnOnce<()>>::call_once
[INFO] [stdout]   14:     0x5f7df0ae0aeb - test[9d35eded1c95d3be]::__rust_begin_short_backtrace::<core[df12db4294e9bfd3]::result::Result<(), alloc[2182bb758b4b3781]::string::String>, fn() -> core[df12db4294e9bfd3]::result::Result<(), alloc[2182bb758b4b3781]::string::String>>
[INFO] [stdout]   15:     0x5f7df0aee155 - test[9d35eded1c95d3be]::run_test::{closure#0}
[INFO] [stdout]   16:     0x5f7df0ae7a14 - std[70759c8f55707aa4]::sys::backtrace::__rust_begin_short_backtrace::<test[9d35eded1c95d3be]::run_test::{closure#1}, ()>
[INFO] [stdout]   17:     0x5f7df0af12b2 - <std[70759c8f55707aa4]::thread::lifecycle::spawn_unchecked<test[9d35eded1c95d3be]::run_test::{closure#1}, ()>::{closure#1} as core[df12db4294e9bfd3]::ops::function::FnOnce<()>>::call_once::{shim:vtable#0}
[INFO] [stdout]   18:     0x5f7df0c1e839 - <std[70759c8f55707aa4]::sys::thread::unix::Thread>::new::thread_start
[INFO] [stdout]   19:     0x74fe805b0dfa - <unknown>
[INFO] [stdout]   20:     0x74fe806443d4 - clone
[INFO] [stdout]   21:                0x0 - <unknown>
[INFO] [stdout] 
[INFO] [stdout] ---- simulate::ngspice::shared::tests::test_use_shared stdout ----
[INFO] [stdout] 
[INFO] [stdout] thread 'simulate::ngspice::shared::tests::test_use_shared' (1806) panicked at src/simulate/ngspice/shared/mod.rs:557:47:
[INFO] [stdout] Failed to create NgSpiceShared: Library("libngspice.so: cannot open shared object file: No such file or directory")
[INFO] [stdout] stack backtrace:
[INFO] [stdout]    0:     0x5f7df0c1ef61 - <<std[70759c8f55707aa4]::sys::backtrace::BacktraceLock>::print::DisplayBacktrace as core[df12db4294e9bfd3]::fmt::Display>::fmt
[INFO] [stdout]    1:     0x5f7df0c35a0a - core[df12db4294e9bfd3]::fmt::write
[INFO] [stdout]    2:     0x5f7df0c2346c - <alloc[2182bb758b4b3781]::vec::Vec<u8> as core[df12db4294e9bfd3]::io::write::Write>::write_fmt
[INFO] [stdout]    3:     0x5f7df0bfb0a6 - std[70759c8f55707aa4]::panicking::default_hook::{closure#0}
[INFO] [stdout]    4:     0x5f7df0c176a9 - std[70759c8f55707aa4]::panicking::default_hook
[INFO] [stdout]    5:     0x5f7df0aed800 - test[9d35eded1c95d3be]::test_main_inner::<test[9d35eded1c95d3be]::test_main_static::{closure#0}>::{closure#0}
[INFO] [stdout]    6:     0x5f7df0c17862 - std[70759c8f55707aa4]::panicking::panic_with_hook
[INFO] [stdout]    7:     0x5f7df0bfb152 - std[70759c8f55707aa4]::panicking::panic_handler::{closure#0}
[INFO] [stdout]    8:     0x5f7df0bf3ed9 - std[70759c8f55707aa4]::sys::backtrace::__rust_end_short_backtrace::<std[70759c8f55707aa4]::panicking::panic_handler::{closure#0}, !>
[INFO] [stdout]    9:     0x5f7df0bfbd4d - __rustc[8fa7c3cbc660c2b3]::rust_begin_unwind
[INFO] [stdout]   10:     0x5f7df0c361ec - core[df12db4294e9bfd3]::panicking::panic_fmt
[INFO] [stdout]   11:     0x5f7df0c35fc2 - core[df12db4294e9bfd3]::result::unwrap_failed
[INFO] [stdout]   12:     0x5f7df0ad33d4 - <reda_spsim[b0c6ad8dbc2e1ea8]::simulate::ngspice::shared::tests::test_use_shared::{closure#0} as core[df12db4294e9bfd3]::ops::function::FnOnce<()>>::call_once
[INFO] [stdout]   13:     0x5f7df0ae0aeb - test[9d35eded1c95d3be]::__rust_begin_short_backtrace::<core[df12db4294e9bfd3]::result::Result<(), alloc[2182bb758b4b3781]::string::String>, fn() -> core[df12db4294e9bfd3]::result::Result<(), alloc[2182bb758b4b3781]::string::String>>
[INFO] [stdout]   14:     0x5f7df0aee155 - test[9d35eded1c95d3be]::run_test::{closure#0}
[INFO] [stdout]   15:     0x5f7df0ae7a14 - std[70759c8f55707aa4]::sys::backtrace::__rust_begin_short_backtrace::<test[9d35eded1c95d3be]::run_test::{closure#1}, ()>
[INFO] [stdout]   16:     0x5f7df0af12b2 - <std[70759c8f55707aa4]::thread::lifecycle::spawn_unchecked<test[9d35eded1c95d3be]::run_test::{closure#1}, ()>::{closure#1} as core[df12db4294e9bfd3]::ops::function::FnOnce<()>>::call_once::{shim:vtable#0}
[INFO] [stdout]   17:     0x5f7df0c1e839 - <std[70759c8f55707aa4]::sys::thread::unix::Thread>::new::thread_start
[INFO] [stdout]   18:     0x74fe805b0dfa - <unknown>
[INFO] [stdout]   19:     0x74fe806443d4 - clone
[INFO] [stdout]   20:                0x0 - <unknown>
[INFO] [stdout] 
[INFO] [stdout] 
[INFO] [stdout] failures:
[INFO] [stdout]     netlist::test::test_dc
[INFO] [stdout]     simulate::ngspice::server::tests::test_dc
[INFO] [stdout]     simulate::ngspice::server::tests::test_dc_analysis
[INFO] [stdout]     simulate::ngspice::server::tests::test_op
[INFO] [stdout]     simulate::ngspice::server::tests::test_op_analysis
[INFO] [stdout]     simulate::ngspice::server::tests::test_tran_analysis
[INFO] [stdout]     simulate::ngspice::shared::tests::test_dc_analysis
[INFO] [stdout]     simulate::ngspice::shared::tests::test_load_lib
[INFO] [stdout]     simulate::ngspice::shared::tests::test_operating_point_analysis
[INFO] [stdout]     simulate::ngspice::shared::tests::test_tran_analysis
[INFO] [stdout]     simulate::ngspice::shared::tests::test_use_shared
[INFO] [stdout] 
[INFO] [stdout] test result: FAILED. 0 passed; 11 failed; 0 ignored; 0 measured; 0 filtered out; finished in 0.01s
[INFO] [stdout] 
[INFO] running `Command { std: "docker" "inspect" "c34f418a7af1e5a04b747d61cac3fa0b801ae5214591debac969b4dfa6bb9ebd", kill_on_drop: false }`
[INFO] running `Command { std: "docker" "rm" "-f" "c34f418a7af1e5a04b747d61cac3fa0b801ae5214591debac969b4dfa6bb9ebd", kill_on_drop: false }`
[INFO] [stdout] c34f418a7af1e5a04b747d61cac3fa0b801ae5214591debac969b4dfa6bb9ebd
