[INFO] fetching crate record-render 0.1.9...
[INFO] testing record-render-0.1.9 against 1.100.0-beta.1+cargoflags=--release for beta-release-1.100-2
[INFO] extracting crate record-render 0.1.9 into /workspace/builds/worker-4-tc2/source
[INFO] started tweaking crates.io crate record-render 0.1.9
[INFO] removed 0 missing examples
[INFO] finished tweaking crates.io crate record-render 0.1.9
[INFO] tweaked toml for crates.io crate record-render 0.1.9 written to /workspace/builds/worker-4-tc2/source/Cargo.toml
[INFO] validating manifest of crates.io crate record-render 0.1.9 on toolchain 1.100.0-beta.1
[INFO] running `Command { std: CARGO_HOME="/workspace/cargo-home" RUSTUP_HOME="/workspace/rustup-home" "/workspace/cargo-home/bin/cargo" "+1.100.0-beta.1" "metadata" "--manifest-path" "Cargo.toml" "--no-deps", kill_on_drop: false }`
[INFO] crate crates.io crate record-render 0.1.9 already has a lockfile, it will not be regenerated
[INFO] running `Command { std: CARGO_HOME="/workspace/cargo-home" RUSTUP_HOME="/workspace/rustup-home" "/workspace/cargo-home/bin/cargo" "+1.100.0-beta.1" "fetch" "--manifest-path" "Cargo.toml", kill_on_drop: false }`
[INFO] running `Command { std: "docker" "create" "-v" "/var/lib/crater-agent-workspace/builds/worker-4-tc2/source:/opt/rustwide/workdir:ro,Z" "-v" "/var/lib/crater-agent-workspace/builds/worker-4-tc2/target:/opt/rustwide/target:rw,Z" "-v" "/var/lib/crater-agent-workspace/cargo-home:/opt/rustwide/cargo-home:ro,Z" "-v" "/var/lib/crater-agent-workspace/rustup-home:/opt/rustwide/rustup-home:ro,Z" "-m" "1610612736" "--network" "none" "ghcr.io/rust-lang/crates-build-env/linux@sha256:77db811e55d90add9212f6832c23229e3de5f1c1f9905e8cb07319ea15df73ac" "sleep" "infinity", kill_on_drop: false }`
[INFO] [stdout] e190e0e59524c554606876db47ccc073fcca53629d672178a090c7ac99bfc4ad
[INFO] running `Command { std: "docker" "start" "e190e0e59524c554606876db47ccc073fcca53629d672178a090c7ac99bfc4ad", kill_on_drop: false }`
[INFO] running `Command { std: "docker" "inspect" "e190e0e59524c554606876db47ccc073fcca53629d672178a090c7ac99bfc4ad", kill_on_drop: false }`
[INFO] running `Command { std: "docker" "exec" "-e" "SOURCE_DIR=/opt/rustwide/workdir" "-e" "CARGO_HOME=/opt/rustwide/cargo-home" "-e" "RUSTUP_HOME=/opt/rustwide/rustup-home" "-e" "CARGO_TARGET_DIR=/opt/rustwide/target" "-w" "/opt/rustwide/workdir" "--user" "0:0" "e190e0e59524c554606876db47ccc073fcca53629d672178a090c7ac99bfc4ad" "/opt/rustwide/cargo-home/bin/cargo" "+1.100.0-beta.1" "metadata" "--no-deps" "--format-version=1", kill_on_drop: false }`
[INFO] running `Command { std: "docker" "inspect" "e190e0e59524c554606876db47ccc073fcca53629d672178a090c7ac99bfc4ad", kill_on_drop: false }`
[INFO] running `Command { std: "docker" "exec" "-e" "SOURCE_DIR=/opt/rustwide/workdir" "-e" "CARGO_HOME=/opt/rustwide/cargo-home" "-e" "RUSTUP_HOME=/opt/rustwide/rustup-home" "-e" "CARGO_TARGET_DIR=/opt/rustwide/target" "-e" "CARGO_INCREMENTAL=0" "-e" "RUST_BACKTRACE=full" "-e" "RUSTFLAGS=--cap-lints=warn" "-e" "RUSTDOCFLAGS=--cap-lints=warn" "-w" "/opt/rustwide/workdir" "--user" "0:0" "e190e0e59524c554606876db47ccc073fcca53629d672178a090c7ac99bfc4ad" "/opt/rustwide/cargo-home/bin/cargo" "+1.100.0-beta.1" "build" "--frozen" "--message-format=json" "--release", kill_on_drop: false }`
[INFO] [stderr]    Compiling generic-array v0.14.7
[INFO] [stderr]    Compiling typenum v1.20.1
[INFO] [stderr]    Compiling proc-macro2 v1.0.106
[INFO] [stderr]    Compiling quote v1.0.45
[INFO] [stderr]    Compiling crc32fast v1.5.0
[INFO] [stderr]    Compiling simd-adler32 v0.3.9
[INFO] [stderr]    Compiling adler2 v2.0.1
[INFO] [stderr]    Compiling serde_core v1.0.228
[INFO] [stderr]    Compiling anyhow v1.0.102
[INFO] [stderr]    Compiling utf8parse v0.2.2
[INFO] [stderr]    Compiling cpufeatures v0.2.17
[INFO] [stderr]    Compiling anstyle-query v1.1.5
[INFO] [stderr]    Compiling zmij v1.0.21
[INFO] [stderr]    Compiling num-traits v0.2.19
[INFO] [stderr]    Compiling matrixmultiply v0.3.10
[INFO] [stderr]    Compiling colorchoice v1.0.5
[INFO] [stderr]    Compiling is_terminal_polyfill v1.70.2
[INFO] [stderr]    Compiling anstyle v1.0.14
[INFO] [stderr]    Compiling anstyle-parse v1.0.0
[INFO] [stderr]    Compiling strsim v0.11.1
[INFO] [stderr]    Compiling thiserror v1.0.69
[INFO] [stderr]    Compiling heck v0.5.0
[INFO] [stderr]    Compiling serde v1.0.228
[INFO] [stderr]    Compiling rawpointer v0.2.1
[INFO] [stderr]    Compiling serde_json v1.0.150
[INFO] [stderr]    Compiling clap_lex v1.1.0
[INFO] [stderr]    Compiling zeroize v1.8.2
[INFO] [stderr]    Compiling miniz_oxide v0.8.9
[INFO] [stderr]    Compiling fdeflate v0.3.7
[INFO] [stderr]    Compiling anstream v1.0.0
[INFO] [stderr]    Compiling bitflags v1.3.2
[INFO] [stderr]    Compiling opaque-debug v0.3.1
[INFO] [stderr]    Compiling alloc-no-stdlib v2.0.4
[INFO] [stderr]    Compiling memchr v2.8.1
[INFO] [stderr]    Compiling bitflags v2.13.0
[INFO] [stderr]    Compiling pxfm v0.1.29
[INFO] [stderr]    Compiling byteorder-lite v0.1.0
[INFO] [stderr]    Compiling alloc-stdlib v0.2.2
[INFO] [stderr]    Compiling clap_builder v4.6.0
[INFO] [stderr]    Compiling flate2 v1.1.9
[INFO] [stderr]    Compiling brotli-decompressor v4.0.3
[INFO] [stderr]    Compiling bytemuck v1.25.0
[INFO] [stderr]    Compiling png v0.17.16
[INFO] [stderr]    Compiling png v0.18.1
[INFO] [stderr]    Compiling syn v2.0.117
[INFO] [stderr]    Compiling num-integer v0.1.46
[INFO] [stderr]    Compiling num-complex v0.4.6
[INFO] [stderr]    Compiling record-groove v0.1.9
[INFO] [stderr]    Compiling bytes2rgb v0.1.9
[INFO] [stderr]    Compiling ndarray v0.17.2
[INFO] [stderr]    Compiling crypto-common v0.1.7
[INFO] [stderr]    Compiling inout v0.1.4
[INFO] [stderr]    Compiling block-buffer v0.10.4
[INFO] [stderr]    Compiling cipher v0.4.4
[INFO] [stderr]    Compiling digest v0.10.7
[INFO] [stderr]    Compiling universal-hash v0.5.1
[INFO] [stderr]    Compiling poly1305 v0.8.0
[INFO] [stderr]    Compiling aead v0.5.2
[INFO] [stderr]    Compiling sha2 v0.10.9
[INFO] [stderr]    Compiling chacha20 v0.9.1
[INFO] [stderr]    Compiling brotli v7.0.0
[INFO] [stderr]    Compiling chacha20poly1305 v0.10.1
[INFO] [stderr]    Compiling moxcms v0.8.1
[INFO] [stderr]    Compiling clap_derive v4.6.1
[INFO] [stderr]    Compiling serde_derive v1.0.228
[INFO] [stderr]    Compiling thiserror-impl v1.0.69
[INFO] [stderr]    Compiling clap v4.6.1
[INFO] [stderr]    Compiling image v0.25.10
[INFO] [stderr]    Compiling encodec-rs v0.1.1
[INFO] [stderr]    Compiling record-core v0.1.9
[INFO] [stderr]    Compiling record-descriptor v0.1.9
[INFO] [stderr]    Compiling record-cut v0.1.9
[INFO] [stderr]    Compiling record-decode v0.1.9
[INFO] [stderr]    Compiling record-render v0.1.9 (/opt/rustwide/workdir)
[INFO] [stdout] warning: variable does not need to be mutable
[INFO] [stdout]     --> src/lib.rs:1196:13
[INFO] [stdout]      |
[INFO] [stdout] 1196 |     let (_, mut ordered, _, _) = trace_record_spiral(
[INFO] [stdout]      |             ----^^^^^^^
[INFO] [stdout]      |             |
[INFO] [stdout]      |             help: remove this `mut`
[INFO] [stdout]      |
[INFO] [stdout]      = note: `#[warn(unused_mut)]` (part of `#[warn(unused)]`) on by default
[INFO] [stdout] 
[INFO] [stdout] 
[INFO] [stdout] warning: field `silent_groove_bounds` is never read
[INFO] [stdout]    --> src/lib.rs:472:5
[INFO] [stdout]     |
[INFO] [stdout] 455 | struct TransparentRender {
[INFO] [stdout]     |        ----------------- field in this struct
[INFO] [stdout] ...
[INFO] [stdout] 472 |     silent_groove_bounds: Option<(usize, usize)>,
[INFO] [stdout]     |     ^^^^^^^^^^^^^^^^^^^^
[INFO] [stdout]     |
[INFO] [stdout]     = note: `TransparentRender` has derived impls for the traits `Clone` and `Debug`, but these are intentionally ignored during dead code analysis
[INFO] [stdout]     = note: `#[warn(dead_code)]` (part of `#[warn(unused)]`) on by default
[INFO] [stdout] 
[INFO] [stdout] 
[INFO] [stderr]     Finished `release` profile [optimized] target(s) in 1m 21s
[INFO] running `Command { std: "docker" "inspect" "e190e0e59524c554606876db47ccc073fcca53629d672178a090c7ac99bfc4ad", kill_on_drop: false }`
[INFO] running `Command { std: "docker" "exec" "-e" "SOURCE_DIR=/opt/rustwide/workdir" "-e" "CARGO_HOME=/opt/rustwide/cargo-home" "-e" "RUSTUP_HOME=/opt/rustwide/rustup-home" "-e" "CARGO_TARGET_DIR=/opt/rustwide/target" "-e" "CARGO_INCREMENTAL=0" "-e" "RUST_BACKTRACE=full" "-e" "RUSTFLAGS=--cap-lints=warn" "-e" "RUSTDOCFLAGS=--cap-lints=warn" "-w" "/opt/rustwide/workdir" "--user" "0:0" "e190e0e59524c554606876db47ccc073fcca53629d672178a090c7ac99bfc4ad" "/opt/rustwide/cargo-home/bin/cargo" "+1.100.0-beta.1" "test" "--frozen" "--no-run" "--message-format=json" "--release", kill_on_drop: false }`
[INFO] [stderr]    Compiling zeroize v1.8.2
[INFO] [stderr]    Compiling semver v1.0.28
[INFO] [stderr]    Compiling curve25519-dalek-derive v0.1.1
[INFO] [stderr]    Compiling signature v2.2.0
[INFO] [stderr]    Compiling ed25519 v2.2.3
[INFO] [stderr]    Compiling cipher v0.4.4
[INFO] [stderr]    Compiling rustc_version v0.4.1
[INFO] [stderr]    Compiling chacha20 v0.9.1
[INFO] [stderr]    Compiling chacha20poly1305 v0.10.1
[INFO] [stderr]    Compiling curve25519-dalek v4.1.3
[INFO] [stderr]    Compiling record-core v0.1.9
[INFO] [stderr]    Compiling ed25519-dalek v2.2.0
[INFO] [stderr]    Compiling record-descriptor v0.1.9
[INFO] [stderr]    Compiling record-decode v0.1.9
[INFO] [stderr]    Compiling record-cut v0.1.9
[INFO] [stderr]    Compiling record-render v0.1.9 (/opt/rustwide/workdir)
[INFO] [stdout] warning: variable does not need to be mutable
[INFO] [stdout]     --> src/lib.rs:1196:13
[INFO] [stdout]      |
[INFO] [stdout] 1196 |     let (_, mut ordered, _, _) = trace_record_spiral(
[INFO] [stdout]      |             ----^^^^^^^
[INFO] [stdout]      |             |
[INFO] [stdout]      |             help: remove this `mut`
[INFO] [stdout]      |
[INFO] [stdout]      = note: `#[warn(unused_mut)]` (part of `#[warn(unused)]`) on by default
[INFO] [stdout] 
[INFO] [stdout] 
[INFO] [stdout] warning: field `silent_groove_bounds` is never read
[INFO] [stdout]    --> src/lib.rs:472:5
[INFO] [stdout]     |
[INFO] [stdout] 455 | struct TransparentRender {
[INFO] [stdout]     |        ----------------- field in this struct
[INFO] [stdout] ...
[INFO] [stdout] 472 |     silent_groove_bounds: Option<(usize, usize)>,
[INFO] [stdout]     |     ^^^^^^^^^^^^^^^^^^^^
[INFO] [stdout]     |
[INFO] [stdout]     = note: `TransparentRender` has derived impls for the traits `Clone` and `Debug`, but these are intentionally ignored during dead code analysis
[INFO] [stdout]     = note: `#[warn(dead_code)]` (part of `#[warn(unused)]`) on by default
[INFO] [stdout] 
[INFO] [stdout] 
[INFO] [stdout] warning: variable does not need to be mutable
[INFO] [stdout]     --> src/lib.rs:1196:13
[INFO] [stdout]      |
[INFO] [stdout] 1196 |     let (_, mut ordered, _, _) = trace_record_spiral(
[INFO] [stdout]      |             ----^^^^^^^
[INFO] [stdout]      |             |
[INFO] [stdout]      |             help: remove this `mut`
[INFO] [stdout]      |
[INFO] [stdout]      = note: `#[warn(unused_mut)]` (part of `#[warn(unused)]`) on by default
[INFO] [stdout] 
[INFO] [stdout] 
[INFO] [stdout] warning: field `silent_groove_bounds` is never read
[INFO] [stdout]    --> src/lib.rs:472:5
[INFO] [stdout]     |
[INFO] [stdout] 455 | struct TransparentRender {
[INFO] [stdout]     |        ----------------- field in this struct
[INFO] [stdout] ...
[INFO] [stdout] 472 |     silent_groove_bounds: Option<(usize, usize)>,
[INFO] [stdout]     |     ^^^^^^^^^^^^^^^^^^^^
[INFO] [stdout]     |
[INFO] [stdout]     = note: `TransparentRender` has derived impls for the traits `Clone` and `Debug`, but these are intentionally ignored during dead code analysis
[INFO] [stdout]     = note: `#[warn(dead_code)]` (part of `#[warn(unused)]`) on by default
[INFO] [stdout] 
[INFO] [stdout] 
[INFO] [stderr]     Finished `release` profile [optimized] target(s) in 24.18s
[INFO] running `Command { std: "docker" "inspect" "e190e0e59524c554606876db47ccc073fcca53629d672178a090c7ac99bfc4ad", kill_on_drop: false }`
[INFO] running `Command { std: "docker" "exec" "-e" "SOURCE_DIR=/opt/rustwide/workdir" "-e" "CARGO_HOME=/opt/rustwide/cargo-home" "-e" "RUSTUP_HOME=/opt/rustwide/rustup-home" "-e" "CARGO_TARGET_DIR=/opt/rustwide/target" "-e" "CARGO_INCREMENTAL=0" "-e" "RUST_BACKTRACE=full" "-e" "RUSTFLAGS=--cap-lints=warn" "-e" "RUSTDOCFLAGS=--cap-lints=warn" "-w" "/opt/rustwide/workdir" "--user" "0:0" "e190e0e59524c554606876db47ccc073fcca53629d672178a090c7ac99bfc4ad" "/opt/rustwide/cargo-home/bin/cargo" "+1.100.0-beta.1" "test" "--frozen" "--release", kill_on_drop: false }`
[INFO] [stderr] warning: variable does not need to be mutable
[INFO] [stderr]     --> src/lib.rs:1196:13
[INFO] [stderr]      |
[INFO] [stderr] 1196 |     let (_, mut ordered, _, _) = trace_record_spiral(
[INFO] [stderr]      |             ----^^^^^^^
[INFO] [stderr]      |             |
[INFO] [stderr]      |             help: remove this `mut`
[INFO] [stderr]      |
[INFO] [stderr]      = note: `#[warn(unused_mut)]` (part of `#[warn(unused)]`) on by default
[INFO] [stderr] 
[INFO] [stderr] warning: field `silent_groove_bounds` is never read
[INFO] [stderr]    --> src/lib.rs:472:5
[INFO] [stderr]     |
[INFO] [stderr] 455 | struct TransparentRender {
[INFO] [stderr]     |        ----------------- field in this struct
[INFO] [stderr] ...
[INFO] [stderr] 472 |     silent_groove_bounds: Option<(usize, usize)>,
[INFO] [stderr]     |     ^^^^^^^^^^^^^^^^^^^^
[INFO] [stderr]     |
[INFO] [stderr]     = note: `TransparentRender` has derived impls for the traits `Clone` and `Debug`, but these are intentionally ignored during dead code analysis
[INFO] [stderr]     = note: `#[warn(dead_code)]` (part of `#[warn(unused)]`) on by default
[INFO] [stderr] 
[INFO] [stderr] warning: `record-render` (lib) generated 2 warnings (run `cargo fix --lib -p record-render` to apply 1 suggestion)
[INFO] [stderr] warning: `record-render` (lib test) generated 2 warnings (2 duplicates)
[INFO] [stderr]     Finished `release` profile [optimized] target(s) in 0.13s
[INFO] [stderr]      Running unittests src/lib.rs (/opt/rustwide/target/release/build/record-render/3c2b9a23cff6b6b6/out/record_render-3c2b9a23cff6b6b6)
[INFO] [stdout] 
[INFO] [stdout] running 41 tests
[INFO] [stdout] test tests::a_format_is_found_by_the_name_it_gives ... ok
[INFO] [stdout] test tests::a_ringed_clock_tones_the_groove_and_round_trips ... FAILED
[INFO] [stdout] test tests::a_short_cut_spends_its_room_on_the_run_out_not_the_silent_groove ... FAILED
[INFO] [stdout] test tests::an_uncompiled_format_refuses_by_name ... ok
[INFO] [stdout] test tests::regenerate_golden_records ... ignored
[INFO] [stdout] test tests::no_track_gaps_produces_no_lighter_spans ... FAILED
[INFO] [stdout] test tests::a_short_cut_stops_short_of_the_label ... FAILED
[INFO] [stdout] test tests::a_record_transcodes_through_every_compiled_format ... FAILED
[INFO] [stdout] test tests::renders_single45_golden_and_decodes_back_to_payload ... FAILED
[INFO] [stdout] test tests::scan_mobygratis_corpus_for_single45_overflow ... ignored
[INFO] [stdout] test tests::clock_toned_groove_round_trips_with_gaps ... FAILED
[INFO] [stdout] test tests::every_export_format_returns_the_record_exactly ... FAILED
[INFO] [stdout] test tests::the_density_bounds_clamp_the_pitch_at_both_ends ... FAILED
[INFO] [stdout] test tests::archimedean_render_ignores_family_plumbing ... FAILED
[INFO] [stdout] test tests::a_wheel_toned_trailer_carries_the_header_too ... FAILED
[INFO] [stdout] test tests::invalid_gap_tone_lightness_is_rejected ... FAILED
[INFO] [stdout] test tests::gap_tone_lightness_zero_matches_track_tone ... FAILED
[INFO] [stdout] test tests::a_pinned_nominal_holds_the_pitch_still_while_the_payload_grows ... FAILED
[INFO] [stdout] test tests::the_descriptor_band_of_a_pressed_record_is_mid_grey ... FAILED
[INFO] [stdout] test tests::the_silent_groove_and_the_trailer_are_cut_in_colour ... FAILED
[INFO] [stdout] test tests::the_silent_groove_is_an_addressable_carrier_even_while_it_holds_nothing ... FAILED
[INFO] [stdout] test tests::the_silent_groove_picks_the_groove_up_where_the_programme_left_it ... FAILED
[INFO] [stdout] test tests::track_gap_entry_uses_lighter_groove_tone_and_round_trips ... FAILED
[INFO] [stdout] test tests::renders_lp_golden_and_decodes_back_to_payload ... FAILED
[INFO] [stdout] test tests::gap_tone_lightness_is_boosted_for_lighter_records ... FAILED
[INFO] [stdout] test tests::renders_vintage_single45_golden_and_decodes_back_to_payload ... FAILED
[INFO] [stdout] test tests::a_three_ring_trailer_spans_its_rings_and_reverses ... FAILED
[INFO] [stdout] test tests::the_committed_golden_pngs_still_decode ... FAILED
[INFO] [stdout] test tests::a_header_too_big_for_the_lead_in_goes_into_the_trailer ... FAILED
[INFO] [stdout] test tests::two_track_compact_groove_renders_and_decodes_byte_exact ... FAILED
[INFO] [stdout] test tests::two_releases_of_one_length_cut_different_pitches ... FAILED
[INFO] [stdout] test tests::without_a_nominal_the_pitch_tracks_whatever_has_arrived ... FAILED
[INFO] [stdout] test tests::two_track_compact_groove_with_two_descriptors_renders_and_decodes_byte_exact ... FAILED
[INFO] [stdout] test tests::vari_pitch_without_seed_is_refused ... ok
[INFO] [stdout] test tests::the_silent_groove_keeps_a_one_pixel_gap ... FAILED
[INFO] [stdout] test tests::the_rings_turn_independently_and_the_record_carries_both ... FAILED
[INFO] [stdout] test tests::renders_empty_groove_record_png_for_known_profiles ... ok
[INFO] [stdout] test tests::fit_counter_matches_materialized_spiral_mask ... ok
[INFO] [stdout] test tests::non_positional_track_mapping_round_trips_revolution_ranges ... ok
[INFO] [stdout] test tests::toned_groove_renders_and_decodes_byte_exact ... ok
[INFO] [stdout] test tests::vari_pitch_groove_renders_and_decodes_byte_exact ... ok
[INFO] [stdout] 
[INFO] [stdout] failures:
[INFO] [stdout] 
[INFO] [stdout] ---- tests::a_ringed_clock_tones_the_groove_and_round_trips stdout ----
[INFO] [stdout] 
[INFO] [stdout] thread 'tests::a_ringed_clock_tones_the_groove_and_round_trips' (2328) panicked at src/lib.rs:3922:48:
[INFO] [stdout] failed to read /opt/rustwide/goldenfiles/records/lori-asha-westside-single45-hq/lori-asha-westside-single45-hq.ecdc: No such file or directory (os error 2)
[INFO] [stdout] stack backtrace:
[INFO] [stdout]    0:     0x6206d7625211 - <<std[617be2ca0a6fd877]::sys::backtrace::BacktraceLock>::print::DisplayBacktrace as core[a373ad73a504971]::fmt::Display>::fmt
[INFO] [stdout]    1:     0x6206d763aeda - core[a373ad73a504971]::fmt::write
[INFO] [stdout]    2:     0x6206d7629c6c - <alloc[2e1b2a31b91974c5]::vec::Vec<u8> as core[a373ad73a504971]::io::write::Write>::write_fmt
[INFO] [stdout]    3:     0x6206d75feff6 - std[617be2ca0a6fd877]::panicking::default_hook::{closure#0}
[INFO] [stdout]    4:     0x6206d761cc19 - std[617be2ca0a6fd877]::panicking::default_hook
[INFO] [stdout]    5:     0x6206d7538800 - test[aada8e7e76ba119b]::test_main_inner::{closure#0}
[INFO] [stdout]    6:     0x6206d761cf42 - std[617be2ca0a6fd877]::panicking::panic_with_hook
[INFO] [stdout]    7:     0x6206d75ff0a2 - std[617be2ca0a6fd877]::panicking::panic_handler::{closure#0}
[INFO] [stdout]    8:     0x6206d75f74d9 - std[617be2ca0a6fd877]::sys::backtrace::__rust_end_short_backtrace::<std[617be2ca0a6fd877]::panicking::panic_handler::{closure#0}, !>
[INFO] [stdout]    9:     0x6206d75ffdbd - __rustc[ea4f61d10b84890b]::rust_begin_unwind
[INFO] [stdout]   10:     0x6206d763b60c - core[a373ad73a504971]::panicking::panic_fmt
[INFO] [stdout]   11:     0x6206d74b5789 - record_render[ca093661099469d6]::tests::fixture_bytes::{closure#0}
[INFO] [stdout]   12:     0x6206d74b6737 - record_render[ca093661099469d6]::tests::fixture_bytes
[INFO] [stdout]   13:     0x6206d74b6432 - record_render[ca093661099469d6]::tests::codec_bytes
[INFO] [stdout]   14:     0x6206d74c6cb1 - <record_render[ca093661099469d6]::tests::a_ringed_clock_tones_the_groove_and_round_trips::{closure#0} as core[a373ad73a504971]::ops::function::FnOnce<()>>::call_once
[INFO] [stdout]   15:     0x6206d752bc4b - test[aada8e7e76ba119b]::__rust_begin_short_backtrace::<core[a373ad73a504971]::result::Result<(), alloc[2e1b2a31b91974c5]::string::String>, fn() -> core[a373ad73a504971]::result::Result<(), alloc[2e1b2a31b91974c5]::string::String>>
[INFO] [stdout]   16:     0x6206d7538e25 - test[aada8e7e76ba119b]::run_test::{closure#0}
[INFO] [stdout]   17:     0x6206d7532714 - std[617be2ca0a6fd877]::sys::backtrace::__rust_begin_short_backtrace::<test[aada8e7e76ba119b]::run_test::{closure#1}, ()>
[INFO] [stdout]   18:     0x6206d753beb2 - <std[617be2ca0a6fd877]::thread::lifecycle::spawn_unchecked<test[aada8e7e76ba119b]::run_test::{closure#1}, ()>::{closure#1} as core[a373ad73a504971]::ops::function::FnOnce<()>>::call_once::{shim:vtable#0}
[INFO] [stdout]   19:     0x6206d762420f - <std[617be2ca0a6fd877]::sys::thread::unix::Thread>::new::thread_start
[INFO] [stdout]   20:     0x7a67d2965dfa - <unknown>
[INFO] [stdout]   21:     0x7a67d29f93d4 - clone
[INFO] [stdout]   22:                0x0 - <unknown>
[INFO] [stdout] 
[INFO] [stdout] ---- tests::a_short_cut_spends_its_room_on_the_run_out_not_the_silent_groove stdout ----
[INFO] [stdout] 
[INFO] [stdout] thread 'tests::a_short_cut_spends_its_room_on_the_run_out_not_the_silent_groove' (2329) panicked at src/lib.rs:3922:48:
[INFO] [stdout] failed to read /opt/rustwide/goldenfiles/records/lori-asha-westside-lp-hq/lori-asha-westside-lp-hq.ecdc: No such file or directory (os error 2)
[INFO] [stdout] stack backtrace:
[INFO] [stdout]    0:     0x6206d7625211 - <<std[617be2ca0a6fd877]::sys::backtrace::BacktraceLock>::print::DisplayBacktrace as core[a373ad73a504971]::fmt::Display>::fmt
[INFO] [stdout]    1:     0x6206d763aeda - core[a373ad73a504971]::fmt::write
[INFO] [stdout]    2:     0x6206d7629c6c - <alloc[2e1b2a31b91974c5]::vec::Vec<u8> as core[a373ad73a504971]::io::write::Write>::write_fmt
[INFO] [stdout]    3:     0x6206d75feff6 - std[617be2ca0a6fd877]::panicking::default_hook::{closure#0}
[INFO] [stdout]    4:     0x6206d761cc19 - std[617be2ca0a6fd877]::panicking::default_hook
[INFO] [stdout]    5:     0x6206d7538800 - test[aada8e7e76ba119b]::test_main_inner::{closure#0}
[INFO] [stdout]    6:     0x6206d761cf42 - std[617be2ca0a6fd877]::panicking::panic_with_hook
[INFO] [stdout]    7:     0x6206d75ff0a2 - std[617be2ca0a6fd877]::panicking::panic_handler::{closure#0}
[INFO] [stdout]    8:     0x6206d75f74d9 - std[617be2ca0a6fd877]::sys::backtrace::__rust_end_short_backtrace::<std[617be2ca0a6fd877]::panicking::panic_handler::{closure#0}, !>
[INFO] [stdout]    9:     0x6206d75ffdbd - __rustc[ea4f61d10b84890b]::rust_begin_unwind
[INFO] [stdout]   10:     0x6206d763b60c - core[a373ad73a504971]::panicking::panic_fmt
[INFO] [stdout]   11:     0x6206d74b5789 - record_render[ca093661099469d6]::tests::fixture_bytes::{closure#0}
[INFO] [stdout]   12:     0x6206d74b6737 - record_render[ca093661099469d6]::tests::fixture_bytes
[INFO] [stdout]   13:     0x6206d74b6ce2 - record_render[ca093661099469d6]::tests::rgb_code_block
[INFO] [stdout]   14:     0x6206d74d205f - <record_render[ca093661099469d6]::tests::a_short_cut_spends_its_room_on_the_run_out_not_the_silent_groove::{closure#0} as core[a373ad73a504971]::ops::function::FnOnce<()>>::call_once
[INFO] [stdout]   15:     0x6206d752bc4b - test[aada8e7e76ba119b]::__rust_begin_short_backtrace::<core[a373ad73a504971]::result::Result<(), alloc[2e1b2a31b91974c5]::string::String>, fn() -> core[a373ad73a504971]::result::Result<(), alloc[2e1b2a31b91974c5]::string::String>>
[INFO] [stdout]   16:     0x6206d7538e25 - test[aada8e7e76ba119b]::run_test::{closure#0}
[INFO] [stdout]   17:     0x6206d7532714 - std[617be2ca0a6fd877]::sys::backtrace::__rust_begin_short_backtrace::<test[aada8e7e76ba119b]::run_test::{closure#1}, ()>
[INFO] [stdout]   18:     0x6206d753beb2 - <std[617be2ca0a6fd877]::thread::lifecycle::spawn_unchecked<test[aada8e7e76ba119b]::run_test::{closure#1}, ()>::{closure#1} as core[a373ad73a504971]::ops::function::FnOnce<()>>::call_once::{shim:vtable#0}
[INFO] [stdout]   19:     0x6206d762420f - <std[617be2ca0a6fd877]::sys::thread::unix::Thread>::new::thread_start
[INFO] [stdout]   20:     0x7a67d2965dfa - <unknown>
[INFO] [stdout]   21:     0x7a67d29f93d4 - clone
[INFO] [stdout]   22:                0x0 - <unknown>
[INFO] [stdout] 
[INFO] [stdout] ---- tests::no_track_gaps_produces_no_lighter_spans stdout ----
[INFO] [stdout] 
[INFO] [stdout] thread 'tests::no_track_gaps_produces_no_lighter_spans' (2341) panicked at src/lib.rs:3922:48:
[INFO] [stdout] failed to read /opt/rustwide/goldenfiles/records/lori-asha-westside-single45-hq/lori-asha-westside-single45-hq.ecdc: No such file or directory (os error 2)
[INFO] [stdout] stack backtrace:
[INFO] [stdout]    0:     0x6206d7625211 - <<std[617be2ca0a6fd877]::sys::backtrace::BacktraceLock>::print::DisplayBacktrace as core[a373ad73a504971]::fmt::Display>::fmt
[INFO] [stdout]    1:     0x6206d763aeda - core[a373ad73a504971]::fmt::write
[INFO] [stdout]    2:     0x6206d7629c6c - <alloc[2e1b2a31b91974c5]::vec::Vec<u8> as core[a373ad73a504971]::io::write::Write>::write_fmt
[INFO] [stdout]    3:     0x6206d75feff6 - std[617be2ca0a6fd877]::panicking::default_hook::{closure#0}
[INFO] [stdout]    4:     0x6206d761cc19 - std[617be2ca0a6fd877]::panicking::default_hook
[INFO] [stdout]    5:     0x6206d7538800 - test[aada8e7e76ba119b]::test_main_inner::{closure#0}
[INFO] [stdout]    6:     0x6206d761cf42 - std[617be2ca0a6fd877]::panicking::panic_with_hook
[INFO] [stdout]    7:     0x6206d75ff0a2 - std[617be2ca0a6fd877]::panicking::panic_handler::{closure#0}
[INFO] [stdout]    8:     0x6206d75f74d9 - std[617be2ca0a6fd877]::sys::backtrace::__rust_end_short_backtrace::<std[617be2ca0a6fd877]::panicking::panic_handler::{closure#0}, !>
[INFO] [stdout]    9:     0x6206d75ffdbd - __rustc[ea4f61d10b84890b]::rust_begin_unwind
[INFO] [stdout]   10:     0x6206d763b60c - core[a373ad73a504971]::panicking::panic_fmt
[INFO] [stdout]   11:     0x6206d74b5789 - record_render[ca093661099469d6]::tests::fixture_bytes::{closure#0}
[INFO] [stdout]   12:     0x6206d74b6737 - record_render[ca093661099469d6]::tests::fixture_bytes
[INFO] [stdout]   13:     0x6206d74b6432 - record_render[ca093661099469d6]::tests::codec_bytes
[INFO] [stdout]   14:     0x6206d74bd798 - <record_render[ca093661099469d6]::tests::no_track_gaps_produces_no_lighter_spans::{closure#0} as core[a373ad73a504971]::ops::function::FnOnce<()>>::call_once
[INFO] [stdout]   15:     0x6206d752bc4b - test[aada8e7e76ba119b]::__rust_begin_short_backtrace::<core[a373ad73a504971]::result::Result<(), alloc[2e1b2a31b91974c5]::string::String>, fn() -> core[a373ad73a504971]::result::Result<(), alloc[2e1b2a31b91974c5]::string::String>>
[INFO] [stdout]   16:     0x6206d7538e25 - test[aada8e7e76ba119b]::run_test::{closure#0}
[INFO] [stdout]   17:     0x6206d7532714 - std[617be2ca0a6fd877]::sys::backtrace::__rust_begin_short_backtrace::<test[aada8e7e76ba119b]::run_test::{closure#1}, ()>
[INFO] [stdout]   18:     0x6206d753beb2 - <std[617be2ca0a6fd877]::thread::lifecycle::spawn_unchecked<test[aada8e7e76ba119b]::run_test::{closure#1}, ()>::{closure#1} as core[a373ad73a504971]::ops::function::FnOnce<()>>::call_once::{shim:vtable#0}
[INFO] [stdout]   19:     0x6206d762420f - <std[617be2ca0a6fd877]::sys::thread::unix::Thread>::new::thread_start
[INFO] [stdout]   20:     0x7a67d2965dfa - <unknown>
[INFO] [stdout]   21:     0x7a67d29f93d4 - clone
[INFO] [stdout]   22:                0x0 - <unknown>
[INFO] [stdout] 
[INFO] [stdout] ---- tests::a_short_cut_stops_short_of_the_label stdout ----
[INFO] [stdout] 
[INFO] [stdout] thread 'tests::a_short_cut_stops_short_of_the_label' (2330) panicked at src/lib.rs:3922:48:
[INFO] [stdout] failed to read /opt/rustwide/goldenfiles/records/lori-asha-westside-lp-hq/lori-asha-westside-lp-hq.ecdc: No such file or directory (os error 2)
[INFO] [stdout] stack backtrace:
[INFO] [stdout]    0:     0x6206d7625211 - <<std[617be2ca0a6fd877]::sys::backtrace::BacktraceLock>::print::DisplayBacktrace as core[a373ad73a504971]::fmt::Display>::fmt
[INFO] [stdout]    1:     0x6206d763aeda - core[a373ad73a504971]::fmt::write
[INFO] [stdout]    2:     0x6206d7629c6c - <alloc[2e1b2a31b91974c5]::vec::Vec<u8> as core[a373ad73a504971]::io::write::Write>::write_fmt
[INFO] [stdout]    3:     0x6206d75feff6 - std[617be2ca0a6fd877]::panicking::default_hook::{closure#0}
[INFO] [stdout]    4:     0x6206d761cc19 - std[617be2ca0a6fd877]::panicking::default_hook
[INFO] [stdout]    5:     0x6206d7538800 - test[aada8e7e76ba119b]::test_main_inner::{closure#0}
[INFO] [stdout]    6:     0x6206d761cf42 - std[617be2ca0a6fd877]::panicking::panic_with_hook
[INFO] [stdout]    7:     0x6206d75ff0a2 - std[617be2ca0a6fd877]::panicking::panic_handler::{closure#0}
[INFO] [stdout]    8:     0x6206d75f74d9 - std[617be2ca0a6fd877]::sys::backtrace::__rust_end_short_backtrace::<std[617be2ca0a6fd877]::panicking::panic_handler::{closure#0}, !>
[INFO] [stdout]    9:     0x6206d75ffdbd - __rustc[ea4f61d10b84890b]::rust_begin_unwind
[INFO] [stdout]   10:     0x6206d763b60c - core[a373ad73a504971]::panicking::panic_fmt
[INFO] [stdout]   11:     0x6206d74b5789 - record_render[ca093661099469d6]::tests::fixture_bytes::{closure#0}
[INFO] [stdout]   12:     0x6206d74b6737 - record_render[ca093661099469d6]::tests::fixture_bytes
[INFO] [stdout]   13:     0x6206d74b6ce2 - record_render[ca093661099469d6]::tests::rgb_code_block
[INFO] [stdout]   14:     0x6206d74bbe56 - <record_render[ca093661099469d6]::tests::a_short_cut_stops_short_of_the_label::{closure#0} as core[a373ad73a504971]::ops::function::FnOnce<()>>::call_once
[INFO] [stdout]   15:     0x6206d752bc4b - test[aada8e7e76ba119b]::__rust_begin_short_backtrace::<core[a373ad73a504971]::result::Result<(), alloc[2e1b2a31b91974c5]::string::String>, fn() -> core[a373ad73a504971]::result::Result<(), alloc[2e1b2a31b91974c5]::string::String>>
[INFO] [stdout]   16:     0x6206d7538e25 - test[aada8e7e76ba119b]::run_test::{closure#0}
[INFO] [stdout]   17:     0x6206d7532714 - std[617be2ca0a6fd877]::sys::backtrace::__rust_begin_short_backtrace::<test[aada8e7e76ba119b]::run_test::{closure#1}, ()>
[INFO] [stdout]   18:     0x6206d753beb2 - <std[617be2ca0a6fd877]::thread::lifecycle::spawn_unchecked<test[aada8e7e76ba119b]::run_test::{closure#1}, ()>::{closure#1} as core[a373ad73a504971]::ops::function::FnOnce<()>>::call_once::{shim:vtable#0}
[INFO] [stdout]   19:     0x6206d762420f - <std[617be2ca0a6fd877]::sys::thread::unix::Thread>::new::thread_start
[INFO] [stdout]   20:     0x7a67d2965dfa - <unknown>
[INFO] [stdout]   21:     0x7a67d29f93d4 - clone
[INFO] [stdout]   22:                0x0 - <unknown>
[INFO] [stdout] 
[INFO] [stdout] ---- tests::a_record_transcodes_through_every_compiled_format stdout ----
[INFO] [stdout] 
[INFO] [stdout] thread 'tests::a_record_transcodes_through_every_compiled_format' (2327) panicked at src/lib.rs:3922:48:
[INFO] [stdout] failed to read /opt/rustwide/goldenfiles/records/lori-asha-westside-single45-hq/lori-asha-westside-single45-hq.ecdc: No such file or directory (os error 2)
[INFO] [stdout] stack backtrace:
[INFO] [stdout]    0:     0x6206d7625211 - <<std[617be2ca0a6fd877]::sys::backtrace::BacktraceLock>::print::DisplayBacktrace as core[a373ad73a504971]::fmt::Display>::fmt
[INFO] [stdout]    1:     0x6206d763aeda - core[a373ad73a504971]::fmt::write
[INFO] [stdout]    2:     0x6206d7629c6c - <alloc[2e1b2a31b91974c5]::vec::Vec<u8> as core[a373ad73a504971]::io::write::Write>::write_fmt
[INFO] [stdout]    3:     0x6206d75feff6 - std[617be2ca0a6fd877]::panicking::default_hook::{closure#0}
[INFO] [stdout]    4:     0x6206d761cc19 - std[617be2ca0a6fd877]::panicking::default_hook
[INFO] [stdout]    5:     0x6206d7538800 - test[aada8e7e76ba119b]::test_main_inner::{closure#0}
[INFO] [stdout]    6:     0x6206d761cf42 - std[617be2ca0a6fd877]::panicking::panic_with_hook
[INFO] [stdout]    7:     0x6206d75ff0a2 - std[617be2ca0a6fd877]::panicking::panic_handler::{closure#0}
[INFO] [stdout]    8:     0x6206d75f74d9 - std[617be2ca0a6fd877]::sys::backtrace::__rust_end_short_backtrace::<std[617be2ca0a6fd877]::panicking::panic_handler::{closure#0}, !>
[INFO] [stdout]    9:     0x6206d75ffdbd - __rustc[ea4f61d10b84890b]::rust_begin_unwind
[INFO] [stdout]   10:     0x6206d763b60c - core[a373ad73a504971]::panicking::panic_fmt
[INFO] [stdout]   11:     0x6206d74b5789 - record_render[ca093661099469d6]::tests::fixture_bytes::{closure#0}
[INFO] [stdout]   12:     0x6206d74b6737 - record_render[ca093661099469d6]::tests::fixture_bytes
[INFO] [stdout]   13:     0x6206d74b6432 - record_render[ca093661099469d6]::tests::codec_bytes
[INFO] [stdout]   14:     0x6206d74b6922 - record_render[ca093661099469d6]::tests::pressed_record
[INFO] [stdout]   15:     0x6206d74c90a5 - <record_render[ca093661099469d6]::tests::a_record_transcodes_through_every_compiled_format::{closure#0} as core[a373ad73a504971]::ops::function::FnOnce<()>>::call_once
[INFO] [stdout]   16:     0x6206d752bc4b - test[aada8e7e76ba119b]::__rust_begin_short_backtrace::<core[a373ad73a504971]::result::Result<(), alloc[2e1b2a31b91974c5]::string::String>, fn() -> core[a373ad73a504971]::result::Result<(), alloc[2e1b2a31b91974c5]::string::String>>
[INFO] [stdout]   17:     0x6206d7538e25 - test[aada8e7e76ba119b]::run_test::{closure#0}
[INFO] [stdout]   18:     0x6206d7532714 - std[617be2ca0a6fd877]::sys::backtrace::__rust_begin_short_backtrace::<test[aada8e7e76ba119b]::run_test::{closure#1}, ()>
[INFO] [stdout]   19:     0x6206d753beb2 - <std[617be2ca0a6fd877]::thread::lifecycle::spawn_unchecked<test[aada8e7e76ba119b]::run_test::{closure#1}, ()>::{closure#1} as core[a373ad73a504971]::ops::function::FnOnce<()>>::call_once::{shim:vtable#0}
[INFO] [stdout]   20:     0x6206d762420f - <std[617be2ca0a6fd877]::sys::thread::unix::Thread>::new::thread_start
[INFO] [stdout]   21:     0x7a67d2965dfa - <unknown>
[INFO] [stdout]   22:     0x7a67d29f93d4 - clone
[INFO] [stdout]   23:                0x0 - <unknown>
[INFO] [stdout] 
[INFO] [stdout] ---- tests::renders_single45_golden_and_decodes_back_to_payload stdout ----
[INFO] [stdout] 
[INFO] [stdout] thread 'tests::renders_single45_golden_and_decodes_back_to_payload' (2345) panicked at src/lib.rs:3922:48:
[INFO] [stdout] failed to read /opt/rustwide/goldenfiles/records/lori-asha-westside-single45-hq/lori-asha-westside-single45-hq.ecdc: No such file or directory (os error 2)
[INFO] [stdout] stack backtrace:
[INFO] [stdout]    0:     0x6206d7625211 - <<std[617be2ca0a6fd877]::sys::backtrace::BacktraceLock>::print::DisplayBacktrace as core[a373ad73a504971]::fmt::Display>::fmt
[INFO] [stdout]    1:     0x6206d763aeda - core[a373ad73a504971]::fmt::write
[INFO] [stdout]    2:     0x6206d7629c6c - <alloc[2e1b2a31b91974c5]::vec::Vec<u8> as core[a373ad73a504971]::io::write::Write>::write_fmt
[INFO] [stdout]    3:     0x6206d75feff6 - std[617be2ca0a6fd877]::panicking::default_hook::{closure#0}
[INFO] [stdout]    4:     0x6206d761cc19 - std[617be2ca0a6fd877]::panicking::default_hook
[INFO] [stdout]    5:     0x6206d7538800 - test[aada8e7e76ba119b]::test_main_inner::{closure#0}
[INFO] [stdout]    6:     0x6206d761cf42 - std[617be2ca0a6fd877]::panicking::panic_with_hook
[INFO] [stdout]    7:     0x6206d75ff0a2 - std[617be2ca0a6fd877]::panicking::panic_handler::{closure#0}
[INFO] [stdout]    8:     0x6206d75f74d9 - std[617be2ca0a6fd877]::sys::backtrace::__rust_end_short_backtrace::<std[617be2ca0a6fd877]::panicking::panic_handler::{closure#0}, !>
[INFO] [stdout]    9:     0x6206d75ffdbd - __rustc[ea4f61d10b84890b]::rust_begin_unwind
[INFO] [stdout]   10:     0x6206d763b60c - core[a373ad73a504971]::panicking::panic_fmt
[INFO] [stdout]   11:     0x6206d74b5789 - record_render[ca093661099469d6]::tests::fixture_bytes::{closure#0}
[INFO] [stdout]   12:     0x6206d74b6737 - record_render[ca093661099469d6]::tests::fixture_bytes
[INFO] [stdout]   13:     0x6206d74b7a39 - record_render[ca093661099469d6]::tests::assert_render_decodes_to_payload
[INFO] [stdout]   14:     0x6206d74cb73e - <record_render[ca093661099469d6]::tests::renders_single45_golden_and_decodes_back_to_payload::{closure#0} as core[a373ad73a504971]::ops::function::FnOnce<()>>::call_once
[INFO] [stdout]   15:     0x6206d752bc4b - test[aada8e7e76ba119b]::__rust_begin_short_backtrace::<core[a373ad73a504971]::result::Result<(), alloc[2e1b2a31b91974c5]::string::String>, fn() -> core[a373ad73a504971]::result::Result<(), alloc[2e1b2a31b91974c5]::string::String>>
[INFO] [stdout]   16:     0x6206d7538e25 - test[aada8e7e76ba119b]::run_test::{closure#0}
[INFO] [stdout]   17:     0x6206d7532714 - std[617be2ca0a6fd877]::sys::backtrace::__rust_begin_short_backtrace::<test[aada8e7e76ba119b]::run_test::{closure#1}, ()>
[INFO] [stdout]   18:     0x6206d753beb2 - <std[617be2ca0a6fd877]::thread::lifecycle::spawn_unchecked<test[aada8e7e76ba119b]::run_test::{closure#1}, ()>::{closure#1} as core[a373ad73a504971]::ops::function::FnOnce<()>>::call_once::{shim:vtable#0}
[INFO] [stdout]   19:     0x6206d762420f - <std[617be2ca0a6fd877]::sys::thread::unix::Thread>::new::thread_start
[INFO] [stdout]   20:     0x7a67d2965dfa - <unknown>
[INFO] [stdout]   21:     0x7a67d29f93d4 - clone
[INFO] [stdout]   22:                0x0 - <unknown>
[INFO] [stdout] 
[INFO] [stdout] ---- tests::clock_toned_groove_round_trips_with_gaps stdout ----
[INFO] [stdout] 
[INFO] [stdout] thread 'tests::clock_toned_groove_round_trips_with_gaps' (2335) panicked at src/lib.rs:3922:48:
[INFO] [stdout] failed to read /opt/rustwide/goldenfiles/records/lori-asha-westside-single45-hq/lori-asha-westside-single45-hq.ecdc: No such file or directory (os error 2)
[INFO] [stdout] stack backtrace:
[INFO] [stdout]    0:     0x6206d7625211 - <<std[617be2ca0a6fd877]::sys::backtrace::BacktraceLock>::print::DisplayBacktrace as core[a373ad73a504971]::fmt::Display>::fmt
[INFO] [stdout]    1:     0x6206d763aeda - core[a373ad73a504971]::fmt::write
[INFO] [stdout]    2:     0x6206d7629c6c - <alloc[2e1b2a31b91974c5]::vec::Vec<u8> as core[a373ad73a504971]::io::write::Write>::write_fmt
[INFO] [stdout]    3:     0x6206d75feff6 - std[617be2ca0a6fd877]::panicking::default_hook::{closure#0}
[INFO] [stdout]    4:     0x6206d761cc19 - std[617be2ca0a6fd877]::panicking::default_hook
[INFO] [stdout]    5:     0x6206d7538800 - test[aada8e7e76ba119b]::test_main_inner::{closure#0}
[INFO] [stdout]    6:     0x6206d761cf42 - std[617be2ca0a6fd877]::panicking::panic_with_hook
[INFO] [stdout]    7:     0x6206d75ff0a2 - std[617be2ca0a6fd877]::panicking::panic_handler::{closure#0}
[INFO] [stdout]    8:     0x6206d75f74d9 - std[617be2ca0a6fd877]::sys::backtrace::__rust_end_short_backtrace::<std[617be2ca0a6fd877]::panicking::panic_handler::{closure#0}, !>
[INFO] [stdout]    9:     0x6206d75ffdbd - __rustc[ea4f61d10b84890b]::rust_begin_unwind
[INFO] [stdout]   10:     0x6206d763b60c - core[a373ad73a504971]::panicking::panic_fmt
[INFO] [stdout]   11:     0x6206d74b5789 - record_render[ca093661099469d6]::tests::fixture_bytes::{closure#0}
[INFO] [stdout]   12:     0x6206d74b6737 - record_render[ca093661099469d6]::tests::fixture_bytes
[INFO] [stdout]   13:     0x6206d74b6432 - record_render[ca093661099469d6]::tests::codec_bytes
[INFO] [stdout]   14:     0x6206d74be4fa - <record_render[ca093661099469d6]::tests::clock_toned_groove_round_trips_with_gaps::{closure#0} as core[a373ad73a504971]::ops::function::FnOnce<()>>::call_once
[INFO] [stdout]   15:     0x6206d752bc4b - test[aada8e7e76ba119b]::__rust_begin_short_backtrace::<core[a373ad73a504971]::result::Result<(), alloc[2e1b2a31b91974c5]::string::String>, fn() -> core[a373ad73a504971]::result::Result<(), alloc[2e1b2a31b91974c5]::string::String>>
[INFO] [stdout]   16:     0x6206d7538e25 - test[aada8e7e76ba119b]::run_test::{closure#0}
[INFO] [stdout]   17:     0x6206d7532714 - std[617be2ca0a6fd877]::sys::backtrace::__rust_begin_short_backtrace::<test[aada8e7e76ba119b]::run_test::{closure#1}, ()>
[INFO] [stdout]   18:     0x6206d753beb2 - <std[617be2ca0a6fd877]::thread::lifecycle::spawn_unchecked<test[aada8e7e76ba119b]::run_test::{closure#1}, ()>::{closure#1} as core[a373ad73a504971]::ops::function::FnOnce<()>>::call_once::{shim:vtable#0}
[INFO] [stdout]   19:     0x6206d762420f - <std[617be2ca0a6fd877]::sys::thread::unix::Thread>::new::thread_start
[INFO] [stdout]   20:     0x7a67d2965dfa - <unknown>
[INFO] [stdout]   21:     0x7a67d29f93d4 - clone
[INFO] [stdout]   22:                0x0 - <unknown>
[INFO] [stdout] 
[INFO] [stdout] ---- tests::every_export_format_returns_the_record_exactly stdout ----
[INFO] [stdout] 
[INFO] [stdout] thread 'tests::every_export_format_returns_the_record_exactly' (2336) panicked at src/lib.rs:3922:48:
[INFO] [stdout] failed to read /opt/rustwide/goldenfiles/records/lori-asha-westside-single45-hq/lori-asha-westside-single45-hq.ecdc: No such file or directory (os error 2)
[INFO] [stdout] stack backtrace:
[INFO] [stdout]    0:     0x6206d7625211 - <<std[617be2ca0a6fd877]::sys::backtrace::BacktraceLock>::print::DisplayBacktrace as core[a373ad73a504971]::fmt::Display>::fmt
[INFO] [stdout]    1:     0x6206d763aeda - core[a373ad73a504971]::fmt::write
[INFO] [stdout]    2:     0x6206d7629c6c - <alloc[2e1b2a31b91974c5]::vec::Vec<u8> as core[a373ad73a504971]::io::write::Write>::write_fmt
[INFO] [stdout]    3:     0x6206d75feff6 - std[617be2ca0a6fd877]::panicking::default_hook::{closure#0}
[INFO] [stdout]    4:     0x6206d761cc19 - std[617be2ca0a6fd877]::panicking::default_hook
[INFO] [stdout]    5:     0x6206d7538800 - test[aada8e7e76ba119b]::test_main_inner::{closure#0}
[INFO] [stdout]    6:     0x6206d761cf42 - std[617be2ca0a6fd877]::panicking::panic_with_hook
[INFO] [stdout]    7:     0x6206d75ff0a2 - std[617be2ca0a6fd877]::panicking::panic_handler::{closure#0}
[INFO] [stdout]    8:     0x6206d75f74d9 - std[617be2ca0a6fd877]::sys::backtrace::__rust_end_short_backtrace::<std[617be2ca0a6fd877]::panicking::panic_handler::{closure#0}, !>
[INFO] [stdout]    9:     0x6206d75ffdbd - __rustc[ea4f61d10b84890b]::rust_begin_unwind
[INFO] [stdout]   10:     0x6206d763b60c - core[a373ad73a504971]::panicking::panic_fmt
[INFO] [stdout]   11:     0x6206d74b5789 - record_render[ca093661099469d6]::tests::fixture_bytes::{closure#0}
[INFO] [stdout]   12:     0x6206d74b6737 - record_render[ca093661099469d6]::tests::fixture_bytes
[INFO] [stdout]   13:     0x6206d74b6432 - record_render[ca093661099469d6]::tests::codec_bytes
[INFO] [stdout]   14:     0x6206d74b6922 - record_render[ca093661099469d6]::tests::pressed_record
[INFO] [stdout]   15:     0x6206d74c5ef5 - <record_render[ca093661099469d6]::tests::every_export_format_returns_the_record_exactly::{closure#0} as core[a373ad73a504971]::ops::function::FnOnce<()>>::call_once
[INFO] [stdout]   16:     0x6206d752bc4b - test[aada8e7e76ba119b]::__rust_begin_short_backtrace::<core[a373ad73a504971]::result::Result<(), alloc[2e1b2a31b91974c5]::string::String>, fn() -> core[a373ad73a504971]::result::Result<(), alloc[2e1b2a31b91974c5]::string::String>>
[INFO] [stdout]   17:     0x6206d7538e25 - test[aada8e7e76ba119b]::run_test::{closure#0}
[INFO] [stdout]   18:     0x6206d7532714 - std[617be2ca0a6fd877]::sys::backtrace::__rust_begin_short_backtrace::<test[aada8e7e76ba119b]::run_test::{closure#1}, ()>
[INFO] [stdout]   19:     0x6206d753beb2 - <std[617be2ca0a6fd877]::thread::lifecycle::spawn_unchecked<test[aada8e7e76ba119b]::run_test::{closure#1}, ()>::{closure#1} as core[a373ad73a504971]::ops::function::FnOnce<()>>::call_once::{shim:vtable#0}
[INFO] [stdout]   20:     0x6206d762420f - <std[617be2ca0a6fd877]::sys::thread::unix::Thread>::new::thread_start
[INFO] [stdout]   21:     0x7a67d2965dfa - <unknown>
[INFO] [stdout]   22:     0x7a67d29f93d4 - clone
[INFO] [stdout]   23:                0x0 - <unknown>
[INFO] [stdout] 
[INFO] [stdout] ---- tests::the_density_bounds_clamp_the_pitch_at_both_ends stdout ----
[INFO] [stdout] 
[INFO] [stdout] thread 'tests::the_density_bounds_clamp_the_pitch_at_both_ends' (2348) panicked at src/lib.rs:3922:48:
[INFO] [stdout] failed to read /opt/rustwide/goldenfiles/records/lori-asha-westside-lp-hq/lori-asha-westside-lp-hq.ecdc: No such file or directory (os error 2)
[INFO] [stdout] stack backtrace:
[INFO] [stdout]    0:     0x6206d7625211 - <<std[617be2ca0a6fd877]::sys::backtrace::BacktraceLock>::print::DisplayBacktrace as core[a373ad73a504971]::fmt::Display>::fmt
[INFO] [stdout]    1:     0x6206d763aeda - core[a373ad73a504971]::fmt::write
[INFO] [stdout]    2:     0x6206d7629c6c - <alloc[2e1b2a31b91974c5]::vec::Vec<u8> as core[a373ad73a504971]::io::write::Write>::write_fmt
[INFO] [stdout]    3:     0x6206d75feff6 - std[617be2ca0a6fd877]::panicking::default_hook::{closure#0}
[INFO] [stdout]    4:     0x6206d761cc19 - std[617be2ca0a6fd877]::panicking::default_hook
[INFO] [stdout]    5:     0x6206d7538800 - test[aada8e7e76ba119b]::test_main_inner::{closure#0}
[INFO] [stdout]    6:     0x6206d761cf42 - std[617be2ca0a6fd877]::panicking::panic_with_hook
[INFO] [stdout]    7:     0x6206d75ff0a2 - std[617be2ca0a6fd877]::panicking::panic_handler::{closure#0}
[INFO] [stdout]    8:     0x6206d75f74d9 - std[617be2ca0a6fd877]::sys::backtrace::__rust_end_short_backtrace::<std[617be2ca0a6fd877]::panicking::panic_handler::{closure#0}, !>
[INFO] [stdout]    9:     0x6206d75ffdbd - __rustc[ea4f61d10b84890b]::rust_begin_unwind
[INFO] [stdout]   10:     0x6206d763b60c - core[a373ad73a504971]::panicking::panic_fmt
[INFO] [stdout]   11:     0x6206d74b5789 - record_render[ca093661099469d6]::tests::fixture_bytes::{closure#0}
[INFO] [stdout]   12:     0x6206d74b6737 - record_render[ca093661099469d6]::tests::fixture_bytes
[INFO] [stdout]   13:     0x6206d74b6ce2 - record_render[ca093661099469d6]::tests::rgb_code_block
[INFO] [stdout]   14:     0x6206d74c81b7 - <record_render[ca093661099469d6]::tests::the_density_bounds_clamp_the_pitch_at_both_ends::{closure#0} as core[a373ad73a504971]::ops::function::FnOnce<()>>::call_once
[INFO] [stdout]   15:     0x6206d752bc4b - test[aada8e7e76ba119b]::__rust_begin_short_backtrace::<core[a373ad73a504971]::result::Result<(), alloc[2e1b2a31b91974c5]::string::String>, fn() -> core[a373ad73a504971]::result::Result<(), alloc[2e1b2a31b91974c5]::string::String>>
[INFO] [stdout]   16:     0x6206d7538e25 - test[aada8e7e76ba119b]::run_test::{closure#0}
[INFO] [stdout]   17:     0x6206d7532714 - std[617be2ca0a6fd877]::sys::backtrace::__rust_begin_short_backtrace::<test[aada8e7e76ba119b]::run_test::{closure#1}, ()>
[INFO] [stdout]   18:     0x6206d753beb2 - <std[617be2ca0a6fd877]::thread::lifecycle::spawn_unchecked<test[aada8e7e76ba119b]::run_test::{closure#1}, ()>::{closure#1} as core[a373ad73a504971]::ops::function::FnOnce<()>>::call_once::{shim:vtable#0}
[INFO] [stdout]   19:     0x6206d762420f - <std[617be2ca0a6fd877]::sys::thread::unix::Thread>::new::thread_start
[INFO] [stdout]   20:     0x7a67d2965dfa - <unknown>
[INFO] [stdout]   21:     0x7a67d29f93d4 - clone
[INFO] [stdout]   22:                0x0 - <unknown>
[INFO] [stdout] 
[INFO] [stdout] ---- tests::archimedean_render_ignores_family_plumbing stdout ----
[INFO] [stdout] 
[INFO] [stdout] thread 'tests::archimedean_render_ignores_family_plumbing' (2334) panicked at src/lib.rs:3922:48:
[INFO] [stdout] failed to read /opt/rustwide/goldenfiles/records/lori-asha-westside-single45-hq/lori-asha-westside-single45-hq.ecdc: No such file or directory (os error 2)
[INFO] [stdout] stack backtrace:
[INFO] [stdout]    0:     0x6206d7625211 - <<std[617be2ca0a6fd877]::sys::backtrace::BacktraceLock>::print::DisplayBacktrace as core[a373ad73a504971]::fmt::Display>::fmt
[INFO] [stdout]    1:     0x6206d763aeda - core[a373ad73a504971]::fmt::write
[INFO] [stdout]    2:     0x6206d7629c6c - <alloc[2e1b2a31b91974c5]::vec::Vec<u8> as core[a373ad73a504971]::io::write::Write>::write_fmt
[INFO] [stdout]    3:     0x6206d75feff6 - std[617be2ca0a6fd877]::panicking::default_hook::{closure#0}
[INFO] [stdout]    4:     0x6206d761cc19 - std[617be2ca0a6fd877]::panicking::default_hook
[INFO] [stdout]    5:     0x6206d7538800 - test[aada8e7e76ba119b]::test_main_inner::{closure#0}
[INFO] [stdout]    6:     0x6206d761cf42 - std[617be2ca0a6fd877]::panicking::panic_with_hook
[INFO] [stdout]    7:     0x6206d75ff0a2 - std[617be2ca0a6fd877]::panicking::panic_handler::{closure#0}
[INFO] [stdout]    8:     0x6206d75f74d9 - std[617be2ca0a6fd877]::sys::backtrace::__rust_end_short_backtrace::<std[617be2ca0a6fd877]::panicking::panic_handler::{closure#0}, !>
[INFO] [stdout]    9:     0x6206d75ffdbd - __rustc[ea4f61d10b84890b]::rust_begin_unwind
[INFO] [stdout]   10:     0x6206d763b60c - core[a373ad73a504971]::panicking::panic_fmt
[INFO] [stdout]   11:     0x6206d74b5789 - record_render[ca093661099469d6]::tests::fixture_bytes::{closure#0}
[INFO] [stdout]   12:     0x6206d74b6737 - record_render[ca093661099469d6]::tests::fixture_bytes
[INFO] [stdout]   13:     0x6206d74b6432 - record_render[ca093661099469d6]::tests::codec_bytes
[INFO] [stdout]   14:     0x6206d74bfe87 - <record_render[ca093661099469d6]::tests::archimedean_render_ignores_family_plumbing::{closure#0} as core[a373ad73a504971]::ops::function::FnOnce<()>>::call_once
[INFO] [stdout]   15:     0x6206d752bc4b - test[aada8e7e76ba119b]::__rust_begin_short_backtrace::<core[a373ad73a504971]::result::Result<(), alloc[2e1b2a31b91974c5]::string::String>, fn() -> core[a373ad73a504971]::result::Result<(), alloc[2e1b2a31b91974c5]::string::String>>
[INFO] [stdout]   16:     0x6206d7538e25 - test[aada8e7e76ba119b]::run_test::{closure#0}
[INFO] [stdout]   17:     0x6206d7532714 - std[617be2ca0a6fd877]::sys::backtrace::__rust_begin_short_backtrace::<test[aada8e7e76ba119b]::run_test::{closure#1}, ()>
[INFO] [stdout]   18:     0x6206d753beb2 - <std[617be2ca0a6fd877]::thread::lifecycle::spawn_unchecked<test[aada8e7e76ba119b]::run_test::{closure#1}, ()>::{closure#1} as core[a373ad73a504971]::ops::function::FnOnce<()>>::call_once::{shim:vtable#0}
[INFO] [stdout]   19:     0x6206d762420f - <std[617be2ca0a6fd877]::sys::thread::unix::Thread>::new::thread_start
[INFO] [stdout]   20:     0x7a67d2965dfa - <unknown>
[INFO] [stdout]   21:     0x7a67d29f93d4 - clone
[INFO] [stdout]   22:                0x0 - <unknown>
[INFO] [stdout] 
[INFO] [stdout] ---- tests::a_wheel_toned_trailer_carries_the_header_too stdout ----
[INFO] [stdout] 
[INFO] [stdout] thread 'tests::a_wheel_toned_trailer_carries_the_header_too' (2332) panicked at src/lib.rs:3922:48:
[INFO] [stdout] failed to read /opt/rustwide/goldenfiles/records/lori-asha-westside-single45-hq/lori-asha-westside-single45-hq.ecdc: No such file or directory (os error 2)
[INFO] [stdout] stack backtrace:
[INFO] [stdout]    0:     0x6206d7625211 - <<std[617be2ca0a6fd877]::sys::backtrace::BacktraceLock>::print::DisplayBacktrace as core[a373ad73a504971]::fmt::Display>::fmt
[INFO] [stdout]    1:     0x6206d763aeda - core[a373ad73a504971]::fmt::write
[INFO] [stdout]    2:     0x6206d7629c6c - <alloc[2e1b2a31b91974c5]::vec::Vec<u8> as core[a373ad73a504971]::io::write::Write>::write_fmt
[INFO] [stdout]    3:     0x6206d75feff6 - std[617be2ca0a6fd877]::panicking::default_hook::{closure#0}
[INFO] [stdout]    4:     0x6206d761cc19 - std[617be2ca0a6fd877]::panicking::default_hook
[INFO] [stdout]    5:     0x6206d7538800 - test[aada8e7e76ba119b]::test_main_inner::{closure#0}
[INFO] [stdout]    6:     0x6206d761cf42 - std[617be2ca0a6fd877]::panicking::panic_with_hook
[INFO] [stdout]    7:     0x6206d75ff0a2 - std[617be2ca0a6fd877]::panicking::panic_handler::{closure#0}
[INFO] [stdout]    8:     0x6206d75f74d9 - std[617be2ca0a6fd877]::sys::backtrace::__rust_end_short_backtrace::<std[617be2ca0a6fd877]::panicking::panic_handler::{closure#0}, !>
[INFO] [stdout]    9:     0x6206d75ffdbd - __rustc[ea4f61d10b84890b]::rust_begin_unwind
[INFO] [stdout]   10:     0x6206d763b60c - core[a373ad73a504971]::panicking::panic_fmt
[INFO] [stdout]   11:     0x6206d74b5789 - record_render[ca093661099469d6]::tests::fixture_bytes::{closure#0}
[INFO] [stdout]   12:     0x6206d74b6737 - record_render[ca093661099469d6]::tests::fixture_bytes
[INFO] [stdout]   13:     0x6206d74b6432 - record_render[ca093661099469d6]::tests::codec_bytes
[INFO] [stdout]   14:     0x6206d74c2718 - <record_render[ca093661099469d6]::tests::a_wheel_toned_trailer_carries_the_header_too::{closure#0} as core[a373ad73a504971]::ops::function::FnOnce<()>>::call_once
[INFO] [stdout]   15:     0x6206d752bc4b - test[aada8e7e76ba119b]::__rust_begin_short_backtrace::<core[a373ad73a504971]::result::Result<(), alloc[2e1b2a31b91974c5]::string::String>, fn() -> core[a373ad73a504971]::result::Result<(), alloc[2e1b2a31b91974c5]::string::String>>
[INFO] [stdout]   16:     0x6206d7538e25 - test[aada8e7e76ba119b]::run_test::{closure#0}
[INFO] [stdout]   17:     0x6206d7532714 - std[617be2ca0a6fd877]::sys::backtrace::__rust_begin_short_backtrace::<test[aada8e7e76ba119b]::run_test::{closure#1}, ()>
[INFO] [stdout]   18:     0x6206d753beb2 - <std[617be2ca0a6fd877]::thread::lifecycle::spawn_unchecked<test[aada8e7e76ba119b]::run_test::{closure#1}, ()>::{closure#1} as core[a373ad73a504971]::ops::function::FnOnce<()>>::call_once::{shim:vtable#0}
[INFO] [stdout]   19:     0x6206d762420f - <std[617be2ca0a6fd877]::sys::thread::unix::Thread>::new::thread_start
[INFO] [stdout]   20:     0x7a67d2965dfa - <unknown>
[INFO] [stdout]   21:     0x7a67d29f93d4 - clone
[INFO] [stdout]   22:                0x0 - <unknown>
[INFO] [stdout] 
[INFO] [stdout] ---- tests::invalid_gap_tone_lightness_is_rejected stdout ----
[INFO] [stdout] 
[INFO] [stdout] thread 'tests::invalid_gap_tone_lightness_is_rejected' (2340) panicked at src/lib.rs:3922:48:
[INFO] [stdout] failed to read /opt/rustwide/goldenfiles/records/lori-asha-westside-single45-hq/lori-asha-westside-single45-hq.ecdc: No such file or directory (os error 2)
[INFO] [stdout] stack backtrace:
[INFO] [stdout]    0:     0x6206d7625211 - <<std[617be2ca0a6fd877]::sys::backtrace::BacktraceLock>::print::DisplayBacktrace as core[a373ad73a504971]::fmt::Display>::fmt
[INFO] [stdout]    1:     0x6206d763aeda - core[a373ad73a504971]::fmt::write
[INFO] [stdout]    2:     0x6206d7629c6c - <alloc[2e1b2a31b91974c5]::vec::Vec<u8> as core[a373ad73a504971]::io::write::Write>::write_fmt
[INFO] [stdout]    3:     0x6206d75feff6 - std[617be2ca0a6fd877]::panicking::default_hook::{closure#0}
[INFO] [stdout]    4:     0x6206d761cc19 - std[617be2ca0a6fd877]::panicking::default_hook
[INFO] [stdout]    5:     0x6206d7538800 - test[aada8e7e76ba119b]::test_main_inner::{closure#0}
[INFO] [stdout]    6:     0x6206d761cf42 - std[617be2ca0a6fd877]::panicking::panic_with_hook
[INFO] [stdout]    7:     0x6206d75ff0a2 - std[617be2ca0a6fd877]::panicking::panic_handler::{closure#0}
[INFO] [stdout]    8:     0x6206d75f74d9 - std[617be2ca0a6fd877]::sys::backtrace::__rust_end_short_backtrace::<std[617be2ca0a6fd877]::panicking::panic_handler::{closure#0}, !>
[INFO] [stdout]    9:     0x6206d75ffdbd - __rustc[ea4f61d10b84890b]::rust_begin_unwind
[INFO] [stdout]   10:     0x6206d763b60c - core[a373ad73a504971]::panicking::panic_fmt
[INFO] [stdout]   11:     0x6206d74b5789 - record_render[ca093661099469d6]::tests::fixture_bytes::{closure#0}
[INFO] [stdout]   12:     0x6206d74b6737 - record_render[ca093661099469d6]::tests::fixture_bytes
[INFO] [stdout]   13:     0x6206d74b6432 - record_render[ca093661099469d6]::tests::codec_bytes
[INFO] [stdout]   14:     0x6206d74bcaf1 - <record_render[ca093661099469d6]::tests::invalid_gap_tone_lightness_is_rejected::{closure#0} as core[a373ad73a504971]::ops::function::FnOnce<()>>::call_once
[INFO] [stdout]   15:     0x6206d752bc4b - test[aada8e7e76ba119b]::__rust_begin_short_backtrace::<core[a373ad73a504971]::result::Result<(), alloc[2e1b2a31b91974c5]::string::String>, fn() -> core[a373ad73a504971]::result::Result<(), alloc[2e1b2a31b91974c5]::string::String>>
[INFO] [stdout]   16:     0x6206d7538e25 - test[aada8e7e76ba119b]::run_test::{closure#0}
[INFO] [stdout]   17:     0x6206d7532714 - std[617be2ca0a6fd877]::sys::backtrace::__rust_begin_short_backtrace::<test[aada8e7e76ba119b]::run_test::{closure#1}, ()>
[INFO] [stdout]   18:     0x6206d753beb2 - <std[617be2ca0a6fd877]::thread::lifecycle::spawn_unchecked<test[aada8e7e76ba119b]::run_test::{closure#1}, ()>::{closure#1} as core[a373ad73a504971]::ops::function::FnOnce<()>>::call_once::{shim:vtable#0}
[INFO] [stdout]   19:     0x6206d762420f - <std[617be2ca0a6fd877]::sys::thread::unix::Thread>::new::thread_start
[INFO] [stdout]   20:     0x7a67d2965dfa - <unknown>
[INFO] [stdout]   21:     0x7a67d29f93d4 - clone
[INFO] [stdout]   22:                0x0 - <unknown>
[INFO] [stdout] 
[INFO] [stdout] ---- tests::gap_tone_lightness_zero_matches_track_tone stdout ----
[INFO] [stdout] 
[INFO] [stdout] thread 'tests::gap_tone_lightness_zero_matches_track_tone' (2339) panicked at src/lib.rs:3922:48:
[INFO] [stdout] failed to read /opt/rustwide/goldenfiles/records/lori-asha-westside-single45-hq/lori-asha-westside-single45-hq.ecdc: No such file or directory (os error 2)
[INFO] [stdout] stack backtrace:
[INFO] [stdout]    0:     0x6206d7625211 - <<std[617be2ca0a6fd877]::sys::backtrace::BacktraceLock>::print::DisplayBacktrace as core[a373ad73a504971]::fmt::Display>::fmt
[INFO] [stdout]    1:     0x6206d763aeda - core[a373ad73a504971]::fmt::write
[INFO] [stdout]    2:     0x6206d7629c6c - <alloc[2e1b2a31b91974c5]::vec::Vec<u8> as core[a373ad73a504971]::io::write::Write>::write_fmt
[INFO] [stdout]    3:     0x6206d75feff6 - std[617be2ca0a6fd877]::panicking::default_hook::{closure#0}
[INFO] [stdout]    4:     0x6206d761cc19 - std[617be2ca0a6fd877]::panicking::default_hook
[INFO] [stdout]    5:     0x6206d7538800 - test[aada8e7e76ba119b]::test_main_inner::{closure#0}
[INFO] [stdout]    6:     0x6206d761cf42 - std[617be2ca0a6fd877]::panicking::panic_with_hook
[INFO] [stdout]    7:     0x6206d75ff0a2 - std[617be2ca0a6fd877]::panicking::panic_handler::{closure#0}
[INFO] [stdout]    8:     0x6206d75f74d9 - std[617be2ca0a6fd877]::sys::backtrace::__rust_end_short_backtrace::<std[617be2ca0a6fd877]::panicking::panic_handler::{closure#0}, !>
[INFO] [stdout]    9:     0x6206d75ffdbd - __rustc[ea4f61d10b84890b]::rust_begin_unwind
[INFO] [stdout]   10:     0x6206d763b60c - core[a373ad73a504971]::panicking::panic_fmt
[INFO] [stdout]   11:     0x6206d74b5789 - record_render[ca093661099469d6]::tests::fixture_bytes::{closure#0}
[INFO] [stdout]   12:     0x6206d74b6737 - record_render[ca093661099469d6]::tests::fixture_bytes
[INFO] [stdout]   13:     0x6206d74b6432 - record_render[ca093661099469d6]::tests::codec_bytes
[INFO] [stdout]   14:     0x6206d74c0528 - <record_render[ca093661099469d6]::tests::gap_tone_lightness_zero_matches_track_tone::{closure#0} as core[a373ad73a504971]::ops::function::FnOnce<()>>::call_once
[INFO] [stdout]   15:     0x6206d752bc4b - test[aada8e7e76ba119b]::__rust_begin_short_backtrace::<core[a373ad73a504971]::result::Result<(), alloc[2e1b2a31b91974c5]::string::String>, fn() -> core[a373ad73a504971]::result::Result<(), alloc[2e1b2a31b91974c5]::string::String>>
[INFO] [stdout]   16:     0x6206d7538e25 - test[aada8e7e76ba119b]::run_test::{closure#0}
[INFO] [stdout]   17:     0x6206d7532714 - std[617be2ca0a6fd877]::sys::backtrace::__rust_begin_short_backtrace::<test[aada8e7e76ba119b]::run_test::{closure#1}, ()>
[INFO] [stdout]   18:     0x6206d753beb2 - <std[617be2ca0a6fd877]::thread::lifecycle::spawn_unchecked<test[aada8e7e76ba119b]::run_test::{closure#1}, ()>::{closure#1} as core[a373ad73a504971]::ops::function::FnOnce<()>>::call_once::{shim:vtable#0}
[INFO] [stdout]   19:     0x6206d762420f - <std[617be2ca0a6fd877]::sys::thread::unix::Thread>::new::thread_start
[INFO] [stdout]   20:     0x7a67d2965dfa - <unknown>
[INFO] [stdout]   21:     0x7a67d29f93d4 - clone
[INFO] [stdout]   22:                0x0 - <unknown>
[INFO] [stdout] 
[INFO] [stdout] ---- tests::a_pinned_nominal_holds_the_pitch_still_while_the_payload_grows stdout ----
[INFO] [stdout] 
[INFO] [stdout] thread 'tests::a_pinned_nominal_holds_the_pitch_still_while_the_payload_grows' (2326) panicked at src/lib.rs:3922:48:
[INFO] [stdout] failed to read /opt/rustwide/goldenfiles/records/lori-asha-westside-lp-hq/lori-asha-westside-lp-hq.ecdc: No such file or directory (os error 2)
[INFO] [stdout] stack backtrace:
[INFO] [stdout]    0:     0x6206d7625211 - <<std[617be2ca0a6fd877]::sys::backtrace::BacktraceLock>::print::DisplayBacktrace as core[a373ad73a504971]::fmt::Display>::fmt
[INFO] [stdout]    1:     0x6206d763aeda - core[a373ad73a504971]::fmt::write
[INFO] [stdout]    2:     0x6206d7629c6c - <alloc[2e1b2a31b91974c5]::vec::Vec<u8> as core[a373ad73a504971]::io::write::Write>::write_fmt
[INFO] [stdout]    3:     0x6206d75feff6 - std[617be2ca0a6fd877]::panicking::default_hook::{closure#0}
[INFO] [stdout]    4:     0x6206d761cc19 - std[617be2ca0a6fd877]::panicking::default_hook
[INFO] [stdout]    5:     0x6206d7538800 - test[aada8e7e76ba119b]::test_main_inner::{closure#0}
[INFO] [stdout]    6:     0x6206d761cf42 - std[617be2ca0a6fd877]::panicking::panic_with_hook
[INFO] [stdout]    7:     0x6206d75ff0a2 - std[617be2ca0a6fd877]::panicking::panic_handler::{closure#0}
[INFO] [stdout]    8:     0x6206d75f74d9 - std[617be2ca0a6fd877]::sys::backtrace::__rust_end_short_backtrace::<std[617be2ca0a6fd877]::panicking::panic_handler::{closure#0}, !>
[INFO] [stdout]    9:     0x6206d75ffdbd - __rustc[ea4f61d10b84890b]::rust_begin_unwind
[INFO] [stdout]   10:     0x6206d763b60c - core[a373ad73a504971]::panicking::panic_fmt
[INFO] [stdout]   11:     0x6206d74b5789 - record_render[ca093661099469d6]::tests::fixture_bytes::{closure#0}
[INFO] [stdout]   12:     0x6206d74b6737 - record_render[ca093661099469d6]::tests::fixture_bytes
[INFO] [stdout]   13:     0x6206d74b6ce2 - record_render[ca093661099469d6]::tests::rgb_code_block
[INFO] [stdout]   14:     0x6206d74d1b42 - <record_render[ca093661099469d6]::tests::a_pinned_nominal_holds_the_pitch_still_while_the_payload_grows::{closure#0} as core[a373ad73a504971]::ops::function::FnOnce<()>>::call_once
[INFO] [stdout]   15:     0x6206d752bc4b - test[aada8e7e76ba119b]::__rust_begin_short_backtrace::<core[a373ad73a504971]::result::Result<(), alloc[2e1b2a31b91974c5]::string::String>, fn() -> core[a373ad73a504971]::result::Result<(), alloc[2e1b2a31b91974c5]::string::String>>
[INFO] [stdout]   16:     0x6206d7538e25 - test[aada8e7e76ba119b]::run_test::{closure#0}
[INFO] [stdout]   17:     0x6206d7532714 - std[617be2ca0a6fd877]::sys::backtrace::__rust_begin_short_backtrace::<test[aada8e7e76ba119b]::run_test::{closure#1}, ()>
[INFO] [stdout]   18:     0x6206d753beb2 - <std[617be2ca0a6fd877]::thread::lifecycle::spawn_unchecked<test[aada8e7e76ba119b]::run_test::{closure#1}, ()>::{closure#1} as core[a373ad73a504971]::ops::function::FnOnce<()>>::call_once::{shim:vtable#0}
[INFO] [stdout]   19:     0x6206d762420f - <std[617be2ca0a6fd877]::sys::thread::unix::Thread>::new::thread_start
[INFO] [stdout]   20:     0x7a67d2965dfa - <unknown>
[INFO] [stdout]   21:     0x7a67d29f93d4 - clone
[INFO] [stdout]   22:                0x0 - <unknown>
[INFO] [stdout] 
[INFO] [stdout] ---- tests::the_descriptor_band_of_a_pressed_record_is_mid_grey stdout ----
[INFO] [stdout] 
[INFO] [stdout] thread 'tests::the_descriptor_band_of_a_pressed_record_is_mid_grey' (2349) panicked at src/lib.rs:3922:48:
[INFO] [stdout] failed to read /opt/rustwide/goldenfiles/records/lori-asha-westside-single45-hq/lori-asha-westside-single45-hq.record.png: No such file or directory (os error 2)
[INFO] [stdout] stack backtrace:
[INFO] [stdout]    0:     0x6206d7625211 - <<std[617be2ca0a6fd877]::sys::backtrace::BacktraceLock>::print::DisplayBacktrace as core[a373ad73a504971]::fmt::Display>::fmt
[INFO] [stdout]    1:     0x6206d763aeda - core[a373ad73a504971]::fmt::write
[INFO] [stdout]    2:     0x6206d7629c6c - <alloc[2e1b2a31b91974c5]::vec::Vec<u8> as core[a373ad73a504971]::io::write::Write>::write_fmt
[INFO] [stdout]    3:     0x6206d75feff6 - std[617be2ca0a6fd877]::panicking::default_hook::{closure#0}
[INFO] [stdout]    4:     0x6206d761cc19 - std[617be2ca0a6fd877]::panicking::default_hook
[INFO] [stdout]    5:     0x6206d7538800 - test[aada8e7e76ba119b]::test_main_inner::{closure#0}
[INFO] [stdout]    6:     0x6206d761cf42 - std[617be2ca0a6fd877]::panicking::panic_with_hook
[INFO] [stdout]    7:     0x6206d75ff0a2 - std[617be2ca0a6fd877]::panicking::panic_handler::{closure#0}
[INFO] [stdout]    8:     0x6206d75f74d9 - std[617be2ca0a6fd877]::sys::backtrace::__rust_end_short_backtrace::<std[617be2ca0a6fd877]::panicking::panic_handler::{closure#0}, !>
[INFO] [stdout]    9:     0x6206d75ffdbd - __rustc[ea4f61d10b84890b]::rust_begin_unwind
[INFO] [stdout]   10:     0x6206d763b60c - core[a373ad73a504971]::panicking::panic_fmt
[INFO] [stdout]   11:     0x6206d74b5789 - record_render[ca093661099469d6]::tests::fixture_bytes::{closure#0}
[INFO] [stdout]   12:     0x6206d74b6737 - record_render[ca093661099469d6]::tests::fixture_bytes
[INFO] [stdout]   13:     0x6206d74cb78c - <record_render[ca093661099469d6]::tests::the_descriptor_band_of_a_pressed_record_is_mid_grey::{closure#0} as core[a373ad73a504971]::ops::function::FnOnce<()>>::call_once
[INFO] [stdout]   14:     0x6206d752bc4b - test[aada8e7e76ba119b]::__rust_begin_short_backtrace::<core[a373ad73a504971]::result::Result<(), alloc[2e1b2a31b91974c5]::string::String>, fn() -> core[a373ad73a504971]::result::Result<(), alloc[2e1b2a31b91974c5]::string::String>>
[INFO] [stdout]   15:     0x6206d7538e25 - test[aada8e7e76ba119b]::run_test::{closure#0}
[INFO] [stdout]   16:     0x6206d7532714 - std[617be2ca0a6fd877]::sys::backtrace::__rust_begin_short_backtrace::<test[aada8e7e76ba119b]::run_test::{closure#1}, ()>
[INFO] [stdout]   17:     0x6206d753beb2 - <std[617be2ca0a6fd877]::thread::lifecycle::spawn_unchecked<test[aada8e7e76ba119b]::run_test::{closure#1}, ()>::{closure#1} as core[a373ad73a504971]::ops::function::FnOnce<()>>::call_once::{shim:vtable#0}
[INFO] [stdout]   18:     0x6206d762420f - <std[617be2ca0a6fd877]::sys::thread::unix::Thread>::new::thread_start
[INFO] [stdout]   19:     0x7a67d2965dfa - <unknown>
[INFO] [stdout]   20:     0x7a67d29f93d4 - clone
[INFO] [stdout]   21:                0x0 - <unknown>
[INFO] [stdout] 
[INFO] [stdout] ---- tests::the_silent_groove_and_the_trailer_are_cut_in_colour stdout ----
[INFO] [stdout] 
[INFO] [stdout] thread 'tests::the_silent_groove_and_the_trailer_are_cut_in_colour' (2351) panicked at src/lib.rs:3922:48:
[INFO] [stdout] failed to read /opt/rustwide/goldenfiles/records/lori-asha-westside-single45-hq/lori-asha-westside-single45-hq.ecdc: No such file or directory (os error 2)
[INFO] [stdout] stack backtrace:
[INFO] [stdout]    0:     0x6206d7625211 - <<std[617be2ca0a6fd877]::sys::backtrace::BacktraceLock>::print::DisplayBacktrace as core[a373ad73a504971]::fmt::Display>::fmt
[INFO] [stdout]    1:     0x6206d763aeda - core[a373ad73a504971]::fmt::write
[INFO] [stdout]    2:     0x6206d7629c6c - <alloc[2e1b2a31b91974c5]::vec::Vec<u8> as core[a373ad73a504971]::io::write::Write>::write_fmt
[INFO] [stdout]    3:     0x6206d75feff6 - std[617be2ca0a6fd877]::panicking::default_hook::{closure#0}
[INFO] [stdout]    4:     0x6206d761cc19 - std[617be2ca0a6fd877]::panicking::default_hook
[INFO] [stdout]    5:     0x6206d7538800 - test[aada8e7e76ba119b]::test_main_inner::{closure#0}
[INFO] [stdout]    6:     0x6206d761cf42 - std[617be2ca0a6fd877]::panicking::panic_with_hook
[INFO] [stdout]    7:     0x6206d75ff0a2 - std[617be2ca0a6fd877]::panicking::panic_handler::{closure#0}
[INFO] [stdout]    8:     0x6206d75f74d9 - std[617be2ca0a6fd877]::sys::backtrace::__rust_end_short_backtrace::<std[617be2ca0a6fd877]::panicking::panic_handler::{closure#0}, !>
[INFO] [stdout]    9:     0x6206d75ffdbd - __rustc[ea4f61d10b84890b]::rust_begin_unwind
[INFO] [stdout]   10:     0x6206d763b60c - core[a373ad73a504971]::panicking::panic_fmt
[INFO] [stdout]   11:     0x6206d74b5789 - record_render[ca093661099469d6]::tests::fixture_bytes::{closure#0}
[INFO] [stdout]   12:     0x6206d74b6737 - record_render[ca093661099469d6]::tests::fixture_bytes
[INFO] [stdout]   13:     0x6206d74b6432 - record_render[ca093661099469d6]::tests::codec_bytes
[INFO] [stdout]   14:     0x6206d74cc1b9 - <record_render[ca093661099469d6]::tests::the_silent_groove_and_the_trailer_are_cut_in_colour::{closure#0} as core[a373ad73a504971]::ops::function::FnOnce<()>>::call_once
[INFO] [stdout]   15:     0x6206d752bc4b - test[aada8e7e76ba119b]::__rust_begin_short_backtrace::<core[a373ad73a504971]::result::Result<(), alloc[2e1b2a31b91974c5]::string::String>, fn() -> core[a373ad73a504971]::result::Result<(), alloc[2e1b2a31b91974c5]::string::String>>
[INFO] [stdout]   16:     0x6206d7538e25 - test[aada8e7e76ba119b]::run_test::{closure#0}
[INFO] [stdout]   17:     0x6206d7532714 - std[617be2ca0a6fd877]::sys::backtrace::__rust_begin_short_backtrace::<test[aada8e7e76ba119b]::run_test::{closure#1}, ()>
[INFO] [stdout]   18:     0x6206d753beb2 - <std[617be2ca0a6fd877]::thread::lifecycle::spawn_unchecked<test[aada8e7e76ba119b]::run_test::{closure#1}, ()>::{closure#1} as core[a373ad73a504971]::ops::function::FnOnce<()>>::call_once::{shim:vtable#0}
[INFO] [stdout]   19:     0x6206d762420f - <std[617be2ca0a6fd877]::sys::thread::unix::Thread>::new::thread_start
[INFO] [stdout]   20:     0x7a67d2965dfa - <unknown>
[INFO] [stdout]   21:     0x7a67d29f93d4 - clone
[INFO] [stdout]   22:                0x0 - <unknown>
[INFO] [stdout] 
[INFO] [stdout] ---- tests::the_silent_groove_is_an_addressable_carrier_even_while_it_holds_nothing stdout ----
[INFO] [stdout] 
[INFO] [stdout] thread 'tests::the_silent_groove_is_an_addressable_carrier_even_while_it_holds_nothing' (2352) panicked at src/lib.rs:3922:48:
[INFO] [stdout] failed to read /opt/rustwide/goldenfiles/records/lori-asha-westside-lp-hq/lori-asha-westside-lp-hq.ecdc: No such file or directory (os error 2)
[INFO] [stdout] stack backtrace:
[INFO] [stdout]    0:     0x6206d7625211 - <<std[617be2ca0a6fd877]::sys::backtrace::BacktraceLock>::print::DisplayBacktrace as core[a373ad73a504971]::fmt::Display>::fmt
[INFO] [stdout]    1:     0x6206d763aeda - core[a373ad73a504971]::fmt::write
[INFO] [stdout]    2:     0x6206d7629c6c - <alloc[2e1b2a31b91974c5]::vec::Vec<u8> as core[a373ad73a504971]::io::write::Write>::write_fmt
[INFO] [stdout]    3:     0x6206d75feff6 - std[617be2ca0a6fd877]::panicking::default_hook::{closure#0}
[INFO] [stdout]    4:     0x6206d761cc19 - std[617be2ca0a6fd877]::panicking::default_hook
[INFO] [stdout]    5:     0x6206d7538800 - test[aada8e7e76ba119b]::test_main_inner::{closure#0}
[INFO] [stdout]    6:     0x6206d761cf42 - std[617be2ca0a6fd877]::panicking::panic_with_hook
[INFO] [stdout]    7:     0x6206d75ff0a2 - std[617be2ca0a6fd877]::panicking::panic_handler::{closure#0}
[INFO] [stdout]    8:     0x6206d75f74d9 - std[617be2ca0a6fd877]::sys::backtrace::__rust_end_short_backtrace::<std[617be2ca0a6fd877]::panicking::panic_handler::{closure#0}, !>
[INFO] [stdout]    9:     0x6206d75ffdbd - __rustc[ea4f61d10b84890b]::rust_begin_unwind
[INFO] [stdout]   10:     0x6206d763b60c - core[a373ad73a504971]::panicking::panic_fmt
[INFO] [stdout]   11:     0x6206d74b5789 - record_render[ca093661099469d6]::tests::fixture_bytes::{closure#0}
[INFO] [stdout]   12:     0x6206d74b6737 - record_render[ca093661099469d6]::tests::fixture_bytes
[INFO] [stdout]   13:     0x6206d74b6ce2 - record_render[ca093661099469d6]::tests::rgb_code_block
[INFO] [stdout]   14:     0x6206d74d27be - <record_render[ca093661099469d6]::tests::the_silent_groove_is_an_addressable_carrier_even_while_it_holds_nothing::{closure#0} as core[a373ad73a504971]::ops::function::FnOnce<()>>::call_once
[INFO] [stdout]   15:     0x6206d752bc4b - test[aada8e7e76ba119b]::__rust_begin_short_backtrace::<core[a373ad73a504971]::result::Result<(), alloc[2e1b2a31b91974c5]::string::String>, fn() -> core[a373ad73a504971]::result::Result<(), alloc[2e1b2a31b91974c5]::string::String>>
[INFO] [stdout]   16:     0x6206d7538e25 - test[aada8e7e76ba119b]::run_test::{closure#0}
[INFO] [stdout]   17:     0x6206d7532714 - std[617be2ca0a6fd877]::sys::backtrace::__rust_begin_short_backtrace::<test[aada8e7e76ba119b]::run_test::{closure#1}, ()>
[INFO] [stdout]   18:     0x6206d753beb2 - <std[617be2ca0a6fd877]::thread::lifecycle::spawn_unchecked<test[aada8e7e76ba119b]::run_test::{closure#1}, ()>::{closure#1} as core[a373ad73a504971]::ops::function::FnOnce<()>>::call_once::{shim:vtable#0}
[INFO] [stdout]   19:     0x6206d762420f - <std[617be2ca0a6fd877]::sys::thread::unix::Thread>::new::thread_start
[INFO] [stdout]   20:     0x7a67d2965dfa - <unknown>
[INFO] [stdout]   21:     0x7a67d29f93d4 - clone
[INFO] [stdout]   22:                0x0 - <unknown>
[INFO] [stdout] 
[INFO] [stdout] ---- tests::the_silent_groove_picks_the_groove_up_where_the_programme_left_it stdout ----
[INFO] [stdout] 
[INFO] [stdout] thread 'tests::the_silent_groove_picks_the_groove_up_where_the_programme_left_it' (2354) panicked at src/lib.rs:3922:48:
[INFO] [stdout] failed to read /opt/rustwide/goldenfiles/records/lori-asha-westside-lp-hq/lori-asha-westside-lp-hq.ecdc: No such file or directory (os error 2)
[INFO] [stdout] stack backtrace:
[INFO] [stdout]    0:     0x6206d7625211 - <<std[617be2ca0a6fd877]::sys::backtrace::BacktraceLock>::print::DisplayBacktrace as core[a373ad73a504971]::fmt::Display>::fmt
[INFO] [stdout]    1:     0x6206d763aeda - core[a373ad73a504971]::fmt::write
[INFO] [stdout]    2:     0x6206d7629c6c - <alloc[2e1b2a31b91974c5]::vec::Vec<u8> as core[a373ad73a504971]::io::write::Write>::write_fmt
[INFO] [stdout]    3:     0x6206d75feff6 - std[617be2ca0a6fd877]::panicking::default_hook::{closure#0}
[INFO] [stdout]    4:     0x6206d761cc19 - std[617be2ca0a6fd877]::panicking::default_hook
[INFO] [stdout]    5:     0x6206d7538800 - test[aada8e7e76ba119b]::test_main_inner::{closure#0}
[INFO] [stdout]    6:     0x6206d761cf42 - std[617be2ca0a6fd877]::panicking::panic_with_hook
[INFO] [stdout]    7:     0x6206d75ff0a2 - std[617be2ca0a6fd877]::panicking::panic_handler::{closure#0}
[INFO] [stdout]    8:     0x6206d75f74d9 - std[617be2ca0a6fd877]::sys::backtrace::__rust_end_short_backtrace::<std[617be2ca0a6fd877]::panicking::panic_handler::{closure#0}, !>
[INFO] [stdout]    9:     0x6206d75ffdbd - __rustc[ea4f61d10b84890b]::rust_begin_unwind
[INFO] [stdout]   10:     0x6206d763b60c - core[a373ad73a504971]::panicking::panic_fmt
[INFO] [stdout]   11:     0x6206d74b5789 - record_render[ca093661099469d6]::tests::fixture_bytes::{closure#0}
[INFO] [stdout]   12:     0x6206d74b6737 - record_render[ca093661099469d6]::tests::fixture_bytes
[INFO] [stdout]   13:     0x6206d74b6ce2 - record_render[ca093661099469d6]::tests::rgb_code_block
[INFO] [stdout]   14:     0x6206d74d22ca - <record_render[ca093661099469d6]::tests::the_silent_groove_picks_the_groove_up_where_the_programme_left_it::{closure#0} as core[a373ad73a504971]::ops::function::FnOnce<()>>::call_once
[INFO] [stdout]   15:     0x6206d752bc4b - test[aada8e7e76ba119b]::__rust_begin_short_backtrace::<core[a373ad73a504971]::result::Result<(), alloc[2e1b2a31b91974c5]::string::String>, fn() -> core[a373ad73a504971]::result::Result<(), alloc[2e1b2a31b91974c5]::string::String>>
[INFO] [stdout]   16:     0x6206d7538e25 - test[aada8e7e76ba119b]::run_test::{closure#0}
[INFO] [stdout]   17:     0x6206d7532714 - std[617be2ca0a6fd877]::sys::backtrace::__rust_begin_short_backtrace::<test[aada8e7e76ba119b]::run_test::{closure#1}, ()>
[INFO] [stdout]   18:     0x6206d753beb2 - <std[617be2ca0a6fd877]::thread::lifecycle::spawn_unchecked<test[aada8e7e76ba119b]::run_test::{closure#1}, ()>::{closure#1} as core[a373ad73a504971]::ops::function::FnOnce<()>>::call_once::{shim:vtable#0}
[INFO] [stdout]   19:     0x6206d762420f - <std[617be2ca0a6fd877]::sys::thread::unix::Thread>::new::thread_start
[INFO] [stdout]   20:     0x7a67d2965dfa - <unknown>
[INFO] [stdout]   21:     0x7a67d29f93d4 - clone
[INFO] [stdout]   22:                0x0 - <unknown>
[INFO] [stdout] 
[INFO] [stdout] ---- tests::track_gap_entry_uses_lighter_groove_tone_and_round_trips stdout ----
[INFO] [stdout] 
[INFO] [stdout] thread 'tests::track_gap_entry_uses_lighter_groove_tone_and_round_trips' (2356) panicked at src/lib.rs:3922:48:
[INFO] [stdout] failed to read /opt/rustwide/goldenfiles/records/lori-asha-westside-single45-hq/lori-asha-westside-single45-hq.ecdc: No such file or directory (os error 2)
[INFO] [stdout] stack backtrace:
[INFO] [stdout]    0:     0x6206d7625211 - <<std[617be2ca0a6fd877]::sys::backtrace::BacktraceLock>::print::DisplayBacktrace as core[a373ad73a504971]::fmt::Display>::fmt
[INFO] [stdout]    1:     0x6206d763aeda - core[a373ad73a504971]::fmt::write
[INFO] [stdout]    2:     0x6206d7629c6c - <alloc[2e1b2a31b91974c5]::vec::Vec<u8> as core[a373ad73a504971]::io::write::Write>::write_fmt
[INFO] [stdout]    3:     0x6206d75feff6 - std[617be2ca0a6fd877]::panicking::default_hook::{closure#0}
[INFO] [stdout]    4:     0x6206d761cc19 - std[617be2ca0a6fd877]::panicking::default_hook
[INFO] [stdout]    5:     0x6206d7538800 - test[aada8e7e76ba119b]::test_main_inner::{closure#0}
[INFO] [stdout]    6:     0x6206d761cf42 - std[617be2ca0a6fd877]::panicking::panic_with_hook
[INFO] [stdout]    7:     0x6206d75ff0a2 - std[617be2ca0a6fd877]::panicking::panic_handler::{closure#0}
[INFO] [stdout]    8:     0x6206d75f74d9 - std[617be2ca0a6fd877]::sys::backtrace::__rust_end_short_backtrace::<std[617be2ca0a6fd877]::panicking::panic_handler::{closure#0}, !>
[INFO] [stdout]    9:     0x6206d75ffdbd - __rustc[ea4f61d10b84890b]::rust_begin_unwind
[INFO] [stdout]   10:     0x6206d763b60c - core[a373ad73a504971]::panicking::panic_fmt
[INFO] [stdout]   11:     0x6206d74b5789 - record_render[ca093661099469d6]::tests::fixture_bytes::{closure#0}
[INFO] [stdout]   12:     0x6206d74b6737 - record_render[ca093661099469d6]::tests::fixture_bytes
[INFO] [stdout]   13:     0x6206d74b6432 - record_render[ca093661099469d6]::tests::codec_bytes
[INFO] [stdout]   14:     0x6206d74cfb88 - <record_render[ca093661099469d6]::tests::track_gap_entry_uses_lighter_groove_tone_and_round_trips::{closure#0} as core[a373ad73a504971]::ops::function::FnOnce<()>>::call_once
[INFO] [stdout]   15:     0x6206d752bc4b - test[aada8e7e76ba119b]::__rust_begin_short_backtrace::<core[a373ad73a504971]::result::Result<(), alloc[2e1b2a31b91974c5]::string::String>, fn() -> core[a373ad73a504971]::result::Result<(), alloc[2e1b2a31b91974c5]::string::String>>
[INFO] [stdout]   16:     0x6206d7538e25 - test[aada8e7e76ba119b]::run_test::{closure#0}
[INFO] [stdout]   17:     0x6206d7532714 - std[617be2ca0a6fd877]::sys::backtrace::__rust_begin_short_backtrace::<test[aada8e7e76ba119b]::run_test::{closure#1}, ()>
[INFO] [stdout]   18:     0x6206d753beb2 - <std[617be2ca0a6fd877]::thread::lifecycle::spawn_unchecked<test[aada8e7e76ba119b]::run_test::{closure#1}, ()>::{closure#1} as core[a373ad73a504971]::ops::function::FnOnce<()>>::call_once::{shim:vtable#0}
[INFO] [stdout]   19:     0x6206d762420f - <std[617be2ca0a6fd877]::sys::thread::unix::Thread>::new::thread_start
[INFO] [stdout]   20:     0x7a67d2965dfa - <unknown>
[INFO] [stdout]   21:     0x7a67d29f93d4 - clone
[INFO] [stdout]   22:                0x0 - <unknown>
[INFO] [stdout] 
[INFO] [stdout] ---- tests::renders_lp_golden_and_decodes_back_to_payload stdout ----
[INFO] [stdout] 
[INFO] [stdout] thread 'tests::renders_lp_golden_and_decodes_back_to_payload' (2344) panicked at src/lib.rs:3922:48:
[INFO] [stdout] failed to read /opt/rustwide/goldenfiles/records/lori-asha-westside-lp-hq/lori-asha-westside-lp-hq.ecdc: No such file or directory (os error 2)
[INFO] [stdout] stack backtrace:
[INFO] [stdout]    0:     0x6206d7625211 - <<std[617be2ca0a6fd877]::sys::backtrace::BacktraceLock>::print::DisplayBacktrace as core[a373ad73a504971]::fmt::Display>::fmt
[INFO] [stdout]    1:     0x6206d763aeda - core[a373ad73a504971]::fmt::write
[INFO] [stdout]    2:     0x6206d7629c6c - <alloc[2e1b2a31b91974c5]::vec::Vec<u8> as core[a373ad73a504971]::io::write::Write>::write_fmt
[INFO] [stdout]    3:     0x6206d75feff6 - std[617be2ca0a6fd877]::panicking::default_hook::{closure#0}
[INFO] [stdout]    4:     0x6206d761cc19 - std[617be2ca0a6fd877]::panicking::default_hook
[INFO] [stdout]    5:     0x6206d7538800 - test[aada8e7e76ba119b]::test_main_inner::{closure#0}
[INFO] [stdout]    6:     0x6206d761cf42 - std[617be2ca0a6fd877]::panicking::panic_with_hook
[INFO] [stdout]    7:     0x6206d75ff0a2 - std[617be2ca0a6fd877]::panicking::panic_handler::{closure#0}
[INFO] [stdout]    8:     0x6206d75f74d9 - std[617be2ca0a6fd877]::sys::backtrace::__rust_end_short_backtrace::<std[617be2ca0a6fd877]::panicking::panic_handler::{closure#0}, !>
[INFO] [stdout]    9:     0x6206d75ffdbd - __rustc[ea4f61d10b84890b]::rust_begin_unwind
[INFO] [stdout]   10:     0x6206d763b60c - core[a373ad73a504971]::panicking::panic_fmt
[INFO] [stdout]   11:     0x6206d74b5789 - record_render[ca093661099469d6]::tests::fixture_bytes::{closure#0}
[INFO] [stdout]   12:     0x6206d74b6737 - record_render[ca093661099469d6]::tests::fixture_bytes
[INFO] [stdout]   13:     0x6206d74b7a39 - record_render[ca093661099469d6]::tests::assert_render_decodes_to_payload
[INFO] [stdout]   14:     0x6206d74c58ce - <record_render[ca093661099469d6]::tests::renders_lp_golden_and_decodes_back_to_payload::{closure#0} as core[a373ad73a504971]::ops::function::FnOnce<()>>::call_once
[INFO] [stdout]   15:     0x6206d752bc4b - test[aada8e7e76ba119b]::__rust_begin_short_backtrace::<core[a373ad73a504971]::result::Result<(), alloc[2e1b2a31b91974c5]::string::String>, fn() -> core[a373ad73a504971]::result::Result<(), alloc[2e1b2a31b91974c5]::string::String>>
[INFO] [stdout]   16:     0x6206d7538e25 - test[aada8e7e76ba119b]::run_test::{closure#0}
[INFO] [stdout]   17:     0x6206d7532714 - std[617be2ca0a6fd877]::sys::backtrace::__rust_begin_short_backtrace::<test[aada8e7e76ba119b]::run_test::{closure#1}, ()>
[INFO] [stdout]   18:     0x6206d753beb2 - <std[617be2ca0a6fd877]::thread::lifecycle::spawn_unchecked<test[aada8e7e76ba119b]::run_test::{closure#1}, ()>::{closure#1} as core[a373ad73a504971]::ops::function::FnOnce<()>>::call_once::{shim:vtable#0}
[INFO] [stdout]   19:     0x6206d762420f - <std[617be2ca0a6fd877]::sys::thread::unix::Thread>::new::thread_start
[INFO] [stdout]   20:     0x7a67d2965dfa - <unknown>
[INFO] [stdout]   21:     0x7a67d29f93d4 - clone
[INFO] [stdout]   22:                0x0 - <unknown>
[INFO] [stdout] 
[INFO] [stdout] ---- tests::gap_tone_lightness_is_boosted_for_lighter_records stdout ----
[INFO] [stdout] 
[INFO] [stdout] thread 'tests::gap_tone_lightness_is_boosted_for_lighter_records' (2338) panicked at src/lib.rs:3922:48:
[INFO] [stdout] failed to read /opt/rustwide/goldenfiles/records/lori-asha-westside-single45-hq/lori-asha-westside-single45-hq.ecdc: No such file or directory (os error 2)
[INFO] [stdout] stack backtrace:
[INFO] [stdout]    0:     0x6206d7625211 - <<std[617be2ca0a6fd877]::sys::backtrace::BacktraceLock>::print::DisplayBacktrace as core[a373ad73a504971]::fmt::Display>::fmt
[INFO] [stdout]    1:     0x6206d763aeda - core[a373ad73a504971]::fmt::write
[INFO] [stdout]    2:     0x6206d7629c6c - <alloc[2e1b2a31b91974c5]::vec::Vec<u8> as core[a373ad73a504971]::io::write::Write>::write_fmt
[INFO] [stdout]    3:     0x6206d75feff6 - std[617be2ca0a6fd877]::panicking::default_hook::{closure#0}
[INFO] [stdout]    4:     0x6206d761cc19 - std[617be2ca0a6fd877]::panicking::default_hook
[INFO] [stdout]    5:     0x6206d7538800 - test[aada8e7e76ba119b]::test_main_inner::{closure#0}
[INFO] [stdout]    6:     0x6206d761cf42 - std[617be2ca0a6fd877]::panicking::panic_with_hook
[INFO] [stdout]    7:     0x6206d75ff0a2 - std[617be2ca0a6fd877]::panicking::panic_handler::{closure#0}
[INFO] [stdout]    8:     0x6206d75f74d9 - std[617be2ca0a6fd877]::sys::backtrace::__rust_end_short_backtrace::<std[617be2ca0a6fd877]::panicking::panic_handler::{closure#0}, !>
[INFO] [stdout]    9:     0x6206d75ffdbd - __rustc[ea4f61d10b84890b]::rust_begin_unwind
[INFO] [stdout]   10:     0x6206d763b60c - core[a373ad73a504971]::panicking::panic_fmt
[INFO] [stdout]   11:     0x6206d74b5789 - record_render[ca093661099469d6]::tests::fixture_bytes::{closure#0}
[INFO] [stdout]   12:     0x6206d74b6737 - record_render[ca093661099469d6]::tests::fixture_bytes
[INFO] [stdout]   13:     0x6206d74b6432 - record_render[ca093661099469d6]::tests::codec_bytes
[INFO] [stdout]   14:     0x6206d74b82c8 - record_render[ca093661099469d6]::tests::gap_tone_lightness_is_boosted_for_lighter_records::rendered_gap_base
[INFO] [stdout]   15:     0x6206d74cad26 - <record_render[ca093661099469d6]::tests::gap_tone_lightness_is_boosted_for_lighter_records::{closure#0} as core[a373ad73a504971]::ops::function::FnOnce<()>>::call_once
[INFO] [stdout]   16:     0x6206d752bc4b - test[aada8e7e76ba119b]::__rust_begin_short_backtrace::<core[a373ad73a504971]::result::Result<(), alloc[2e1b2a31b91974c5]::string::String>, fn() -> core[a373ad73a504971]::result::Result<(), alloc[2e1b2a31b91974c5]::string::String>>
[INFO] [stdout]   17:     0x6206d7538e25 - test[aada8e7e76ba119b]::run_test::{closure#0}
[INFO] [stdout]   18:     0x6206d7532714 - std[617be2ca0a6fd877]::sys::backtrace::__rust_begin_short_backtrace::<test[aada8e7e76ba119b]::run_test::{closure#1}, ()>
[INFO] [stdout]   19:     0x6206d753beb2 - <std[617be2ca0a6fd877]::thread::lifecycle::spawn_unchecked<test[aada8e7e76ba119b]::run_test::{closure#1}, ()>::{closure#1} as core[a373ad73a504971]::ops::function::FnOnce<()>>::call_once::{shim:vtable#0}
[INFO] [stdout]   20:     0x6206d762420f - <std[617be2ca0a6fd877]::sys::thread::unix::Thread>::new::thread_start
[INFO] [stdout]   21:     0x7a67d2965dfa - <unknown>
[INFO] [stdout]   22:     0x7a67d29f93d4 - clone
[INFO] [stdout]   23:                0x0 - <unknown>
[INFO] [stdout] 
[INFO] [stdout] ---- tests::renders_vintage_single45_golden_and_decodes_back_to_payload stdout ----
[INFO] [stdout] 
[INFO] [stdout] thread 'tests::renders_vintage_single45_golden_and_decodes_back_to_payload' (2346) panicked at src/lib.rs:3922:48:
[INFO] [stdout] failed to read /opt/rustwide/goldenfiles/records/lori-asha-westside-single45-hq/lori-asha-westside-single45-hq.ecdc: No such file or directory (os error 2)
[INFO] [stdout] stack backtrace:
[INFO] [stdout]    0:     0x6206d7625211 - <<std[617be2ca0a6fd877]::sys::backtrace::BacktraceLock>::print::DisplayBacktrace as core[a373ad73a504971]::fmt::Display>::fmt
[INFO] [stdout]    1:     0x6206d763aeda - core[a373ad73a504971]::fmt::write
[INFO] [stdout]    2:     0x6206d7629c6c - <alloc[2e1b2a31b91974c5]::vec::Vec<u8> as core[a373ad73a504971]::io::write::Write>::write_fmt
[INFO] [stdout]    3:     0x6206d75feff6 - std[617be2ca0a6fd877]::panicking::default_hook::{closure#0}
[INFO] [stdout]    4:     0x6206d761cc19 - std[617be2ca0a6fd877]::panicking::default_hook
[INFO] [stdout]    5:     0x6206d7538800 - test[aada8e7e76ba119b]::test_main_inner::{closure#0}
[INFO] [stdout]    6:     0x6206d761cf42 - std[617be2ca0a6fd877]::panicking::panic_with_hook
[INFO] [stdout]    7:     0x6206d75ff0a2 - std[617be2ca0a6fd877]::panicking::panic_handler::{closure#0}
[INFO] [stdout]    8:     0x6206d75f74d9 - std[617be2ca0a6fd877]::sys::backtrace::__rust_end_short_backtrace::<std[617be2ca0a6fd877]::panicking::panic_handler::{closure#0}, !>
[INFO] [stdout]    9:     0x6206d75ffdbd - __rustc[ea4f61d10b84890b]::rust_begin_unwind
[INFO] [stdout]   10:     0x6206d763b60c - core[a373ad73a504971]::panicking::panic_fmt
[INFO] [stdout]   11:     0x6206d74b5789 - record_render[ca093661099469d6]::tests::fixture_bytes::{closure#0}
[INFO] [stdout]   12:     0x6206d74b6737 - record_render[ca093661099469d6]::tests::fixture_bytes
[INFO] [stdout]   13:     0x6206d74b7a39 - record_render[ca093661099469d6]::tests::assert_render_decodes_to_payload
[INFO] [stdout]   14:     0x6206d74d1ace - <record_render[ca093661099469d6]::tests::renders_vintage_single45_golden_and_decodes_back_to_payload::{closure#0} as core[a373ad73a504971]::ops::function::FnOnce<()>>::call_once
[INFO] [stdout]   15:     0x6206d752bc4b - test[aada8e7e76ba119b]::__rust_begin_short_backtrace::<core[a373ad73a504971]::result::Result<(), alloc[2e1b2a31b91974c5]::string::String>, fn() -> core[a373ad73a504971]::result::Result<(), alloc[2e1b2a31b91974c5]::string::String>>
[INFO] [stdout]   16:     0x6206d7538e25 - test[aada8e7e76ba119b]::run_test::{closure#0}
[INFO] [stdout]   17:     0x6206d7532714 - std[617be2ca0a6fd877]::sys::backtrace::__rust_begin_short_backtrace::<test[aada8e7e76ba119b]::run_test::{closure#1}, ()>
[INFO] [stdout]   18:     0x6206d753beb2 - <std[617be2ca0a6fd877]::thread::lifecycle::spawn_unchecked<test[aada8e7e76ba119b]::run_test::{closure#1}, ()>::{closure#1} as core[a373ad73a504971]::ops::function::FnOnce<()>>::call_once::{shim:vtable#0}
[INFO] [stdout]   19:     0x6206d762420f - <std[617be2ca0a6fd877]::sys::thread::unix::Thread>::new::thread_start
[INFO] [stdout]   20:     0x7a67d2965dfa - <unknown>
[INFO] [stdout]   21:     0x7a67d29f93d4 - clone
[INFO] [stdout]   22:                0x0 - <unknown>
[INFO] [stdout] 
[INFO] [stdout] ---- tests::a_three_ring_trailer_spans_its_rings_and_reverses stdout ----
[INFO] [stdout] 
[INFO] [stdout] thread 'tests::a_three_ring_trailer_spans_its_rings_and_reverses' (2331) panicked at src/lib.rs:3922:48:
[INFO] [stdout] failed to read /opt/rustwide/goldenfiles/records/lori-asha-westside-single45-hq/lori-asha-westside-single45-hq.ecdc: No such file or directory (os error 2)
[INFO] [stdout] stack backtrace:
[INFO] [stdout]    0:     0x6206d7625211 - <<std[617be2ca0a6fd877]::sys::backtrace::BacktraceLock>::print::DisplayBacktrace as core[a373ad73a504971]::fmt::Display>::fmt
[INFO] [stdout]    1:     0x6206d763aeda - core[a373ad73a504971]::fmt::write
[INFO] [stdout]    2:     0x6206d7629c6c - <alloc[2e1b2a31b91974c5]::vec::Vec<u8> as core[a373ad73a504971]::io::write::Write>::write_fmt
[INFO] [stdout]    3:     0x6206d75feff6 - std[617be2ca0a6fd877]::panicking::default_hook::{closure#0}
[INFO] [stdout]    4:     0x6206d761cc19 - std[617be2ca0a6fd877]::panicking::default_hook
[INFO] [stdout]    5:     0x6206d7538800 - test[aada8e7e76ba119b]::test_main_inner::{closure#0}
[INFO] [stdout]    6:     0x6206d761cf42 - std[617be2ca0a6fd877]::panicking::panic_with_hook
[INFO] [stdout]    7:     0x6206d75ff0a2 - std[617be2ca0a6fd877]::panicking::panic_handler::{closure#0}
[INFO] [stdout]    8:     0x6206d75f74d9 - std[617be2ca0a6fd877]::sys::backtrace::__rust_end_short_backtrace::<std[617be2ca0a6fd877]::panicking::panic_handler::{closure#0}, !>
[INFO] [stdout]    9:     0x6206d75ffdbd - __rustc[ea4f61d10b84890b]::rust_begin_unwind
[INFO] [stdout]   10:     0x6206d763b60c - core[a373ad73a504971]::panicking::panic_fmt
[INFO] [stdout]   11:     0x6206d74b5789 - record_render[ca093661099469d6]::tests::fixture_bytes::{closure#0}
[INFO] [stdout]   12:     0x6206d74b6737 - record_render[ca093661099469d6]::tests::fixture_bytes
[INFO] [stdout]   13:     0x6206d74b6432 - record_render[ca093661099469d6]::tests::codec_bytes
[INFO] [stdout]   14:     0x6206d74c9dfd - <record_render[ca093661099469d6]::tests::a_three_ring_trailer_spans_its_rings_and_reverses::{closure#0} as core[a373ad73a504971]::ops::function::FnOnce<()>>::call_once
[INFO] [stdout]   15:     0x6206d752bc4b - test[aada8e7e76ba119b]::__rust_begin_short_backtrace::<core[a373ad73a504971]::result::Result<(), alloc[2e1b2a31b91974c5]::string::String>, fn() -> core[a373ad73a504971]::result::Result<(), alloc[2e1b2a31b91974c5]::string::String>>
[INFO] [stdout]   16:     0x6206d7538e25 - test[aada8e7e76ba119b]::run_test::{closure#0}
[INFO] [stdout]   17:     0x6206d7532714 - std[617be2ca0a6fd877]::sys::backtrace::__rust_begin_short_backtrace::<test[aada8e7e76ba119b]::run_test::{closure#1}, ()>
[INFO] [stdout]   18:     0x6206d753beb2 - <std[617be2ca0a6fd877]::thread::lifecycle::spawn_unchecked<test[aada8e7e76ba119b]::run_test::{closure#1}, ()>::{closure#1} as core[a373ad73a504971]::ops::function::FnOnce<()>>::call_once::{shim:vtable#0}
[INFO] [stdout]   19:     0x6206d762420f - <std[617be2ca0a6fd877]::sys::thread::unix::Thread>::new::thread_start
[INFO] [stdout]   20:     0x7a67d2965dfa - <unknown>
[INFO] [stdout]   21:     0x7a67d29f93d4 - clone
[INFO] [stdout]   22:                0x0 - <unknown>
[INFO] [stdout] 
[INFO] [stdout] ---- tests::the_committed_golden_pngs_still_decode stdout ----
[INFO] [stdout] 
[INFO] [stdout] thread 'tests::the_committed_golden_pngs_still_decode' (2347) panicked at src/lib.rs:3922:48:
[INFO] [stdout] failed to read /opt/rustwide/goldenfiles/records/lori-asha-westside-single45-hq/lori-asha-westside-single45-hq.record.png: No such file or directory (os error 2)
[INFO] [stdout] stack backtrace:
[INFO] [stdout]    0:     0x6206d7625211 - <<std[617be2ca0a6fd877]::sys::backtrace::BacktraceLock>::print::DisplayBacktrace as core[a373ad73a504971]::fmt::Display>::fmt
[INFO] [stdout]    1:     0x6206d763aeda - core[a373ad73a504971]::fmt::write
[INFO] [stdout]    2:     0x6206d7629c6c - <alloc[2e1b2a31b91974c5]::vec::Vec<u8> as core[a373ad73a504971]::io::write::Write>::write_fmt
[INFO] [stdout]    3:     0x6206d75feff6 - std[617be2ca0a6fd877]::panicking::default_hook::{closure#0}
[INFO] [stdout]    4:     0x6206d761cc19 - std[617be2ca0a6fd877]::panicking::default_hook
[INFO] [stdout]    5:     0x6206d7538800 - test[aada8e7e76ba119b]::test_main_inner::{closure#0}
[INFO] [stdout]    6:     0x6206d761cf42 - std[617be2ca0a6fd877]::panicking::panic_with_hook
[INFO] [stdout]    7:     0x6206d75ff0a2 - std[617be2ca0a6fd877]::panicking::panic_handler::{closure#0}
[INFO] [stdout]    8:     0x6206d75f74d9 - std[617be2ca0a6fd877]::sys::backtrace::__rust_end_short_backtrace::<std[617be2ca0a6fd877]::panicking::panic_handler::{closure#0}, !>
[INFO] [stdout]    9:     0x6206d75ffdbd - __rustc[ea4f61d10b84890b]::rust_begin_unwind
[INFO] [stdout]   10:     0x6206d763b60c - core[a373ad73a504971]::panicking::panic_fmt
[INFO] [stdout]   11:     0x6206d74b5789 - record_render[ca093661099469d6]::tests::fixture_bytes::{closure#0}
[INFO] [stdout]   12:     0x6206d74b6737 - record_render[ca093661099469d6]::tests::fixture_bytes
[INFO] [stdout]   13:     0x6206d74bd34f - <record_render[ca093661099469d6]::tests::the_committed_golden_pngs_still_decode::{closure#0} as core[a373ad73a504971]::ops::function::FnOnce<()>>::call_once
[INFO] [stdout]   14:     0x6206d752bc4b - test[aada8e7e76ba119b]::__rust_begin_short_backtrace::<core[a373ad73a504971]::result::Result<(), alloc[2e1b2a31b91974c5]::string::String>, fn() -> core[a373ad73a504971]::result::Result<(), alloc[2e1b2a31b91974c5]::string::String>>
[INFO] [stdout]   15:     0x6206d7538e25 - test[aada8e7e76ba119b]::run_test::{closure#0}
[INFO] [stdout]   16:     0x6206d7532714 - std[617be2ca0a6fd877]::sys::backtrace::__rust_begin_short_backtrace::<test[aada8e7e76ba119b]::run_test::{closure#1}, ()>
[INFO] [stdout]   17:     0x6206d753beb2 - <std[617be2ca0a6fd877]::thread::lifecycle::spawn_unchecked<test[aada8e7e76ba119b]::run_test::{closure#1}, ()>::{closure#1} as core[a373ad73a504971]::ops::function::FnOnce<()>>::call_once::{shim:vtable#0}
[INFO] [stdout]   18:     0x6206d762420f - <std[617be2ca0a6fd877]::sys::thread::unix::Thread>::new::thread_start
[INFO] [stdout]   19:     0x7a67d2965dfa - <unknown>
[INFO] [stdout]   20:     0x7a67d29f93d4 - clone
[INFO] [stdout]   21:                0x0 - <unknown>
[INFO] [stdout] 
[INFO] [stdout] ---- tests::a_header_too_big_for_the_lead_in_goes_into_the_trailer stdout ----
[INFO] [stdout] 
[INFO] [stdout] thread 'tests::a_header_too_big_for_the_lead_in_goes_into_the_trailer' (2325) panicked at src/lib.rs:3922:48:
[INFO] [stdout] failed to read /opt/rustwide/goldenfiles/records/lori-asha-westside-single45-hq/lori-asha-westside-single45-hq.ecdc: No such file or directory (os error 2)
[INFO] [stdout] stack backtrace:
[INFO] [stdout]    0:     0x6206d7625211 - <<std[617be2ca0a6fd877]::sys::backtrace::BacktraceLock>::print::DisplayBacktrace as core[a373ad73a504971]::fmt::Display>::fmt
[INFO] [stdout]    1:     0x6206d763aeda - core[a373ad73a504971]::fmt::write
[INFO] [stdout]    2:     0x6206d7629c6c - <alloc[2e1b2a31b91974c5]::vec::Vec<u8> as core[a373ad73a504971]::io::write::Write>::write_fmt
[INFO] [stdout]    3:     0x6206d75feff6 - std[617be2ca0a6fd877]::panicking::default_hook::{closure#0}
[INFO] [stdout]    4:     0x6206d761cc19 - std[617be2ca0a6fd877]::panicking::default_hook
[INFO] [stdout]    5:     0x6206d7538800 - test[aada8e7e76ba119b]::test_main_inner::{closure#0}
[INFO] [stdout]    6:     0x6206d761cf42 - std[617be2ca0a6fd877]::panicking::panic_with_hook
[INFO] [stdout]    7:     0x6206d75ff0a2 - std[617be2ca0a6fd877]::panicking::panic_handler::{closure#0}
[INFO] [stdout]    8:     0x6206d75f74d9 - std[617be2ca0a6fd877]::sys::backtrace::__rust_end_short_backtrace::<std[617be2ca0a6fd877]::panicking::panic_handler::{closure#0}, !>
[INFO] [stdout]    9:     0x6206d75ffdbd - __rustc[ea4f61d10b84890b]::rust_begin_unwind
[INFO] [stdout]   10:     0x6206d763b60c - core[a373ad73a504971]::panicking::panic_fmt
[INFO] [stdout]   11:     0x6206d74b5789 - record_render[ca093661099469d6]::tests::fixture_bytes::{closure#0}
[INFO] [stdout]   12:     0x6206d74b6737 - record_render[ca093661099469d6]::tests::fixture_bytes
[INFO] [stdout]   13:     0x6206d74b6432 - record_render[ca093661099469d6]::tests::codec_bytes
[INFO] [stdout]   14:     0x6206d74cd497 - <record_render[ca093661099469d6]::tests::a_header_too_big_for_the_lead_in_goes_into_the_trailer::{closure#0} as core[a373ad73a504971]::ops::function::FnOnce<()>>::call_once
[INFO] [stdout]   15:     0x6206d752bc4b - test[aada8e7e76ba119b]::__rust_begin_short_backtrace::<core[a373ad73a504971]::result::Result<(), alloc[2e1b2a31b91974c5]::string::String>, fn() -> core[a373ad73a504971]::result::Result<(), alloc[2e1b2a31b91974c5]::string::String>>
[INFO] [stdout]   16:     0x6206d7538e25 - test[aada8e7e76ba119b]::run_test::{closure#0}
[INFO] [stdout]   17:     0x6206d7532714 - std[617be2ca0a6fd877]::sys::backtrace::__rust_begin_short_backtrace::<test[aada8e7e76ba119b]::run_test::{closure#1}, ()>
[INFO] [stdout]   18:     0x6206d753beb2 - <std[617be2ca0a6fd877]::thread::lifecycle::spawn_unchecked<test[aada8e7e76ba119b]::run_test::{closure#1}, ()>::{closure#1} as core[a373ad73a504971]::ops::function::FnOnce<()>>::call_once::{shim:vtable#0}
[INFO] [stdout]   19:     0x6206d762420f - <std[617be2ca0a6fd877]::sys::thread::unix::Thread>::new::thread_start
[INFO] [stdout]   20:     0x7a67d2965dfa - <unknown>
[INFO] [stdout]   21:     0x7a67d29f93d4 - clone
[INFO] [stdout]   22:                0x0 - <unknown>
[INFO] [stdout] 
[INFO] [stdout] ---- tests::two_track_compact_groove_renders_and_decodes_byte_exact stdout ----
[INFO] [stdout] 
[INFO] [stdout] thread 'tests::two_track_compact_groove_renders_and_decodes_byte_exact' (2358) panicked at src/lib.rs:3922:48:
[INFO] [stdout] failed to read /opt/rustwide/goldenfiles/records/lori-asha-westside-single45-hq/lori-asha-westside-single45-hq.ecdc: No such file or directory (os error 2)
[INFO] [stdout] stack backtrace:
[INFO] [stdout]    0:     0x6206d7625211 - <<std[617be2ca0a6fd877]::sys::backtrace::BacktraceLock>::print::DisplayBacktrace as core[a373ad73a504971]::fmt::Display>::fmt
[INFO] [stdout]    1:     0x6206d763aeda - core[a373ad73a504971]::fmt::write
[INFO] [stdout]    2:     0x6206d7629c6c - <alloc[2e1b2a31b91974c5]::vec::Vec<u8> as core[a373ad73a504971]::io::write::Write>::write_fmt
[INFO] [stdout]    3:     0x6206d75feff6 - std[617be2ca0a6fd877]::panicking::default_hook::{closure#0}
[INFO] [stdout]    4:     0x6206d761cc19 - std[617be2ca0a6fd877]::panicking::default_hook
[INFO] [stdout]    5:     0x6206d7538800 - test[aada8e7e76ba119b]::test_main_inner::{closure#0}
[INFO] [stdout]    6:     0x6206d761cf42 - std[617be2ca0a6fd877]::panicking::panic_with_hook
[INFO] [stdout]    7:     0x6206d75ff0a2 - std[617be2ca0a6fd877]::panicking::panic_handler::{closure#0}
[INFO] [stdout]    8:     0x6206d75f74d9 - std[617be2ca0a6fd877]::sys::backtrace::__rust_end_short_backtrace::<std[617be2ca0a6fd877]::panicking::panic_handler::{closure#0}, !>
[INFO] [stdout]    9:     0x6206d75ffdbd - __rustc[ea4f61d10b84890b]::rust_begin_unwind
[INFO] [stdout]   10:     0x6206d763b60c - core[a373ad73a504971]::panicking::panic_fmt
[INFO] [stdout]   11:     0x6206d74b5789 - record_render[ca093661099469d6]::tests::fixture_bytes::{closure#0}
[INFO] [stdout]   12:     0x6206d74b6737 - record_render[ca093661099469d6]::tests::fixture_bytes
[INFO] [stdout]   13:     0x6206d74b6432 - record_render[ca093661099469d6]::tests::codec_bytes
[INFO] [stdout]   14:     0x6206d74ce41b - <record_render[ca093661099469d6]::tests::two_track_compact_groove_renders_and_decodes_byte_exact::{closure#0} as core[a373ad73a504971]::ops::function::FnOnce<()>>::call_once
[INFO] [stdout]   15:     0x6206d752bc4b - test[aada8e7e76ba119b]::__rust_begin_short_backtrace::<core[a373ad73a504971]::result::Result<(), alloc[2e1b2a31b91974c5]::string::String>, fn() -> core[a373ad73a504971]::result::Result<(), alloc[2e1b2a31b91974c5]::string::String>>
[INFO] [stdout]   16:     0x6206d7538e25 - test[aada8e7e76ba119b]::run_test::{closure#0}
[INFO] [stdout]   17:     0x6206d7532714 - std[617be2ca0a6fd877]::sys::backtrace::__rust_begin_short_backtrace::<test[aada8e7e76ba119b]::run_test::{closure#1}, ()>
[INFO] [stdout]   18:     0x6206d753beb2 - <std[617be2ca0a6fd877]::thread::lifecycle::spawn_unchecked<test[aada8e7e76ba119b]::run_test::{closure#1}, ()>::{closure#1} as core[a373ad73a504971]::ops::function::FnOnce<()>>::call_once::{shim:vtable#0}
[INFO] [stdout]   19:     0x6206d762420f - <std[617be2ca0a6fd877]::sys::thread::unix::Thread>::new::thread_start
[INFO] [stdout]   20:     0x7a67d2965dfa - <unknown>
[INFO] [stdout]   21:     0x7a67d29f93d4 - clone
[INFO] [stdout]   22:                0x0 - <unknown>
[INFO] [stdout] 
[INFO] [stdout] ---- tests::two_releases_of_one_length_cut_different_pitches stdout ----
[INFO] [stdout] 
[INFO] [stdout] thread 'tests::two_releases_of_one_length_cut_different_pitches' (2357) panicked at src/lib.rs:3922:48:
[INFO] [stdout] failed to read /opt/rustwide/goldenfiles/records/lori-asha-westside-lp-hq/lori-asha-westside-lp-hq.ecdc: No such file or directory (os error 2)
[INFO] [stdout] stack backtrace:
[INFO] [stdout]    0:     0x6206d7625211 - <<std[617be2ca0a6fd877]::sys::backtrace::BacktraceLock>::print::DisplayBacktrace as core[a373ad73a504971]::fmt::Display>::fmt
[INFO] [stdout]    1:     0x6206d763aeda - core[a373ad73a504971]::fmt::write
[INFO] [stdout]    2:     0x6206d7629c6c - <alloc[2e1b2a31b91974c5]::vec::Vec<u8> as core[a373ad73a504971]::io::write::Write>::write_fmt
[INFO] [stdout]    3:     0x6206d75feff6 - std[617be2ca0a6fd877]::panicking::default_hook::{closure#0}
[INFO] [stdout]    4:     0x6206d761cc19 - std[617be2ca0a6fd877]::panicking::default_hook
[INFO] [stdout]    5:     0x6206d7538800 - test[aada8e7e76ba119b]::test_main_inner::{closure#0}
[INFO] [stdout]    6:     0x6206d761cf42 - std[617be2ca0a6fd877]::panicking::panic_with_hook
[INFO] [stdout]    7:     0x6206d75ff0a2 - std[617be2ca0a6fd877]::panicking::panic_handler::{closure#0}
[INFO] [stdout]    8:     0x6206d75f74d9 - std[617be2ca0a6fd877]::sys::backtrace::__rust_end_short_backtrace::<std[617be2ca0a6fd877]::panicking::panic_handler::{closure#0}, !>
[INFO] [stdout]    9:     0x6206d75ffdbd - __rustc[ea4f61d10b84890b]::rust_begin_unwind
[INFO] [stdout]   10:     0x6206d763b60c - core[a373ad73a504971]::panicking::panic_fmt
[INFO] [stdout]   11:     0x6206d74b5789 - record_render[ca093661099469d6]::tests::fixture_bytes::{closure#0}
[INFO] [stdout]   12:     0x6206d74b6737 - record_render[ca093661099469d6]::tests::fixture_bytes
[INFO] [stdout]   13:     0x6206d74b6ce2 - record_render[ca093661099469d6]::tests::rgb_code_block
[INFO] [stdout]   14:     0x6206d74c869e - <record_render[ca093661099469d6]::tests::two_releases_of_one_length_cut_different_pitches::{closure#0} as core[a373ad73a504971]::ops::function::FnOnce<()>>::call_once
[INFO] [stdout]   15:     0x6206d752bc4b - test[aada8e7e76ba119b]::__rust_begin_short_backtrace::<core[a373ad73a504971]::result::Result<(), alloc[2e1b2a31b91974c5]::string::String>, fn() -> core[a373ad73a504971]::result::Result<(), alloc[2e1b2a31b91974c5]::string::String>>
[INFO] [stdout]   16:     0x6206d7538e25 - test[aada8e7e76ba119b]::run_test::{closure#0}
[INFO] [stdout]   17:     0x6206d7532714 - std[617be2ca0a6fd877]::sys::backtrace::__rust_begin_short_backtrace::<test[aada8e7e76ba119b]::run_test::{closure#1}, ()>
[INFO] [stdout]   18:     0x6206d753beb2 - <std[617be2ca0a6fd877]::thread::lifecycle::spawn_unchecked<test[aada8e7e76ba119b]::run_test::{closure#1}, ()>::{closure#1} as core[a373ad73a504971]::ops::function::FnOnce<()>>::call_once::{shim:vtable#0}
[INFO] [stdout]   19:     0x6206d762420f - <std[617be2ca0a6fd877]::sys::thread::unix::Thread>::new::thread_start
[INFO] [stdout]   20:     0x7a67d2965dfa - <unknown>
[INFO] [stdout]   21:     0x7a67d29f93d4 - clone
[INFO] [stdout]   22:                0x0 - <unknown>
[INFO] [stdout] 
[INFO] [stdout] ---- tests::without_a_nominal_the_pitch_tracks_whatever_has_arrived stdout ----
[INFO] [stdout] 
[INFO] [stdout] thread 'tests::without_a_nominal_the_pitch_tracks_whatever_has_arrived' (2378) panicked at src/lib.rs:3922:48:
[INFO] [stdout] failed to read /opt/rustwide/goldenfiles/records/lori-asha-westside-lp-hq/lori-asha-westside-lp-hq.ecdc: No such file or directory (os error 2)
[INFO] [stdout] stack backtrace:
[INFO] [stdout]    0:     0x6206d7625211 - <<std[617be2ca0a6fd877]::sys::backtrace::BacktraceLock>::print::DisplayBacktrace as core[a373ad73a504971]::fmt::Display>::fmt
[INFO] [stdout]    1:     0x6206d763aeda - core[a373ad73a504971]::fmt::write
[INFO] [stdout]    2:     0x6206d7629c6c - <alloc[2e1b2a31b91974c5]::vec::Vec<u8> as core[a373ad73a504971]::io::write::Write>::write_fmt
[INFO] [stdout]    3:     0x6206d75feff6 - std[617be2ca0a6fd877]::panicking::default_hook::{closure#0}
[INFO] [stdout]    4:     0x6206d761cc19 - std[617be2ca0a6fd877]::panicking::default_hook
[INFO] [stdout]    5:     0x6206d7538800 - test[aada8e7e76ba119b]::test_main_inner::{closure#0}
[INFO] [stdout]    6:     0x6206d761cf42 - std[617be2ca0a6fd877]::panicking::panic_with_hook
[INFO] [stdout]    7:     0x6206d75ff0a2 - std[617be2ca0a6fd877]::panicking::panic_handler::{closure#0}
[INFO] [stdout]    8:     0x6206d75f74d9 - std[617be2ca0a6fd877]::sys::backtrace::__rust_end_short_backtrace::<std[617be2ca0a6fd877]::panicking::panic_handler::{closure#0}, !>
[INFO] [stdout]    9:     0x6206d75ffdbd - __rustc[ea4f61d10b84890b]::rust_begin_unwind
[INFO] [stdout]   10:     0x6206d763b60c - core[a373ad73a504971]::panicking::panic_fmt
[INFO] [stdout]   11:     0x6206d74b5789 - record_render[ca093661099469d6]::tests::fixture_bytes::{closure#0}
[INFO] [stdout]   12:     0x6206d74b6737 - record_render[ca093661099469d6]::tests::fixture_bytes
[INFO] [stdout]   13:     0x6206d74b6ce2 - record_render[ca093661099469d6]::tests::rgb_code_block
[INFO] [stdout]   14:     0x6206d74cf10e - <record_render[ca093661099469d6]::tests::without_a_nominal_the_pitch_tracks_whatever_has_arrived::{closure#0} as core[a373ad73a504971]::ops::function::FnOnce<()>>::call_once
[INFO] [stdout]   15:     0x6206d752bc4b - test[aada8e7e76ba119b]::__rust_begin_short_backtrace::<core[a373ad73a504971]::result::Result<(), alloc[2e1b2a31b91974c5]::string::String>, fn() -> core[a373ad73a504971]::result::Result<(), alloc[2e1b2a31b91974c5]::string::String>>
[INFO] [stdout]   16:     0x6206d7538e25 - test[aada8e7e76ba119b]::run_test::{closure#0}
[INFO] [stdout]   17:     0x6206d7532714 - std[617be2ca0a6fd877]::sys::backtrace::__rust_begin_short_backtrace::<test[aada8e7e76ba119b]::run_test::{closure#1}, ()>
[INFO] [stdout]   18:     0x6206d753beb2 - <std[617be2ca0a6fd877]::thread::lifecycle::spawn_unchecked<test[aada8e7e76ba119b]::run_test::{closure#1}, ()>::{closure#1} as core[a373ad73a504971]::ops::function::FnOnce<()>>::call_once::{shim:vtable#0}
[INFO] [stdout]   19:     0x6206d762420f - <std[617be2ca0a6fd877]::sys::thread::unix::Thread>::new::thread_start
[INFO] [stdout]   20:     0x7a67d2965dfa - <unknown>
[INFO] [stdout]   21:     0x7a67d29f93d4 - clone
[INFO] [stdout]   22:                0x0 - <unknown>
[INFO] [stdout] 
[INFO] [stdout] ---- tests::two_track_compact_groove_with_two_descriptors_renders_and_decodes_byte_exact stdout ----
[INFO] [stdout] 
[INFO] [stdout] thread 'tests::two_track_compact_groove_with_two_descriptors_renders_and_decodes_byte_exact' (2375) panicked at src/lib.rs:3922:48:
[INFO] [stdout] failed to read /opt/rustwide/goldenfiles/records/lori-asha-westside-single45-hq/lori-asha-westside-single45-hq.ecdc: No such file or directory (os error 2)
[INFO] [stdout] stack backtrace:
[INFO] [stdout]    0:     0x6206d7625211 - <<std[617be2ca0a6fd877]::sys::backtrace::BacktraceLock>::print::DisplayBacktrace as core[a373ad73a504971]::fmt::Display>::fmt
[INFO] [stdout]    1:     0x6206d763aeda - core[a373ad73a504971]::fmt::write
[INFO] [stdout]    2:     0x6206d7629c6c - <alloc[2e1b2a31b91974c5]::vec::Vec<u8> as core[a373ad73a504971]::io::write::Write>::write_fmt
[INFO] [stdout]    3:     0x6206d75feff6 - std[617be2ca0a6fd877]::panicking::default_hook::{closure#0}
[INFO] [stdout]    4:     0x6206d761cc19 - std[617be2ca0a6fd877]::panicking::default_hook
[INFO] [stdout]    5:     0x6206d7538800 - test[aada8e7e76ba119b]::test_main_inner::{closure#0}
[INFO] [stdout]    6:     0x6206d761cf42 - std[617be2ca0a6fd877]::panicking::panic_with_hook
[INFO] [stdout]    7:     0x6206d75ff0a2 - std[617be2ca0a6fd877]::panicking::panic_handler::{closure#0}
[INFO] [stdout]    8:     0x6206d75f74d9 - std[617be2ca0a6fd877]::sys::backtrace::__rust_end_short_backtrace::<std[617be2ca0a6fd877]::panicking::panic_handler::{closure#0}, !>
[INFO] [stdout]    9:     0x6206d75ffdbd - __rustc[ea4f61d10b84890b]::rust_begin_unwind
[INFO] [stdout]   10:     0x6206d763b60c - core[a373ad73a504971]::panicking::panic_fmt
[INFO] [stdout]   11:     0x6206d74b5789 - record_render[ca093661099469d6]::tests::fixture_bytes::{closure#0}
[INFO] [stdout]   12:     0x6206d74b6737 - record_render[ca093661099469d6]::tests::fixture_bytes
[INFO] [stdout]   13:     0x6206d74b6432 - record_render[ca093661099469d6]::tests::codec_bytes
[INFO] [stdout]   14:     0x6206d74d298b - <record_render[ca093661099469d6]::tests::two_track_compact_groove_with_two_descriptors_renders_and_decodes_byte_exact::{closure#0} as core[a373ad73a504971]::ops::function::FnOnce<()>>::call_once
[INFO] [stdout]   15:     0x6206d752bc4b - test[aada8e7e76ba119b]::__rust_begin_short_backtrace::<core[a373ad73a504971]::result::Result<(), alloc[2e1b2a31b91974c5]::string::String>, fn() -> core[a373ad73a504971]::result::Result<(), alloc[2e1b2a31b91974c5]::string::String>>
[INFO] [stdout]   16:     0x6206d7538e25 - test[aada8e7e76ba119b]::run_test::{closure#0}
[INFO] [stdout]   17:     0x6206d7532714 - std[617be2ca0a6fd877]::sys::backtrace::__rust_begin_short_backtrace::<test[aada8e7e76ba119b]::run_test::{closure#1}, ()>
[INFO] [stdout]   18:     0x6206d753beb2 - <std[617be2ca0a6fd877]::thread::lifecycle::spawn_unchecked<test[aada8e7e76ba119b]::run_test::{closure#1}, ()>::{closure#1} as core[a373ad73a504971]::ops::function::FnOnce<()>>::call_once::{shim:vtable#0}
[INFO] [stdout]   19:     0x6206d762420f - <std[617be2ca0a6fd877]::sys::thread::unix::Thread>::new::thread_start
[INFO] [stdout]   20:     0x7a67d2965dfa - <unknown>
[INFO] [stdout]   21:     0x7a67d29f93d4 - clone
[INFO] [stdout]   22:                0x0 - <unknown>
[INFO] [stdout] 
[INFO] [stdout] ---- tests::the_silent_groove_keeps_a_one_pixel_gap stdout ----
[INFO] [stdout] 
[INFO] [stdout] thread 'tests::the_silent_groove_keeps_a_one_pixel_gap' (2353) panicked at src/lib.rs:3922:48:
[INFO] [stdout] failed to read /opt/rustwide/goldenfiles/records/lori-asha-westside-lp-hq/lori-asha-westside-lp-hq.ecdc: No such file or directory (os error 2)
[INFO] [stdout] stack backtrace:
[INFO] [stdout]    0:     0x6206d7625211 - <<std[617be2ca0a6fd877]::sys::backtrace::BacktraceLock>::print::DisplayBacktrace as core[a373ad73a504971]::fmt::Display>::fmt
[INFO] [stdout]    1:     0x6206d763aeda - core[a373ad73a504971]::fmt::write
[INFO] [stdout]    2:     0x6206d7629c6c - <alloc[2e1b2a31b91974c5]::vec::Vec<u8> as core[a373ad73a504971]::io::write::Write>::write_fmt
[INFO] [stdout]    3:     0x6206d75feff6 - std[617be2ca0a6fd877]::panicking::default_hook::{closure#0}
[INFO] [stdout]    4:     0x6206d761cc19 - std[617be2ca0a6fd877]::panicking::default_hook
[INFO] [stdout]    5:     0x6206d7538800 - test[aada8e7e76ba119b]::test_main_inner::{closure#0}
[INFO] [stdout]    6:     0x6206d761cf42 - std[617be2ca0a6fd877]::panicking::panic_with_hook
[INFO] [stdout]    7:     0x6206d75ff0a2 - std[617be2ca0a6fd877]::panicking::panic_handler::{closure#0}
[INFO] [stdout]    8:     0x6206d75f74d9 - std[617be2ca0a6fd877]::sys::backtrace::__rust_end_short_backtrace::<std[617be2ca0a6fd877]::panicking::panic_handler::{closure#0}, !>
[INFO] [stdout]    9:     0x6206d75ffdbd - __rustc[ea4f61d10b84890b]::rust_begin_unwind
[INFO] [stdout]   10:     0x6206d763b60c - core[a373ad73a504971]::panicking::panic_fmt
[INFO] [stdout]   11:     0x6206d74b5789 - record_render[ca093661099469d6]::tests::fixture_bytes::{closure#0}
[INFO] [stdout]   12:     0x6206d74b6737 - record_render[ca093661099469d6]::tests::fixture_bytes
[INFO] [stdout]   13:     0x6206d74b6ce2 - record_render[ca093661099469d6]::tests::rgb_code_block
[INFO] [stdout]   14:     0x6206d74be0da - <record_render[ca093661099469d6]::tests::the_silent_groove_keeps_a_one_pixel_gap::{closure#0} as core[a373ad73a504971]::ops::function::FnOnce<()>>::call_once
[INFO] [stdout]   15:     0x6206d752bc4b - test[aada8e7e76ba119b]::__rust_begin_short_backtrace::<core[a373ad73a504971]::result::Result<(), alloc[2e1b2a31b91974c5]::string::String>, fn() -> core[a373ad73a504971]::result::Result<(), alloc[2e1b2a31b91974c5]::string::String>>
[INFO] [stdout]   16:     0x6206d7538e25 - test[aada8e7e76ba119b]::run_test::{closure#0}
[INFO] [stdout]   17:     0x6206d7532714 - std[617be2ca0a6fd877]::sys::backtrace::__rust_begin_short_backtrace::<test[aada8e7e76ba119b]::run_test::{closure#1}, ()>
[INFO] [stdout]   18:     0x6206d753beb2 - <std[617be2ca0a6fd877]::thread::lifecycle::spawn_unchecked<test[aada8e7e76ba119b]::run_test::{closure#1}, ()>::{closure#1} as core[a373ad73a504971]::ops::function::FnOnce<()>>::call_once::{shim:vtable#0}
[INFO] [stdout]   19:     0x6206d762420f - <std[617be2ca0a6fd877]::sys::thread::unix::Thread>::new::thread_start
[INFO] [stdout]   20:     0x7a67d2965dfa - <unknown>
[INFO] [stdout]   21:     0x7a67d29f93d4 - clone
[INFO] [stdout]   22:                0x0 - <unknown>
[INFO] [stdout] 
[INFO] [stdout] ---- tests::the_rings_turn_independently_and_the_record_carries_both stdout ----
[INFO] [stdout] 
[INFO] [stdout] thread 'tests::the_rings_turn_independently_and_the_record_carries_both' (2350) panicked at src/lib.rs:3922:48:
[INFO] [stdout] failed to read /opt/rustwide/goldenfiles/records/lori-asha-westside-single45-hq/lori-asha-westside-single45-hq.ecdc: No such file or directory (os error 2)
[INFO] [stdout] stack backtrace:
[INFO] [stdout]    0:     0x6206d7625211 - <<std[617be2ca0a6fd877]::sys::backtrace::BacktraceLock>::print::DisplayBacktrace as core[a373ad73a504971]::fmt::Display>::fmt
[INFO] [stdout]    1:     0x6206d763aeda - core[a373ad73a504971]::fmt::write
[INFO] [stdout]    2:     0x6206d7629c6c - <alloc[2e1b2a31b91974c5]::vec::Vec<u8> as core[a373ad73a504971]::io::write::Write>::write_fmt
[INFO] [stdout]    3:     0x6206d75feff6 - std[617be2ca0a6fd877]::panicking::default_hook::{closure#0}
[INFO] [stdout]    4:     0x6206d761cc19 - std[617be2ca0a6fd877]::panicking::default_hook
[INFO] [stdout]    5:     0x6206d7538800 - test[aada8e7e76ba119b]::test_main_inner::{closure#0}
[INFO] [stdout]    6:     0x6206d761cf42 - std[617be2ca0a6fd877]::panicking::panic_with_hook
[INFO] [stdout]    7:     0x6206d75ff0a2 - std[617be2ca0a6fd877]::panicking::panic_handler::{closure#0}
[INFO] [stdout]    8:     0x6206d75f74d9 - std[617be2ca0a6fd877]::sys::backtrace::__rust_end_short_backtrace::<std[617be2ca0a6fd877]::panicking::panic_handler::{closure#0}, !>
[INFO] [stdout]    9:     0x6206d75ffdbd - __rustc[ea4f61d10b84890b]::rust_begin_unwind
[INFO] [stdout]   10:     0x6206d763b60c - core[a373ad73a504971]::panicking::panic_fmt
[INFO] [stdout]   11:     0x6206d74b5789 - record_render[ca093661099469d6]::tests::fixture_bytes::{closure#0}
[INFO] [stdout]   12:     0x6206d74b6737 - record_render[ca093661099469d6]::tests::fixture_bytes
[INFO] [stdout]   13:     0x6206d74b6432 - record_render[ca093661099469d6]::tests::codec_bytes
[INFO] [stdout]   14:     0x6206d74cf4f0 - <record_render[ca093661099469d6]::tests::the_rings_turn_independently_and_the_record_carries_both::{closure#0} as core[a373ad73a504971]::ops::function::FnOnce<()>>::call_once
[INFO] [stdout]   15:     0x6206d752bc4b - test[aada8e7e76ba119b]::__rust_begin_short_backtrace::<core[a373ad73a504971]::result::Result<(), alloc[2e1b2a31b91974c5]::string::String>, fn() -> core[a373ad73a504971]::result::Result<(), alloc[2e1b2a31b91974c5]::string::String>>
[INFO] [stdout]   16:     0x6206d7538e25 - test[aada8e7e76ba119b]::run_test::{closure#0}
[INFO] [stdout]   17:     0x6206d7532714 - std[617be2ca0a6fd877]::sys::backtrace::__rust_begin_short_backtrace::<test[aada8e7e76ba119b]::run_test::{closure#1}, ()>
[INFO] [stdout]   18:     0x6206d753beb2 - <std[617be2ca0a6fd877]::thread::lifecycle::spawn_unchecked<test[aada8e7e76ba119b]::run_test::{closure#1}, ()>::{closure#1} as core[a373ad73a504971]::ops::function::FnOnce<()>>::call_once::{shim:vtable#0}
[INFO] [stdout]   19:     0x6206d762420f - <std[617be2ca0a6fd877]::sys::thread::unix::Thread>::new::thread_start
[INFO] [stdout]   20:     0x7a67d2965dfa - <unknown>
[INFO] [stdout]   21:     0x7a67d29f93d4 - clone
[INFO] [stdout]   22:                0x0 - <unknown>
[INFO] [stdout] 
[INFO] [stdout] 
[INFO] [stdout] failures:
[INFO] [stdout]     tests::a_header_too_big_for_the_lead_in_goes_into_the_trailer
[INFO] [stdout]     tests::a_pinned_nominal_holds_the_pitch_still_while_the_payload_grows
[INFO] [stdout]     tests::a_record_transcodes_through_every_compiled_format
[INFO] [stdout]     tests::a_ringed_clock_tones_the_groove_and_round_trips
[INFO] [stdout]     tests::a_short_cut_spends_its_room_on_the_run_out_not_the_silent_groove
[INFO] [stdout]     tests::a_short_cut_stops_short_of_the_label
[INFO] [stdout]     tests::a_three_ring_trailer_spans_its_rings_and_reverses
[INFO] [stdout]     tests::a_wheel_toned_trailer_carries_the_header_too
[INFO] [stdout]     tests::archimedean_render_ignores_family_plumbing
[INFO] [stdout]     tests::clock_toned_groove_round_trips_with_gaps
[INFO] [stdout]     tests::every_export_format_returns_the_record_exactly
[INFO] [stdout]     tests::gap_tone_lightness_is_boosted_for_lighter_records
[INFO] [stdout]     tests::gap_tone_lightness_zero_matches_track_tone
[INFO] [stdout]     tests::invalid_gap_tone_lightness_is_rejected
[INFO] [stdout]     tests::no_track_gaps_produces_no_lighter_spans
[INFO] [stdout]     tests::renders_lp_golden_and_decodes_back_to_payload
[INFO] [stdout]     tests::renders_single45_golden_and_decodes_back_to_payload
[INFO] [stdout]     tests::renders_vintage_single45_golden_and_decodes_back_to_payload
[INFO] [stdout]     tests::the_committed_golden_pngs_still_decode
[INFO] [stdout]     tests::the_density_bounds_clamp_the_pitch_at_both_ends
[INFO] [stdout]     tests::the_descriptor_band_of_a_pressed_record_is_mid_grey
[INFO] [stdout]     tests::the_rings_turn_independently_and_the_record_carries_both
[INFO] [stdout]     tests::the_silent_groove_and_the_trailer_are_cut_in_colour
[INFO] [stdout]     tests::the_silent_groove_is_an_addressable_carrier_even_while_it_holds_nothing
[INFO] [stdout]     tests::the_silent_groove_keeps_a_one_pixel_gap
[INFO] [stdout]     tests::the_silent_groove_picks_the_groove_up_where_the_programme_left_it
[INFO] [stdout]     tests::track_gap_entry_uses_lighter_groove_tone_and_round_trips
[INFO] [stdout]     tests::two_releases_of_one_length_cut_different_pitches
[INFO] [stdout]     tests::two_track_compact_groove_renders_and_decodes_byte_exact
[INFO] [stdout]     tests::two_track_compact_groove_with_two_descriptors_renders_and_decodes_byte_exact
[INFO] [stdout]     tests::without_a_nominal_the_pitch_tracks_whatever_has_arrived
[INFO] [stdout] 
[INFO] [stdout] test result: FAILED. 8 passed; 31 failed; 2 ignored; 0 measured; 0 filtered out; finished in 1.99s
[INFO] [stdout] 
[INFO] [stderr] error: test failed, to rerun pass `--lib`
[INFO] running `Command { std: "docker" "inspect" "e190e0e59524c554606876db47ccc073fcca53629d672178a090c7ac99bfc4ad", kill_on_drop: false }`
[INFO] running `Command { std: "docker" "rm" "-f" "e190e0e59524c554606876db47ccc073fcca53629d672178a090c7ac99bfc4ad", kill_on_drop: false }`
[INFO] [stdout] e190e0e59524c554606876db47ccc073fcca53629d672178a090c7ac99bfc4ad
