[INFO] fetching crate record-proof 0.1.9...
[INFO] testing record-proof-0.1.9 against 1.100.0-beta.1+cargoflags=--release for beta-release-1.100-2
[INFO] extracting crate record-proof 0.1.9 into /workspace/builds/worker-1-tc2/source
[INFO] started tweaking crates.io crate record-proof 0.1.9
[INFO] removed 0 missing examples
[INFO] finished tweaking crates.io crate record-proof 0.1.9
[INFO] tweaked toml for crates.io crate record-proof 0.1.9 written to /workspace/builds/worker-1-tc2/source/Cargo.toml
[INFO] validating manifest of crates.io crate record-proof 0.1.9 on toolchain 1.100.0-beta.1
[INFO] running `Command { std: CARGO_HOME="/workspace/cargo-home" RUSTUP_HOME="/workspace/rustup-home" "/workspace/cargo-home/bin/cargo" "+1.100.0-beta.1" "metadata" "--manifest-path" "Cargo.toml" "--no-deps", kill_on_drop: false }`
[INFO] crate crates.io crate record-proof 0.1.9 already has a lockfile, it will not be regenerated
[INFO] running `Command { std: CARGO_HOME="/workspace/cargo-home" RUSTUP_HOME="/workspace/rustup-home" "/workspace/cargo-home/bin/cargo" "+1.100.0-beta.1" "fetch" "--manifest-path" "Cargo.toml", kill_on_drop: false }`
[INFO] running `Command { std: "docker" "create" "-v" "/var/lib/crater-agent-workspace/builds/worker-1-tc2/source:/opt/rustwide/workdir:ro,Z" "-v" "/var/lib/crater-agent-workspace/builds/worker-1-tc2/target:/opt/rustwide/target:rw,Z" "-v" "/var/lib/crater-agent-workspace/cargo-home:/opt/rustwide/cargo-home:ro,Z" "-v" "/var/lib/crater-agent-workspace/rustup-home:/opt/rustwide/rustup-home:ro,Z" "-m" "1610612736" "--network" "none" "ghcr.io/rust-lang/crates-build-env/linux@sha256:77db811e55d90add9212f6832c23229e3de5f1c1f9905e8cb07319ea15df73ac" "sleep" "infinity", kill_on_drop: false }`
[INFO] [stdout] b601112086db97df716c9a79b57fb5212ad8d543a2f84ba0442ac5d4d02de326
[INFO] running `Command { std: "docker" "start" "b601112086db97df716c9a79b57fb5212ad8d543a2f84ba0442ac5d4d02de326", kill_on_drop: false }`
[INFO] running `Command { std: "docker" "inspect" "b601112086db97df716c9a79b57fb5212ad8d543a2f84ba0442ac5d4d02de326", kill_on_drop: false }`
[INFO] running `Command { std: "docker" "exec" "-e" "SOURCE_DIR=/opt/rustwide/workdir" "-e" "CARGO_HOME=/opt/rustwide/cargo-home" "-e" "RUSTUP_HOME=/opt/rustwide/rustup-home" "-e" "CARGO_TARGET_DIR=/opt/rustwide/target" "-w" "/opt/rustwide/workdir" "--user" "0:0" "b601112086db97df716c9a79b57fb5212ad8d543a2f84ba0442ac5d4d02de326" "/opt/rustwide/cargo-home/bin/cargo" "+1.100.0-beta.1" "metadata" "--no-deps" "--format-version=1", kill_on_drop: false }`
[INFO] running `Command { std: "docker" "inspect" "b601112086db97df716c9a79b57fb5212ad8d543a2f84ba0442ac5d4d02de326", kill_on_drop: false }`
[INFO] running `Command { std: "docker" "exec" "-e" "SOURCE_DIR=/opt/rustwide/workdir" "-e" "CARGO_HOME=/opt/rustwide/cargo-home" "-e" "RUSTUP_HOME=/opt/rustwide/rustup-home" "-e" "CARGO_TARGET_DIR=/opt/rustwide/target" "-e" "CARGO_INCREMENTAL=0" "-e" "RUST_BACKTRACE=full" "-e" "RUSTFLAGS=--cap-lints=warn" "-e" "RUSTDOCFLAGS=--cap-lints=warn" "-w" "/opt/rustwide/workdir" "--user" "0:0" "b601112086db97df716c9a79b57fb5212ad8d543a2f84ba0442ac5d4d02de326" "/opt/rustwide/cargo-home/bin/cargo" "+1.100.0-beta.1" "build" "--frozen" "--message-format=json" "--release", kill_on_drop: false }`
[INFO] [stderr]    Compiling version_check v0.9.5
[INFO] [stderr]    Compiling typenum v1.20.1
[INFO] [stderr]    Compiling proc-macro2 v1.0.106
[INFO] [stderr]    Compiling quote v1.0.45
[INFO] [stderr]    Compiling utf8parse v0.2.2
[INFO] [stderr]    Compiling anyhow v1.0.102
[INFO] [stderr]    Compiling cpufeatures v0.2.17
[INFO] [stderr]    Compiling is_terminal_polyfill v1.70.2
[INFO] [stderr]    Compiling num-traits v0.2.19
[INFO] [stderr]    Compiling matrixmultiply v0.3.10
[INFO] [stderr]    Compiling anstyle-query v1.1.5
[INFO] [stderr]    Compiling anstyle v1.0.14
[INFO] [stderr]    Compiling colorchoice v1.0.5
[INFO] [stderr]    Compiling subtle v2.6.1
[INFO] [stderr]    Compiling rawpointer v0.2.1
[INFO] [stderr]    Compiling serde_json v1.0.150
[INFO] [stderr]    Compiling strsim v0.11.1
[INFO] [stderr]    Compiling libm v0.2.16
[INFO] [stderr]    Compiling heck v0.5.0
[INFO] [stderr]    Compiling zeroize v1.8.2
[INFO] [stderr]    Compiling anstyle-parse v1.0.0
[INFO] [stderr]    Compiling clap_lex v1.1.0
[INFO] [stderr]    Compiling thiserror v1.0.69
[INFO] [stderr]    Compiling bitflags v1.3.2
[INFO] [stderr]    Compiling opaque-debug v0.3.1
[INFO] [stderr]    Compiling memchr v2.8.1
[INFO] [stderr]    Compiling alloc-no-stdlib v2.0.4
[INFO] [stderr]    Compiling png v0.17.16
[INFO] [stderr]    Compiling bitflags v2.13.0
[INFO] [stderr]    Compiling anstream v1.0.0
[INFO] [stderr]    Compiling generic-array v0.14.7
[INFO] [stderr]    Compiling alloc-stdlib v0.2.2
[INFO] [stderr]    Compiling base64 v0.22.1
[INFO] [stderr]    Compiling qrcode v0.14.1
[INFO] [stderr]    Compiling brotli-decompressor v4.0.3
[INFO] [stderr]    Compiling png v0.18.1
[INFO] [stderr]    Compiling clap_builder v4.6.0
[INFO] [stderr]    Compiling syn v2.0.117
[INFO] [stderr]    Compiling brotli v7.0.0
[INFO] [stderr]    Compiling num-complex v0.4.6
[INFO] [stderr]    Compiling num-integer v0.1.46
[INFO] [stderr]    Compiling moxcms v0.8.1
[INFO] [stderr]    Compiling record-groove v0.1.9
[INFO] [stderr]    Compiling bytes2rgb v0.1.9
[INFO] [stderr]    Compiling crypto-common v0.1.7
[INFO] [stderr]    Compiling inout v0.1.4
[INFO] [stderr]    Compiling block-buffer v0.10.4
[INFO] [stderr]    Compiling universal-hash v0.5.1
[INFO] [stderr]    Compiling digest v0.10.7
[INFO] [stderr]    Compiling cipher v0.4.4
[INFO] [stderr]    Compiling poly1305 v0.8.0
[INFO] [stderr]    Compiling chacha20 v0.9.1
[INFO] [stderr]    Compiling sha2 v0.10.9
[INFO] [stderr]    Compiling aead v0.5.2
[INFO] [stderr]    Compiling ndarray v0.17.2
[INFO] [stderr]    Compiling chacha20poly1305 v0.10.1
[INFO] [stderr]    Compiling thiserror-impl v1.0.69
[INFO] [stderr]    Compiling serde_derive v1.0.228
[INFO] [stderr]    Compiling clap_derive v4.6.1
[INFO] [stderr]    Compiling clap v4.6.1
[INFO] [stderr]    Compiling image v0.25.10
[INFO] [stderr]    Compiling serde v1.0.228
[INFO] [stderr]    Compiling encodec-rs v0.1.1
[INFO] [stderr]    Compiling record-core v0.1.9
[INFO] [stderr]    Compiling record-descriptor v0.1.9
[INFO] [stderr]    Compiling record-decode v0.1.9
[INFO] [stderr]    Compiling record-proof v0.1.9 (/opt/rustwide/workdir)
[INFO] [stderr]     Finished `release` profile [optimized] target(s) in 59.55s
[INFO] running `Command { std: "docker" "inspect" "b601112086db97df716c9a79b57fb5212ad8d543a2f84ba0442ac5d4d02de326", kill_on_drop: false }`
[INFO] running `Command { std: "docker" "exec" "-e" "SOURCE_DIR=/opt/rustwide/workdir" "-e" "CARGO_HOME=/opt/rustwide/cargo-home" "-e" "RUSTUP_HOME=/opt/rustwide/rustup-home" "-e" "CARGO_TARGET_DIR=/opt/rustwide/target" "-e" "CARGO_INCREMENTAL=0" "-e" "RUST_BACKTRACE=full" "-e" "RUSTFLAGS=--cap-lints=warn" "-e" "RUSTDOCFLAGS=--cap-lints=warn" "-w" "/opt/rustwide/workdir" "--user" "0:0" "b601112086db97df716c9a79b57fb5212ad8d543a2f84ba0442ac5d4d02de326" "/opt/rustwide/cargo-home/bin/cargo" "+1.100.0-beta.1" "test" "--frozen" "--no-run" "--message-format=json" "--release", kill_on_drop: false }`
[INFO] [stderr]    Compiling record-cut v0.1.9
[INFO] [stderr]    Compiling record-render v0.1.9
[INFO] [stderr]    Compiling record-proof v0.1.9 (/opt/rustwide/workdir)
[INFO] [stderr]     Finished `release` profile [optimized] target(s) in 8.68s
[INFO] running `Command { std: "docker" "inspect" "b601112086db97df716c9a79b57fb5212ad8d543a2f84ba0442ac5d4d02de326", kill_on_drop: false }`
[INFO] running `Command { std: "docker" "exec" "-e" "SOURCE_DIR=/opt/rustwide/workdir" "-e" "CARGO_HOME=/opt/rustwide/cargo-home" "-e" "RUSTUP_HOME=/opt/rustwide/rustup-home" "-e" "CARGO_TARGET_DIR=/opt/rustwide/target" "-e" "CARGO_INCREMENTAL=0" "-e" "RUST_BACKTRACE=full" "-e" "RUSTFLAGS=--cap-lints=warn" "-e" "RUSTDOCFLAGS=--cap-lints=warn" "-w" "/opt/rustwide/workdir" "--user" "0:0" "b601112086db97df716c9a79b57fb5212ad8d543a2f84ba0442ac5d4d02de326" "/opt/rustwide/cargo-home/bin/cargo" "+1.100.0-beta.1" "test" "--frozen" "--release", kill_on_drop: false }`
[INFO] [stderr]     Finished `release` profile [optimized] target(s) in 0.09s
[INFO] [stderr]      Running unittests src/lib.rs (/opt/rustwide/target/release/build/record-proof/81991e992e5feeb9/out/record_proof-81991e992e5feeb9)
[INFO] [stdout] 
[INFO] [stdout] running 4 tests
[INFO] [stdout] test tests::config_round_trips_through_bytes ... ok
[INFO] [stdout] test tests::palette_sampling_is_even_and_covers_ends ... ok
[INFO] [stdout] test tests::layout_is_deterministic_and_within_corner ... FAILED
[INFO] [stdout] test tests::records_still_decode_after_calibration ... FAILED
[INFO] [stdout] 
[INFO] [stdout] failures:
[INFO] [stdout] 
[INFO] [stdout] ---- tests::layout_is_deterministic_and_within_corner stdout ----
[INFO] [stdout] 
[INFO] [stdout] thread 'tests::layout_is_deterministic_and_within_corner' (1626) panicked at src/lib.rs:795:49:
[INFO] [stdout] /opt/rustwide/workdir/../goldenfiles/records/lori-asha-westside-single45-hq/lori-asha-westside-single45-hq.ecdc: No such file or directory (os error 2)
[INFO] [stdout] stack backtrace:
[INFO] [stdout]    0:     0x59166769a211 - <<std[617be2ca0a6fd877]::sys::backtrace::BacktraceLock>::print::DisplayBacktrace as core[a373ad73a504971]::fmt::Display>::fmt
[INFO] [stdout]    1:     0x5916676af4fa - core[a373ad73a504971]::fmt::write
[INFO] [stdout]    2:     0x59166769e99c - <alloc[2e1b2a31b91974c5]::vec::Vec<u8> as core[a373ad73a504971]::io::write::Write>::write_fmt
[INFO] [stdout]    3:     0x591667675886 - std[617be2ca0a6fd877]::panicking::default_hook::{closure#0}
[INFO] [stdout]    4:     0x591667692369 - std[617be2ca0a6fd877]::panicking::default_hook
[INFO] [stdout]    5:     0x59166755e090 - test[aada8e7e76ba119b]::test_main_inner::{closure#0}
[INFO] [stdout]    6:     0x591667692692 - std[617be2ca0a6fd877]::panicking::panic_with_hook
[INFO] [stdout]    7:     0x591667675932 - std[617be2ca0a6fd877]::panicking::panic_handler::{closure#0}
[INFO] [stdout]    8:     0x59166766df29 - std[617be2ca0a6fd877]::sys::backtrace::__rust_end_short_backtrace::<std[617be2ca0a6fd877]::panicking::panic_handler::{closure#0}, !>
[INFO] [stdout]    9:     0x59166767664d - __rustc[ea4f61d10b84890b]::rust_begin_unwind
[INFO] [stdout]   10:     0x5916676afc2c - core[a373ad73a504971]::panicking::panic_fmt
[INFO] [stdout]   11:     0x5916675423f9 - record_proof[1c72b231384c577e]::tests::golden_ecdc::{closure#0}
[INFO] [stdout]   12:     0x591667542cb3 - record_proof[1c72b231384c577e]::tests::render
[INFO] [stdout]   13:     0x591667544a49 - <record_proof[1c72b231384c577e]::tests::layout_is_deterministic_and_within_corner::{closure#0} as core[a373ad73a504971]::ops::function::FnOnce<()>>::call_once
[INFO] [stdout]   14:     0x5916675514db - test[aada8e7e76ba119b]::__rust_begin_short_backtrace::<core[a373ad73a504971]::result::Result<(), alloc[2e1b2a31b91974c5]::string::String>, fn() -> core[a373ad73a504971]::result::Result<(), alloc[2e1b2a31b91974c5]::string::String>>
[INFO] [stdout]   15:     0x59166755e6b5 - test[aada8e7e76ba119b]::run_test::{closure#0}
[INFO] [stdout]   16:     0x591667557fa4 - std[617be2ca0a6fd877]::sys::backtrace::__rust_begin_short_backtrace::<test[aada8e7e76ba119b]::run_test::{closure#1}, ()>
[INFO] [stdout]   17:     0x591667561742 - <std[617be2ca0a6fd877]::thread::lifecycle::spawn_unchecked<test[aada8e7e76ba119b]::run_test::{closure#1}, ()>::{closure#1} as core[a373ad73a504971]::ops::function::FnOnce<()>>::call_once::{shim:vtable#0}
[INFO] [stdout]   18:     0x59166769974f - <std[617be2ca0a6fd877]::sys::thread::unix::Thread>::new::thread_start
[INFO] [stdout]   19:     0x725e5b59cdfa - <unknown>
[INFO] [stdout]   20:     0x725e5b6303d4 - clone
[INFO] [stdout]   21:                0x0 - <unknown>
[INFO] [stdout] 
[INFO] [stdout] ---- tests::records_still_decode_after_calibration stdout ----
[INFO] [stdout] 
[INFO] [stdout] thread 'tests::records_still_decode_after_calibration' (1628) panicked at src/lib.rs:795:49:
[INFO] [stdout] /opt/rustwide/workdir/../goldenfiles/records/lori-asha-westside-single45-hq/lori-asha-westside-single45-hq.ecdc: No such file or directory (os error 2)
[INFO] [stdout] stack backtrace:
[INFO] [stdout]    0:     0x59166769a211 - <<std[617be2ca0a6fd877]::sys::backtrace::BacktraceLock>::print::DisplayBacktrace as core[a373ad73a504971]::fmt::Display>::fmt
[INFO] [stdout]    1:     0x5916676af4fa - core[a373ad73a504971]::fmt::write
[INFO] [stdout]    2:     0x59166769e99c - <alloc[2e1b2a31b91974c5]::vec::Vec<u8> as core[a373ad73a504971]::io::write::Write>::write_fmt
[INFO] [stdout]    3:     0x591667675886 - std[617be2ca0a6fd877]::panicking::default_hook::{closure#0}
[INFO] [stdout]    4:     0x591667692369 - std[617be2ca0a6fd877]::panicking::default_hook
[INFO] [stdout]    5:     0x59166755e090 - test[aada8e7e76ba119b]::test_main_inner::{closure#0}
[INFO] [stdout]    6:     0x591667692692 - std[617be2ca0a6fd877]::panicking::panic_with_hook
[INFO] [stdout]    7:     0x591667675932 - std[617be2ca0a6fd877]::panicking::panic_handler::{closure#0}
[INFO] [stdout]    8:     0x59166766df29 - std[617be2ca0a6fd877]::sys::backtrace::__rust_end_short_backtrace::<std[617be2ca0a6fd877]::panicking::panic_handler::{closure#0}, !>
[INFO] [stdout]    9:     0x59166767664d - __rustc[ea4f61d10b84890b]::rust_begin_unwind
[INFO] [stdout]   10:     0x5916676afc2c - core[a373ad73a504971]::panicking::panic_fmt
[INFO] [stdout]   11:     0x5916675423f9 - record_proof[1c72b231384c577e]::tests::golden_ecdc::{closure#0}
[INFO] [stdout]   12:     0x591667542cb3 - record_proof[1c72b231384c577e]::tests::render
[INFO] [stdout]   13:     0x59166754388b - <record_proof[1c72b231384c577e]::tests::records_still_decode_after_calibration::{closure#0} as core[a373ad73a504971]::ops::function::FnOnce<()>>::call_once
[INFO] [stdout]   14:     0x5916675514db - test[aada8e7e76ba119b]::__rust_begin_short_backtrace::<core[a373ad73a504971]::result::Result<(), alloc[2e1b2a31b91974c5]::string::String>, fn() -> core[a373ad73a504971]::result::Result<(), alloc[2e1b2a31b91974c5]::string::String>>
[INFO] [stdout]   15:     0x59166755e6b5 - test[aada8e7e76ba119b]::run_test::{closure#0}
[INFO] [stdout]   16:     0x591667557fa4 - std[617be2ca0a6fd877]::sys::backtrace::__rust_begin_short_backtrace::<test[aada8e7e76ba119b]::run_test::{closure#1}, ()>
[INFO] [stdout]   17:     0x591667561742 - <std[617be2ca0a6fd877]::thread::lifecycle::spawn_unchecked<test[aada8e7e76ba119b]::run_test::{closure#1}, ()>::{closure#1} as core[a373ad73a504971]::ops::function::FnOnce<()>>::call_once::{shim:vtable#0}
[INFO] [stdout]   18:     0x59166769974f - <std[617be2ca0a6fd877]::sys::thread::unix::Thread>::new::thread_start
[INFO] [stdout]   19:     0x725e5b59cdfa - <unknown>
[INFO] [stdout]   20:     0x725e5b6303d4 - clone
[INFO] [stdout]   21:                0x0 - <unknown>
[INFO] [stdout] 
[INFO] [stdout] 
[INFO] [stdout] failures:
[INFO] [stdout]     tests::layout_is_deterministic_and_within_corner
[INFO] [stdout]     tests::records_still_decode_after_calibration
[INFO] [stdout] 
[INFO] [stdout] test result: FAILED. 2 passed; 2 failed; 0 ignored; 0 measured; 0 filtered out; finished in 0.01s
[INFO] [stdout] 
[INFO] [stderr] error: test failed, to rerun pass `--lib`
[INFO] running `Command { std: "docker" "inspect" "b601112086db97df716c9a79b57fb5212ad8d543a2f84ba0442ac5d4d02de326", kill_on_drop: false }`
[INFO] running `Command { std: "docker" "rm" "-f" "b601112086db97df716c9a79b57fb5212ad8d543a2f84ba0442ac5d4d02de326", kill_on_drop: false }`
[INFO] [stdout] b601112086db97df716c9a79b57fb5212ad8d543a2f84ba0442ac5d4d02de326
