[INFO] fetching crate record-groove 0.1.9...
[INFO] testing record-groove-0.1.9 against 1.100.0-beta.1+cargoflags=--release for beta-release-1.100-2
[INFO] extracting crate record-groove 0.1.9 into /workspace/builds/worker-0-tc2/source
[INFO] started tweaking crates.io crate record-groove 0.1.9
[INFO] removed 0 missing examples
[INFO] finished tweaking crates.io crate record-groove 0.1.9
[INFO] tweaked toml for crates.io crate record-groove 0.1.9 written to /workspace/builds/worker-0-tc2/source/Cargo.toml
[INFO] validating manifest of crates.io crate record-groove 0.1.9 on toolchain 1.100.0-beta.1
[INFO] running `Command { std: CARGO_HOME="/workspace/cargo-home" RUSTUP_HOME="/workspace/rustup-home" "/workspace/cargo-home/bin/cargo" "+1.100.0-beta.1" "metadata" "--manifest-path" "Cargo.toml" "--no-deps", kill_on_drop: false }`
[INFO] crate crates.io crate record-groove 0.1.9 already has a lockfile, it will not be regenerated
[INFO] running `Command { std: CARGO_HOME="/workspace/cargo-home" RUSTUP_HOME="/workspace/rustup-home" "/workspace/cargo-home/bin/cargo" "+1.100.0-beta.1" "fetch" "--manifest-path" "Cargo.toml", kill_on_drop: false }`
[INFO] running `Command { std: "docker" "create" "-v" "/var/lib/crater-agent-workspace/builds/worker-0-tc2/source:/opt/rustwide/workdir:ro,Z" "-v" "/var/lib/crater-agent-workspace/builds/worker-0-tc2/target:/opt/rustwide/target:rw,Z" "-v" "/var/lib/crater-agent-workspace/cargo-home:/opt/rustwide/cargo-home:ro,Z" "-v" "/var/lib/crater-agent-workspace/rustup-home:/opt/rustwide/rustup-home:ro,Z" "-m" "1610612736" "--network" "none" "ghcr.io/rust-lang/crates-build-env/linux@sha256:77db811e55d90add9212f6832c23229e3de5f1c1f9905e8cb07319ea15df73ac" "sleep" "infinity", kill_on_drop: false }`
[INFO] [stdout] d9a8161209a7d26e7061ca3d890e860a0681154360c354e9fa0c624fe27dbf3d
[INFO] running `Command { std: "docker" "start" "d9a8161209a7d26e7061ca3d890e860a0681154360c354e9fa0c624fe27dbf3d", kill_on_drop: false }`
[INFO] running `Command { std: "docker" "inspect" "d9a8161209a7d26e7061ca3d890e860a0681154360c354e9fa0c624fe27dbf3d", kill_on_drop: false }`
[INFO] running `Command { std: "docker" "exec" "-e" "SOURCE_DIR=/opt/rustwide/workdir" "-e" "CARGO_HOME=/opt/rustwide/cargo-home" "-e" "RUSTUP_HOME=/opt/rustwide/rustup-home" "-e" "CARGO_TARGET_DIR=/opt/rustwide/target" "-w" "/opt/rustwide/workdir" "--user" "0:0" "d9a8161209a7d26e7061ca3d890e860a0681154360c354e9fa0c624fe27dbf3d" "/opt/rustwide/cargo-home/bin/cargo" "+1.100.0-beta.1" "metadata" "--no-deps" "--format-version=1", kill_on_drop: false }`
[INFO] running `Command { std: "docker" "inspect" "d9a8161209a7d26e7061ca3d890e860a0681154360c354e9fa0c624fe27dbf3d", kill_on_drop: false }`
[INFO] running `Command { std: "docker" "exec" "-e" "SOURCE_DIR=/opt/rustwide/workdir" "-e" "CARGO_HOME=/opt/rustwide/cargo-home" "-e" "RUSTUP_HOME=/opt/rustwide/rustup-home" "-e" "CARGO_TARGET_DIR=/opt/rustwide/target" "-e" "CARGO_INCREMENTAL=0" "-e" "RUST_BACKTRACE=full" "-e" "RUSTFLAGS=--cap-lints=warn" "-e" "RUSTDOCFLAGS=--cap-lints=warn" "-w" "/opt/rustwide/workdir" "--user" "0:0" "d9a8161209a7d26e7061ca3d890e860a0681154360c354e9fa0c624fe27dbf3d" "/opt/rustwide/cargo-home/bin/cargo" "+1.100.0-beta.1" "build" "--frozen" "--message-format=json" "--release", kill_on_drop: false }`
[INFO] [stderr]    Compiling simd-adler32 v0.3.9
[INFO] [stderr]    Compiling miniz_oxide v0.8.9
[INFO] [stderr]    Compiling fdeflate v0.3.7
[INFO] [stderr]    Compiling flate2 v1.1.9
[INFO] [stderr]    Compiling png v0.17.16
[INFO] [stderr]    Compiling record-groove v0.1.9 (/opt/rustwide/workdir)
[INFO] [stdout] warning: function `sort_slices_by` is never used
[INFO] [stdout]    --> src/lib.rs:643:4
[INFO] [stdout]     |
[INFO] [stdout] 643 | fn sort_slices_by<T: Send>(
[INFO] [stdout]     |    ^^^^^^^^^^^^^^
[INFO] [stdout]     |
[INFO] [stdout]     = note: `#[warn(dead_code)]` (part of `#[warn(unused)]`) on by default
[INFO] [stdout] 
[INFO] [stdout] 
[INFO] [stderr]     Finished `release` profile [optimized] target(s) in 7.12s
[INFO] running `Command { std: "docker" "inspect" "d9a8161209a7d26e7061ca3d890e860a0681154360c354e9fa0c624fe27dbf3d", kill_on_drop: false }`
[INFO] running `Command { std: "docker" "exec" "-e" "SOURCE_DIR=/opt/rustwide/workdir" "-e" "CARGO_HOME=/opt/rustwide/cargo-home" "-e" "RUSTUP_HOME=/opt/rustwide/rustup-home" "-e" "CARGO_TARGET_DIR=/opt/rustwide/target" "-e" "CARGO_INCREMENTAL=0" "-e" "RUST_BACKTRACE=full" "-e" "RUSTFLAGS=--cap-lints=warn" "-e" "RUSTDOCFLAGS=--cap-lints=warn" "-w" "/opt/rustwide/workdir" "--user" "0:0" "d9a8161209a7d26e7061ca3d890e860a0681154360c354e9fa0c624fe27dbf3d" "/opt/rustwide/cargo-home/bin/cargo" "+1.100.0-beta.1" "test" "--frozen" "--no-run" "--message-format=json" "--release", kill_on_drop: false }`
[INFO] [stderr]    Compiling record-groove v0.1.9 (/opt/rustwide/workdir)
[INFO] [stdout] warning: function `sort_slices_by` is never used
[INFO] [stdout]    --> src/lib.rs:643:4
[INFO] [stdout]     |
[INFO] [stdout] 643 | fn sort_slices_by<T: Send>(
[INFO] [stdout]     |    ^^^^^^^^^^^^^^
[INFO] [stdout]     |
[INFO] [stdout]     = note: `#[warn(dead_code)]` (part of `#[warn(unused)]`) on by default
[INFO] [stdout] 
[INFO] [stdout] 
[INFO] [stdout] warning: function `sort_slices_by` is never used
[INFO] [stdout]    --> src/lib.rs:643:4
[INFO] [stdout]     |
[INFO] [stdout] 643 | fn sort_slices_by<T: Send>(
[INFO] [stdout]     |    ^^^^^^^^^^^^^^
[INFO] [stdout]     |
[INFO] [stdout]     = note: `#[warn(dead_code)]` (part of `#[warn(unused)]`) on by default
[INFO] [stdout] 
[INFO] [stdout] 
[INFO] [stderr]     Finished `release` profile [optimized] target(s) in 5.18s
[INFO] running `Command { std: "docker" "inspect" "d9a8161209a7d26e7061ca3d890e860a0681154360c354e9fa0c624fe27dbf3d", kill_on_drop: false }`
[INFO] running `Command { std: "docker" "exec" "-e" "SOURCE_DIR=/opt/rustwide/workdir" "-e" "CARGO_HOME=/opt/rustwide/cargo-home" "-e" "RUSTUP_HOME=/opt/rustwide/rustup-home" "-e" "CARGO_TARGET_DIR=/opt/rustwide/target" "-e" "CARGO_INCREMENTAL=0" "-e" "RUST_BACKTRACE=full" "-e" "RUSTFLAGS=--cap-lints=warn" "-e" "RUSTDOCFLAGS=--cap-lints=warn" "-w" "/opt/rustwide/workdir" "--user" "0:0" "d9a8161209a7d26e7061ca3d890e860a0681154360c354e9fa0c624fe27dbf3d" "/opt/rustwide/cargo-home/bin/cargo" "+1.100.0-beta.1" "test" "--frozen" "--release", kill_on_drop: false }`
[INFO] [stderr] warning: function `sort_slices_by` is never used
[INFO] [stderr]    --> src/lib.rs:643:4
[INFO] [stderr]     |
[INFO] [stderr] 643 | fn sort_slices_by<T: Send>(
[INFO] [stderr]     |    ^^^^^^^^^^^^^^
[INFO] [stderr]     |
[INFO] [stderr]     = note: `#[warn(dead_code)]` (part of `#[warn(unused)]`) on by default
[INFO] [stderr] 
[INFO] [stderr] warning: `record-groove` (lib) generated 1 warning
[INFO] [stderr] warning: `record-groove` (lib test) generated 1 warning (1 duplicate)
[INFO] [stderr]     Finished `release` profile [optimized] target(s) in 0.03s
[INFO] [stderr]      Running unittests src/lib.rs (/opt/rustwide/target/release/build/record-groove/3c4ac526d37ecc61/out/record_groove-3c4ac526d37ecc61)
[INFO] [stdout] 
[INFO] [stdout] running 42 tests
[INFO] [stdout] test oklch::tests::adaptive_amount_increases_for_lighter_bases ... ok
[INFO] [stdout] test oklch::tests::adaptive_amount_matches_predominant_at_and_below_reference ... ok
[INFO] [stdout] test clock::tests::a_ringed_wheel_round_trips ... FAILED
[INFO] [stdout] test oklch::tests::adaptive_amount_caps_at_one_for_very_light_bases ... ok
[INFO] [stdout] test clock::tests::blend_is_even_at_the_boundary_and_absent_at_the_centre ... ok
[INFO] [stdout] test clock::tests::the_ends_of_the_band_do_not_wrap ... ok
[INFO] [stdout] test clock::tests::hard_edges_follow_rotation ... ok
[INFO] [stdout] test clock::tests::every_slot_is_used_and_gaps_toggle ... ok
[INFO] [stdout] test clock::tests::blend_unit_is_frozen ... ok
[INFO] [stdout] test oklch::tests::adaptive_amount_rejects_invalid_predominant_amount ... ok
[INFO] [stdout] test clock::tests::one_ring_is_the_old_wheel_pixel_for_pixel ... ok
[INFO] [stdout] test clock::tests::pixel_angle_runs_clockwise_from_twelve ... ok
[INFO] [stdout] test span::tests::multi_colour_offsets_round_trip_exactly_including_png ... ignored
[INFO] [stdout] test span::tests::single_colour_round_trips_exactly ... ignored
[INFO] [stdout] test tests::balanced_config_trades_luma_for_chroma ... ignored
[INFO] [stdout] test tests::balanced_palette_rebuilt_from_config_decodes_exactly ... ignored
[INFO] [stdout] test tests::balanced_palettes_round_trip_across_bases_and_budgets ... ignored
[INFO] [stdout] test oklch::tests::chroma_reduction_is_only_applied_when_needed ... ok
[INFO] [stdout] test oklch::tests::half_amount_moves_lightness_partway_to_white ... ok
[INFO] [stdout] test oklch::tests::is_deterministic ... ok
[INFO] [stdout] test tests::chroma_ordered_palette_round_trips_exactly ... ignored
[INFO] [stdout] test tests::pink_iso_luma_capacity_ceiling ... ignored
[INFO] [stdout] test tests::grayscale_rgba_to_bytes_rejects_color_and_skips_transparent ... ok
[INFO] [stdout] test tests::rgba_to_bytes_skips_transparent_pixels ... ok
[INFO] [stdout] test tests::westside_ecdc_balanced_pink ... ignored
[INFO] [stdout] test tests::westside_ecdc_pink_toned_size ... ignored
[INFO] [stdout] test tests::bytes_round_trip_through_rgba ... ok
[INFO] [stdout] test tests::hex_colors_normalize ... ok
[INFO] [stdout] test oklch::tests::hue_is_stable ... ok
[INFO] [stdout] test oklch::tests::invalid_amounts_are_rejected ... ok
[INFO] [stdout] test span::tests::invalid_requests_are_rejected ... ok
[INFO] [stdout] test oklch::tests::full_amount_reaches_white_limit ... ok
[INFO] [stdout] test oklch::tests::zero_amount_returns_base_tone_unchanged ... ok
[INFO] [stdout] test tests::bytes_round_trip_through_grayscale_rgba ... ok
[INFO] [stdout] test clock::tests::pixel_radius_is_a_fraction_of_the_half_side ... ok
[INFO] [stdout] test oklch::tests::adaptive_amount_preserves_absolute_lightness_delta_above_reference ... ok
[INFO] [stdout] test clock::tests::round_trips_with_gaps_and_blend ... FAILED
[INFO] [stdout] test clock::tests::the_ring_blend_is_even_at_the_boundary ... ok
[INFO] [stdout] test clock::tests::rings_are_chosen_by_radius ... ok
[INFO] [stdout] test clock::tests::the_two_blends_do_not_move_together ... ok
[INFO] [stdout] test tests::westside_ecdc_rgb_vs_grayscale_sizes ... FAILED
[INFO] [stdout] test tests::toned_palette_round_trips ... ok
[INFO] [stdout] 
[INFO] [stdout] failures:
[INFO] [stdout] 
[INFO] [stdout] ---- clock::tests::a_ringed_wheel_round_trips stdout ----
[INFO] [stdout] 
[INFO] [stdout] thread 'clock::tests::a_ringed_wheel_round_trips' (326) panicked at src/clock.rs:635:10:
[INFO] [stdout] the golden ECDC is checked in at the root of the repo: Os { code: 2, kind: NotFound, message: "No such file or directory" }
[INFO] [stdout] stack backtrace:
[INFO] [stdout]    0:     0x586fb7f57d01 - <<std[617be2ca0a6fd877]::sys::backtrace::BacktraceLock>::print::DisplayBacktrace as core[a373ad73a504971]::fmt::Display>::fmt
[INFO] [stdout]    1:     0x586fb7f6d43a - core[a373ad73a504971]::fmt::write
[INFO] [stdout]    2:     0x586fb7f5c53c - <alloc[2e1b2a31b91974c5]::vec::Vec<u8> as core[a373ad73a504971]::io::write::Write>::write_fmt
[INFO] [stdout]    3:     0x586fb7f32b96 - std[617be2ca0a6fd877]::panicking::default_hook::{closure#0}
[INFO] [stdout]    4:     0x586fb7f4fc79 - std[617be2ca0a6fd877]::panicking::default_hook
[INFO] [stdout]    5:     0x586fb7ee9890 - test[aada8e7e76ba119b]::test_main_inner::{closure#0}
[INFO] [stdout]    6:     0x586fb7f4ffa2 - std[617be2ca0a6fd877]::panicking::panic_with_hook
[INFO] [stdout]    7:     0x586fb7f32c42 - std[617be2ca0a6fd877]::panicking::panic_handler::{closure#0}
[INFO] [stdout]    8:     0x586fb7f2b0e9 - std[617be2ca0a6fd877]::sys::backtrace::__rust_end_short_backtrace::<std[617be2ca0a6fd877]::panicking::panic_handler::{closure#0}, !>
[INFO] [stdout]    9:     0x586fb7f3395d - __rustc[ea4f61d10b84890b]::rust_begin_unwind
[INFO] [stdout]   10:     0x586fb7f6db6c - core[a373ad73a504971]::panicking::panic_fmt
[INFO] [stdout]   11:     0x586fb7f6d942 - core[a373ad73a504971]::result::unwrap_failed
[INFO] [stdout]   12:     0x586fb7ea35ce - record_groove[8396109017522098]::clock::tests::codec_bytes
[INFO] [stdout]   13:     0x586fb7ea522f - <record_groove[8396109017522098]::clock::tests::a_ringed_wheel_round_trips::{closure#0} as core[a373ad73a504971]::ops::function::FnOnce<()>>::call_once
[INFO] [stdout]   14:     0x586fb7edccdb - test[aada8e7e76ba119b]::__rust_begin_short_backtrace::<core[a373ad73a504971]::result::Result<(), alloc[2e1b2a31b91974c5]::string::String>, fn() -> core[a373ad73a504971]::result::Result<(), alloc[2e1b2a31b91974c5]::string::String>>
[INFO] [stdout]   15:     0x586fb7ee9eb5 - test[aada8e7e76ba119b]::run_test::{closure#0}
[INFO] [stdout]   16:     0x586fb7ee37a4 - std[617be2ca0a6fd877]::sys::backtrace::__rust_begin_short_backtrace::<test[aada8e7e76ba119b]::run_test::{closure#1}, ()>
[INFO] [stdout]   17:     0x586fb7eecf42 - <std[617be2ca0a6fd877]::thread::lifecycle::spawn_unchecked<test[aada8e7e76ba119b]::run_test::{closure#1}, ()>::{closure#1} as core[a373ad73a504971]::ops::function::FnOnce<()>>::call_once::{shim:vtable#0}
[INFO] [stdout]   18:     0x586fb7f5705f - <std[617be2ca0a6fd877]::sys::thread::unix::Thread>::new::thread_start
[INFO] [stdout]   19:     0x76516064cdfa - <unknown>
[INFO] [stdout]   20:     0x7651606e03d4 - clone
[INFO] [stdout]   21:                0x0 - <unknown>
[INFO] [stdout] 
[INFO] [stdout] ---- clock::tests::round_trips_with_gaps_and_blend stdout ----
[INFO] [stdout] 
[INFO] [stdout] thread 'clock::tests::round_trips_with_gaps_and_blend' (335) panicked at src/clock.rs:635:10:
[INFO] [stdout] the golden ECDC is checked in at the root of the repo: Os { code: 2, kind: NotFound, message: "No such file or directory" }
[INFO] [stdout] stack backtrace:
[INFO] [stdout]    0:     0x586fb7f57d01 - <<std[617be2ca0a6fd877]::sys::backtrace::BacktraceLock>::print::DisplayBacktrace as core[a373ad73a504971]::fmt::Display>::fmt
[INFO] [stdout]    1:     0x586fb7f6d43a - core[a373ad73a504971]::fmt::write
[INFO] [stdout]    2:     0x586fb7f5c53c - <alloc[2e1b2a31b91974c5]::vec::Vec<u8> as core[a373ad73a504971]::io::write::Write>::write_fmt
[INFO] [stdout]    3:     0x586fb7f32b96 - std[617be2ca0a6fd877]::panicking::default_hook::{closure#0}
[INFO] [stdout]    4:     0x586fb7f4fc79 - std[617be2ca0a6fd877]::panicking::default_hook
[INFO] [stdout]    5:     0x586fb7ee9890 - test[aada8e7e76ba119b]::test_main_inner::{closure#0}
[INFO] [stdout]    6:     0x586fb7f4ffa2 - std[617be2ca0a6fd877]::panicking::panic_with_hook
[INFO] [stdout]    7:     0x586fb7f32c42 - std[617be2ca0a6fd877]::panicking::panic_handler::{closure#0}
[INFO] [stdout]    8:     0x586fb7f2b0e9 - std[617be2ca0a6fd877]::sys::backtrace::__rust_end_short_backtrace::<std[617be2ca0a6fd877]::panicking::panic_handler::{closure#0}, !>
[INFO] [stdout]    9:     0x586fb7f3395d - __rustc[ea4f61d10b84890b]::rust_begin_unwind
[INFO] [stdout]   10:     0x586fb7f6db6c - core[a373ad73a504971]::panicking::panic_fmt
[INFO] [stdout]   11:     0x586fb7f6d942 - core[a373ad73a504971]::result::unwrap_failed
[INFO] [stdout]   12:     0x586fb7ea35ce - record_groove[8396109017522098]::clock::tests::codec_bytes
[INFO] [stdout]   13:     0x586fb7ea6ab4 - <record_groove[8396109017522098]::clock::tests::round_trips_with_gaps_and_blend::{closure#0} as core[a373ad73a504971]::ops::function::FnOnce<()>>::call_once
[INFO] [stdout]   14:     0x586fb7edccdb - test[aada8e7e76ba119b]::__rust_begin_short_backtrace::<core[a373ad73a504971]::result::Result<(), alloc[2e1b2a31b91974c5]::string::String>, fn() -> core[a373ad73a504971]::result::Result<(), alloc[2e1b2a31b91974c5]::string::String>>
[INFO] [stdout]   15:     0x586fb7ee9eb5 - test[aada8e7e76ba119b]::run_test::{closure#0}
[INFO] [stdout]   16:     0x586fb7ee37a4 - std[617be2ca0a6fd877]::sys::backtrace::__rust_begin_short_backtrace::<test[aada8e7e76ba119b]::run_test::{closure#1}, ()>
[INFO] [stdout]   17:     0x586fb7eecf42 - <std[617be2ca0a6fd877]::thread::lifecycle::spawn_unchecked<test[aada8e7e76ba119b]::run_test::{closure#1}, ()>::{closure#1} as core[a373ad73a504971]::ops::function::FnOnce<()>>::call_once::{shim:vtable#0}
[INFO] [stdout]   18:     0x586fb7f5705f - <std[617be2ca0a6fd877]::sys::thread::unix::Thread>::new::thread_start
[INFO] [stdout]   19:     0x76516064cdfa - <unknown>
[INFO] [stdout]   20:     0x7651606e03d4 - clone
[INFO] [stdout]   21:                0x0 - <unknown>
[INFO] [stdout] 
[INFO] [stdout] ---- tests::westside_ecdc_rgb_vs_grayscale_sizes stdout ----
[INFO] [stdout] 
[INFO] [stdout] thread 'tests::westside_ecdc_rgb_vs_grayscale_sizes' (358) panicked at src/lib.rs:1277:10:
[INFO] [stdout] called `Result::unwrap()` on an `Err` value: Os { code: 2, kind: NotFound, message: "No such file or directory" }
[INFO] [stdout] stack backtrace:
[INFO] [stdout]    0:     0x586fb7f57d01 - <<std[617be2ca0a6fd877]::sys::backtrace::BacktraceLock>::print::DisplayBacktrace as core[a373ad73a504971]::fmt::Display>::fmt
[INFO] [stdout]    1:     0x586fb7f6d43a - core[a373ad73a504971]::fmt::write
[INFO] [stdout]    2:     0x586fb7f5c53c - <alloc[2e1b2a31b91974c5]::vec::Vec<u8> as core[a373ad73a504971]::io::write::Write>::write_fmt
[INFO] [stdout]    3:     0x586fb7f32b96 - std[617be2ca0a6fd877]::panicking::default_hook::{closure#0}
[INFO] [stdout]    4:     0x586fb7f4fc79 - std[617be2ca0a6fd877]::panicking::default_hook
[INFO] [stdout]    5:     0x586fb7ee9890 - test[aada8e7e76ba119b]::test_main_inner::{closure#0}
[INFO] [stdout]    6:     0x586fb7f4ffa2 - std[617be2ca0a6fd877]::panicking::panic_with_hook
[INFO] [stdout]    7:     0x586fb7f32c42 - std[617be2ca0a6fd877]::panicking::panic_handler::{closure#0}
[INFO] [stdout]    8:     0x586fb7f2b0e9 - std[617be2ca0a6fd877]::sys::backtrace::__rust_end_short_backtrace::<std[617be2ca0a6fd877]::panicking::panic_handler::{closure#0}, !>
[INFO] [stdout]    9:     0x586fb7f3395d - __rustc[ea4f61d10b84890b]::rust_begin_unwind
[INFO] [stdout]   10:     0x586fb7f6db6c - core[a373ad73a504971]::panicking::panic_fmt
[INFO] [stdout]   11:     0x586fb7f6d942 - core[a373ad73a504971]::result::unwrap_failed
[INFO] [stdout]   12:     0x586fb7ec0e57 - <record_groove[8396109017522098]::tests::westside_ecdc_rgb_vs_grayscale_sizes::{closure#0} as core[a373ad73a504971]::ops::function::FnOnce<()>>::call_once
[INFO] [stdout]   13:     0x586fb7edccdb - test[aada8e7e76ba119b]::__rust_begin_short_backtrace::<core[a373ad73a504971]::result::Result<(), alloc[2e1b2a31b91974c5]::string::String>, fn() -> core[a373ad73a504971]::result::Result<(), alloc[2e1b2a31b91974c5]::string::String>>
[INFO] [stdout]   14:     0x586fb7ee9eb5 - test[aada8e7e76ba119b]::run_test::{closure#0}
[INFO] [stdout]   15:     0x586fb7ee37a4 - std[617be2ca0a6fd877]::sys::backtrace::__rust_begin_short_backtrace::<test[aada8e7e76ba119b]::run_test::{closure#1}, ()>
[INFO] [stdout]   16:     0x586fb7eecf42 - <std[617be2ca0a6fd877]::thread::lifecycle::spawn_unchecked<test[aada8e7e76ba119b]::run_test::{closure#1}, ()>::{closure#1} as core[a373ad73a504971]::ops::function::FnOnce<()>>::call_once::{shim:vtable#0}
[INFO] [stdout]   17:     0x586fb7f5705f - <std[617be2ca0a6fd877]::sys::thread::unix::Thread>::new::thread_start
[INFO] [stdout]   18:     0x76516064cdfa - <unknown>
[INFO] [stdout]   19:     0x7651606e03d4 - clone
[INFO] [stdout]   20:                0x0 - <unknown>
[INFO] [stdout] 
[INFO] [stdout] 
[INFO] [stdout] failures:
[INFO] [stdout]     clock::tests::a_ringed_wheel_round_trips
[INFO] [stdout]     clock::tests::round_trips_with_gaps_and_blend
[INFO] [stdout]     tests::westside_ecdc_rgb_vs_grayscale_sizes
[INFO] [stdout] 
[INFO] [stdout] test result: FAILED. 30 passed; 3 failed; 9 ignored; 0 measured; 0 filtered out; finished in 0.02s
[INFO] [stdout] 
[INFO] [stderr] error: test failed, to rerun pass `--lib`
[INFO] running `Command { std: "docker" "inspect" "d9a8161209a7d26e7061ca3d890e860a0681154360c354e9fa0c624fe27dbf3d", kill_on_drop: false }`
[INFO] running `Command { std: "docker" "rm" "-f" "d9a8161209a7d26e7061ca3d890e860a0681154360c354e9fa0c624fe27dbf3d", kill_on_drop: false }`
[INFO] [stdout] d9a8161209a7d26e7061ca3d890e860a0681154360c354e9fa0c624fe27dbf3d
