[INFO] fetching crate reconverge-artifacts 0.7.0...
[INFO] testing reconverge-artifacts-0.7.0 against 1.100.0-beta.1+cargoflags=--release for beta-release-1.100-2
[INFO] extracting crate reconverge-artifacts 0.7.0 into /workspace/builds/worker-4-tc2/source
[INFO] started tweaking crates.io crate reconverge-artifacts 0.7.0
[INFO] finished tweaking crates.io crate reconverge-artifacts 0.7.0
[INFO] tweaked toml for crates.io crate reconverge-artifacts 0.7.0 written to /workspace/builds/worker-4-tc2/source/Cargo.toml
[INFO] validating manifest of crates.io crate reconverge-artifacts 0.7.0 on toolchain 1.100.0-beta.1
[INFO] running `Command { std: CARGO_HOME="/workspace/cargo-home" RUSTUP_HOME="/workspace/rustup-home" "/workspace/cargo-home/bin/cargo" "+1.100.0-beta.1" "metadata" "--manifest-path" "Cargo.toml" "--no-deps", kill_on_drop: false }`
[INFO] crate crates.io crate reconverge-artifacts 0.7.0 already has a lockfile, it will not be regenerated
[INFO] running `Command { std: CARGO_HOME="/workspace/cargo-home" RUSTUP_HOME="/workspace/rustup-home" "/workspace/cargo-home/bin/cargo" "+1.100.0-beta.1" "fetch" "--manifest-path" "Cargo.toml", kill_on_drop: false }`
[INFO] running `Command { std: "docker" "create" "-v" "/var/lib/crater-agent-workspace/builds/worker-4-tc2/source:/opt/rustwide/workdir:ro,Z" "-v" "/var/lib/crater-agent-workspace/builds/worker-4-tc2/target:/opt/rustwide/target:rw,Z" "-v" "/var/lib/crater-agent-workspace/cargo-home:/opt/rustwide/cargo-home:ro,Z" "-v" "/var/lib/crater-agent-workspace/rustup-home:/opt/rustwide/rustup-home:ro,Z" "-m" "1610612736" "--network" "none" "ghcr.io/rust-lang/crates-build-env/linux@sha256:77db811e55d90add9212f6832c23229e3de5f1c1f9905e8cb07319ea15df73ac" "sleep" "infinity", kill_on_drop: false }`
[INFO] [stdout] 348022b55991bd54e3f68342774b94e0713a25cea886fe61e07123cfd65411b1
[INFO] running `Command { std: "docker" "start" "348022b55991bd54e3f68342774b94e0713a25cea886fe61e07123cfd65411b1", kill_on_drop: false }`
[INFO] running `Command { std: "docker" "inspect" "348022b55991bd54e3f68342774b94e0713a25cea886fe61e07123cfd65411b1", kill_on_drop: false }`
[INFO] running `Command { std: "docker" "exec" "-e" "SOURCE_DIR=/opt/rustwide/workdir" "-e" "CARGO_HOME=/opt/rustwide/cargo-home" "-e" "RUSTUP_HOME=/opt/rustwide/rustup-home" "-e" "CARGO_TARGET_DIR=/opt/rustwide/target" "-w" "/opt/rustwide/workdir" "--user" "0:0" "348022b55991bd54e3f68342774b94e0713a25cea886fe61e07123cfd65411b1" "/opt/rustwide/cargo-home/bin/cargo" "+1.100.0-beta.1" "metadata" "--no-deps" "--format-version=1", kill_on_drop: false }`
[INFO] running `Command { std: "docker" "inspect" "348022b55991bd54e3f68342774b94e0713a25cea886fe61e07123cfd65411b1", kill_on_drop: false }`
[INFO] running `Command { std: "docker" "exec" "-e" "SOURCE_DIR=/opt/rustwide/workdir" "-e" "CARGO_HOME=/opt/rustwide/cargo-home" "-e" "RUSTUP_HOME=/opt/rustwide/rustup-home" "-e" "CARGO_TARGET_DIR=/opt/rustwide/target" "-e" "CARGO_INCREMENTAL=0" "-e" "RUST_BACKTRACE=full" "-e" "RUSTFLAGS=--cap-lints=warn" "-e" "RUSTDOCFLAGS=--cap-lints=warn" "-w" "/opt/rustwide/workdir" "--user" "0:0" "348022b55991bd54e3f68342774b94e0713a25cea886fe61e07123cfd65411b1" "/opt/rustwide/cargo-home/bin/cargo" "+1.100.0-beta.1" "build" "--frozen" "--message-format=json" "--release", kill_on_drop: false }`
[INFO] [stderr]    Compiling proc-macro2 v1.0.107
[INFO] [stderr]    Compiling serde_json v1.0.151
[INFO] [stderr]    Compiling quote v1.0.47
[INFO] [stderr]    Compiling syn v3.0.3
[INFO] [stderr]    Compiling serde_derive v1.0.229
[INFO] [stderr]    Compiling serde v1.0.229
[INFO] [stderr]    Compiling reconverge-artifacts v0.7.0 (/opt/rustwide/workdir)
[INFO] [stderr]     Finished `release` profile [optimized] target(s) in 8.90s
[INFO] running `Command { std: "docker" "inspect" "348022b55991bd54e3f68342774b94e0713a25cea886fe61e07123cfd65411b1", kill_on_drop: false }`
[INFO] running `Command { std: "docker" "exec" "-e" "SOURCE_DIR=/opt/rustwide/workdir" "-e" "CARGO_HOME=/opt/rustwide/cargo-home" "-e" "RUSTUP_HOME=/opt/rustwide/rustup-home" "-e" "CARGO_TARGET_DIR=/opt/rustwide/target" "-e" "CARGO_INCREMENTAL=0" "-e" "RUST_BACKTRACE=full" "-e" "RUSTFLAGS=--cap-lints=warn" "-e" "RUSTDOCFLAGS=--cap-lints=warn" "-w" "/opt/rustwide/workdir" "--user" "0:0" "348022b55991bd54e3f68342774b94e0713a25cea886fe61e07123cfd65411b1" "/opt/rustwide/cargo-home/bin/cargo" "+1.100.0-beta.1" "test" "--frozen" "--no-run" "--message-format=json" "--release", kill_on_drop: false }`
[INFO] [stderr]    Compiling reconverge-artifacts v0.7.0 (/opt/rustwide/workdir)
[INFO] [stderr]     Finished `release` profile [optimized] target(s) in 6.13s
[INFO] running `Command { std: "docker" "inspect" "348022b55991bd54e3f68342774b94e0713a25cea886fe61e07123cfd65411b1", kill_on_drop: false }`
[INFO] running `Command { std: "docker" "exec" "-e" "SOURCE_DIR=/opt/rustwide/workdir" "-e" "CARGO_HOME=/opt/rustwide/cargo-home" "-e" "RUSTUP_HOME=/opt/rustwide/rustup-home" "-e" "CARGO_TARGET_DIR=/opt/rustwide/target" "-e" "CARGO_INCREMENTAL=0" "-e" "RUST_BACKTRACE=full" "-e" "RUSTFLAGS=--cap-lints=warn" "-e" "RUSTDOCFLAGS=--cap-lints=warn" "-w" "/opt/rustwide/workdir" "--user" "0:0" "348022b55991bd54e3f68342774b94e0713a25cea886fe61e07123cfd65411b1" "/opt/rustwide/cargo-home/bin/cargo" "+1.100.0-beta.1" "test" "--frozen" "--release", kill_on_drop: false }`
[INFO] [stderr]     Finished `release` profile [optimized] target(s) in 0.05s
[INFO] [stderr]      Running unittests src/lib.rs (/opt/rustwide/target/release/build/reconverge-artifacts/1d964c1f1397287a/out/reconverge_artifacts-1d964c1f1397287a)
[INFO] [stdout] 
[INFO] [stdout] running 18 tests
[INFO] [stdout] test baseline::tests::suppress_is_idempotent_and_updates_reasons ... ok
[INFO] [stderr] error: test failed, to rerun pass `--lib`
[INFO] [stdout] test baseline::tests::suppression_matches_on_crate_kernel_and_code_only ... ok
[INFO] [stdout] test read::tests::a_parse_failure_stays_a_parse_failure ... ok
[INFO] [stdout] test findings::tests::confidence_tiers_gate_display_and_exit ... ok
[INFO] [stdout] test witness::tests::a_collective_whose_strip_contradicts_its_mask_is_named ... ok
[INFO] [stdout] test witness::tests::lane_state_replay_applies_deltas_in_order ... ok
[INFO] [stdout] test baseline::tests::labels_read_naturally_in_diagnostics ... ok
[INFO] [stdout] test unimap::tests::unimap_fixtures_round_trip ... FAILED
[INFO] [stdout] test read::tests::a_document_naming_another_artifact_kind_is_refused ... ok
[INFO] [stdout] test witness::tests::witness_fixtures_agree_with_their_own_masks ... FAILED
[INFO] [stdout] test findings::tests::findings_fixtures_round_trip ... FAILED
[INFO] [stdout] test tests::schema_identifiers_are_versioned ... ok
[INFO] [stdout] test baseline::tests::baseline_fixtures_round_trip ... FAILED
[INFO] [stdout] test witness::tests::witness_fixtures_are_stamped_a_version_this_workspace_produces ... FAILED
[INFO] [stdout] test witness::tests::witness_fixtures_round_trip ... FAILED
[INFO] [stdout] test baseline::tests::entries_are_sorted_and_deduplicated_for_clean_diffs ... ok
[INFO] [stdout] test read::tests::a_future_version_of_the_same_kind_is_refused_too ... ok
[INFO] [stdout] test read::tests::every_artifact_kind_checks_its_own_tag ... ok
[INFO] [stdout] 
[INFO] [stdout] failures:
[INFO] [stdout] 
[INFO] [stdout] ---- unimap::tests::unimap_fixtures_round_trip stdout ----
[INFO] [stdout] 
[INFO] [stdout] thread 'unimap::tests::unimap_fixtures_round_trip' (292) panicked at src/lib.rs:86:41:
[INFO] [stdout] fixture directory must exist: Os { code: 2, kind: NotFound, message: "No such file or directory" }
[INFO] [stdout] stack backtrace:
[INFO] [stdout]    0:     0x56e719bad6d1 - <<std[617be2ca0a6fd877]::sys::backtrace::BacktraceLock>::print::DisplayBacktrace as core[a373ad73a504971]::fmt::Display>::fmt
[INFO] [stdout]    1:     0x56e719bc281a - core[a373ad73a504971]::fmt::write
[INFO] [stdout]    2:     0x56e719bb1bdc - <alloc[2e1b2a31b91974c5]::vec::Vec<u8> as core[a373ad73a504971]::io::write::Write>::write_fmt
[INFO] [stdout]    3:     0x56e719b892c6 - std[617be2ca0a6fd877]::panicking::default_hook::{closure#0}
[INFO] [stdout]    4:     0x56e719ba57f9 - std[617be2ca0a6fd877]::panicking::default_hook
[INFO] [stdout]    5:     0x56e719b40e70 - test[aada8e7e76ba119b]::test_main_inner::{closure#0}
[INFO] [stdout]    6:     0x56e719ba59b2 - std[617be2ca0a6fd877]::panicking::panic_with_hook
[INFO] [stdout]    7:     0x56e719b89372 - std[617be2ca0a6fd877]::panicking::panic_handler::{closure#0}
[INFO] [stdout]    8:     0x56e719b81e59 - std[617be2ca0a6fd877]::sys::backtrace::__rust_end_short_backtrace::<std[617be2ca0a6fd877]::panicking::panic_handler::{closure#0}, !>
[INFO] [stdout]    9:     0x56e719b89f7d - __rustc[ea4f61d10b84890b]::rust_begin_unwind
[INFO] [stdout]   10:     0x56e719bc2f4c - core[a373ad73a504971]::panicking::panic_fmt
[INFO] [stdout]   11:     0x56e719bc2d22 - core[a373ad73a504971]::result::unwrap_failed
[INFO] [stdout]   12:     0x56e719b278ac - reconverge_artifacts[c09ffca940b2b6e7]::tests_support::round_trip_fixtures::<reconverge_artifacts[c09ffca940b2b6e7]::unimap::tests::unimap_fixtures_round_trip::{closure#0}>
[INFO] [stdout]   13:     0x56e719b1c625 - <reconverge_artifacts[c09ffca940b2b6e7]::unimap::tests::unimap_fixtures_round_trip::{closure#0} as core[a373ad73a504971]::ops::function::FnOnce<()>>::call_once
[INFO] [stdout]   14:     0x56e719b342bb - test[aada8e7e76ba119b]::__rust_begin_short_backtrace::<core[a373ad73a504971]::result::Result<(), alloc[2e1b2a31b91974c5]::string::String>, fn() -> core[a373ad73a504971]::result::Result<(), alloc[2e1b2a31b91974c5]::string::String>>
[INFO] [stdout]   15:     0x56e719b41495 - test[aada8e7e76ba119b]::run_test::{closure#0}
[INFO] [stdout]   16:     0x56e719b3ad84 - std[617be2ca0a6fd877]::sys::backtrace::__rust_begin_short_backtrace::<test[aada8e7e76ba119b]::run_test::{closure#1}, ()>
[INFO] [stdout]   17:     0x56e719b44522 - <std[617be2ca0a6fd877]::thread::lifecycle::spawn_unchecked<test[aada8e7e76ba119b]::run_test::{closure#1}, ()>::{closure#1} as core[a373ad73a504971]::ops::function::FnOnce<()>>::call_once::{shim:vtable#0}
[INFO] [stdout]   18:     0x56e719bacbcf - <std[617be2ca0a6fd877]::sys::thread::unix::Thread>::new::thread_start
[INFO] [stdout]   19:     0x7e2089bd0dfa - <unknown>
[INFO] [stdout]   20:     0x7e2089c643d4 - clone
[INFO] [stdout]   21:                0x0 - <unknown>
[INFO] [stdout] 
[INFO] [stdout] ---- witness::tests::witness_fixtures_agree_with_their_own_masks stdout ----
[INFO] [stdout] 
[INFO] [stdout] thread 'witness::tests::witness_fixtures_agree_with_their_own_masks' (295) panicked at src/lib.rs:86:41:
[INFO] [stdout] fixture directory must exist: Os { code: 2, kind: NotFound, message: "No such file or directory" }
[INFO] [stdout] stack backtrace:
[INFO] [stdout]    0:     0x56e719bad6d1 - <<std[617be2ca0a6fd877]::sys::backtrace::BacktraceLock>::print::DisplayBacktrace as core[a373ad73a504971]::fmt::Display>::fmt
[INFO] [stdout]    1:     0x56e719bc281a - core[a373ad73a504971]::fmt::write
[INFO] [stdout]    2:     0x56e719bb1bdc - <alloc[2e1b2a31b91974c5]::vec::Vec<u8> as core[a373ad73a504971]::io::write::Write>::write_fmt
[INFO] [stdout]    3:     0x56e719b892c6 - std[617be2ca0a6fd877]::panicking::default_hook::{closure#0}
[INFO] [stdout]    4:     0x56e719ba57f9 - std[617be2ca0a6fd877]::panicking::default_hook
[INFO] [stdout]    5:     0x56e719b40e70 - test[aada8e7e76ba119b]::test_main_inner::{closure#0}
[INFO] [stdout]    6:     0x56e719ba59b2 - std[617be2ca0a6fd877]::panicking::panic_with_hook
[INFO] [stdout]    7:     0x56e719b89372 - std[617be2ca0a6fd877]::panicking::panic_handler::{closure#0}
[INFO] [stdout]    8:     0x56e719b81e59 - std[617be2ca0a6fd877]::sys::backtrace::__rust_end_short_backtrace::<std[617be2ca0a6fd877]::panicking::panic_handler::{closure#0}, !>
[INFO] [stdout]    9:     0x56e719b89f7d - __rustc[ea4f61d10b84890b]::rust_begin_unwind
[INFO] [stdout]   10:     0x56e719bc2f4c - core[a373ad73a504971]::panicking::panic_fmt
[INFO] [stdout]   11:     0x56e719bc2d22 - core[a373ad73a504971]::result::unwrap_failed
[INFO] [stdout]   12:     0x56e719b2882b - reconverge_artifacts[c09ffca940b2b6e7]::tests_support::round_trip_fixtures::<reconverge_artifacts[c09ffca940b2b6e7]::witness::tests::witness_fixtures_agree_with_their_own_masks::{closure#0}>
[INFO] [stdout]   13:     0x56e719b1d1e5 - <reconverge_artifacts[c09ffca940b2b6e7]::witness::tests::witness_fixtures_agree_with_their_own_masks::{closure#0} as core[a373ad73a504971]::ops::function::FnOnce<()>>::call_once
[INFO] [stdout]   14:     0x56e719b342bb - test[aada8e7e76ba119b]::__rust_begin_short_backtrace::<core[a373ad73a504971]::result::Result<(), alloc[2e1b2a31b91974c5]::string::String>, fn() -> core[a373ad73a504971]::result::Result<(), alloc[2e1b2a31b91974c5]::string::String>>
[INFO] [stdout]   15:     0x56e719b41495 - test[aada8e7e76ba119b]::run_test::{closure#0}
[INFO] [stdout]   16:     0x56e719b3ad84 - std[617be2ca0a6fd877]::sys::backtrace::__rust_begin_short_backtrace::<test[aada8e7e76ba119b]::run_test::{closure#1}, ()>
[INFO] [stdout]   17:     0x56e719b44522 - <std[617be2ca0a6fd877]::thread::lifecycle::spawn_unchecked<test[aada8e7e76ba119b]::run_test::{closure#1}, ()>::{closure#1} as core[a373ad73a504971]::ops::function::FnOnce<()>>::call_once::{shim:vtable#0}
[INFO] [stdout]   18:     0x56e719bacbcf - <std[617be2ca0a6fd877]::sys::thread::unix::Thread>::new::thread_start
[INFO] [stdout]   19:     0x7e2089bd0dfa - <unknown>
[INFO] [stdout]   20:     0x7e2089c643d4 - clone
[INFO] [stdout]   21:                0x0 - <unknown>
[INFO] [stdout] 
[INFO] [stdout] ---- findings::tests::findings_fixtures_round_trip stdout ----
[INFO] [stdout] 
[INFO] [stdout] thread 'findings::tests::findings_fixtures_round_trip' (286) panicked at src/findings.rs:249:41:
[INFO] [stdout] fixtures/findings must exist: Os { code: 2, kind: NotFound, message: "No such file or directory" }
[INFO] [stdout] stack backtrace:
[INFO] [stdout]    0:     0x56e719bad6d1 - <<std[617be2ca0a6fd877]::sys::backtrace::BacktraceLock>::print::DisplayBacktrace as core[a373ad73a504971]::fmt::Display>::fmt
[INFO] [stdout]    1:     0x56e719bc281a - core[a373ad73a504971]::fmt::write
[INFO] [stdout]    2:     0x56e719bb1bdc - <alloc[2e1b2a31b91974c5]::vec::Vec<u8> as core[a373ad73a504971]::io::write::Write>::write_fmt
[INFO] [stdout]    3:     0x56e719b892c6 - std[617be2ca0a6fd877]::panicking::default_hook::{closure#0}
[INFO] [stdout]    4:     0x56e719ba57f9 - std[617be2ca0a6fd877]::panicking::default_hook
[INFO] [stdout]    5:     0x56e719b40e70 - test[aada8e7e76ba119b]::test_main_inner::{closure#0}
[INFO] [stdout]    6:     0x56e719ba59b2 - std[617be2ca0a6fd877]::panicking::panic_with_hook
[INFO] [stdout]    7:     0x56e719b89372 - std[617be2ca0a6fd877]::panicking::panic_handler::{closure#0}
[INFO] [stdout]    8:     0x56e719b81e59 - std[617be2ca0a6fd877]::sys::backtrace::__rust_end_short_backtrace::<std[617be2ca0a6fd877]::panicking::panic_handler::{closure#0}, !>
[INFO] [stdout]    9:     0x56e719b89f7d - __rustc[ea4f61d10b84890b]::rust_begin_unwind
[INFO] [stdout]   10:     0x56e719bc2f4c - core[a373ad73a504971]::panicking::panic_fmt
[INFO] [stdout]   11:     0x56e719bc2d22 - core[a373ad73a504971]::result::unwrap_failed
[INFO] [stdout]   12:     0x56e719b2e9e7 - <reconverge_artifacts[c09ffca940b2b6e7]::findings::tests::findings_fixtures_round_trip::{closure#0} as core[a373ad73a504971]::ops::function::FnOnce<()>>::call_once
[INFO] [stdout]   13:     0x56e719b342bb - test[aada8e7e76ba119b]::__rust_begin_short_backtrace::<core[a373ad73a504971]::result::Result<(), alloc[2e1b2a31b91974c5]::string::String>, fn() -> core[a373ad73a504971]::result::Result<(), alloc[2e1b2a31b91974c5]::string::String>>
[INFO] [stdout]   14:     0x56e719b41495 - test[aada8e7e76ba119b]::run_test::{closure#0}
[INFO] [stdout]   15:     0x56e719b3ad84 - std[617be2ca0a6fd877]::sys::backtrace::__rust_begin_short_backtrace::<test[aada8e7e76ba119b]::run_test::{closure#1}, ()>
[INFO] [stdout]   16:     0x56e719b44522 - <std[617be2ca0a6fd877]::thread::lifecycle::spawn_unchecked<test[aada8e7e76ba119b]::run_test::{closure#1}, ()>::{closure#1} as core[a373ad73a504971]::ops::function::FnOnce<()>>::call_once::{shim:vtable#0}
[INFO] [stdout]   17:     0x56e719bacbcf - <std[617be2ca0a6fd877]::sys::thread::unix::Thread>::new::thread_start
[INFO] [stdout]   18:     0x7e2089bd0dfa - <unknown>
[INFO] [stdout]   19:     0x7e2089c643d4 - clone
[INFO] [stdout]   20:                0x0 - <unknown>
[INFO] [stdout] 
[INFO] [stdout] ---- baseline::tests::baseline_fixtures_round_trip stdout ----
[INFO] [stdout] 
[INFO] [stdout] thread 'baseline::tests::baseline_fixtures_round_trip' (280) panicked at src/lib.rs:86:41:
[INFO] [stdout] fixture directory must exist: Os { code: 2, kind: NotFound, message: "No such file or directory" }
[INFO] [stdout] stack backtrace:
[INFO] [stdout]    0:     0x56e719bad6d1 - <<std[617be2ca0a6fd877]::sys::backtrace::BacktraceLock>::print::DisplayBacktrace as core[a373ad73a504971]::fmt::Display>::fmt
[INFO] [stdout]    1:     0x56e719bc281a - core[a373ad73a504971]::fmt::write
[INFO] [stdout]    2:     0x56e719bb1bdc - <alloc[2e1b2a31b91974c5]::vec::Vec<u8> as core[a373ad73a504971]::io::write::Write>::write_fmt
[INFO] [stdout]    3:     0x56e719b892c6 - std[617be2ca0a6fd877]::panicking::default_hook::{closure#0}
[INFO] [stdout]    4:     0x56e719ba57f9 - std[617be2ca0a6fd877]::panicking::default_hook
[INFO] [stdout]    5:     0x56e719b40e70 - test[aada8e7e76ba119b]::test_main_inner::{closure#0}
[INFO] [stdout]    6:     0x56e719ba59b2 - std[617be2ca0a6fd877]::panicking::panic_with_hook
[INFO] [stdout]    7:     0x56e719b89372 - std[617be2ca0a6fd877]::panicking::panic_handler::{closure#0}
[INFO] [stdout]    8:     0x56e719b81e59 - std[617be2ca0a6fd877]::sys::backtrace::__rust_end_short_backtrace::<std[617be2ca0a6fd877]::panicking::panic_handler::{closure#0}, !>
[INFO] [stdout]    9:     0x56e719b89f7d - __rustc[ea4f61d10b84890b]::rust_begin_unwind
[INFO] [stdout]   10:     0x56e719bc2f4c - core[a373ad73a504971]::panicking::panic_fmt
[INFO] [stdout]   11:     0x56e719bc2d22 - core[a373ad73a504971]::result::unwrap_failed
[INFO] [stdout]   12:     0x56e719b297be - reconverge_artifacts[c09ffca940b2b6e7]::tests_support::round_trip_fixtures::<reconverge_artifacts[c09ffca940b2b6e7]::baseline::tests::baseline_fixtures_round_trip::{closure#0}>
[INFO] [stdout]   13:     0x56e719b192c5 - <reconverge_artifacts[c09ffca940b2b6e7]::baseline::tests::baseline_fixtures_round_trip::{closure#0} as core[a373ad73a504971]::ops::function::FnOnce<()>>::call_once
[INFO] [stdout]   14:     0x56e719b342bb - test[aada8e7e76ba119b]::__rust_begin_short_backtrace::<core[a373ad73a504971]::result::Result<(), alloc[2e1b2a31b91974c5]::string::String>, fn() -> core[a373ad73a504971]::result::Result<(), alloc[2e1b2a31b91974c5]::string::String>>
[INFO] [stdout]   15:     0x56e719b41495 - test[aada8e7e76ba119b]::run_test::{closure#0}
[INFO] [stdout]   16:     0x56e719b3ad84 - std[617be2ca0a6fd877]::sys::backtrace::__rust_begin_short_backtrace::<test[aada8e7e76ba119b]::run_test::{closure#1}, ()>
[INFO] [stdout]   17:     0x56e719b44522 - <std[617be2ca0a6fd877]::thread::lifecycle::spawn_unchecked<test[aada8e7e76ba119b]::run_test::{closure#1}, ()>::{closure#1} as core[a373ad73a504971]::ops::function::FnOnce<()>>::call_once::{shim:vtable#0}
[INFO] [stdout]   18:     0x56e719bacbcf - <std[617be2ca0a6fd877]::sys::thread::unix::Thread>::new::thread_start
[INFO] [stdout]   19:     0x7e2089bd0dfa - <unknown>
[INFO] [stdout]   20:     0x7e2089c643d4 - clone
[INFO] [stdout]   21:                0x0 - <unknown>
[INFO] [stdout] 
[INFO] [stdout] ---- witness::tests::witness_fixtures_are_stamped_a_version_this_workspace_produces stdout ----
[INFO] [stdout] 
[INFO] [stdout] thread 'witness::tests::witness_fixtures_are_stamped_a_version_this_workspace_produces' (296) panicked at src/lib.rs:86:41:
[INFO] [stdout] fixture directory must exist: Os { code: 2, kind: NotFound, message: "No such file or directory" }
[INFO] [stdout] stack backtrace:
[INFO] [stdout]    0:     0x56e719bad6d1 - <<std[617be2ca0a6fd877]::sys::backtrace::BacktraceLock>::print::DisplayBacktrace as core[a373ad73a504971]::fmt::Display>::fmt
[INFO] [stdout]    1:     0x56e719bc281a - core[a373ad73a504971]::fmt::write
[INFO] [stdout]    2:     0x56e719bb1bdc - <alloc[2e1b2a31b91974c5]::vec::Vec<u8> as core[a373ad73a504971]::io::write::Write>::write_fmt
[INFO] [stdout]    3:     0x56e719b892c6 - std[617be2ca0a6fd877]::panicking::default_hook::{closure#0}
[INFO] [stdout]    4:     0x56e719ba57f9 - std[617be2ca0a6fd877]::panicking::default_hook
[INFO] [stdout]    5:     0x56e719b40e70 - test[aada8e7e76ba119b]::test_main_inner::{closure#0}
[INFO] [stdout]    6:     0x56e719ba59b2 - std[617be2ca0a6fd877]::panicking::panic_with_hook
[INFO] [stdout]    7:     0x56e719b89372 - std[617be2ca0a6fd877]::panicking::panic_handler::{closure#0}
[INFO] [stdout]    8:     0x56e719b81e59 - std[617be2ca0a6fd877]::sys::backtrace::__rust_end_short_backtrace::<std[617be2ca0a6fd877]::panicking::panic_handler::{closure#0}, !>
[INFO] [stdout]    9:     0x56e719b89f7d - __rustc[ea4f61d10b84890b]::rust_begin_unwind
[INFO] [stdout]   10:     0x56e719bc2f4c - core[a373ad73a504971]::panicking::panic_fmt
[INFO] [stdout]   11:     0x56e719bc2d22 - core[a373ad73a504971]::result::unwrap_failed
[INFO] [stdout]   12:     0x56e719b28fb8 - reconverge_artifacts[c09ffca940b2b6e7]::tests_support::round_trip_fixtures::<reconverge_artifacts[c09ffca940b2b6e7]::witness::tests::witness_fixtures_are_stamped_a_version_this_workspace_produces::{closure#0}>
[INFO] [stdout]   13:     0x56e719b1d595 - <reconverge_artifacts[c09ffca940b2b6e7]::witness::tests::witness_fixtures_are_stamped_a_version_this_workspace_produces::{closure#0} as core[a373ad73a504971]::ops::function::FnOnce<()>>::call_once
[INFO] [stdout]   14:     0x56e719b342bb - test[aada8e7e76ba119b]::__rust_begin_short_backtrace::<core[a373ad73a504971]::result::Result<(), alloc[2e1b2a31b91974c5]::string::String>, fn() -> core[a373ad73a504971]::result::Result<(), alloc[2e1b2a31b91974c5]::string::String>>
[INFO] [stdout]   15:     0x56e719b41495 - test[aada8e7e76ba119b]::run_test::{closure#0}
[INFO] [stdout]   16:     0x56e719b3ad84 - std[617be2ca0a6fd877]::sys::backtrace::__rust_begin_short_backtrace::<test[aada8e7e76ba119b]::run_test::{closure#1}, ()>
[INFO] [stdout]   17:     0x56e719b44522 - <std[617be2ca0a6fd877]::thread::lifecycle::spawn_unchecked<test[aada8e7e76ba119b]::run_test::{closure#1}, ()>::{closure#1} as core[a373ad73a504971]::ops::function::FnOnce<()>>::call_once::{shim:vtable#0}
[INFO] [stdout]   18:     0x56e719bacbcf - <std[617be2ca0a6fd877]::sys::thread::unix::Thread>::new::thread_start
[INFO] [stdout]   19:     0x7e2089bd0dfa - <unknown>
[INFO] [stdout]   20:     0x7e2089c643d4 - clone
[INFO] [stdout]   21:                0x0 - <unknown>
[INFO] [stdout] 
[INFO] [stdout] ---- witness::tests::witness_fixtures_round_trip stdout ----
[INFO] [stdout] 
[INFO] [stdout] thread 'witness::tests::witness_fixtures_round_trip' (297) panicked at src/lib.rs:86:41:
[INFO] [stdout] fixture directory must exist: Os { code: 2, kind: NotFound, message: "No such file or directory" }
[INFO] [stdout] stack backtrace:
[INFO] [stdout]    0:     0x56e719bad6d1 - <<std[617be2ca0a6fd877]::sys::backtrace::BacktraceLock>::print::DisplayBacktrace as core[a373ad73a504971]::fmt::Display>::fmt
[INFO] [stdout]    1:     0x56e719bc281a - core[a373ad73a504971]::fmt::write
[INFO] [stdout]    2:     0x56e719bb1bdc - <alloc[2e1b2a31b91974c5]::vec::Vec<u8> as core[a373ad73a504971]::io::write::Write>::write_fmt
[INFO] [stdout]    3:     0x56e719b892c6 - std[617be2ca0a6fd877]::panicking::default_hook::{closure#0}
[INFO] [stdout]    4:     0x56e719ba57f9 - std[617be2ca0a6fd877]::panicking::default_hook
[INFO] [stdout]    5:     0x56e719b40e70 - test[aada8e7e76ba119b]::test_main_inner::{closure#0}
[INFO] [stdout]    6:     0x56e719ba59b2 - std[617be2ca0a6fd877]::panicking::panic_with_hook
[INFO] [stdout]    7:     0x56e719b89372 - std[617be2ca0a6fd877]::panicking::panic_handler::{closure#0}
[INFO] [stdout]    8:     0x56e719b81e59 - std[617be2ca0a6fd877]::sys::backtrace::__rust_end_short_backtrace::<std[617be2ca0a6fd877]::panicking::panic_handler::{closure#0}, !>
[INFO] [stdout]    9:     0x56e719b89f7d - __rustc[ea4f61d10b84890b]::rust_begin_unwind
[INFO] [stdout]   10:     0x56e719bc2f4c - core[a373ad73a504971]::panicking::panic_fmt
[INFO] [stdout]   11:     0x56e719bc2d22 - core[a373ad73a504971]::result::unwrap_failed
[INFO] [stdout]   12:     0x56e719b2805a - reconverge_artifacts[c09ffca940b2b6e7]::tests_support::round_trip_fixtures::<reconverge_artifacts[c09ffca940b2b6e7]::witness::tests::witness_fixtures_round_trip::{closure#0}>
[INFO] [stdout]   13:     0x56e719b1c655 - <reconverge_artifacts[c09ffca940b2b6e7]::witness::tests::witness_fixtures_round_trip::{closure#0} as core[a373ad73a504971]::ops::function::FnOnce<()>>::call_once
[INFO] [stdout]   14:     0x56e719b342bb - test[aada8e7e76ba119b]::__rust_begin_short_backtrace::<core[a373ad73a504971]::result::Result<(), alloc[2e1b2a31b91974c5]::string::String>, fn() -> core[a373ad73a504971]::result::Result<(), alloc[2e1b2a31b91974c5]::string::String>>
[INFO] [stdout]   15:     0x56e719b41495 - test[aada8e7e76ba119b]::run_test::{closure#0}
[INFO] [stdout]   16:     0x56e719b3ad84 - std[617be2ca0a6fd877]::sys::backtrace::__rust_begin_short_backtrace::<test[aada8e7e76ba119b]::run_test::{closure#1}, ()>
[INFO] [stdout]   17:     0x56e719b44522 - <std[617be2ca0a6fd877]::thread::lifecycle::spawn_unchecked<test[aada8e7e76ba119b]::run_test::{closure#1}, ()>::{closure#1} as core[a373ad73a504971]::ops::function::FnOnce<()>>::call_once::{shim:vtable#0}
[INFO] [stdout]   18:     0x56e719bacbcf - <std[617be2ca0a6fd877]::sys::thread::unix::Thread>::new::thread_start
[INFO] [stdout]   19:     0x7e2089bd0dfa - <unknown>
[INFO] [stdout]   20:     0x7e2089c643d4 - clone
[INFO] [stdout]   21:                0x0 - <unknown>
[INFO] [stdout] 
[INFO] [stdout] 
[INFO] [stdout] failures:
[INFO] [stdout]     baseline::tests::baseline_fixtures_round_trip
[INFO] [stdout]     findings::tests::findings_fixtures_round_trip
[INFO] [stdout]     unimap::tests::unimap_fixtures_round_trip
[INFO] [stdout]     witness::tests::witness_fixtures_agree_with_their_own_masks
[INFO] [stdout]     witness::tests::witness_fixtures_are_stamped_a_version_this_workspace_produces
[INFO] [stdout]     witness::tests::witness_fixtures_round_trip
[INFO] [stdout] 
[INFO] [stdout] test result: FAILED. 12 passed; 6 failed; 0 ignored; 0 measured; 0 filtered out; finished in 0.00s
[INFO] [stdout] 
[INFO] running `Command { std: "docker" "inspect" "348022b55991bd54e3f68342774b94e0713a25cea886fe61e07123cfd65411b1", kill_on_drop: false }`
[INFO] running `Command { std: "docker" "rm" "-f" "348022b55991bd54e3f68342774b94e0713a25cea886fe61e07123cfd65411b1", kill_on_drop: false }`
[INFO] [stdout] 348022b55991bd54e3f68342774b94e0713a25cea886fe61e07123cfd65411b1
