[INFO] fetching crate receiverproxy-rcvbp 0.1.1...
[INFO] testing receiverproxy-rcvbp-0.1.1 against 1.99.0-beta.8+cargoflags=--release for beta-release-1.100-2
[INFO] extracting crate receiverproxy-rcvbp 0.1.1 into /workspace/builds/worker-6-tc1/source
[INFO] started tweaking crates.io crate receiverproxy-rcvbp 0.1.1
[INFO] removed 0 missing tests
[INFO] finished tweaking crates.io crate receiverproxy-rcvbp 0.1.1
[INFO] tweaked toml for crates.io crate receiverproxy-rcvbp 0.1.1 written to /workspace/builds/worker-6-tc1/source/Cargo.toml
[INFO] validating manifest of crates.io crate receiverproxy-rcvbp 0.1.1 on toolchain 1.99.0-beta.8
[INFO] running `Command { std: CARGO_HOME="/workspace/cargo-home" RUSTUP_HOME="/workspace/rustup-home" "/workspace/cargo-home/bin/cargo" "+1.99.0-beta.8" "metadata" "--manifest-path" "Cargo.toml" "--no-deps", kill_on_drop: false }`
[INFO] crate crates.io crate receiverproxy-rcvbp 0.1.1 already has a lockfile, it will not be regenerated
[INFO] running `Command { std: CARGO_HOME="/workspace/cargo-home" RUSTUP_HOME="/workspace/rustup-home" "/workspace/cargo-home/bin/cargo" "+1.99.0-beta.8" "fetch" "--manifest-path" "Cargo.toml", kill_on_drop: false }`
[INFO] [stderr]     Updating crates.io index
[INFO] [stderr]  Downloading crates ...
[INFO] [stderr]   Downloaded ts-rs-macros v12.0.1
[INFO] [stderr]   Downloaded ts-rs v12.0.1
[INFO] [stderr]   Downloaded receiverproxy-receivers v0.1.1
[INFO] [stderr]   Downloaded receiverproxy-panelspec v0.1.1
[INFO] [stderr]   Downloaded crc32fast v1.5.1
[INFO] [stderr]   Downloaded zlib-rs v0.6.7
[INFO] running `Command { std: "docker" "create" "-v" "/var/lib/crater-agent-workspace/builds/worker-6-tc1/source:/opt/rustwide/workdir:ro,Z" "-v" "/var/lib/crater-agent-workspace/builds/worker-6-tc1/target:/opt/rustwide/target:rw,Z" "-v" "/var/lib/crater-agent-workspace/cargo-home:/opt/rustwide/cargo-home:ro,Z" "-v" "/var/lib/crater-agent-workspace/rustup-home:/opt/rustwide/rustup-home:ro,Z" "-m" "1610612736" "--network" "none" "ghcr.io/rust-lang/crates-build-env/linux@sha256:77db811e55d90add9212f6832c23229e3de5f1c1f9905e8cb07319ea15df73ac" "sleep" "infinity", kill_on_drop: false }`
[INFO] [stdout] e77ed73c0673195cb84737efd48dd08208e4a1032d006b6133d6cb23b31165d8
[INFO] running `Command { std: "docker" "start" "e77ed73c0673195cb84737efd48dd08208e4a1032d006b6133d6cb23b31165d8", kill_on_drop: false }`
[INFO] running `Command { std: "docker" "inspect" "e77ed73c0673195cb84737efd48dd08208e4a1032d006b6133d6cb23b31165d8", kill_on_drop: false }`
[INFO] running `Command { std: "docker" "exec" "-e" "SOURCE_DIR=/opt/rustwide/workdir" "-e" "CARGO_HOME=/opt/rustwide/cargo-home" "-e" "RUSTUP_HOME=/opt/rustwide/rustup-home" "-e" "CARGO_TARGET_DIR=/opt/rustwide/target" "-w" "/opt/rustwide/workdir" "--user" "0:0" "e77ed73c0673195cb84737efd48dd08208e4a1032d006b6133d6cb23b31165d8" "/opt/rustwide/cargo-home/bin/cargo" "+1.99.0-beta.8" "metadata" "--no-deps" "--format-version=1", kill_on_drop: false }`
[INFO] running `Command { std: "docker" "inspect" "e77ed73c0673195cb84737efd48dd08208e4a1032d006b6133d6cb23b31165d8", kill_on_drop: false }`
[INFO] running `Command { std: "docker" "exec" "-e" "SOURCE_DIR=/opt/rustwide/workdir" "-e" "CARGO_HOME=/opt/rustwide/cargo-home" "-e" "RUSTUP_HOME=/opt/rustwide/rustup-home" "-e" "CARGO_TARGET_DIR=/opt/rustwide/target" "-e" "CARGO_INCREMENTAL=0" "-e" "RUST_BACKTRACE=full" "-e" "RUSTFLAGS=--cap-lints=warn" "-e" "RUSTDOCFLAGS=--cap-lints=warn" "-w" "/opt/rustwide/workdir" "--user" "0:0" "e77ed73c0673195cb84737efd48dd08208e4a1032d006b6133d6cb23b31165d8" "/opt/rustwide/cargo-home/bin/cargo" "+1.99.0-beta.8" "build" "--frozen" "--message-format=json" "--release", kill_on_drop: false }`
[INFO] [stderr]    Compiling proc-macro2 v1.0.107
[INFO] [stderr]    Compiling quote v1.0.47
[INFO] [stderr]    Compiling winnow v0.7.15
[INFO] [stderr]    Compiling toml_write v0.1.2
[INFO] [stderr]    Compiling crc32fast v1.5.1
[INFO] [stderr]    Compiling receiverproxy-panelspec v0.1.1
[INFO] [stderr]    Compiling simd-adler32 v0.3.10
[INFO] [stderr]    Compiling serde_core v1.0.229
[INFO] [stderr]    Compiling indexmap v2.14.1
[INFO] [stderr]    Compiling receiverproxy-receivers v0.1.1
[INFO] [stderr]    Compiling crypto-common v0.1.7
[INFO] [stderr]    Compiling digest v0.10.7
[INFO] [stderr]    Compiling miniz_oxide v0.9.1
[INFO] [stderr]    Compiling sha2 v0.10.9
[INFO] [stderr]    Compiling syn v3.0.4
[INFO] [stderr]    Compiling flate2 v1.1.10
[INFO] [stderr]    Compiling serde_derive v1.0.229
[INFO] [stderr]    Compiling serde v1.0.229
[INFO] [stderr]    Compiling serde_spanned v0.6.9
[INFO] [stderr]    Compiling toml_datetime v0.6.11
[INFO] [stderr]    Compiling toml_edit v0.22.27
[INFO] [stderr]    Compiling toml v0.8.23
[INFO] [stderr]    Compiling receiverproxy-rcvbp v0.1.1 (/opt/rustwide/workdir)
[INFO] [stderr]     Finished `release` profile [optimized] target(s) in 33.51s
[INFO] running `Command { std: "docker" "inspect" "e77ed73c0673195cb84737efd48dd08208e4a1032d006b6133d6cb23b31165d8", kill_on_drop: false }`
[INFO] running `Command { std: "docker" "exec" "-e" "SOURCE_DIR=/opt/rustwide/workdir" "-e" "CARGO_HOME=/opt/rustwide/cargo-home" "-e" "RUSTUP_HOME=/opt/rustwide/rustup-home" "-e" "CARGO_TARGET_DIR=/opt/rustwide/target" "-e" "CARGO_INCREMENTAL=0" "-e" "RUST_BACKTRACE=full" "-e" "RUSTFLAGS=--cap-lints=warn" "-e" "RUSTDOCFLAGS=--cap-lints=warn" "-w" "/opt/rustwide/workdir" "--user" "0:0" "e77ed73c0673195cb84737efd48dd08208e4a1032d006b6133d6cb23b31165d8" "/opt/rustwide/cargo-home/bin/cargo" "+1.99.0-beta.8" "test" "--frozen" "--no-run" "--message-format=json" "--release", kill_on_drop: false }`
[INFO] [stderr]    Compiling receiverproxy-rcvbp v0.1.1 (/opt/rustwide/workdir)
[INFO] [stderr]     Finished `release` profile [optimized] target(s) in 3.33s
[INFO] running `Command { std: "docker" "inspect" "e77ed73c0673195cb84737efd48dd08208e4a1032d006b6133d6cb23b31165d8", kill_on_drop: false }`
[INFO] running `Command { std: "docker" "exec" "-e" "SOURCE_DIR=/opt/rustwide/workdir" "-e" "CARGO_HOME=/opt/rustwide/cargo-home" "-e" "RUSTUP_HOME=/opt/rustwide/rustup-home" "-e" "CARGO_TARGET_DIR=/opt/rustwide/target" "-e" "CARGO_INCREMENTAL=0" "-e" "RUST_BACKTRACE=full" "-e" "RUSTFLAGS=--cap-lints=warn" "-e" "RUSTDOCFLAGS=--cap-lints=warn" "-w" "/opt/rustwide/workdir" "--user" "0:0" "e77ed73c0673195cb84737efd48dd08208e4a1032d006b6133d6cb23b31165d8" "/opt/rustwide/cargo-home/bin/cargo" "+1.99.0-beta.8" "test" "--frozen" "--release", kill_on_drop: false }`
[INFO] [stderr]     Finished `release` profile [optimized] target(s) in 0.04s
[INFO] [stderr]      Running unittests src/lib.rs (/opt/rustwide/target/release/deps/rcvbp-9e1a949ba236baca)
[INFO] [stdout] 
[INFO] [stdout] running 14 tests
[INFO] [stdout] test crc_tests::a_written_file_carries_a_valid_trailer ... ok
[INFO] [stdout] test crc_tests::the_table_matches_the_bit_serial_loop ... ok
[INFO] [stdout] test tests::blob_tiles_exactly ... ok
[INFO] [stdout] test tests::remove_reports_whether_it_removed_anything ... ok
[INFO] [stdout] test tests::a_written_file_parses_back_identically ... ok
[INFO] [stdout] test tests::the_signature_bytes_pick_the_codec ... ok
[INFO] [stdout] test spec::basic_pack::tests::the_factory_pack_carries_its_own_crc ... FAILED
[INFO] [stdout] test tests::the_registry_names_its_formats_and_refuses_others ... ok
[INFO] [stdout] test image::tests::the_e120_model_carries_the_pinned_offsets ... ok
[INFO] [stdout] test crc_tests::trailer_matches_the_reference_file ... FAILED
[INFO] [stdout] test tests::records_round_trip_through_a_blob ... ok
[INFO] [stdout] test tests::a_legacy_file_is_parsed_from_its_inline_record_stream ... ok
[INFO] [stdout] test tests::upsert_replaces_existing_and_appends_new_before_geometry ... ok
[INFO] [stdout] test tests::the_codec_generates_and_reads_back_the_bench_spec ... ok
[INFO] [stdout] 
[INFO] [stdout] failures:
[INFO] [stdout] 
[INFO] [stdout] ---- spec::basic_pack::tests::the_factory_pack_carries_its_own_crc stdout ----
[INFO] [stdout] 
[INFO] [stdout] thread 'spec::basic_pack::tests::the_factory_pack_carries_its_own_crc' (723) panicked at src/spec/basic_pack.rs:162:10:
[INFO] [stdout] called `Result::unwrap()` on an `Err` value: Os { code: 2, kind: NotFound, message: "No such file or directory" }
[INFO] [stdout] stack backtrace:
[INFO] [stdout]    0:     0x5ffae9214ca1 - <<std[70759c8f55707aa4]::sys::backtrace::BacktraceLock>::print::DisplayBacktrace as core[df12db4294e9bfd3]::fmt::Display>::fmt
[INFO] [stdout]    1:     0x5ffae922a0ca - core[df12db4294e9bfd3]::fmt::write
[INFO] [stdout]    2:     0x5ffae921965c - <alloc[2182bb758b4b3781]::vec::Vec<u8> as core[df12db4294e9bfd3]::io::write::Write>::write_fmt
[INFO] [stdout]    3:     0x5ffae91efbd6 - std[70759c8f55707aa4]::panicking::default_hook::{closure#0}
[INFO] [stdout]    4:     0x5ffae920cdf9 - std[70759c8f55707aa4]::panicking::default_hook
[INFO] [stdout]    5:     0x5ffae90ea010 - test[9d35eded1c95d3be]::test_main_inner::<test[9d35eded1c95d3be]::test_main_static::{closure#0}>::{closure#0}
[INFO] [stdout]    6:     0x5ffae920cfb2 - std[70759c8f55707aa4]::panicking::panic_with_hook
[INFO] [stdout]    7:     0x5ffae91efc82 - std[70759c8f55707aa4]::panicking::panic_handler::{closure#0}
[INFO] [stdout]    8:     0x5ffae91e81c9 - std[70759c8f55707aa4]::sys::backtrace::__rust_end_short_backtrace::<std[70759c8f55707aa4]::panicking::panic_handler::{closure#0}, !>
[INFO] [stdout]    9:     0x5ffae91f098d - __rustc[8fa7c3cbc660c2b3]::rust_begin_unwind
[INFO] [stdout]   10:     0x5ffae922a7fc - core[df12db4294e9bfd3]::panicking::panic_fmt
[INFO] [stdout]   11:     0x5ffae922a5d2 - core[df12db4294e9bfd3]::result::unwrap_failed
[INFO] [stdout]   12:     0x5ffae90d254b - rcvbp[77da2534d01725a8]::spec::basic_pack::tests::the_factory_pack_carries_its_own_crc
[INFO] [stdout]   13:     0x5ffae90d0909 - <rcvbp[77da2534d01725a8]::spec::basic_pack::tests::the_factory_pack_carries_its_own_crc::{closure#0} as core[df12db4294e9bfd3]::ops::function::FnOnce<()>>::call_once
[INFO] [stdout]   14:     0x5ffae90dd2fb - test[9d35eded1c95d3be]::__rust_begin_short_backtrace::<core[df12db4294e9bfd3]::result::Result<(), alloc[2182bb758b4b3781]::string::String>, fn() -> core[df12db4294e9bfd3]::result::Result<(), alloc[2182bb758b4b3781]::string::String>>
[INFO] [stdout]   15:     0x5ffae90ea965 - test[9d35eded1c95d3be]::run_test::{closure#0}
[INFO] [stdout]   16:     0x5ffae90e4224 - std[70759c8f55707aa4]::sys::backtrace::__rust_begin_short_backtrace::<test[9d35eded1c95d3be]::run_test::{closure#1}, ()>
[INFO] [stdout]   17:     0x5ffae90edac2 - <std[70759c8f55707aa4]::thread::lifecycle::spawn_unchecked<test[9d35eded1c95d3be]::run_test::{closure#1}, ()>::{closure#1} as core[df12db4294e9bfd3]::ops::function::FnOnce<()>>::call_once::{shim:vtable#0}
[INFO] [stdout]   18:     0x5ffae9214069 - <std[70759c8f55707aa4]::sys::thread::unix::Thread>::new::thread_start
[INFO] [stdout]   19:     0x7edeb4c1fdfa - <unknown>
[INFO] [stdout]   20:     0x7edeb4cb33d4 - clone
[INFO] [stdout]   21:                0x0 - <unknown>
[INFO] [stdout] 
[INFO] [stdout] ---- crc_tests::trailer_matches_the_reference_file stdout ----
[INFO] [stdout] 
[INFO] [stdout] thread 'crc_tests::trailer_matches_the_reference_file' (721) panicked at src/lib.rs:599:37:
[INFO] [stdout] reference config: Os { code: 2, kind: NotFound, message: "No such file or directory" }
[INFO] [stdout] stack backtrace:
[INFO] [stdout]    0:     0x5ffae9214ca1 - <<std[70759c8f55707aa4]::sys::backtrace::BacktraceLock>::print::DisplayBacktrace as core[df12db4294e9bfd3]::fmt::Display>::fmt
[INFO] [stdout]    1:     0x5ffae922a0ca - core[df12db4294e9bfd3]::fmt::write
[INFO] [stdout]    2:     0x5ffae921965c - <alloc[2182bb758b4b3781]::vec::Vec<u8> as core[df12db4294e9bfd3]::io::write::Write>::write_fmt
[INFO] [stdout]    3:     0x5ffae91efbd6 - std[70759c8f55707aa4]::panicking::default_hook::{closure#0}
[INFO] [stdout]    4:     0x5ffae920cdf9 - std[70759c8f55707aa4]::panicking::default_hook
[INFO] [stdout]    5:     0x5ffae90ea010 - test[9d35eded1c95d3be]::test_main_inner::<test[9d35eded1c95d3be]::test_main_static::{closure#0}>::{closure#0}
[INFO] [stdout]    6:     0x5ffae920cfb2 - std[70759c8f55707aa4]::panicking::panic_with_hook
[INFO] [stdout]    7:     0x5ffae91efc82 - std[70759c8f55707aa4]::panicking::panic_handler::{closure#0}
[INFO] [stdout]    8:     0x5ffae91e81c9 - std[70759c8f55707aa4]::sys::backtrace::__rust_end_short_backtrace::<std[70759c8f55707aa4]::panicking::panic_handler::{closure#0}, !>
[INFO] [stdout]    9:     0x5ffae91f098d - __rustc[8fa7c3cbc660c2b3]::rust_begin_unwind
[INFO] [stdout]   10:     0x5ffae922a7fc - core[df12db4294e9bfd3]::panicking::panic_fmt
[INFO] [stdout]   11:     0x5ffae922a5d2 - core[df12db4294e9bfd3]::result::unwrap_failed
[INFO] [stdout]   12:     0x5ffae90c8112 - rcvbp[77da2534d01725a8]::crc_tests::trailer_matches_the_reference_file
[INFO] [stdout]   13:     0x5ffae90d0889 - <rcvbp[77da2534d01725a8]::crc_tests::trailer_matches_the_reference_file::{closure#0} as core[df12db4294e9bfd3]::ops::function::FnOnce<()>>::call_once
[INFO] [stdout]   14:     0x5ffae90dd2fb - test[9d35eded1c95d3be]::__rust_begin_short_backtrace::<core[df12db4294e9bfd3]::result::Result<(), alloc[2182bb758b4b3781]::string::String>, fn() -> core[df12db4294e9bfd3]::result::Result<(), alloc[2182bb758b4b3781]::string::String>>
[INFO] [stdout]   15:     0x5ffae90ea965 - test[9d35eded1c95d3be]::run_test::{closure#0}
[INFO] [stdout]   16:     0x5ffae90e4224 - std[70759c8f55707aa4]::sys::backtrace::__rust_begin_short_backtrace::<test[9d35eded1c95d3be]::run_test::{closure#1}, ()>
[INFO] [stdout]   17:     0x5ffae90edac2 - <std[70759c8f55707aa4]::thread::lifecycle::spawn_unchecked<test[9d35eded1c95d3be]::run_test::{closure#1}, ()>::{closure#1} as core[df12db4294e9bfd3]::ops::function::FnOnce<()>>::call_once::{shim:vtable#0}
[INFO] [stdout]   18:     0x5ffae9214069 - <std[70759c8f55707aa4]::sys::thread::unix::Thread>::new::thread_start
[INFO] [stdout]   19:     0x7edeb4c1fdfa - <unknown>
[INFO] [stdout]   20:     0x7edeb4cb33d4 - clone
[INFO] [stdout]   21:                0x0 - <unknown>
[INFO] [stdout] 
[INFO] [stdout] 
[INFO] [stdout] failures:
[INFO] [stdout]     crc_tests::trailer_matches_the_reference_file
[INFO] [stdout]     spec::basic_pack::tests::the_factory_pack_carries_its_own_crc
[INFO] [stdout] 
[INFO] [stdout] test result: FAILED. 12 passed; 2 failed; 0 ignored; 0 measured; 0 filtered out; finished in 0.02s
[INFO] [stdout] 
[INFO] [stderr] error: test failed, to rerun pass `--lib`
[INFO] running `Command { std: "docker" "inspect" "e77ed73c0673195cb84737efd48dd08208e4a1032d006b6133d6cb23b31165d8", kill_on_drop: false }`
[INFO] running `Command { std: "docker" "rm" "-f" "e77ed73c0673195cb84737efd48dd08208e4a1032d006b6133d6cb23b31165d8", kill_on_drop: false }`
[INFO] [stdout] e77ed73c0673195cb84737efd48dd08208e4a1032d006b6133d6cb23b31165d8
