[INFO] fetching crate receiverproxy-daemon 0.1.1...
[INFO] testing receiverproxy-daemon-0.1.1 against 1.99.0-beta.8+cargoflags=--release for beta-release-1.100-2
[INFO] extracting crate receiverproxy-daemon 0.1.1 into /workspace/builds/worker-3-tc1/source
[INFO] started tweaking crates.io crate receiverproxy-daemon 0.1.1
[INFO] removed 0 missing tests
[INFO] finished tweaking crates.io crate receiverproxy-daemon 0.1.1
[INFO] tweaked toml for crates.io crate receiverproxy-daemon 0.1.1 written to /workspace/builds/worker-3-tc1/source/Cargo.toml
[INFO] validating manifest of crates.io crate receiverproxy-daemon 0.1.1 on toolchain 1.99.0-beta.8
[INFO] running `Command { std: CARGO_HOME="/workspace/cargo-home" RUSTUP_HOME="/workspace/rustup-home" "/workspace/cargo-home/bin/cargo" "+1.99.0-beta.8" "metadata" "--manifest-path" "Cargo.toml" "--no-deps", kill_on_drop: false }`
[INFO] crate crates.io crate receiverproxy-daemon 0.1.1 already has a lockfile, it will not be regenerated
[INFO] running `Command { std: CARGO_HOME="/workspace/cargo-home" RUSTUP_HOME="/workspace/rustup-home" "/workspace/cargo-home/bin/cargo" "+1.99.0-beta.8" "fetch" "--manifest-path" "Cargo.toml", kill_on_drop: false }`
[INFO] [stderr]     Updating crates.io index
[INFO] [stderr]  Downloading crates ...
[INFO] [stderr]   Downloaded receiverproxy-sources v0.1.1
[INFO] [stderr]   Downloaded receiverproxy-receivers v0.1.1
[INFO] [stderr]   Downloaded receiverproxy-rcvbp v0.1.1
[INFO] [stderr]   Downloaded receiverproxy-wall v0.1.1
[INFO] [stderr]   Downloaded receiverproxy-panelspec v0.1.1
[INFO] [stderr]   Downloaded receiverproxy-driver v0.1.1
[INFO] [stderr]   Downloaded receiverproxy-rawlink v0.1.1
[INFO] [stderr]   Downloaded receiverproxy-colorlight v0.1.1
[INFO] [stderr]   Downloaded receiverproxy-ops v0.1.1
[INFO] running `Command { std: "docker" "create" "-v" "/var/lib/crater-agent-workspace/builds/worker-3-tc1/source:/opt/rustwide/workdir:ro,Z" "-v" "/var/lib/crater-agent-workspace/builds/worker-3-tc1/target:/opt/rustwide/target:rw,Z" "-v" "/var/lib/crater-agent-workspace/cargo-home:/opt/rustwide/cargo-home:ro,Z" "-v" "/var/lib/crater-agent-workspace/rustup-home:/opt/rustwide/rustup-home:ro,Z" "-m" "1610612736" "--network" "none" "ghcr.io/rust-lang/crates-build-env/linux@sha256:77db811e55d90add9212f6832c23229e3de5f1c1f9905e8cb07319ea15df73ac" "sleep" "infinity", kill_on_drop: false }`
[INFO] [stdout] 5cd082d6dd66ca1f21cc56aa665aa27e29427d9fbd91792c849ee7c441a3bceb
[INFO] running `Command { std: "docker" "start" "5cd082d6dd66ca1f21cc56aa665aa27e29427d9fbd91792c849ee7c441a3bceb", kill_on_drop: false }`
[INFO] running `Command { std: "docker" "inspect" "5cd082d6dd66ca1f21cc56aa665aa27e29427d9fbd91792c849ee7c441a3bceb", kill_on_drop: false }`
[INFO] running `Command { std: "docker" "exec" "-e" "SOURCE_DIR=/opt/rustwide/workdir" "-e" "CARGO_HOME=/opt/rustwide/cargo-home" "-e" "RUSTUP_HOME=/opt/rustwide/rustup-home" "-e" "CARGO_TARGET_DIR=/opt/rustwide/target" "-w" "/opt/rustwide/workdir" "--user" "0:0" "5cd082d6dd66ca1f21cc56aa665aa27e29427d9fbd91792c849ee7c441a3bceb" "/opt/rustwide/cargo-home/bin/cargo" "+1.99.0-beta.8" "metadata" "--no-deps" "--format-version=1", kill_on_drop: false }`
[INFO] running `Command { std: "docker" "inspect" "5cd082d6dd66ca1f21cc56aa665aa27e29427d9fbd91792c849ee7c441a3bceb", kill_on_drop: false }`
[INFO] running `Command { std: "docker" "exec" "-e" "SOURCE_DIR=/opt/rustwide/workdir" "-e" "CARGO_HOME=/opt/rustwide/cargo-home" "-e" "RUSTUP_HOME=/opt/rustwide/rustup-home" "-e" "CARGO_TARGET_DIR=/opt/rustwide/target" "-e" "CARGO_INCREMENTAL=0" "-e" "RUST_BACKTRACE=full" "-e" "RUSTFLAGS=--cap-lints=warn" "-e" "RUSTDOCFLAGS=--cap-lints=warn" "-w" "/opt/rustwide/workdir" "--user" "0:0" "5cd082d6dd66ca1f21cc56aa665aa27e29427d9fbd91792c849ee7c441a3bceb" "/opt/rustwide/cargo-home/bin/cargo" "+1.99.0-beta.8" "build" "--frozen" "--message-format=json" "--release", kill_on_drop: false }`
[INFO] [stderr]    Compiling syn v3.0.4
[INFO] [stderr]    Compiling indexmap v2.14.1
[INFO] [stderr]    Compiling receiverproxy-panelspec v0.1.1
[INFO] [stderr]    Compiling receiverproxy-receivers v0.1.1
[INFO] [stderr]    Compiling slab v0.4.12
[INFO] [stderr]    Compiling generic-array v0.14.7
[INFO] [stderr]    Compiling futures-task v0.3.34
[INFO] [stderr]    Compiling multer v3.1.0
[INFO] [stderr]    Compiling color_quant v1.1.0
[INFO] [stderr]    Compiling smallvec v1.16.0
[INFO] [stderr]    Compiling receiverproxy-rawlink v0.1.1
[INFO] [stderr]    Compiling spin v0.9.9
[INFO] [stderr]    Compiling receiverproxy-colorlight v0.1.1
[INFO] [stderr]    Compiling axum-core v0.5.6
[INFO] [stderr]    Compiling dirs v6.0.0
[INFO] [stderr]    Compiling include_dir_macros v0.7.4
[INFO] [stderr]    Compiling receiverproxy-daemon v0.1.1 (/opt/rustwide/workdir)
[INFO] [stderr]    Compiling tower-http v0.6.11
[INFO] [stderr]    Compiling gif v0.14.2
[INFO] [stderr]    Compiling getrandom v0.2.17
[INFO] [stderr]    Compiling futures-util v0.3.34
[INFO] [stderr]    Compiling include_dir v0.7.4
[INFO] [stderr]    Compiling block-buffer v0.10.4
[INFO] [stderr]    Compiling crypto-common v0.1.7
[INFO] [stderr]    Compiling image v0.25.10
[INFO] [stderr]    Compiling digest v0.10.7
[INFO] [stderr]    Compiling sha2 v0.10.9
[INFO] [stderr]    Compiling serde_derive v1.0.229
[INFO] [stderr]    Compiling tokio-macros v2.7.2
[INFO] [stderr]    Compiling tokio v1.53.1
[INFO] [stderr]    Compiling serde v1.0.229
[INFO] [stderr]    Compiling toml_datetime v0.6.11
[INFO] [stderr]    Compiling serde_spanned v0.6.9
[INFO] [stderr]    Compiling receiverproxy-wall v0.1.1
[INFO] [stderr]    Compiling serde_urlencoded v0.7.1
[INFO] [stderr]    Compiling toml_edit v0.22.27
[INFO] [stderr]    Compiling receiverproxy-driver v0.1.1
[INFO] [stderr]    Compiling receiverproxy-sources v0.1.1
[INFO] [stderr]    Compiling hyper v1.11.1
[INFO] [stderr]    Compiling tower v0.5.3
[INFO] [stderr]    Compiling tokio-stream v0.1.19
[INFO] [stderr]    Compiling toml v0.8.23
[INFO] [stderr]    Compiling hyper-util v0.1.20
[INFO] [stderr]    Compiling axum v0.8.9
[INFO] [stderr]    Compiling receiverproxy-rcvbp v0.1.1
[INFO] [stderr]    Compiling receiverproxy-ops v0.1.1
[INFO] [stderr]     Finished `release` profile [optimized] target(s) in 1m 17s
[INFO] running `Command { std: "docker" "inspect" "5cd082d6dd66ca1f21cc56aa665aa27e29427d9fbd91792c849ee7c441a3bceb", kill_on_drop: false }`
[INFO] running `Command { std: "docker" "exec" "-e" "SOURCE_DIR=/opt/rustwide/workdir" "-e" "CARGO_HOME=/opt/rustwide/cargo-home" "-e" "RUSTUP_HOME=/opt/rustwide/rustup-home" "-e" "CARGO_TARGET_DIR=/opt/rustwide/target" "-e" "CARGO_INCREMENTAL=0" "-e" "RUST_BACKTRACE=full" "-e" "RUSTFLAGS=--cap-lints=warn" "-e" "RUSTDOCFLAGS=--cap-lints=warn" "-w" "/opt/rustwide/workdir" "--user" "0:0" "5cd082d6dd66ca1f21cc56aa665aa27e29427d9fbd91792c849ee7c441a3bceb" "/opt/rustwide/cargo-home/bin/cargo" "+1.99.0-beta.8" "test" "--frozen" "--no-run" "--message-format=json" "--release", kill_on_drop: false }`
[INFO] [stderr]    Compiling receiverproxy-daemon v0.1.1 (/opt/rustwide/workdir)
[INFO] [stderr]     Finished `release` profile [optimized] target(s) in 28.16s
[INFO] running `Command { std: "docker" "inspect" "5cd082d6dd66ca1f21cc56aa665aa27e29427d9fbd91792c849ee7c441a3bceb", kill_on_drop: false }`
[INFO] running `Command { std: "docker" "exec" "-e" "SOURCE_DIR=/opt/rustwide/workdir" "-e" "CARGO_HOME=/opt/rustwide/cargo-home" "-e" "RUSTUP_HOME=/opt/rustwide/rustup-home" "-e" "CARGO_TARGET_DIR=/opt/rustwide/target" "-e" "CARGO_INCREMENTAL=0" "-e" "RUST_BACKTRACE=full" "-e" "RUSTFLAGS=--cap-lints=warn" "-e" "RUSTDOCFLAGS=--cap-lints=warn" "-w" "/opt/rustwide/workdir" "--user" "0:0" "5cd082d6dd66ca1f21cc56aa665aa27e29427d9fbd91792c849ee7c441a3bceb" "/opt/rustwide/cargo-home/bin/cargo" "+1.99.0-beta.8" "test" "--frozen" "--release", kill_on_drop: false }`
[INFO] [stderr]    Compiling receiverproxy-daemon v0.1.1 (/opt/rustwide/workdir)
[INFO] [stderr]     Finished `release` profile [optimized] target(s) in 28.42s
[INFO] [stderr]      Running unittests src/lib.rs (/opt/rustwide/target/release/deps/daemon-9f7bb96e69ea801d)
[INFO] [stdout] 
[INFO] [stdout] running 5 tests
[INFO] [stdout] test live::tests::a_show_is_cleared_when_the_job_that_held_it_ends ... ok
[INFO] [stdout] test ifaces::tests::never_returns_loopback ... ok
[INFO] [stdout] test jobs::tests::ids_count_up_and_listing_is_newest_first ... ok
[INFO] [stdout] test jobs::tests::civil_dates_match_known_days ... ok
[INFO] [stderr]      Running tests/api.rs (/opt/rustwide/target/release/deps/api-2d15d76962ca6362)
[INFO] [stdout] test live::tests::brightness_and_cards_leave_the_show_alone ... ok
[INFO] [stdout] 
[INFO] [stdout] test result: ok. 5 passed; 0 failed; 0 ignored; 0 measured; 0 filtered out; finished in 0.08s
[INFO] [stdout] 
[INFO] [stdout] 
[INFO] [stdout] running 12 tests
[INFO] [stdout] test cors_headers_are_present ... ok
[INFO] [stdout] test a_frame_is_refused_unless_its_header_matches_its_body ... ok
[INFO] [stdout] test health_has_the_documented_shape ... ok
[INFO] [stdout] test a_gated_command_without_commit_returns_the_plan ... FAILED
[INFO] [stdout] test config_gen_returns_what_the_cli_writes ... FAILED
[INFO] [stdout] test errors_are_json_with_the_documented_codes ... ok
[INFO] [stdout] test the_state_stream_sends_the_state_object_at_once ... ok
[INFO] [stdout] test the_wall_is_validated_and_stored ... ok
[INFO] [stdout] test the_token_gates_every_route_but_health ... ok
[INFO] [stdout] test an_uploaded_firmware_is_checked_against_the_manifest ... ok
[INFO] [stderr] error: test failed, to rerun pass `--test api`
[INFO] [stdout] test a_running_job_makes_link_routes_409 ... ok
[INFO] [stdout] test the_state_follows_the_shows_and_the_jobs ... ok
[INFO] [stdout] 
[INFO] [stdout] failures:
[INFO] [stdout] 
[INFO] [stdout] ---- a_gated_command_without_commit_returns_the_plan stdout ----
[INFO] [stdout] 
[INFO] [stdout] thread 'a_gated_command_without_commit_returns_the_plan' (1366) panicked at tests/api.rs:154:14:
[INFO] [stdout] called `Result::unwrap()` on an `Err` value: read /opt/rustwide/workdir/../../config/panels/p25-128x64-sm16269s.toml
[INFO] [stdout] 
[INFO] [stdout] Caused by:
[INFO] [stdout]     No such file or directory (os error 2)
[INFO] [stdout] 
[INFO] [stdout] Stack backtrace:
[INFO] [stdout]    0: <core::io::error::Error as anyhow::context::ext::StdError>::ext_context::<alloc::string::String>
[INFO] [stdout]    1: <panelspec::PanelSpec>::load::<std::path::PathBuf>
[INFO] [stdout]    2: api::a_gated_command_without_commit_returns_the_plan::{closure#0}
[INFO] [stdout]    3: <tokio::runtime::scheduler::current_thread::CurrentThread>::block_on::<core::pin::Pin<&mut dyn core::future::future::Future<Output = ()>>>
[INFO] [stdout]    4: <tokio::runtime::runtime::Runtime>::block_on::<core::pin::Pin<&mut dyn core::future::future::Future<Output = ()>>>
[INFO] [stdout]    5: <api::a_gated_command_without_commit_returns_the_plan::{closure#0} as core::ops::function::FnOnce<()>>::call_once
[INFO] [stdout]    6: test::__rust_begin_short_backtrace::<core::result::Result<(), alloc::string::String>, fn() -> core::result::Result<(), alloc::string::String>>
[INFO] [stdout]    7: test::run_test::{closure#0}
[INFO] [stdout]    8: std::sys::backtrace::__rust_begin_short_backtrace::<test::run_test::{closure#1}, ()>
[INFO] [stdout]    9: <std::thread::lifecycle::spawn_unchecked<test::run_test::{closure#1}, ()>::{closure#1} as core::ops::function::FnOnce<()>>::call_once::{shim:vtable#0}
[INFO] [stdout]   10: <std::sys::thread::unix::Thread>::new::thread_start
[INFO] [stdout]   11: <unknown>
[INFO] [stdout]   12: clone
[INFO] [stdout] stack backtrace:
[INFO] [stdout]    0:     0x6474941d9041 - <<std[70759c8f55707aa4]::sys::backtrace::BacktraceLock>::print::DisplayBacktrace as core[df12db4294e9bfd3]::fmt::Display>::fmt
[INFO] [stdout]    1:     0x6474941ef5ca - core[df12db4294e9bfd3]::fmt::write
[INFO] [stdout]    2:     0x6474941ddf0c - <alloc[2182bb758b4b3781]::vec::Vec<u8> as core[df12db4294e9bfd3]::io::write::Write>::write_fmt
[INFO] [stdout]    3:     0x6474941b26e6 - std[70759c8f55707aa4]::panicking::default_hook::{closure#0}
[INFO] [stdout]    4:     0x6474941d0509 - std[70759c8f55707aa4]::panicking::default_hook
[INFO] [stdout]    5:     0x647493e8a1b0 - test[9d35eded1c95d3be]::test_main_inner::<test[9d35eded1c95d3be]::test_main_static::{closure#0}>::{closure#0}
[INFO] [stdout]    6:     0x6474941d0832 - std[70759c8f55707aa4]::panicking::panic_with_hook
[INFO] [stdout]    7:     0x6474941b2792 - std[70759c8f55707aa4]::panicking::panic_handler::{closure#0}
[INFO] [stdout]    8:     0x6474941aaca9 - std[70759c8f55707aa4]::sys::backtrace::__rust_end_short_backtrace::<std[70759c8f55707aa4]::panicking::panic_handler::{closure#0}, !>
[INFO] [stdout]    9:     0x6474941b349d - __rustc[8fa7c3cbc660c2b3]::rust_begin_unwind
[INFO] [stdout]   10:     0x6474941efd2c - core[df12db4294e9bfd3]::panicking::panic_fmt
[INFO] [stdout]   11:     0x6474941efb02 - core[df12db4294e9bfd3]::result::unwrap_failed
[INFO] [stdout]   12:     0x647493e57457 - api[a0b51b5cef12f330]::a_gated_command_without_commit_returns_the_plan::{closure#0}
[INFO] [stdout]   13:     0x647493e6f78b - <tokio[3947de0b59b67a7]::runtime::scheduler::current_thread::CurrentThread>::block_on::<core[df12db4294e9bfd3]::pin::Pin<&mut dyn core[df12db4294e9bfd3]::future::future::Future<Output = ()>>>
[INFO] [stdout]   14:     0x647493e7ba12 - <tokio[3947de0b59b67a7]::runtime::runtime::Runtime>::block_on::<core[df12db4294e9bfd3]::pin::Pin<&mut dyn core[df12db4294e9bfd3]::future::future::Future<Output = ()>>>
[INFO] [stdout]   15:     0x647493e5bdae - <api[a0b51b5cef12f330]::a_gated_command_without_commit_returns_the_plan::{closure#0} as core[df12db4294e9bfd3]::ops::function::FnOnce<()>>::call_once
[INFO] [stdout]   16:     0x647493e7d49b - test[9d35eded1c95d3be]::__rust_begin_short_backtrace::<core[df12db4294e9bfd3]::result::Result<(), alloc[2182bb758b4b3781]::string::String>, fn() -> core[df12db4294e9bfd3]::result::Result<(), alloc[2182bb758b4b3781]::string::String>>
[INFO] [stdout]   17:     0x647493e8ab05 - test[9d35eded1c95d3be]::run_test::{closure#0}
[INFO] [stdout]   18:     0x647493e843c4 - std[70759c8f55707aa4]::sys::backtrace::__rust_begin_short_backtrace::<test[9d35eded1c95d3be]::run_test::{closure#1}, ()>
[INFO] [stdout]   19:     0x647493e8dc62 - <std[70759c8f55707aa4]::thread::lifecycle::spawn_unchecked<test[9d35eded1c95d3be]::run_test::{closure#1}, ()>::{closure#1} as core[df12db4294e9bfd3]::ops::function::FnOnce<()>>::call_once::{shim:vtable#0}
[INFO] [stdout]   20:     0x6474941d8089 - <std[70759c8f55707aa4]::sys::thread::unix::Thread>::new::thread_start
[INFO] [stdout]   21:     0x70f8c3750dfa - <unknown>
[INFO] [stdout]   22:     0x70f8c37e43d4 - clone
[INFO] [stdout]   23:                0x0 - <unknown>
[INFO] [stdout] 
[INFO] [stdout] ---- config_gen_returns_what_the_cli_writes stdout ----
[INFO] [stdout] 
[INFO] [stdout] thread 'config_gen_returns_what_the_cli_writes' (1369) panicked at tests/api.rs:95:69:
[INFO] [stdout] called `Result::unwrap()` on an `Err` value: Os { code: 2, kind: NotFound, message: "No such file or directory" }
[INFO] [stdout] stack backtrace:
[INFO] [stdout]    0:     0x6474941d9041 - <<std[70759c8f55707aa4]::sys::backtrace::BacktraceLock>::print::DisplayBacktrace as core[df12db4294e9bfd3]::fmt::Display>::fmt
[INFO] [stdout]    1:     0x6474941ef5ca - core[df12db4294e9bfd3]::fmt::write
[INFO] [stdout]    2:     0x6474941ddf0c - <alloc[2182bb758b4b3781]::vec::Vec<u8> as core[df12db4294e9bfd3]::io::write::Write>::write_fmt
[INFO] [stdout]    3:     0x6474941b26e6 - std[70759c8f55707aa4]::panicking::default_hook::{closure#0}
[INFO] [stdout]    4:     0x6474941d0509 - std[70759c8f55707aa4]::panicking::default_hook
[INFO] [stdout]    5:     0x647493e8a1b0 - test[9d35eded1c95d3be]::test_main_inner::<test[9d35eded1c95d3be]::test_main_static::{closure#0}>::{closure#0}
[INFO] [stdout]    6:     0x6474941d0832 - std[70759c8f55707aa4]::panicking::panic_with_hook
[INFO] [stdout]    7:     0x6474941b2792 - std[70759c8f55707aa4]::panicking::panic_handler::{closure#0}
[INFO] [stdout]    8:     0x6474941aaca9 - std[70759c8f55707aa4]::sys::backtrace::__rust_end_short_backtrace::<std[70759c8f55707aa4]::panicking::panic_handler::{closure#0}, !>
[INFO] [stdout]    9:     0x6474941b349d - __rustc[8fa7c3cbc660c2b3]::rust_begin_unwind
[INFO] [stdout]   10:     0x6474941efd2c - core[df12db4294e9bfd3]::panicking::panic_fmt
[INFO] [stdout]   11:     0x6474941efb02 - core[df12db4294e9bfd3]::result::unwrap_failed
[INFO] [stdout]   12:     0x647493e51ebc - api[a0b51b5cef12f330]::config_gen_returns_what_the_cli_writes::{closure#0}
[INFO] [stdout]   13:     0x647493e6f78b - <tokio[3947de0b59b67a7]::runtime::scheduler::current_thread::CurrentThread>::block_on::<core[df12db4294e9bfd3]::pin::Pin<&mut dyn core[df12db4294e9bfd3]::future::future::Future<Output = ()>>>
[INFO] [stdout]   14:     0x647493e7ba12 - <tokio[3947de0b59b67a7]::runtime::runtime::Runtime>::block_on::<core[df12db4294e9bfd3]::pin::Pin<&mut dyn core[df12db4294e9bfd3]::future::future::Future<Output = ()>>>
[INFO] [stdout]   15:     0x647493e5b82e - <api[a0b51b5cef12f330]::config_gen_returns_what_the_cli_writes::{closure#0} as core[df12db4294e9bfd3]::ops::function::FnOnce<()>>::call_once
[INFO] [stdout]   16:     0x647493e7d49b - test[9d35eded1c95d3be]::__rust_begin_short_backtrace::<core[df12db4294e9bfd3]::result::Result<(), alloc[2182bb758b4b3781]::string::String>, fn() -> core[df12db4294e9bfd3]::result::Result<(), alloc[2182bb758b4b3781]::string::String>>
[INFO] [stdout]   17:     0x647493e8ab05 - test[9d35eded1c95d3be]::run_test::{closure#0}
[INFO] [stdout]   18:     0x647493e843c4 - std[70759c8f55707aa4]::sys::backtrace::__rust_begin_short_backtrace::<test[9d35eded1c95d3be]::run_test::{closure#1}, ()>
[INFO] [stdout]   19:     0x647493e8dc62 - <std[70759c8f55707aa4]::thread::lifecycle::spawn_unchecked<test[9d35eded1c95d3be]::run_test::{closure#1}, ()>::{closure#1} as core[df12db4294e9bfd3]::ops::function::FnOnce<()>>::call_once::{shim:vtable#0}
[INFO] [stdout]   20:     0x6474941d8089 - <std[70759c8f55707aa4]::sys::thread::unix::Thread>::new::thread_start
[INFO] [stdout]   21:     0x70f8c3750dfa - <unknown>
[INFO] [stdout]   22:     0x70f8c37e43d4 - clone
[INFO] [stdout]   23:                0x0 - <unknown>
[INFO] [stdout] 
[INFO] [stdout] 
[INFO] [stdout] failures:
[INFO] [stdout]     a_gated_command_without_commit_returns_the_plan
[INFO] [stdout]     config_gen_returns_what_the_cli_writes
[INFO] [stdout] 
[INFO] [stdout] test result: FAILED. 10 passed; 2 failed; 0 ignored; 0 measured; 0 filtered out; finished in 0.02s
[INFO] [stdout] 
[INFO] running `Command { std: "docker" "inspect" "5cd082d6dd66ca1f21cc56aa665aa27e29427d9fbd91792c849ee7c441a3bceb", kill_on_drop: false }`
[INFO] running `Command { std: "docker" "rm" "-f" "5cd082d6dd66ca1f21cc56aa665aa27e29427d9fbd91792c849ee7c441a3bceb", kill_on_drop: false }`
[INFO] [stdout] 5cd082d6dd66ca1f21cc56aa665aa27e29427d9fbd91792c849ee7c441a3bceb
