[INFO] fetching crate receipts-core 0.2.0...
[INFO] testing receipts-core-0.2.0 against 1.99.0-beta.8+cargoflags=--release for beta-release-1.100-2
[INFO] extracting crate receipts-core 0.2.0 into /workspace/builds/worker-7-tc1/source
[INFO] started tweaking crates.io crate receipts-core 0.2.0
[INFO] removed 0 missing tests
[INFO] finished tweaking crates.io crate receipts-core 0.2.0
[INFO] tweaked toml for crates.io crate receipts-core 0.2.0 written to /workspace/builds/worker-7-tc1/source/Cargo.toml
[INFO] validating manifest of crates.io crate receipts-core 0.2.0 on toolchain 1.99.0-beta.8
[INFO] running `Command { std: CARGO_HOME="/workspace/cargo-home" RUSTUP_HOME="/workspace/rustup-home" "/workspace/cargo-home/bin/cargo" "+1.99.0-beta.8" "metadata" "--manifest-path" "Cargo.toml" "--no-deps", kill_on_drop: false }`
[INFO] crate crates.io crate receipts-core 0.2.0 already has a lockfile, it will not be regenerated
[INFO] running `Command { std: CARGO_HOME="/workspace/cargo-home" RUSTUP_HOME="/workspace/rustup-home" "/workspace/cargo-home/bin/cargo" "+1.99.0-beta.8" "fetch" "--manifest-path" "Cargo.toml", kill_on_drop: false }`
[INFO] running `Command { std: "docker" "create" "-v" "/var/lib/crater-agent-workspace/builds/worker-7-tc1/source:/opt/rustwide/workdir:ro,Z" "-v" "/var/lib/crater-agent-workspace/builds/worker-7-tc1/target:/opt/rustwide/target:rw,Z" "-v" "/var/lib/crater-agent-workspace/cargo-home:/opt/rustwide/cargo-home:ro,Z" "-v" "/var/lib/crater-agent-workspace/rustup-home:/opt/rustwide/rustup-home:ro,Z" "-m" "1610612736" "--network" "none" "ghcr.io/rust-lang/crates-build-env/linux@sha256:77db811e55d90add9212f6832c23229e3de5f1c1f9905e8cb07319ea15df73ac" "sleep" "infinity", kill_on_drop: false }`
[INFO] [stdout] bc26542fb0e2836088e14cab0cf97ee8760a244882281b70466d6239616723ba
[INFO] running `Command { std: "docker" "start" "bc26542fb0e2836088e14cab0cf97ee8760a244882281b70466d6239616723ba", kill_on_drop: false }`
[INFO] running `Command { std: "docker" "inspect" "bc26542fb0e2836088e14cab0cf97ee8760a244882281b70466d6239616723ba", kill_on_drop: false }`
[INFO] running `Command { std: "docker" "exec" "-e" "SOURCE_DIR=/opt/rustwide/workdir" "-e" "CARGO_HOME=/opt/rustwide/cargo-home" "-e" "RUSTUP_HOME=/opt/rustwide/rustup-home" "-e" "CARGO_TARGET_DIR=/opt/rustwide/target" "-w" "/opt/rustwide/workdir" "--user" "0:0" "bc26542fb0e2836088e14cab0cf97ee8760a244882281b70466d6239616723ba" "/opt/rustwide/cargo-home/bin/cargo" "+1.99.0-beta.8" "metadata" "--no-deps" "--format-version=1", kill_on_drop: false }`
[INFO] running `Command { std: "docker" "inspect" "bc26542fb0e2836088e14cab0cf97ee8760a244882281b70466d6239616723ba", kill_on_drop: false }`
[INFO] running `Command { std: "docker" "exec" "-e" "SOURCE_DIR=/opt/rustwide/workdir" "-e" "CARGO_HOME=/opt/rustwide/cargo-home" "-e" "RUSTUP_HOME=/opt/rustwide/rustup-home" "-e" "CARGO_TARGET_DIR=/opt/rustwide/target" "-e" "CARGO_INCREMENTAL=0" "-e" "RUST_BACKTRACE=full" "-e" "RUSTFLAGS=--cap-lints=warn" "-e" "RUSTDOCFLAGS=--cap-lints=warn" "-w" "/opt/rustwide/workdir" "--user" "0:0" "bc26542fb0e2836088e14cab0cf97ee8760a244882281b70466d6239616723ba" "/opt/rustwide/cargo-home/bin/cargo" "+1.99.0-beta.8" "build" "--frozen" "--message-format=json" "--release", kill_on_drop: false }`
[INFO] [stderr]    Compiling typenum v1.20.1
[INFO] [stderr]    Compiling libc v0.2.186
[INFO] [stderr]    Compiling cc v1.2.67
[INFO] [stderr]    Compiling signature v2.2.0
[INFO] [stderr]    Compiling winnow v1.0.4
[INFO] [stderr]    Compiling zeroize v1.9.0
[INFO] [stderr]    Compiling crypto-common v0.1.7
[INFO] [stderr]    Compiling curve25519-dalek v4.1.3
[INFO] [stderr]    Compiling winnow v0.7.15
[INFO] [stderr]    Compiling toml_datetime v0.7.5+spec-1.1.0
[INFO] [stderr]    Compiling serde_spanned v1.1.1
[INFO] [stderr]    Compiling toml_writer v1.1.1+spec-1.1.0
[INFO] [stderr]    Compiling curve25519-dalek-derive v0.1.1
[INFO] [stderr]    Compiling serde v1.0.228
[INFO] [stderr]    Compiling glob v0.3.3
[INFO] [stderr]    Compiling digest v0.10.7
[INFO] [stderr]    Compiling ed25519 v2.2.3
[INFO] [stderr]    Compiling sha2 v0.10.9
[INFO] [stderr]    Compiling toml_parser v1.1.2+spec-1.1.0
[INFO] [stderr]    Compiling blake3 v1.8.5
[INFO] [stderr]    Compiling generic-array v0.14.7
[INFO] [stderr]    Compiling getrandom v0.2.17
[INFO] [stderr]    Compiling rand_core v0.6.4
[INFO] [stderr]    Compiling block-buffer v0.10.4
[INFO] [stderr]    Compiling ed25519-dalek v2.2.0
[INFO] [stderr]    Compiling receipts-core v0.2.0 (/opt/rustwide/workdir)
[INFO] [stderr]    Compiling toml v0.9.12+spec-1.1.0
[INFO] [stderr]     Finished `release` profile [optimized] target(s) in 59.92s
[INFO] running `Command { std: "docker" "inspect" "bc26542fb0e2836088e14cab0cf97ee8760a244882281b70466d6239616723ba", kill_on_drop: false }`
[INFO] running `Command { std: "docker" "exec" "-e" "SOURCE_DIR=/opt/rustwide/workdir" "-e" "CARGO_HOME=/opt/rustwide/cargo-home" "-e" "RUSTUP_HOME=/opt/rustwide/rustup-home" "-e" "CARGO_TARGET_DIR=/opt/rustwide/target" "-e" "CARGO_INCREMENTAL=0" "-e" "RUST_BACKTRACE=full" "-e" "RUSTFLAGS=--cap-lints=warn" "-e" "RUSTDOCFLAGS=--cap-lints=warn" "-w" "/opt/rustwide/workdir" "--user" "0:0" "bc26542fb0e2836088e14cab0cf97ee8760a244882281b70466d6239616723ba" "/opt/rustwide/cargo-home/bin/cargo" "+1.99.0-beta.8" "test" "--frozen" "--no-run" "--message-format=json" "--release", kill_on_drop: false }`
[INFO] [stderr]    Compiling receipts-core v0.2.0 (/opt/rustwide/workdir)
[INFO] [stderr]     Finished `release` profile [optimized] target(s) in 27.62s
[INFO] running `Command { std: "docker" "inspect" "bc26542fb0e2836088e14cab0cf97ee8760a244882281b70466d6239616723ba", kill_on_drop: false }`
[INFO] running `Command { std: "docker" "exec" "-e" "SOURCE_DIR=/opt/rustwide/workdir" "-e" "CARGO_HOME=/opt/rustwide/cargo-home" "-e" "RUSTUP_HOME=/opt/rustwide/rustup-home" "-e" "CARGO_TARGET_DIR=/opt/rustwide/target" "-e" "CARGO_INCREMENTAL=0" "-e" "RUST_BACKTRACE=full" "-e" "RUSTFLAGS=--cap-lints=warn" "-e" "RUSTDOCFLAGS=--cap-lints=warn" "-w" "/opt/rustwide/workdir" "--user" "0:0" "bc26542fb0e2836088e14cab0cf97ee8760a244882281b70466d6239616723ba" "/opt/rustwide/cargo-home/bin/cargo" "+1.99.0-beta.8" "test" "--frozen" "--release", kill_on_drop: false }`
[INFO] [stderr]     Finished `release` profile [optimized] target(s) in 0.09s
[INFO] [stderr]      Running unittests src/lib.rs (/opt/rustwide/target/release/deps/receipts_core-e06bc73ee0dba856)
[INFO] [stdout] 
[INFO] [stdout] running 59 tests
[INFO] [stdout] test compiler::calibration::tests::calibrated_predictions_can_pass_fixed_release_metrics ... ok
[INFO] [stdout] test compiler::artifacts::tests::builds_artifact_registry_from_refs ... ok
[INFO] [stdout] test compiler::evidence::tests::accepts_direct_source_ids_with_local_source_refs ... ok
[INFO] [stdout] test compiler::brief::tests::truncate_is_char_safe ... ok
[INFO] [stdout] test compiler::calibration::tests::probability_is_suppressed_until_thirty_effective_outcomes ... ok
[INFO] [stdout] test compiler::calibration::tests::uninformative_predictions_fail_fixed_calibration_gates ... ok
[INFO] [stdout] test compiler::contradictions::tests::skips_same_agent_same_lane ... ok
[INFO] [stdout] test compiler::evidence::tests::rejects_packets_with_unknown_source_ids ... ok
[INFO] [stdout] test compiler::calibration::tests::beta_one_thirty_one_has_expected_upper_bound ... ok
[INFO] [stdout] test compiler::calibration::tests::hierarchical_upgrade_requires_all_three_sample_gates ... ok
[INFO] [stdout] test compiler::contradictions::tests::fires_on_same_span_different_kind_and_agent ... ok
[INFO] [stdout] test compiler::evidence::tests::accepts_packets_when_all_source_refs_resolve ... ok
[INFO] [stdout] test compiler::contradictions::tests::skips_exact_duplicate_summaries ... ok
[INFO] [stdout] test compiler::journal::tests::appends_raw_decision_log_records ... ok
[INFO] [stdout] test compiler::promotion::tests::reports_missing_verifier_support_explicitly ... ok
[INFO] [stdout] test compiler::packets::tests::builds_packet_from_compiler_input ... ok
[INFO] [stdout] test compiler::lookup::tests::finds_matching_sources ... ok
[INFO] [stdout] test compiler::promotion::tests::promotes_only_when_threshold_and_verifier_are_satisfied ... ok
[INFO] [stdout] test compiler::index::tests::fixed_index_gates_have_exact_boundaries ... ok
[INFO] [stdout] test compiler::receipts::tests::content_hash_ignores_record_hash_field ... ok
[INFO] [stdout] test compiler::journal::tests::appends_jsonl_events ... ok
[INFO] [stdout] test compiler::report::tests::asserted_means_one_thing_everywhere_on_the_page ... ok
[INFO] [stdout] test compiler::receipts::tests::artifact_collision_with_different_bytes_is_fatal ... ok
[INFO] [stdout] test compiler::receipts::tests::legacy_fnv_receipt_remains_readable_without_silent_upgrade ... ok
[INFO] [stdout] test compiler::receipts::tests::receipt_record_is_frozen_canary ... ok
[INFO] [stdout] test compiler::promotion::tests::keeps_conflicted_candidates_under_review ... ok
[INFO] [stdout] test compiler::report::tests::applicability_and_retry_findings_render_report_only ... ok
[INFO] [stdout] test compiler::publication::tests::safe_segments_reject_traversal ... ok
[INFO] [stdout] test compiler::publication::tests::secret_scanner_has_a_deliberate_red_fixture ... ok
[INFO] [stdout] test compiler::contradictions::tests::skips_high_token_overlap_same_kind ... ok
[INFO] [stdout] test compiler::contradictions::tests::skips_pairs_involving_harvested_prose ... ok
[INFO] [stdout] test compiler::contradictions::tests::skips_when_no_shared_direct_source ... ok
[INFO] [stdout] test compiler::evidence::tests::rejects_direct_source_ids_without_local_source_refs ... ok
[INFO] [stdout] test compiler::report::tests::html_escape_escapes_all_five_characters ... ok
[INFO] [stdout] test compiler::report::tests::harvested_prose_is_narrative_not_asserted_unless_load_bearing ... ok
[INFO] [stdout] test compiler::report::tests::receipt_row_renders_exit_code_and_label ... ok
[INFO] [stdout] test compiler::report::tests::xss_summary_is_escaped_and_raw_script_tag_never_appears ... ok
[INFO] [stdout] test compiler::signals::tests::only_returns_repeated_non_passing_findings ... ok
[INFO] [stdout] test compiler::report::tests::con_receipt_contradiction_renders_in_refutations_panel ... ok
[INFO] [stdout] test compiler::resolutions::tests::chains_and_verifies ... ok
[INFO] [stdout] test compiler::trust::tests::denies_secret_material ... ok
[INFO] [stdout] test compiler::snapshot::tests::rejects_unknown_snapshot_refs ... ok
[INFO] [stdout] test contract_tests::decision_log_schema_matches_raw_record_contract ... ok
[INFO] [stdout] test compiler::trust::tests::reviews_items_that_need_drilldown ... ok
[INFO] [stdout] test contract_tests::next_pass_packet_schema_exposes_evidence_contract ... ok
[INFO] [stdout] test contract_tests::bundled_schemas_are_valid_json ... ok
[INFO] [stdout] test compiler::snapshot::tests::builds_snapshot ... ok
[INFO] [stdout] test compiler::report::tests::evidence_coverage_uses_typed_claim_counts ... ok
[INFO] [stdout] test compiler::resolutions::tests::tampering_breaks_the_chain ... ok
[INFO] [stdout] test compiler::run_dir::tests::compiles_fixture_run_dir ... FAILED
[INFO] [stdout] test compiler::evidence::tests::rejects_packets_when_source_ids_are_missing ... ok
[INFO] [stdout] test compiler::run_dir::tests::compile_detects_tampered_declared_file_ref ... ok
[INFO] [stdout] test contract_tests::snapshot_schema_exposes_source_integrity_contract ... ok
[INFO] [stdout] test compiler::run_dir::tests::strict_dedupe_still_rejects_divergent_non_file_sources ... ok
[INFO] [stdout] test compiler::run_dir::tests::temporal_file_versioning_rejects_same_record_hash_disagreement ... ok
[INFO] [stdout] test compiler::imports::tests::changed_receipt_fails_verification ... ok
[INFO] [stdout] test compiler::run_dir::tests::compile_versions_temporal_file_refs_when_repo_content_drifted ... ok
[INFO] [stdout] test compiler::receipts::tests::chain_links_and_verifies ... ok
[INFO] [stdout] test compiler::receipts::tests::tampered_journal_breaks_the_chain ... ok
[INFO] [stdout] 
[INFO] [stdout] failures:
[INFO] [stdout] 
[INFO] [stdout] ---- compiler::run_dir::tests::compiles_fixture_run_dir stdout ----
[INFO] [stdout] 
[INFO] [stdout] thread 'compiler::run_dir::tests::compiles_fixture_run_dir' (973) panicked at src/compiler/run_dir.rs:1538:48:
[INFO] [stdout] compile fixture: Os { code: 30, kind: ReadOnlyFilesystem, message: "Read-only file system" }
[INFO] [stdout] stack backtrace:
[INFO] [stdout]    0:     0x643b6a8199a1 - <<std[70759c8f55707aa4]::sys::backtrace::BacktraceLock>::print::DisplayBacktrace as core[df12db4294e9bfd3]::fmt::Display>::fmt
[INFO] [stdout]    1:     0x643b6a83130a - core[df12db4294e9bfd3]::fmt::write
[INFO] [stdout]    2:     0x643b6a81e14c - <alloc[2182bb758b4b3781]::vec::Vec<u8> as core[df12db4294e9bfd3]::io::write::Write>::write_fmt
[INFO] [stdout]    3:     0x643b6a7f2f86 - std[70759c8f55707aa4]::panicking::default_hook::{closure#0}
[INFO] [stdout]    4:     0x643b6a810959 - std[70759c8f55707aa4]::panicking::default_hook
[INFO] [stdout]    5:     0x643b6a790480 - test[9d35eded1c95d3be]::test_main_inner::<test[9d35eded1c95d3be]::test_main_static::{closure#0}>::{closure#0}
[INFO] [stdout]    6:     0x643b6a810b12 - std[70759c8f55707aa4]::panicking::panic_with_hook
[INFO] [stdout]    7:     0x643b6a7f3032 - std[70759c8f55707aa4]::panicking::panic_handler::{closure#0}
[INFO] [stdout]    8:     0x643b6a7eba09 - std[70759c8f55707aa4]::sys::backtrace::__rust_end_short_backtrace::<std[70759c8f55707aa4]::panicking::panic_handler::{closure#0}, !>
[INFO] [stdout]    9:     0x643b6a7f3ddd - __rustc[8fa7c3cbc660c2b3]::rust_begin_unwind
[INFO] [stdout]   10:     0x643b6a831a7c - core[df12db4294e9bfd3]::panicking::panic_fmt
[INFO] [stdout]   11:     0x643b6a831852 - core[df12db4294e9bfd3]::result::unwrap_failed
[INFO] [stdout]   12:     0x643b6a71a97d - receipts_core[f64c5f9861a451c1]::compiler::run_dir::tests::compiles_fixture_run_dir
[INFO] [stdout]   13:     0x643b6a704a69 - <receipts_core[f64c5f9861a451c1]::compiler::run_dir::tests::compiles_fixture_run_dir::{closure#0} as core[df12db4294e9bfd3]::ops::function::FnOnce<()>>::call_once
[INFO] [stdout]   14:     0x643b6a78376b - test[9d35eded1c95d3be]::__rust_begin_short_backtrace::<core[df12db4294e9bfd3]::result::Result<(), alloc[2182bb758b4b3781]::string::String>, fn() -> core[df12db4294e9bfd3]::result::Result<(), alloc[2182bb758b4b3781]::string::String>>
[INFO] [stdout]   15:     0x643b6a790dd5 - test[9d35eded1c95d3be]::run_test::{closure#0}
[INFO] [stdout]   16:     0x643b6a78a694 - std[70759c8f55707aa4]::sys::backtrace::__rust_begin_short_backtrace::<test[9d35eded1c95d3be]::run_test::{closure#1}, ()>
[INFO] [stdout]   17:     0x643b6a793f32 - <std[70759c8f55707aa4]::thread::lifecycle::spawn_unchecked<test[9d35eded1c95d3be]::run_test::{closure#1}, ()>::{closure#1} as core[df12db4294e9bfd3]::ops::function::FnOnce<()>>::call_once::{shim:vtable#0}
[INFO] [stdout]   18:     0x643b6a8189f9 - <std[70759c8f55707aa4]::sys::thread::unix::Thread>::new::thread_start
[INFO] [stdout]   19:     0x7173eb1cddfa - <unknown>
[INFO] [stdout]   20:     0x7173eb2613d4 - clone
[INFO] [stdout]   21:                0x0 - <unknown>
[INFO] [stdout] 
[INFO] [stdout] 
[INFO] [stdout] failures:
[INFO] [stdout]     compiler::run_dir::tests::compiles_fixture_run_dir
[INFO] [stdout] 
[INFO] [stdout] test result: FAILED. 58 passed; 1 failed; 0 ignored; 0 measured; 0 filtered out; finished in 0.09s
[INFO] [stdout] 
[INFO] [stderr] error: test failed, to rerun pass `--lib`
[INFO] running `Command { std: "docker" "inspect" "bc26542fb0e2836088e14cab0cf97ee8760a244882281b70466d6239616723ba", kill_on_drop: false }`
[INFO] running `Command { std: "docker" "rm" "-f" "bc26542fb0e2836088e14cab0cf97ee8760a244882281b70466d6239616723ba", kill_on_drop: false }`
[INFO] [stdout] bc26542fb0e2836088e14cab0cf97ee8760a244882281b70466d6239616723ba
