[INFO] fetching crate recastnavigation-rs 0.1.0...
[INFO] testing recastnavigation-rs-0.1.0 against 1.99.0-beta.8+cargoflags=--release for beta-release-1.100-2
[INFO] extracting crate recastnavigation-rs 0.1.0 into /workspace/builds/worker-4-tc1/source
[INFO] started tweaking crates.io crate recastnavigation-rs 0.1.0
[INFO] finished tweaking crates.io crate recastnavigation-rs 0.1.0
[INFO] tweaked toml for crates.io crate recastnavigation-rs 0.1.0 written to /workspace/builds/worker-4-tc1/source/Cargo.toml
[INFO] validating manifest of crates.io crate recastnavigation-rs 0.1.0 on toolchain 1.99.0-beta.8
[INFO] running `Command { std: CARGO_HOME="/workspace/cargo-home" RUSTUP_HOME="/workspace/rustup-home" "/workspace/cargo-home/bin/cargo" "+1.99.0-beta.8" "metadata" "--manifest-path" "Cargo.toml" "--no-deps", kill_on_drop: false }`
[INFO] running `Command { std: CARGO_HOME="/workspace/cargo-home" RUSTUP_HOME="/workspace/rustup-home" "/workspace/cargo-home/bin/cargo" "+1.99.0-beta.8" "generate-lockfile" "--manifest-path" "Cargo.toml", kill_on_drop: false }`
[INFO] [stderr]     Updating crates.io index
[INFO] [stderr]      Locking 76 packages to highest compatible versions
[INFO] [stderr]       Adding miniz_oxide v0.7.4 (available: v0.9.1)
[INFO] [stderr]       Adding rkyv v0.7.46 (available: v0.8.18)
[INFO] [stderr]       Adding thiserror v1.0.69 (available: v2.0.21)
[INFO] running `Command { std: CARGO_HOME="/workspace/cargo-home" RUSTUP_HOME="/workspace/rustup-home" "/workspace/cargo-home/bin/cargo" "+1.99.0-beta.8" "fetch" "--manifest-path" "Cargo.toml", kill_on_drop: false }`
[INFO] running `Command { std: "docker" "create" "-v" "/var/lib/crater-agent-workspace/builds/worker-4-tc1/source:/opt/rustwide/workdir:ro,Z" "-v" "/var/lib/crater-agent-workspace/builds/worker-4-tc1/target:/opt/rustwide/target:rw,Z" "-v" "/var/lib/crater-agent-workspace/cargo-home:/opt/rustwide/cargo-home:ro,Z" "-v" "/var/lib/crater-agent-workspace/rustup-home:/opt/rustwide/rustup-home:ro,Z" "-m" "1610612736" "--network" "none" "ghcr.io/rust-lang/crates-build-env/linux@sha256:77db811e55d90add9212f6832c23229e3de5f1c1f9905e8cb07319ea15df73ac" "sleep" "infinity", kill_on_drop: false }`
[INFO] [stdout] 2bc338e73e7be30336f5712e2eafff2d0b474471e3048dade6c5c987171f26fa
[INFO] running `Command { std: "docker" "start" "2bc338e73e7be30336f5712e2eafff2d0b474471e3048dade6c5c987171f26fa", kill_on_drop: false }`
[INFO] running `Command { std: "docker" "inspect" "2bc338e73e7be30336f5712e2eafff2d0b474471e3048dade6c5c987171f26fa", kill_on_drop: false }`
[INFO] running `Command { std: "docker" "exec" "-e" "SOURCE_DIR=/opt/rustwide/workdir" "-e" "CARGO_HOME=/opt/rustwide/cargo-home" "-e" "RUSTUP_HOME=/opt/rustwide/rustup-home" "-e" "CARGO_TARGET_DIR=/opt/rustwide/target" "-w" "/opt/rustwide/workdir" "--user" "0:0" "2bc338e73e7be30336f5712e2eafff2d0b474471e3048dade6c5c987171f26fa" "/opt/rustwide/cargo-home/bin/cargo" "+1.99.0-beta.8" "metadata" "--no-deps" "--format-version=1", kill_on_drop: false }`
[INFO] running `Command { std: "docker" "inspect" "2bc338e73e7be30336f5712e2eafff2d0b474471e3048dade6c5c987171f26fa", kill_on_drop: false }`
[INFO] running `Command { std: "docker" "exec" "-e" "SOURCE_DIR=/opt/rustwide/workdir" "-e" "CARGO_HOME=/opt/rustwide/cargo-home" "-e" "RUSTUP_HOME=/opt/rustwide/rustup-home" "-e" "CARGO_TARGET_DIR=/opt/rustwide/target" "-e" "CARGO_INCREMENTAL=0" "-e" "RUST_BACKTRACE=full" "-e" "RUSTFLAGS=--cap-lints=warn" "-e" "RUSTDOCFLAGS=--cap-lints=warn" "-w" "/opt/rustwide/workdir" "--user" "0:0" "2bc338e73e7be30336f5712e2eafff2d0b474471e3048dade6c5c987171f26fa" "/opt/rustwide/cargo-home/bin/cargo" "+1.99.0-beta.8" "build" "--frozen" "--message-format=json" "--release", kill_on_drop: false }`
[INFO] [stderr]    Compiling proc-macro2 v1.0.107
[INFO] [stderr]    Compiling equivalent v1.0.3
[INFO] [stderr]    Compiling cxxbridge-flags v1.0.205
[INFO] [stderr]    Compiling ahash v0.7.8
[INFO] [stderr]    Compiling rkyv v0.7.46
[INFO] [stderr]    Compiling adler v1.0.2
[INFO] [stderr]    Compiling link-cplusplus v1.0.12
[INFO] [stderr]    Compiling getrandom v0.2.17
[INFO] [stderr]    Compiling indexmap v2.14.2
[INFO] [stderr]    Compiling miniz_oxide v0.7.4
[INFO] [stderr]    Compiling cxx v1.0.205
[INFO] [stderr]    Compiling hashbrown v0.12.3
[INFO] [stderr]    Compiling quote v1.0.47
[INFO] [stderr]    Compiling syn v3.0.9
[INFO] [stderr]    Compiling syn v1.0.109
[INFO] [stderr]    Compiling syn v2.0.119
[INFO] [stderr]    Compiling thiserror-impl v1.0.69
[INFO] [stderr]    Compiling cxx-build v1.0.205
[INFO] [stderr]    Compiling cxxbridge-macro v1.0.205
[INFO] [stderr]    Compiling thiserror v1.0.69
[INFO] [stderr]    Compiling ptr_meta_derive v0.1.4
[INFO] [stderr]    Compiling rkyv_derive v0.7.46
[INFO] [stderr]    Compiling ptr_meta v0.1.4
[INFO] [stderr]    Compiling recastnavigation-rs v0.1.0 (/opt/rustwide/workdir)
[INFO] [stderr] warning: recastnavigation-rs@0.1.0: ./recastnavigation/Deterministic/Source/Qsort.cpp: In function 'void cycle(size_t, unsigned char**, int)':
[INFO] [stderr] warning: recastnavigation-rs@0.1.0: ./recastnavigation/Deterministic/Source/Qsort.cpp:66:15: warning: storing the address of local variable 'tmp' in '*<unknown>' [-Wdangling-pointer=]
[INFO] [stderr] warning: recastnavigation-rs@0.1.0:    66 |         ar[n] = tmp;
[INFO] [stderr] warning: recastnavigation-rs@0.1.0:       |         ~~~~~~^~~~~
[INFO] [stderr] warning: recastnavigation-rs@0.1.0: ./recastnavigation/Deterministic/Source/Qsort.cpp:58:23: note: 'tmp' declared here
[INFO] [stderr] warning: recastnavigation-rs@0.1.0:    58 |         unsigned char tmp[256];
[INFO] [stderr] warning: recastnavigation-rs@0.1.0:       |                       ^~~
[INFO] [stderr] warning: recastnavigation-rs@0.1.0: ./recastnavigation/Deterministic/Source/Qsort.cpp:56:48: note: 'ar' declared here
[INFO] [stderr] warning: recastnavigation-rs@0.1.0:    56 | static void cycle(size_t width, unsigned char* ar[], int n)
[INFO] [stderr] warning: recastnavigation-rs@0.1.0:       |                                 ~~~~~~~~~~~~~~~^~~~
[INFO] [stderr] warning: recastnavigation-rs@0.1.0: In function 'bool overlapSlabs(const float*, const float*, const float*, const float*, float, float)',
[INFO] [stderr] warning: recastnavigation-rs@0.1.0:     inlined from 'int dtNavMesh::findConnectingPolys(const float*, const float*, const dtMeshTile*, int, dtPolyRef*, float*, int) const' at ./recastnavigation/Detour/Source/DetourNavMesh.cpp:337:21,
[INFO] [stderr] warning: recastnavigation-rs@0.1.0:     inlined from 'int dtNavMesh::findConnectingPolys(const float*, const float*, const dtMeshTile*, int, dtPolyRef*, float*, int) const' at ./recastnavigation/Detour/Source/DetourNavMesh.cpp:300:5:
[INFO] [stderr] warning: recastnavigation-rs@0.1.0: ./recastnavigation/Detour/Source/DetourNavMesh.cpp:38:33: warning: 'amin[0]' may be used uninitialized [-Wmaybe-uninitialized]
[INFO] [stderr] warning: recastnavigation-rs@0.1.0:    38 |         const float minx = dtMax(amin[0]+px,bmin[0]+px);
[INFO] [stderr] warning: recastnavigation-rs@0.1.0:       |                            ~~~~~^~~~~~~~~~~~~~~~~~~~~~~
[INFO] [stderr] warning: recastnavigation-rs@0.1.0: ./recastnavigation/Detour/Source/DetourNavMesh.cpp: In member function 'int dtNavMesh::findConnectingPolys(const float*, const float*, const dtMeshTile*, int, dtPolyRef*, float*, int) const':
[INFO] [stderr] warning: recastnavigation-rs@0.1.0: ./recastnavigation/Detour/Source/DetourNavMesh.cpp:306:15: note: 'amin[0]' was declared here
[INFO] [stderr] warning: recastnavigation-rs@0.1.0:   306 |         float amin[2], amax[2];
[INFO] [stderr] warning: recastnavigation-rs@0.1.0:       |               ^~~~
[INFO] [stderr] warning: recastnavigation-rs@0.1.0: In function 'bool overlapSlabs(const float*, const float*, const float*, const float*, float, float)',
[INFO] [stderr] warning: recastnavigation-rs@0.1.0:     inlined from 'int dtNavMesh::findConnectingPolys(const float*, const float*, const dtMeshTile*, int, dtPolyRef*, float*, int) const' at ./recastnavigation/Detour/Source/DetourNavMesh.cpp:337:21,
[INFO] [stderr] warning: recastnavigation-rs@0.1.0:     inlined from 'int dtNavMesh::findConnectingPolys(const float*, const float*, const dtMeshTile*, int, dtPolyRef*, float*, int) const' at ./recastnavigation/Detour/Source/DetourNavMesh.cpp:300:5:
[INFO] [stderr] warning: recastnavigation-rs@0.1.0: ./recastnavigation/Detour/Source/DetourNavMesh.cpp:45:21: warning: 'amin[1]' may be used uninitialized [-Wmaybe-uninitialized]
[INFO] [stderr] warning: recastnavigation-rs@0.1.0:    45 |         const float ak = amin[1] - ad*amin[0];
[INFO] [stderr] warning: recastnavigation-rs@0.1.0:       |                     ^~
[INFO] [stderr] warning: recastnavigation-rs@0.1.0: ./recastnavigation/Detour/Source/DetourNavMesh.cpp: In member function 'int dtNavMesh::findConnectingPolys(const float*, const float*, const dtMeshTile*, int, dtPolyRef*, float*, int) const':
[INFO] [stderr] warning: recastnavigation-rs@0.1.0: ./recastnavigation/Detour/Source/DetourNavMesh.cpp:306:15: note: 'amin[1]' was declared here
[INFO] [stderr] warning: recastnavigation-rs@0.1.0:   306 |         float amin[2], amax[2];
[INFO] [stderr] warning: recastnavigation-rs@0.1.0:       |               ^~~~
[INFO] [stderr] warning: recastnavigation-rs@0.1.0: In function 'bool overlapSlabs(const float*, const float*, const float*, const float*, float, float)',
[INFO] [stderr] warning: recastnavigation-rs@0.1.0:     inlined from 'int dtNavMesh::findConnectingPolys(const float*, const float*, const dtMeshTile*, int, dtPolyRef*, float*, int) const' at ./recastnavigation/Detour/Source/DetourNavMesh.cpp:337:21,
[INFO] [stderr] warning: recastnavigation-rs@0.1.0:     inlined from 'int dtNavMesh::findConnectingPolys(const float*, const float*, const dtMeshTile*, int, dtPolyRef*, float*, int) const' at ./recastnavigation/Detour/Source/DetourNavMesh.cpp:300:5:
[INFO] [stderr] warning: recastnavigation-rs@0.1.0: ./recastnavigation/Detour/Source/DetourNavMesh.cpp:39:33: warning: 'amax[0]' may be used uninitialized [-Wmaybe-uninitialized]
[INFO] [stderr] warning: recastnavigation-rs@0.1.0:    39 |         const float maxx = dtMin(amax[0]-px,bmax[0]-px);
[INFO] [stderr] warning: recastnavigation-rs@0.1.0:       |                            ~~~~~^~~~~~~~~~~~~~~~~~~~~~~
[INFO] [stderr] warning: recastnavigation-rs@0.1.0: ./recastnavigation/Detour/Source/DetourNavMesh.cpp: In member function 'int dtNavMesh::findConnectingPolys(const float*, const float*, const dtMeshTile*, int, dtPolyRef*, float*, int) const':
[INFO] [stderr] warning: recastnavigation-rs@0.1.0: ./recastnavigation/Detour/Source/DetourNavMesh.cpp:306:24: note: 'amax[0]' was declared here
[INFO] [stderr] warning: recastnavigation-rs@0.1.0:   306 |         float amin[2], amax[2];
[INFO] [stderr] warning: recastnavigation-rs@0.1.0:       |                        ^~~~
[INFO] [stderr] warning: recastnavigation-rs@0.1.0: In function 'bool overlapSlabs(const float*, const float*, const float*, const float*, float, float)',
[INFO] [stderr] warning: recastnavigation-rs@0.1.0:     inlined from 'int dtNavMesh::findConnectingPolys(const float*, const float*, const dtMeshTile*, int, dtPolyRef*, float*, int) const' at ./recastnavigation/Detour/Source/DetourNavMesh.cpp:337:21,
[INFO] [stderr] warning: recastnavigation-rs@0.1.0:     inlined from 'int dtNavMesh::findConnectingPolys(const float*, const float*, const dtMeshTile*, int, dtPolyRef*, float*, int) const' at ./recastnavigation/Detour/Source/DetourNavMesh.cpp:300:5:
[INFO] [stderr] warning: recastnavigation-rs@0.1.0: ./recastnavigation/Detour/Source/DetourNavMesh.cpp:44:34: warning: 'amax[1]' may be used uninitialized [-Wmaybe-uninitialized]
[INFO] [stderr] warning: recastnavigation-rs@0.1.0:    44 |         const float ad = (amax[1]-amin[1]) / (amax[0]-amin[0]);
[INFO] [stderr] warning: recastnavigation-rs@0.1.0:       |                          ~~~~~~~~^~~~~~~~~
[INFO] [stderr] warning: recastnavigation-rs@0.1.0: ./recastnavigation/Detour/Source/DetourNavMesh.cpp: In member function 'int dtNavMesh::findConnectingPolys(const float*, const float*, const dtMeshTile*, int, dtPolyRef*, float*, int) const':
[INFO] [stderr] warning: recastnavigation-rs@0.1.0: ./recastnavigation/Detour/Source/DetourNavMesh.cpp:306:24: note: 'amax[1]' was declared here
[INFO] [stderr] warning: recastnavigation-rs@0.1.0:   306 |         float amin[2], amax[2];
[INFO] [stderr] warning: recastnavigation-rs@0.1.0:       |                        ^~~~
[INFO] [stderr] warning: recastnavigation-rs@0.1.0: In function 'bool overlapSlabs(const float*, const float*, const float*, const float*, float, float)',
[INFO] [stderr] warning: recastnavigation-rs@0.1.0:     inlined from 'int dtNavMesh::findConnectingPolys(const float*, const float*, const dtMeshTile*, int, dtPolyRef*, float*, int) const' at ./recastnavigation/Detour/Source/DetourNavMesh.cpp:337:21,
[INFO] [stderr] warning: recastnavigation-rs@0.1.0:     inlined from 'int dtNavMesh::findConnectingPolys(const float*, const float*, const dtMeshTile*, int, dtPolyRef*, float*, int) const' at ./recastnavigation/Detour/Source/DetourNavMesh.cpp:300:5:
[INFO] [stderr] warning: recastnavigation-rs@0.1.0: ./recastnavigation/Detour/Source/DetourNavMesh.cpp:38:33: warning: 'bmin[0]' may be used uninitialized [-Wmaybe-uninitialized]
[INFO] [stderr] warning: recastnavigation-rs@0.1.0:    38 |         const float minx = dtMax(amin[0]+px,bmin[0]+px);
[INFO] [stderr] warning: recastnavigation-rs@0.1.0:       |                            ~~~~~^~~~~~~~~~~~~~~~~~~~~~~
[INFO] [stderr] warning: recastnavigation-rs@0.1.0: ./recastnavigation/Detour/Source/DetourNavMesh.cpp: In member function 'int dtNavMesh::findConnectingPolys(const float*, const float*, const dtMeshTile*, int, dtPolyRef*, float*, int) const':
[INFO] [stderr] warning: recastnavigation-rs@0.1.0: ./recastnavigation/Detour/Source/DetourNavMesh.cpp:311:15: note: 'bmin[0]' was declared here
[INFO] [stderr] warning: recastnavigation-rs@0.1.0:   311 |         float bmin[2], bmax[2];
[INFO] [stderr] warning: recastnavigation-rs@0.1.0:       |               ^~~~
[INFO] [stderr] warning: recastnavigation-rs@0.1.0: In function 'bool overlapSlabs(const float*, const float*, const float*, const float*, float, float)',
[INFO] [stderr] warning: recastnavigation-rs@0.1.0:     inlined from 'int dtNavMesh::findConnectingPolys(const float*, const float*, const dtMeshTile*, int, dtPolyRef*, float*, int) const' at ./recastnavigation/Detour/Source/DetourNavMesh.cpp:337:21,
[INFO] [stderr] warning: recastnavigation-rs@0.1.0:     inlined from 'int dtNavMesh::findConnectingPolys(const float*, const float*, const dtMeshTile*, int, dtPolyRef*, float*, int) const' at ./recastnavigation/Detour/Source/DetourNavMesh.cpp:300:5:
[INFO] [stderr] warning: recastnavigation-rs@0.1.0: ./recastnavigation/Detour/Source/DetourNavMesh.cpp:47:21: warning: 'bmin[1]' may be used uninitialized [-Wmaybe-uninitialized]
[INFO] [stderr] warning: recastnavigation-rs@0.1.0:    47 |         const float bk = bmin[1] - bd*bmin[0];
[INFO] [stderr] warning: recastnavigation-rs@0.1.0:       |                     ^~
[INFO] [stderr] warning: recastnavigation-rs@0.1.0: ./recastnavigation/Detour/Source/DetourNavMesh.cpp: In member function 'int dtNavMesh::findConnectingPolys(const float*, const float*, const dtMeshTile*, int, dtPolyRef*, float*, int) const':
[INFO] [stderr] warning: recastnavigation-rs@0.1.0: ./recastnavigation/Detour/Source/DetourNavMesh.cpp:311:15: note: 'bmin[1]' was declared here
[INFO] [stderr] warning: recastnavigation-rs@0.1.0:   311 |         float bmin[2], bmax[2];
[INFO] [stderr] warning: recastnavigation-rs@0.1.0:       |               ^~~~
[INFO] [stderr] warning: recastnavigation-rs@0.1.0: In function 'bool overlapSlabs(const float*, const float*, const float*, const float*, float, float)',
[INFO] [stderr] warning: recastnavigation-rs@0.1.0:     inlined from 'int dtNavMesh::findConnectingPolys(const float*, const float*, const dtMeshTile*, int, dtPolyRef*, float*, int) const' at ./recastnavigation/Detour/Source/DetourNavMesh.cpp:337:21,
[INFO] [stderr] warning: recastnavigation-rs@0.1.0:     inlined from 'int dtNavMesh::findConnectingPolys(const float*, const float*, const dtMeshTile*, int, dtPolyRef*, float*, int) const' at ./recastnavigation/Detour/Source/DetourNavMesh.cpp:300:5:
[INFO] [stderr] warning: recastnavigation-rs@0.1.0: ./recastnavigation/Detour/Source/DetourNavMesh.cpp:39:33: warning: 'bmax[0]' may be used uninitialized [-Wmaybe-uninitialized]
[INFO] [stderr] warning: recastnavigation-rs@0.1.0:    39 |         const float maxx = dtMin(amax[0]-px,bmax[0]-px);
[INFO] [stderr] warning: recastnavigation-rs@0.1.0:       |                            ~~~~~^~~~~~~~~~~~~~~~~~~~~~~
[INFO] [stderr] warning: recastnavigation-rs@0.1.0: ./recastnavigation/Detour/Source/DetourNavMesh.cpp: In member function 'int dtNavMesh::findConnectingPolys(const float*, const float*, const dtMeshTile*, int, dtPolyRef*, float*, int) const':
[INFO] [stderr] warning: recastnavigation-rs@0.1.0: ./recastnavigation/Detour/Source/DetourNavMesh.cpp:311:24: note: 'bmax[0]' was declared here
[INFO] [stderr] warning: recastnavigation-rs@0.1.0:   311 |         float bmin[2], bmax[2];
[INFO] [stderr] warning: recastnavigation-rs@0.1.0:       |                        ^~~~
[INFO] [stderr] warning: recastnavigation-rs@0.1.0: In function 'bool overlapSlabs(const float*, const float*, const float*, const float*, float, float)',
[INFO] [stderr] warning: recastnavigation-rs@0.1.0:     inlined from 'int dtNavMesh::findConnectingPolys(const float*, const float*, const dtMeshTile*, int, dtPolyRef*, float*, int) const' at ./recastnavigation/Detour/Source/DetourNavMesh.cpp:337:21,
[INFO] [stderr] warning: recastnavigation-rs@0.1.0:     inlined from 'int dtNavMesh::findConnectingPolys(const float*, const float*, const dtMeshTile*, int, dtPolyRef*, float*, int) const' at ./recastnavigation/Detour/Source/DetourNavMesh.cpp:300:5:
[INFO] [stderr] warning: recastnavigation-rs@0.1.0: ./recastnavigation/Detour/Source/DetourNavMesh.cpp:46:34: warning: 'bmax[1]' may be used uninitialized [-Wmaybe-uninitialized]
[INFO] [stderr] warning: recastnavigation-rs@0.1.0:    46 |         const float bd = (bmax[1]-bmin[1]) / (bmax[0]-bmin[0]);
[INFO] [stderr] warning: recastnavigation-rs@0.1.0:       |                          ~~~~~~~~^~~~~~~~~
[INFO] [stderr] warning: recastnavigation-rs@0.1.0: ./recastnavigation/Detour/Source/DetourNavMesh.cpp: In member function 'int dtNavMesh::findConnectingPolys(const float*, const float*, const dtMeshTile*, int, dtPolyRef*, float*, int) const':
[INFO] [stderr] warning: recastnavigation-rs@0.1.0: ./recastnavigation/Detour/Source/DetourNavMesh.cpp:311:24: note: 'bmax[1]' was declared here
[INFO] [stderr] warning: recastnavigation-rs@0.1.0:   311 |         float bmin[2], bmax[2];
[INFO] [stderr] warning: recastnavigation-rs@0.1.0:       |                        ^~~~
[INFO] [stdout] warning: this operation will panic at runtime
[INFO] [stdout]    --> src/detour/base.rs:219:18
[INFO] [stdout]     |
[INFO] [stdout] 219 |     overlap = if amin[2] > bmax[2] || amax[2] < bmin[2] {
[INFO] [stdout]     |                  ^^^^^^^ index out of bounds: the length is 2 but the index is 2
[INFO] [stdout]     |
[INFO] [stdout]     = note: `#[warn(unconditional_panic)]` on by default
[INFO] [stdout] 
[INFO] [stdout] 
[INFO] [stdout] warning: this operation will panic at runtime
[INFO] [stdout]    --> src/detour/base.rs:219:28
[INFO] [stdout]     |
[INFO] [stdout] 219 |     overlap = if amin[2] > bmax[2] || amax[2] < bmin[2] {
[INFO] [stdout]     |                            ^^^^^^^ index out of bounds: the length is 2 but the index is 2
[INFO] [stdout] 
[INFO] [stdout] 
[INFO] [stdout] warning: this operation will panic at runtime
[INFO] [stdout]    --> src/detour/base.rs:219:39
[INFO] [stdout]     |
[INFO] [stdout] 219 |     overlap = if amin[2] > bmax[2] || amax[2] < bmin[2] {
[INFO] [stdout]     |                                       ^^^^^^^ index out of bounds: the length is 2 but the index is 2
[INFO] [stdout] 
[INFO] [stdout] 
[INFO] [stdout] warning: this operation will panic at runtime
[INFO] [stdout]    --> src/detour/base.rs:219:49
[INFO] [stdout]     |
[INFO] [stdout] 219 |     overlap = if amin[2] > bmax[2] || amax[2] < bmin[2] {
[INFO] [stdout]     |                                                 ^^^^^^^ index out of bounds: the length is 2 but the index is 2
[INFO] [stdout] 
[INFO] [stdout] 
[INFO] [stderr]     Finished `release` profile [optimized] target(s) in 42.52s
[INFO] running `Command { std: "docker" "inspect" "2bc338e73e7be30336f5712e2eafff2d0b474471e3048dade6c5c987171f26fa", kill_on_drop: false }`
[INFO] running `Command { std: "docker" "exec" "-e" "SOURCE_DIR=/opt/rustwide/workdir" "-e" "CARGO_HOME=/opt/rustwide/cargo-home" "-e" "RUSTUP_HOME=/opt/rustwide/rustup-home" "-e" "CARGO_TARGET_DIR=/opt/rustwide/target" "-e" "CARGO_INCREMENTAL=0" "-e" "RUST_BACKTRACE=full" "-e" "RUSTFLAGS=--cap-lints=warn" "-e" "RUSTDOCFLAGS=--cap-lints=warn" "-w" "/opt/rustwide/workdir" "--user" "0:0" "2bc338e73e7be30336f5712e2eafff2d0b474471e3048dade6c5c987171f26fa" "/opt/rustwide/cargo-home/bin/cargo" "+1.99.0-beta.8" "test" "--frozen" "--no-run" "--message-format=json" "--release", kill_on_drop: false }`
[INFO] [stderr] warning: recastnavigation-rs@0.1.0: ./recastnavigation/Deterministic/Source/Qsort.cpp: In function 'void cycle(size_t, unsigned char**, int)':
[INFO] [stderr] warning: recastnavigation-rs@0.1.0: ./recastnavigation/Deterministic/Source/Qsort.cpp:66:15: warning: storing the address of local variable 'tmp' in '*<unknown>' [-Wdangling-pointer=]
[INFO] [stderr] warning: recastnavigation-rs@0.1.0:    66 |         ar[n] = tmp;
[INFO] [stderr] warning: recastnavigation-rs@0.1.0:       |         ~~~~~~^~~~~
[INFO] [stderr] warning: recastnavigation-rs@0.1.0: ./recastnavigation/Deterministic/Source/Qsort.cpp:58:23: note: 'tmp' declared here
[INFO] [stderr] warning: recastnavigation-rs@0.1.0:    58 |         unsigned char tmp[256];
[INFO] [stderr] warning: recastnavigation-rs@0.1.0:       |                       ^~~
[INFO] [stderr] warning: recastnavigation-rs@0.1.0: ./recastnavigation/Deterministic/Source/Qsort.cpp:56:48: note: 'ar' declared here
[INFO] [stderr] warning: recastnavigation-rs@0.1.0:    56 | static void cycle(size_t width, unsigned char* ar[], int n)
[INFO] [stderr] warning: recastnavigation-rs@0.1.0:       |                                 ~~~~~~~~~~~~~~~^~~~
[INFO] [stderr] warning: recastnavigation-rs@0.1.0: In function 'bool overlapSlabs(const float*, const float*, const float*, const float*, float, float)',
[INFO] [stderr] warning: recastnavigation-rs@0.1.0:     inlined from 'int dtNavMesh::findConnectingPolys(const float*, const float*, const dtMeshTile*, int, dtPolyRef*, float*, int) const' at ./recastnavigation/Detour/Source/DetourNavMesh.cpp:337:21,
[INFO] [stderr] warning: recastnavigation-rs@0.1.0:     inlined from 'int dtNavMesh::findConnectingPolys(const float*, const float*, const dtMeshTile*, int, dtPolyRef*, float*, int) const' at ./recastnavigation/Detour/Source/DetourNavMesh.cpp:300:5:
[INFO] [stderr] warning: recastnavigation-rs@0.1.0: ./recastnavigation/Detour/Source/DetourNavMesh.cpp:38:33: warning: 'amin[0]' may be used uninitialized [-Wmaybe-uninitialized]
[INFO] [stderr] warning: recastnavigation-rs@0.1.0:    38 |         const float minx = dtMax(amin[0]+px,bmin[0]+px);
[INFO] [stderr] warning: recastnavigation-rs@0.1.0:       |                            ~~~~~^~~~~~~~~~~~~~~~~~~~~~~
[INFO] [stderr] warning: recastnavigation-rs@0.1.0: ./recastnavigation/Detour/Source/DetourNavMesh.cpp: In member function 'int dtNavMesh::findConnectingPolys(const float*, const float*, const dtMeshTile*, int, dtPolyRef*, float*, int) const':
[INFO] [stderr] warning: recastnavigation-rs@0.1.0: ./recastnavigation/Detour/Source/DetourNavMesh.cpp:306:15: note: 'amin[0]' was declared here
[INFO] [stderr] warning: recastnavigation-rs@0.1.0:   306 |         float amin[2], amax[2];
[INFO] [stderr] warning: recastnavigation-rs@0.1.0:       |               ^~~~
[INFO] [stderr] warning: recastnavigation-rs@0.1.0: In function 'bool overlapSlabs(const float*, const float*, const float*, const float*, float, float)',
[INFO] [stderr] warning: recastnavigation-rs@0.1.0:     inlined from 'int dtNavMesh::findConnectingPolys(const float*, const float*, const dtMeshTile*, int, dtPolyRef*, float*, int) const' at ./recastnavigation/Detour/Source/DetourNavMesh.cpp:337:21,
[INFO] [stderr] warning: recastnavigation-rs@0.1.0:     inlined from 'int dtNavMesh::findConnectingPolys(const float*, const float*, const dtMeshTile*, int, dtPolyRef*, float*, int) const' at ./recastnavigation/Detour/Source/DetourNavMesh.cpp:300:5:
[INFO] [stderr] warning: recastnavigation-rs@0.1.0: ./recastnavigation/Detour/Source/DetourNavMesh.cpp:45:21: warning: 'amin[1]' may be used uninitialized [-Wmaybe-uninitialized]
[INFO] [stderr] warning: recastnavigation-rs@0.1.0:    45 |         const float ak = amin[1] - ad*amin[0];
[INFO] [stderr] warning: recastnavigation-rs@0.1.0:       |                     ^~
[INFO] [stderr] warning: recastnavigation-rs@0.1.0: ./recastnavigation/Detour/Source/DetourNavMesh.cpp: In member function 'int dtNavMesh::findConnectingPolys(const float*, const float*, const dtMeshTile*, int, dtPolyRef*, float*, int) const':
[INFO] [stderr] warning: recastnavigation-rs@0.1.0: ./recastnavigation/Detour/Source/DetourNavMesh.cpp:306:15: note: 'amin[1]' was declared here
[INFO] [stderr] warning: recastnavigation-rs@0.1.0:   306 |         float amin[2], amax[2];
[INFO] [stderr] warning: recastnavigation-rs@0.1.0:       |               ^~~~
[INFO] [stderr] warning: recastnavigation-rs@0.1.0: In function 'bool overlapSlabs(const float*, const float*, const float*, const float*, float, float)',
[INFO] [stderr] warning: recastnavigation-rs@0.1.0:     inlined from 'int dtNavMesh::findConnectingPolys(const float*, const float*, const dtMeshTile*, int, dtPolyRef*, float*, int) const' at ./recastnavigation/Detour/Source/DetourNavMesh.cpp:337:21,
[INFO] [stderr] warning: recastnavigation-rs@0.1.0:     inlined from 'int dtNavMesh::findConnectingPolys(const float*, const float*, const dtMeshTile*, int, dtPolyRef*, float*, int) const' at ./recastnavigation/Detour/Source/DetourNavMesh.cpp:300:5:
[INFO] [stderr] warning: recastnavigation-rs@0.1.0: ./recastnavigation/Detour/Source/DetourNavMesh.cpp:39:33: warning: 'amax[0]' may be used uninitialized [-Wmaybe-uninitialized]
[INFO] [stderr] warning: recastnavigation-rs@0.1.0:    39 |         const float maxx = dtMin(amax[0]-px,bmax[0]-px);
[INFO] [stderr] warning: recastnavigation-rs@0.1.0:       |                            ~~~~~^~~~~~~~~~~~~~~~~~~~~~~
[INFO] [stderr] warning: recastnavigation-rs@0.1.0: ./recastnavigation/Detour/Source/DetourNavMesh.cpp: In member function 'int dtNavMesh::findConnectingPolys(const float*, const float*, const dtMeshTile*, int, dtPolyRef*, float*, int) const':
[INFO] [stderr] warning: recastnavigation-rs@0.1.0: ./recastnavigation/Detour/Source/DetourNavMesh.cpp:306:24: note: 'amax[0]' was declared here
[INFO] [stderr] warning: recastnavigation-rs@0.1.0:   306 |         float amin[2], amax[2];
[INFO] [stderr] warning: recastnavigation-rs@0.1.0:       |                        ^~~~
[INFO] [stderr] warning: recastnavigation-rs@0.1.0: In function 'bool overlapSlabs(const float*, const float*, const float*, const float*, float, float)',
[INFO] [stderr] warning: recastnavigation-rs@0.1.0:     inlined from 'int dtNavMesh::findConnectingPolys(const float*, const float*, const dtMeshTile*, int, dtPolyRef*, float*, int) const' at ./recastnavigation/Detour/Source/DetourNavMesh.cpp:337:21,
[INFO] [stderr] warning: recastnavigation-rs@0.1.0:     inlined from 'int dtNavMesh::findConnectingPolys(const float*, const float*, const dtMeshTile*, int, dtPolyRef*, float*, int) const' at ./recastnavigation/Detour/Source/DetourNavMesh.cpp:300:5:
[INFO] [stderr] warning: recastnavigation-rs@0.1.0: ./recastnavigation/Detour/Source/DetourNavMesh.cpp:44:34: warning: 'amax[1]' may be used uninitialized [-Wmaybe-uninitialized]
[INFO] [stderr] warning: recastnavigation-rs@0.1.0:    44 |         const float ad = (amax[1]-amin[1]) / (amax[0]-amin[0]);
[INFO] [stderr] warning: recastnavigation-rs@0.1.0:       |                          ~~~~~~~~^~~~~~~~~
[INFO] [stderr] warning: recastnavigation-rs@0.1.0: ./recastnavigation/Detour/Source/DetourNavMesh.cpp: In member function 'int dtNavMesh::findConnectingPolys(const float*, const float*, const dtMeshTile*, int, dtPolyRef*, float*, int) const':
[INFO] [stderr] warning: recastnavigation-rs@0.1.0: ./recastnavigation/Detour/Source/DetourNavMesh.cpp:306:24: note: 'amax[1]' was declared here
[INFO] [stderr] warning: recastnavigation-rs@0.1.0:   306 |         float amin[2], amax[2];
[INFO] [stderr] warning: recastnavigation-rs@0.1.0:       |                        ^~~~
[INFO] [stderr] warning: recastnavigation-rs@0.1.0: In function 'bool overlapSlabs(const float*, const float*, const float*, const float*, float, float)',
[INFO] [stderr] warning: recastnavigation-rs@0.1.0:     inlined from 'int dtNavMesh::findConnectingPolys(const float*, const float*, const dtMeshTile*, int, dtPolyRef*, float*, int) const' at ./recastnavigation/Detour/Source/DetourNavMesh.cpp:337:21,
[INFO] [stderr] warning: recastnavigation-rs@0.1.0:     inlined from 'int dtNavMesh::findConnectingPolys(const float*, const float*, const dtMeshTile*, int, dtPolyRef*, float*, int) const' at ./recastnavigation/Detour/Source/DetourNavMesh.cpp:300:5:
[INFO] [stderr] warning: recastnavigation-rs@0.1.0: ./recastnavigation/Detour/Source/DetourNavMesh.cpp:38:33: warning: 'bmin[0]' may be used uninitialized [-Wmaybe-uninitialized]
[INFO] [stderr] warning: recastnavigation-rs@0.1.0:    38 |         const float minx = dtMax(amin[0]+px,bmin[0]+px);
[INFO] [stderr] warning: recastnavigation-rs@0.1.0:       |                            ~~~~~^~~~~~~~~~~~~~~~~~~~~~~
[INFO] [stderr] warning: recastnavigation-rs@0.1.0: ./recastnavigation/Detour/Source/DetourNavMesh.cpp: In member function 'int dtNavMesh::findConnectingPolys(const float*, const float*, const dtMeshTile*, int, dtPolyRef*, float*, int) const':
[INFO] [stderr] warning: recastnavigation-rs@0.1.0: ./recastnavigation/Detour/Source/DetourNavMesh.cpp:311:15: note: 'bmin[0]' was declared here
[INFO] [stderr] warning: recastnavigation-rs@0.1.0:   311 |         float bmin[2], bmax[2];
[INFO] [stderr] warning: recastnavigation-rs@0.1.0:       |               ^~~~
[INFO] [stderr] warning: recastnavigation-rs@0.1.0: In function 'bool overlapSlabs(const float*, const float*, const float*, const float*, float, float)',
[INFO] [stderr] warning: recastnavigation-rs@0.1.0:     inlined from 'int dtNavMesh::findConnectingPolys(const float*, const float*, const dtMeshTile*, int, dtPolyRef*, float*, int) const' at ./recastnavigation/Detour/Source/DetourNavMesh.cpp:337:21,
[INFO] [stderr] warning: recastnavigation-rs@0.1.0:     inlined from 'int dtNavMesh::findConnectingPolys(const float*, const float*, const dtMeshTile*, int, dtPolyRef*, float*, int) const' at ./recastnavigation/Detour/Source/DetourNavMesh.cpp:300:5:
[INFO] [stderr] warning: recastnavigation-rs@0.1.0: ./recastnavigation/Detour/Source/DetourNavMesh.cpp:47:21: warning: 'bmin[1]' may be used uninitialized [-Wmaybe-uninitialized]
[INFO] [stderr] warning: recastnavigation-rs@0.1.0:    47 |         const float bk = bmin[1] - bd*bmin[0];
[INFO] [stdout] warning: this operation will panic at runtime
[INFO] [stdout]    --> src/detour/base.rs:219:18
[INFO] [stdout]     |
[INFO] [stdout] 219 |     overlap = if amin[2] > bmax[2] || amax[2] < bmin[2] {
[INFO] [stdout]     |                  ^^^^^^^ index out of bounds: the length is 2 but the index is 2
[INFO] [stdout]     |
[INFO] [stdout]     = note: `#[warn(unconditional_panic)]` on by default
[INFO] [stdout] 
[INFO] [stdout] 
[INFO] [stderr] warning: recastnavigation-rs@0.1.0:       |                     ^~
[INFO] [stderr] warning: recastnavigation-rs@0.1.0: ./recastnavigation/Detour/Source/DetourNavMesh.cpp: In member function 'int dtNavMesh::findConnectingPolys(const float*, const float*, const dtMeshTile*, int, dtPolyRef*, float*, int) const':
[INFO] [stderr] warning: recastnavigation-rs@0.1.0: ./recastnavigation/Detour/Source/DetourNavMesh.cpp:311:15: note: 'bmin[1]' was declared here
[INFO] [stderr] warning: recastnavigation-rs@0.1.0:   311 |         float bmin[2], bmax[2];
[INFO] [stderr] warning: recastnavigation-rs@0.1.0:       |               ^~~~
[INFO] [stderr] warning: recastnavigation-rs@0.1.0: In function 'bool overlapSlabs(const float*, const float*, const float*, const float*, float, float)',
[INFO] [stderr] warning: recastnavigation-rs@0.1.0:     inlined from 'int dtNavMesh::findConnectingPolys(const float*, const float*, const dtMeshTile*, int, dtPolyRef*, float*, int) const' at ./recastnavigation/Detour/Source/DetourNavMesh.cpp:337:21,
[INFO] [stderr] warning: recastnavigation-rs@0.1.0:     inlined from 'int dtNavMesh::findConnectingPolys(const float*, const float*, const dtMeshTile*, int, dtPolyRef*, float*, int) const' at ./recastnavigation/Detour/Source/DetourNavMesh.cpp:300:5:
[INFO] [stderr] warning: recastnavigation-rs@0.1.0: ./recastnavigation/Detour/Source/DetourNavMesh.cpp:39:33: warning: 'bmax[0]' may be used uninitialized [-Wmaybe-uninitialized]
[INFO] [stderr] warning: recastnavigation-rs@0.1.0:    39 |         const float maxx = dtMin(amax[0]-px,bmax[0]-px);
[INFO] [stderr] warning: recastnavigation-rs@0.1.0:       |                            ~~~~~^~~~~~~~~~~~~~~~~~~~~~~
[INFO] [stderr] warning: recastnavigation-rs@0.1.0: ./recastnavigation/Detour/Source/DetourNavMesh.cpp: In member function 'int dtNavMesh::findConnectingPolys(const float*, const float*, const dtMeshTile*, int, dtPolyRef*, float*, int) const':
[INFO] [stderr] warning: recastnavigation-rs@0.1.0: ./recastnavigation/Detour/Source/DetourNavMesh.cpp:311:24: note: 'bmax[0]' was declared here
[INFO] [stderr] warning: recastnavigation-rs@0.1.0:   311 |         float bmin[2], bmax[2];
[INFO] [stderr] warning: recastnavigation-rs@0.1.0:       |                        ^~~~
[INFO] [stderr] warning: recastnavigation-rs@0.1.0: In function 'bool overlapSlabs(const float*, const float*, const float*, const float*, float, float)',
[INFO] [stderr] warning: recastnavigation-rs@0.1.0:     inlined from 'int dtNavMesh::findConnectingPolys(const float*, const float*, const dtMeshTile*, int, dtPolyRef*, float*, int) const' at ./recastnavigation/Detour/Source/DetourNavMesh.cpp:337:21,
[INFO] [stderr] warning: recastnavigation-rs@0.1.0:     inlined from 'int dtNavMesh::findConnectingPolys(const float*, const float*, const dtMeshTile*, int, dtPolyRef*, float*, int) const' at ./recastnavigation/Detour/Source/DetourNavMesh.cpp:300:5:
[INFO] [stderr] warning: recastnavigation-rs@0.1.0: ./recastnavigation/Detour/Source/DetourNavMesh.cpp:46:34: warning: 'bmax[1]' may be used uninitialized [-Wmaybe-uninitialized]
[INFO] [stderr] warning: recastnavigation-rs@0.1.0:    46 |         const float bd = (bmax[1]-bmin[1]) / (bmax[0]-bmin[0]);
[INFO] [stderr] warning: recastnavigation-rs@0.1.0:       |                          ~~~~~~~~^~~~~~~~~
[INFO] [stderr] warning: recastnavigation-rs@0.1.0: ./recastnavigation/Detour/Source/DetourNavMesh.cpp: In member function 'int dtNavMesh::findConnectingPolys(const float*, const float*, const dtMeshTile*, int, dtPolyRef*, float*, int) const':
[INFO] [stderr] warning: recastnavigation-rs@0.1.0: ./recastnavigation/Detour/Source/DetourNavMesh.cpp:311:24: note: 'bmax[1]' was declared here
[INFO] [stderr] warning: recastnavigation-rs@0.1.0:   311 |         float bmin[2], bmax[2];
[INFO] [stderr] warning: recastnavigation-rs@0.1.0:       |                        ^~~~
[INFO] [stdout] warning: this operation will panic at runtime
[INFO] [stdout]    --> src/detour/base.rs:219:28
[INFO] [stdout]     |
[INFO] [stdout] 219 |     overlap = if amin[2] > bmax[2] || amax[2] < bmin[2] {
[INFO] [stdout]     |                            ^^^^^^^ index out of bounds: the length is 2 but the index is 2
[INFO] [stdout] 
[INFO] [stdout] 
[INFO] [stderr]    Compiling recastnavigation-rs v0.1.0 (/opt/rustwide/workdir)
[INFO] [stdout] warning: this operation will panic at runtime
[INFO] [stdout]    --> src/detour/base.rs:219:39
[INFO] [stdout]     |
[INFO] [stdout] 219 |     overlap = if amin[2] > bmax[2] || amax[2] < bmin[2] {
[INFO] [stdout]     |                                       ^^^^^^^ index out of bounds: the length is 2 but the index is 2
[INFO] [stdout] 
[INFO] [stdout] 
[INFO] [stdout] warning: this operation will panic at runtime
[INFO] [stdout]    --> src/detour/base.rs:219:49
[INFO] [stdout]     |
[INFO] [stdout] 219 |     overlap = if amin[2] > bmax[2] || amax[2] < bmin[2] {
[INFO] [stdout]     |                                                 ^^^^^^^ index out of bounds: the length is 2 but the index is 2
[INFO] [stdout] 
[INFO] [stdout] 
[INFO] [stdout] warning: this operation will panic at runtime
[INFO] [stdout]    --> src/detour/base.rs:219:18
[INFO] [stdout]     |
[INFO] [stdout] 219 |     overlap = if amin[2] > bmax[2] || amax[2] < bmin[2] {
[INFO] [stdout]     |                  ^^^^^^^ index out of bounds: the length is 2 but the index is 2
[INFO] [stdout]     |
[INFO] [stdout]     = note: `#[warn(unconditional_panic)]` on by default
[INFO] [stdout] 
[INFO] [stdout] 
[INFO] [stdout] warning: this operation will panic at runtime
[INFO] [stdout]    --> src/detour/base.rs:219:28
[INFO] [stdout]     |
[INFO] [stdout] 219 |     overlap = if amin[2] > bmax[2] || amax[2] < bmin[2] {
[INFO] [stdout]     |                            ^^^^^^^ index out of bounds: the length is 2 but the index is 2
[INFO] [stdout] 
[INFO] [stdout] 
[INFO] [stdout] warning: this operation will panic at runtime
[INFO] [stdout]    --> src/detour/base.rs:219:39
[INFO] [stdout]     |
[INFO] [stdout] 219 |     overlap = if amin[2] > bmax[2] || amax[2] < bmin[2] {
[INFO] [stdout]     |                                       ^^^^^^^ index out of bounds: the length is 2 but the index is 2
[INFO] [stdout] 
[INFO] [stdout] 
[INFO] [stdout] warning: this operation will panic at runtime
[INFO] [stdout]    --> src/detour/base.rs:219:49
[INFO] [stdout]     |
[INFO] [stdout] 219 |     overlap = if amin[2] > bmax[2] || amax[2] < bmin[2] {
[INFO] [stdout]     |                                                 ^^^^^^^ index out of bounds: the length is 2 but the index is 2
[INFO] [stdout] 
[INFO] [stdout] 
[INFO] [stderr]     Finished `release` profile [optimized] target(s) in 4.57s
[INFO] running `Command { std: "docker" "inspect" "2bc338e73e7be30336f5712e2eafff2d0b474471e3048dade6c5c987171f26fa", kill_on_drop: false }`
[INFO] running `Command { std: "docker" "exec" "-e" "SOURCE_DIR=/opt/rustwide/workdir" "-e" "CARGO_HOME=/opt/rustwide/cargo-home" "-e" "RUSTUP_HOME=/opt/rustwide/rustup-home" "-e" "CARGO_TARGET_DIR=/opt/rustwide/target" "-e" "CARGO_INCREMENTAL=0" "-e" "RUST_BACKTRACE=full" "-e" "RUSTFLAGS=--cap-lints=warn" "-e" "RUSTDOCFLAGS=--cap-lints=warn" "-w" "/opt/rustwide/workdir" "--user" "0:0" "2bc338e73e7be30336f5712e2eafff2d0b474471e3048dade6c5c987171f26fa" "/opt/rustwide/cargo-home/bin/cargo" "+1.99.0-beta.8" "test" "--frozen" "--release", kill_on_drop: false }`
[INFO] [stderr] warning: recastnavigation-rs@0.1.0: ./recastnavigation/Deterministic/Source/Qsort.cpp: In function 'void cycle(size_t, unsigned char**, int)':
[INFO] [stderr] warning: recastnavigation-rs@0.1.0: ./recastnavigation/Deterministic/Source/Qsort.cpp:66:15: warning: storing the address of local variable 'tmp' in '*<unknown>' [-Wdangling-pointer=]
[INFO] [stderr] warning: recastnavigation-rs@0.1.0:    66 |         ar[n] = tmp;
[INFO] [stderr] warning: recastnavigation-rs@0.1.0:       |         ~~~~~~^~~~~
[INFO] [stderr] warning: recastnavigation-rs@0.1.0: ./recastnavigation/Deterministic/Source/Qsort.cpp:58:23: note: 'tmp' declared here
[INFO] [stderr] warning: recastnavigation-rs@0.1.0:    58 |         unsigned char tmp[256];
[INFO] [stderr] warning: recastnavigation-rs@0.1.0:       |                       ^~~
[INFO] [stderr] warning: recastnavigation-rs@0.1.0: ./recastnavigation/Deterministic/Source/Qsort.cpp:56:48: note: 'ar' declared here
[INFO] [stderr] warning: recastnavigation-rs@0.1.0:    56 | static void cycle(size_t width, unsigned char* ar[], int n)
[INFO] [stderr] warning: recastnavigation-rs@0.1.0:       |                                 ~~~~~~~~~~~~~~~^~~~
[INFO] [stderr] warning: recastnavigation-rs@0.1.0: In function 'bool overlapSlabs(const float*, const float*, const float*, const float*, float, float)',
[INFO] [stderr] warning: recastnavigation-rs@0.1.0:     inlined from 'int dtNavMesh::findConnectingPolys(const float*, const float*, const dtMeshTile*, int, dtPolyRef*, float*, int) const' at ./recastnavigation/Detour/Source/DetourNavMesh.cpp:337:21,
[INFO] [stderr] warning: recastnavigation-rs@0.1.0:     inlined from 'int dtNavMesh::findConnectingPolys(const float*, const float*, const dtMeshTile*, int, dtPolyRef*, float*, int) const' at ./recastnavigation/Detour/Source/DetourNavMesh.cpp:300:5:
[INFO] [stderr] warning: recastnavigation-rs@0.1.0: ./recastnavigation/Detour/Source/DetourNavMesh.cpp:38:33: warning: 'amin[0]' may be used uninitialized [-Wmaybe-uninitialized]
[INFO] [stderr] warning: recastnavigation-rs@0.1.0:    38 |         const float minx = dtMax(amin[0]+px,bmin[0]+px);
[INFO] [stderr] warning: recastnavigation-rs@0.1.0:       |                            ~~~~~^~~~~~~~~~~~~~~~~~~~~~~
[INFO] [stderr] warning: recastnavigation-rs@0.1.0: ./recastnavigation/Detour/Source/DetourNavMesh.cpp: In member function 'int dtNavMesh::findConnectingPolys(const float*, const float*, const dtMeshTile*, int, dtPolyRef*, float*, int) const':
[INFO] [stderr] warning: recastnavigation-rs@0.1.0: ./recastnavigation/Detour/Source/DetourNavMesh.cpp:306:15: note: 'amin[0]' was declared here
[INFO] [stderr] warning: recastnavigation-rs@0.1.0:   306 |         float amin[2], amax[2];
[INFO] [stderr] warning: recastnavigation-rs@0.1.0:       |               ^~~~
[INFO] [stderr] warning: recastnavigation-rs@0.1.0: In function 'bool overlapSlabs(const float*, const float*, const float*, const float*, float, float)',
[INFO] [stderr] warning: recastnavigation-rs@0.1.0:     inlined from 'int dtNavMesh::findConnectingPolys(const float*, const float*, const dtMeshTile*, int, dtPolyRef*, float*, int) const' at ./recastnavigation/Detour/Source/DetourNavMesh.cpp:337:21,
[INFO] [stderr] warning: recastnavigation-rs@0.1.0:     inlined from 'int dtNavMesh::findConnectingPolys(const float*, const float*, const dtMeshTile*, int, dtPolyRef*, float*, int) const' at ./recastnavigation/Detour/Source/DetourNavMesh.cpp:300:5:
[INFO] [stderr] warning: recastnavigation-rs@0.1.0: ./recastnavigation/Detour/Source/DetourNavMesh.cpp:45:21: warning: 'amin[1]' may be used uninitialized [-Wmaybe-uninitialized]
[INFO] [stderr] warning: recastnavigation-rs@0.1.0:    45 |         const float ak = amin[1] - ad*amin[0];
[INFO] [stderr] warning: recastnavigation-rs@0.1.0:       |                     ^~
[INFO] [stderr] warning: recastnavigation-rs@0.1.0: ./recastnavigation/Detour/Source/DetourNavMesh.cpp: In member function 'int dtNavMesh::findConnectingPolys(const float*, const float*, const dtMeshTile*, int, dtPolyRef*, float*, int) const':
[INFO] [stderr] warning: recastnavigation-rs@0.1.0: ./recastnavigation/Detour/Source/DetourNavMesh.cpp:306:15: note: 'amin[1]' was declared here
[INFO] [stderr] warning: recastnavigation-rs@0.1.0:   306 |         float amin[2], amax[2];
[INFO] [stderr] warning: recastnavigation-rs@0.1.0:       |               ^~~~
[INFO] [stderr] warning: recastnavigation-rs@0.1.0: In function 'bool overlapSlabs(const float*, const float*, const float*, const float*, float, float)',
[INFO] [stderr] warning: recastnavigation-rs@0.1.0:     inlined from 'int dtNavMesh::findConnectingPolys(const float*, const float*, const dtMeshTile*, int, dtPolyRef*, float*, int) const' at ./recastnavigation/Detour/Source/DetourNavMesh.cpp:337:21,
[INFO] [stderr] warning: recastnavigation-rs@0.1.0:     inlined from 'int dtNavMesh::findConnectingPolys(const float*, const float*, const dtMeshTile*, int, dtPolyRef*, float*, int) const' at ./recastnavigation/Detour/Source/DetourNavMesh.cpp:300:5:
[INFO] [stderr] warning: recastnavigation-rs@0.1.0: ./recastnavigation/Detour/Source/DetourNavMesh.cpp:39:33: warning: 'amax[0]' may be used uninitialized [-Wmaybe-uninitialized]
[INFO] [stderr] warning: recastnavigation-rs@0.1.0:    39 |         const float maxx = dtMin(amax[0]-px,bmax[0]-px);
[INFO] [stderr] warning: recastnavigation-rs@0.1.0:       |                            ~~~~~^~~~~~~~~~~~~~~~~~~~~~~
[INFO] [stderr] warning: recastnavigation-rs@0.1.0: ./recastnavigation/Detour/Source/DetourNavMesh.cpp: In member function 'int dtNavMesh::findConnectingPolys(const float*, const float*, const dtMeshTile*, int, dtPolyRef*, float*, int) const':
[INFO] [stderr] warning: recastnavigation-rs@0.1.0: ./recastnavigation/Detour/Source/DetourNavMesh.cpp:306:24: note: 'amax[0]' was declared here
[INFO] [stderr] warning: recastnavigation-rs@0.1.0:   306 |         float amin[2], amax[2];
[INFO] [stderr] warning: recastnavigation-rs@0.1.0:       |                        ^~~~
[INFO] [stderr] warning: recastnavigation-rs@0.1.0: In function 'bool overlapSlabs(const float*, const float*, const float*, const float*, float, float)',
[INFO] [stderr] warning: recastnavigation-rs@0.1.0:     inlined from 'int dtNavMesh::findConnectingPolys(const float*, const float*, const dtMeshTile*, int, dtPolyRef*, float*, int) const' at ./recastnavigation/Detour/Source/DetourNavMesh.cpp:337:21,
[INFO] [stderr] warning: recastnavigation-rs@0.1.0:     inlined from 'int dtNavMesh::findConnectingPolys(const float*, const float*, const dtMeshTile*, int, dtPolyRef*, float*, int) const' at ./recastnavigation/Detour/Source/DetourNavMesh.cpp:300:5:
[INFO] [stderr] warning: recastnavigation-rs@0.1.0: ./recastnavigation/Detour/Source/DetourNavMesh.cpp:44:34: warning: 'amax[1]' may be used uninitialized [-Wmaybe-uninitialized]
[INFO] [stderr] warning: recastnavigation-rs@0.1.0:    44 |         const float ad = (amax[1]-amin[1]) / (amax[0]-amin[0]);
[INFO] [stderr] warning: recastnavigation-rs@0.1.0:       |                          ~~~~~~~~^~~~~~~~~
[INFO] [stderr] warning: recastnavigation-rs@0.1.0: ./recastnavigation/Detour/Source/DetourNavMesh.cpp: In member function 'int dtNavMesh::findConnectingPolys(const float*, const float*, const dtMeshTile*, int, dtPolyRef*, float*, int) const':
[INFO] [stderr] warning: recastnavigation-rs@0.1.0: ./recastnavigation/Detour/Source/DetourNavMesh.cpp:306:24: note: 'amax[1]' was declared here
[INFO] [stderr] warning: recastnavigation-rs@0.1.0:   306 |         float amin[2], amax[2];
[INFO] [stderr] warning: recastnavigation-rs@0.1.0:       |                        ^~~~
[INFO] [stderr] warning: recastnavigation-rs@0.1.0: In function 'bool overlapSlabs(const float*, const float*, const float*, const float*, float, float)',
[INFO] [stderr] warning: recastnavigation-rs@0.1.0:     inlined from 'int dtNavMesh::findConnectingPolys(const float*, const float*, const dtMeshTile*, int, dtPolyRef*, float*, int) const' at ./recastnavigation/Detour/Source/DetourNavMesh.cpp:337:21,
[INFO] [stderr] warning: recastnavigation-rs@0.1.0:     inlined from 'int dtNavMesh::findConnectingPolys(const float*, const float*, const dtMeshTile*, int, dtPolyRef*, float*, int) const' at ./recastnavigation/Detour/Source/DetourNavMesh.cpp:300:5:
[INFO] [stderr] warning: recastnavigation-rs@0.1.0: ./recastnavigation/Detour/Source/DetourNavMesh.cpp:38:33: warning: 'bmin[0]' may be used uninitialized [-Wmaybe-uninitialized]
[INFO] [stderr] warning: recastnavigation-rs@0.1.0:    38 |         const float minx = dtMax(amin[0]+px,bmin[0]+px);
[INFO] [stderr] warning: recastnavigation-rs@0.1.0:       |                            ~~~~~^~~~~~~~~~~~~~~~~~~~~~~
[INFO] [stderr] warning: recastnavigation-rs@0.1.0: ./recastnavigation/Detour/Source/DetourNavMesh.cpp: In member function 'int dtNavMesh::findConnectingPolys(const float*, const float*, const dtMeshTile*, int, dtPolyRef*, float*, int) const':
[INFO] [stderr] warning: recastnavigation-rs@0.1.0: ./recastnavigation/Detour/Source/DetourNavMesh.cpp:311:15: note: 'bmin[0]' was declared here
[INFO] [stderr] warning: recastnavigation-rs@0.1.0:   311 |         float bmin[2], bmax[2];
[INFO] [stderr] warning: recastnavigation-rs@0.1.0:       |               ^~~~
[INFO] [stderr] warning: recastnavigation-rs@0.1.0: In function 'bool overlapSlabs(const float*, const float*, const float*, const float*, float, float)',
[INFO] [stderr] warning: recastnavigation-rs@0.1.0:     inlined from 'int dtNavMesh::findConnectingPolys(const float*, const float*, const dtMeshTile*, int, dtPolyRef*, float*, int) const' at ./recastnavigation/Detour/Source/DetourNavMesh.cpp:337:21,
[INFO] [stderr] warning: recastnavigation-rs@0.1.0:     inlined from 'int dtNavMesh::findConnectingPolys(const float*, const float*, const dtMeshTile*, int, dtPolyRef*, float*, int) const' at ./recastnavigation/Detour/Source/DetourNavMesh.cpp:300:5:
[INFO] [stderr] warning: recastnavigation-rs@0.1.0: ./recastnavigation/Detour/Source/DetourNavMesh.cpp:47:21: warning: 'bmin[1]' may be used uninitialized [-Wmaybe-uninitialized]
[INFO] [stderr] warning: recastnavigation-rs@0.1.0:    47 |         const float bk = bmin[1] - bd*bmin[0];
[INFO] [stderr] warning: recastnavigation-rs@0.1.0:       |                     ^~
[INFO] [stderr] warning: recastnavigation-rs@0.1.0: ./recastnavigation/Detour/Source/DetourNavMesh.cpp: In member function 'int dtNavMesh::findConnectingPolys(const float*, const float*, const dtMeshTile*, int, dtPolyRef*, float*, int) const':
[INFO] [stderr] warning: recastnavigation-rs@0.1.0: ./recastnavigation/Detour/Source/DetourNavMesh.cpp:311:15: note: 'bmin[1]' was declared here
[INFO] [stderr] warning: recastnavigation-rs@0.1.0:   311 |         float bmin[2], bmax[2];
[INFO] [stderr] warning: recastnavigation-rs@0.1.0:       |               ^~~~
[INFO] [stderr] warning: recastnavigation-rs@0.1.0: In function 'bool overlapSlabs(const float*, const float*, const float*, const float*, float, float)',
[INFO] [stderr] warning: recastnavigation-rs@0.1.0:     inlined from 'int dtNavMesh::findConnectingPolys(const float*, const float*, const dtMeshTile*, int, dtPolyRef*, float*, int) const' at ./recastnavigation/Detour/Source/DetourNavMesh.cpp:337:21,
[INFO] [stderr] warning: recastnavigation-rs@0.1.0:     inlined from 'int dtNavMesh::findConnectingPolys(const float*, const float*, const dtMeshTile*, int, dtPolyRef*, float*, int) const' at ./recastnavigation/Detour/Source/DetourNavMesh.cpp:300:5:
[INFO] [stderr] warning: recastnavigation-rs@0.1.0: ./recastnavigation/Detour/Source/DetourNavMesh.cpp:39:33: warning: 'bmax[0]' may be used uninitialized [-Wmaybe-uninitialized]
[INFO] [stderr] warning: recastnavigation-rs@0.1.0:    39 |         const float maxx = dtMin(amax[0]-px,bmax[0]-px);
[INFO] [stderr] warning: recastnavigation-rs@0.1.0:       |                            ~~~~~^~~~~~~~~~~~~~~~~~~~~~~
[INFO] [stderr] warning: recastnavigation-rs@0.1.0: ./recastnavigation/Detour/Source/DetourNavMesh.cpp: In member function 'int dtNavMesh::findConnectingPolys(const float*, const float*, const dtMeshTile*, int, dtPolyRef*, float*, int) const':
[INFO] [stderr] warning: recastnavigation-rs@0.1.0: ./recastnavigation/Detour/Source/DetourNavMesh.cpp:311:24: note: 'bmax[0]' was declared here
[INFO] [stderr] warning: recastnavigation-rs@0.1.0:   311 |         float bmin[2], bmax[2];
[INFO] [stderr] warning: recastnavigation-rs@0.1.0:       |                        ^~~~
[INFO] [stderr] warning: recastnavigation-rs@0.1.0: In function 'bool overlapSlabs(const float*, const float*, const float*, const float*, float, float)',
[INFO] [stderr] warning: recastnavigation-rs@0.1.0:     inlined from 'int dtNavMesh::findConnectingPolys(const float*, const float*, const dtMeshTile*, int, dtPolyRef*, float*, int) const' at ./recastnavigation/Detour/Source/DetourNavMesh.cpp:337:21,
[INFO] [stderr] warning: recastnavigation-rs@0.1.0:     inlined from 'int dtNavMesh::findConnectingPolys(const float*, const float*, const dtMeshTile*, int, dtPolyRef*, float*, int) const' at ./recastnavigation/Detour/Source/DetourNavMesh.cpp:300:5:
[INFO] [stderr] warning: recastnavigation-rs@0.1.0: ./recastnavigation/Detour/Source/DetourNavMesh.cpp:46:34: warning: 'bmax[1]' may be used uninitialized [-Wmaybe-uninitialized]
[INFO] [stderr] warning: recastnavigation-rs@0.1.0:    46 |         const float bd = (bmax[1]-bmin[1]) / (bmax[0]-bmin[0]);
[INFO] [stderr] warning: recastnavigation-rs@0.1.0:       |                          ~~~~~~~~^~~~~~~~~
[INFO] [stderr] warning: recastnavigation-rs@0.1.0: ./recastnavigation/Detour/Source/DetourNavMesh.cpp: In member function 'int dtNavMesh::findConnectingPolys(const float*, const float*, const dtMeshTile*, int, dtPolyRef*, float*, int) const':
[INFO] [stderr] warning: recastnavigation-rs@0.1.0: ./recastnavigation/Detour/Source/DetourNavMesh.cpp:311:24: note: 'bmax[1]' was declared here
[INFO] [stderr] warning: recastnavigation-rs@0.1.0:   311 |         float bmin[2], bmax[2];
[INFO] [stderr] warning: recastnavigation-rs@0.1.0:       |                        ^~~~
[INFO] [stderr] warning: this operation will panic at runtime
[INFO] [stderr]    --> src/detour/base.rs:219:18
[INFO] [stderr]     |
[INFO] [stderr] 219 |     overlap = if amin[2] > bmax[2] || amax[2] < bmin[2] {
[INFO] [stderr]     |                  ^^^^^^^ index out of bounds: the length is 2 but the index is 2
[INFO] [stderr]     |
[INFO] [stderr]     = note: `#[warn(unconditional_panic)]` on by default
[INFO] [stderr] 
[INFO] [stderr] warning: this operation will panic at runtime
[INFO] [stderr]    --> src/detour/base.rs:219:28
[INFO] [stderr]     |
[INFO] [stderr] 219 |     overlap = if amin[2] > bmax[2] || amax[2] < bmin[2] {
[INFO] [stderr]     |                            ^^^^^^^ index out of bounds: the length is 2 but the index is 2
[INFO] [stderr] 
[INFO] [stderr] warning: this operation will panic at runtime
[INFO] [stderr]    --> src/detour/base.rs:219:39
[INFO] [stderr]     |
[INFO] [stderr] 219 |     overlap = if amin[2] > bmax[2] || amax[2] < bmin[2] {
[INFO] [stderr]     |                                       ^^^^^^^ index out of bounds: the length is 2 but the index is 2
[INFO] [stderr] 
[INFO] [stderr] warning: this operation will panic at runtime
[INFO] [stderr]    --> src/detour/base.rs:219:49
[INFO] [stderr]     |
[INFO] [stderr] 219 |     overlap = if amin[2] > bmax[2] || amax[2] < bmin[2] {
[INFO] [stderr]     |                                                 ^^^^^^^ index out of bounds: the length is 2 but the index is 2
[INFO] [stderr] 
[INFO] [stderr] warning: `recastnavigation-rs` (lib) generated 4 warnings
[INFO] [stderr] warning: `recastnavigation-rs` (lib test) generated 4 warnings (4 duplicates)
[INFO] [stderr]     Finished `release` profile [optimized] target(s) in 0.09s
[INFO] [stderr]      Running unittests src/lib.rs (/opt/rustwide/target/release/deps/recastnavigation_rs-290b2f6abe1d8ec6)
[INFO] [stdout] 
[INFO] [stdout] running 0 tests
[INFO] [stdout] 
[INFO] [stdout] test result: ok. 0 passed; 0 failed; 0 ignored; 0 measured; 0 filtered out; finished in 0.00s
[INFO] [stdout] 
[INFO] [stderr]      Running tests/query.rs (/opt/rustwide/target/release/deps/query-160c8e93acdb3094)
[INFO] [stdout] 
[INFO] [stdout] running 8 tests
[INFO] [stdout] test test_distance_to_wall ... FAILED
[INFO] [stdout] test test_find_polys_in_shape ... FAILED
[INFO] [stdout] test test_find_polys_in_circle ... FAILED
[INFO] [stdout] test test_deterministic_path_find_follow ... FAILED
[INFO] [stdout] test test_path_find_sliced ... FAILED
[INFO] [stdout] test test_find_local_neighbourhood ... FAILED
[INFO] [stdout] test test_raycast ... FAILED
[INFO] [stdout] test test_path_find_straight ... FAILED
[INFO] [stdout] 
[INFO] [stdout] failures:
[INFO] [stdout] 
[INFO] [stdout] ---- test_distance_to_wall stdout ----
[INFO] [stdout] 
[INFO] [stdout] thread 'test_distance_to_wall' (938) panicked at tests/query.rs:274:5:
[INFO] [stdout] called `Result::unwrap()` on an `Err` value: Failed
[INFO] [stdout] stack backtrace:
[INFO] [stdout]    0:     0x5556616b20f1 - <<std[70759c8f55707aa4]::sys::backtrace::BacktraceLock>::print::DisplayBacktrace as core[df12db4294e9bfd3]::fmt::Display>::fmt
[INFO] [stdout]    1:     0x5556616c656a - core[df12db4294e9bfd3]::fmt::write
[INFO] [stdout]    2:     0x5556616b658c - <alloc[2182bb758b4b3781]::vec::Vec<u8> as core[df12db4294e9bfd3]::io::write::Write>::write_fmt
[INFO] [stdout]    3:     0x55566168dce6 - std[70759c8f55707aa4]::panicking::default_hook::{closure#0}
[INFO] [stdout]    4:     0x5556616aa859 - std[70759c8f55707aa4]::panicking::default_hook
[INFO] [stdout]    5:     0x55566162e8b0 - test[9d35eded1c95d3be]::test_main_inner::<test[9d35eded1c95d3be]::test_main_static::{closure#0}>::{closure#0}
[INFO] [stdout]    6:     0x5556616aaa12 - std[70759c8f55707aa4]::panicking::panic_with_hook
[INFO] [stdout]    7:     0x55566168dd92 - std[70759c8f55707aa4]::panicking::panic_handler::{closure#0}
[INFO] [stdout]    8:     0x5556616869f9 - std[70759c8f55707aa4]::sys::backtrace::__rust_end_short_backtrace::<std[70759c8f55707aa4]::panicking::panic_handler::{closure#0}, !>
[INFO] [stdout]    9:     0x55566168e98d - __rustc[8fa7c3cbc660c2b3]::rust_begin_unwind
[INFO] [stdout]   10:     0x5556616c6c9c - core[df12db4294e9bfd3]::panicking::panic_fmt
[INFO] [stdout]   11:     0x5556616c6a72 - core[df12db4294e9bfd3]::result::unwrap_failed
[INFO] [stdout]   12:     0x55566160a94b - <query[653a42805960e4f2]::test_distance_to_wall::{closure#0} as core[df12db4294e9bfd3]::ops::function::FnOnce<()>>::call_once
[INFO] [stdout]   13:     0x555661621b9b - test[9d35eded1c95d3be]::__rust_begin_short_backtrace::<core[df12db4294e9bfd3]::result::Result<(), alloc[2182bb758b4b3781]::string::String>, fn() -> core[df12db4294e9bfd3]::result::Result<(), alloc[2182bb758b4b3781]::string::String>>
[INFO] [stdout]   14:     0x55566162f205 - test[9d35eded1c95d3be]::run_test::{closure#0}
[INFO] [stdout]   15:     0x555661628ac4 - std[70759c8f55707aa4]::sys::backtrace::__rust_begin_short_backtrace::<test[9d35eded1c95d3be]::run_test::{closure#1}, ()>
[INFO] [stdout]   16:     0x555661632362 - <std[70759c8f55707aa4]::thread::lifecycle::spawn_unchecked<test[9d35eded1c95d3be]::run_test::{closure#1}, ()>::{closure#1} as core[df12db4294e9bfd3]::ops::function::FnOnce<()>>::call_once::{shim:vtable#0}
[INFO] [stdout]   17:     0x5556616b19c9 - <std[70759c8f55707aa4]::sys::thread::unix::Thread>::new::thread_start
[INFO] [stdout]   18:     0x72d0b7caedfa - <unknown>
[INFO] [stdout]   19:     0x72d0b7d423d4 - clone
[INFO] [stdout]   20:                0x0 - <unknown>
[INFO] [stdout] 
[INFO] [stdout] ---- test_find_polys_in_shape stdout ----
[INFO] [stdout] 
[INFO] [stdout] thread 'test_find_polys_in_shape' (941) panicked at tests/query.rs:361:5:
[INFO] [stdout] called `Result::unwrap()` on an `Err` value: Failed
[INFO] [stdout] stack backtrace:
[INFO] [stdout]    0:     0x5556616b20f1 - <<std[70759c8f55707aa4]::sys::backtrace::BacktraceLock>::print::DisplayBacktrace as core[df12db4294e9bfd3]::fmt::Display>::fmt
[INFO] [stdout]    1:     0x5556616c656a - core[df12db4294e9bfd3]::fmt::write
[INFO] [stdout]    2:     0x5556616b658c - <alloc[2182bb758b4b3781]::vec::Vec<u8> as core[df12db4294e9bfd3]::io::write::Write>::write_fmt
[INFO] [stdout]    3:     0x55566168dce6 - std[70759c8f55707aa4]::panicking::default_hook::{closure#0}
[INFO] [stdout]    4:     0x5556616aa859 - std[70759c8f55707aa4]::panicking::default_hook
[INFO] [stdout]    5:     0x55566162e8b0 - test[9d35eded1c95d3be]::test_main_inner::<test[9d35eded1c95d3be]::test_main_static::{closure#0}>::{closure#0}
[INFO] [stdout]    6:     0x5556616aaa12 - std[70759c8f55707aa4]::panicking::panic_with_hook
[INFO] [stdout]    7:     0x55566168dd92 - std[70759c8f55707aa4]::panicking::panic_handler::{closure#0}
[INFO] [stdout]    8:     0x5556616869f9 - std[70759c8f55707aa4]::sys::backtrace::__rust_end_short_backtrace::<std[70759c8f55707aa4]::panicking::panic_handler::{closure#0}, !>
[INFO] [stdout]    9:     0x55566168e98d - __rustc[8fa7c3cbc660c2b3]::rust_begin_unwind
[INFO] [stdout]   10:     0x5556616c6c9c - core[df12db4294e9bfd3]::panicking::panic_fmt
[INFO] [stdout]   11:     0x5556616c6a72 - core[df12db4294e9bfd3]::result::unwrap_failed
[INFO] [stdout]   12:     0x555661611095 - <query[653a42805960e4f2]::test_find_polys_in_shape::{closure#0} as core[df12db4294e9bfd3]::ops::function::FnOnce<()>>::call_once
[INFO] [stdout]   13:     0x555661621b9b - test[9d35eded1c95d3be]::__rust_begin_short_backtrace::<core[df12db4294e9bfd3]::result::Result<(), alloc[2182bb758b4b3781]::string::String>, fn() -> core[df12db4294e9bfd3]::result::Result<(), alloc[2182bb758b4b3781]::string::String>>
[INFO] [stdout]   14:     0x55566162f205 - test[9d35eded1c95d3be]::run_test::{closure#0}
[INFO] [stdout]   15:     0x555661628ac4 - std[70759c8f55707aa4]::sys::backtrace::__rust_begin_short_backtrace::<test[9d35eded1c95d3be]::run_test::{closure#1}, ()>
[INFO] [stdout]   16:     0x555661632362 - <std[70759c8f55707aa4]::thread::lifecycle::spawn_unchecked<test[9d35eded1c95d3be]::run_test::{closure#1}, ()>::{closure#1} as core[df12db4294e9bfd3]::ops::function::FnOnce<()>>::call_once::{shim:vtable#0}
[INFO] [stdout]   17:     0x5556616b19c9 - <std[70759c8f55707aa4]::sys::thread::unix::Thread>::new::thread_start
[INFO] [stdout]   18:     0x72d0b7caedfa - <unknown>
[INFO] [stdout]   19:     0x72d0b7d423d4 - clone
[INFO] [stdout]   20:                0x0 - <unknown>
[INFO] [stdout] 
[INFO] [stdout] ---- test_find_polys_in_circle stdout ----
[INFO] [stdout] 
[INFO] [stdout] thread 'test_find_polys_in_circle' (940) panicked at tests/query.rs:308:5:
[INFO] [stdout] called `Result::unwrap()` on an `Err` value: Failed
[INFO] [stdout] stack backtrace:
[INFO] [stdout]    0:     0x5556616b20f1 - <<std[70759c8f55707aa4]::sys::backtrace::BacktraceLock>::print::DisplayBacktrace as core[df12db4294e9bfd3]::fmt::Display>::fmt
[INFO] [stdout]    1:     0x5556616c656a - core[df12db4294e9bfd3]::fmt::write
[INFO] [stdout]    2:     0x5556616b658c - <alloc[2182bb758b4b3781]::vec::Vec<u8> as core[df12db4294e9bfd3]::io::write::Write>::write_fmt
[INFO] [stdout]    3:     0x55566168dce6 - std[70759c8f55707aa4]::panicking::default_hook::{closure#0}
[INFO] [stdout]    4:     0x5556616aa859 - std[70759c8f55707aa4]::panicking::default_hook
[INFO] [stdout]    5:     0x55566162e8b0 - test[9d35eded1c95d3be]::test_main_inner::<test[9d35eded1c95d3be]::test_main_static::{closure#0}>::{closure#0}
[INFO] [stdout]    6:     0x5556616aaa12 - std[70759c8f55707aa4]::panicking::panic_with_hook
[INFO] [stdout]    7:     0x55566168dd92 - std[70759c8f55707aa4]::panicking::panic_handler::{closure#0}
[INFO] [stdout]    8:     0x5556616869f9 - std[70759c8f55707aa4]::sys::backtrace::__rust_end_short_backtrace::<std[70759c8f55707aa4]::panicking::panic_handler::{closure#0}, !>
[INFO] [stdout]    9:     0x55566168e98d - __rustc[8fa7c3cbc660c2b3]::rust_begin_unwind
[INFO] [stdout]   10:     0x5556616c6c9c - core[df12db4294e9bfd3]::panicking::panic_fmt
[INFO] [stdout]   11:     0x5556616c6a72 - core[df12db4294e9bfd3]::result::unwrap_failed
[INFO] [stdout]   12:     0x5556616132f5 - <query[653a42805960e4f2]::test_find_polys_in_circle::{closure#0} as core[df12db4294e9bfd3]::ops::function::FnOnce<()>>::call_once
[INFO] [stdout]   13:     0x555661621b9b - test[9d35eded1c95d3be]::__rust_begin_short_backtrace::<core[df12db4294e9bfd3]::result::Result<(), alloc[2182bb758b4b3781]::string::String>, fn() -> core[df12db4294e9bfd3]::result::Result<(), alloc[2182bb758b4b3781]::string::String>>
[INFO] [stdout]   14:     0x55566162f205 - test[9d35eded1c95d3be]::run_test::{closure#0}
[INFO] [stdout]   15:     0x555661628ac4 - std[70759c8f55707aa4]::sys::backtrace::__rust_begin_short_backtrace::<test[9d35eded1c95d3be]::run_test::{closure#1}, ()>
[INFO] [stdout]   16:     0x555661632362 - <std[70759c8f55707aa4]::thread::lifecycle::spawn_unchecked<test[9d35eded1c95d3be]::run_test::{closure#1}, ()>::{closure#1} as core[df12db4294e9bfd3]::ops::function::FnOnce<()>>::call_once::{shim:vtable#0}
[INFO] [stdout]   17:     0x5556616b19c9 - <std[70759c8f55707aa4]::sys::thread::unix::Thread>::new::thread_start
[INFO] [stdout]   18:     0x72d0b7caedfa - <unknown>
[INFO] [stdout]   19:     0x72d0b7d423d4 - clone
[INFO] [stdout]   20:                0x0 - <unknown>
[INFO] [stdout] 
[INFO] [stdout] ---- test_deterministic_path_find_follow stdout ----
[INFO] [stdout] 
[INFO] [stdout] thread 'test_deterministic_path_find_follow' (937) panicked at tests/query.rs:461:5:
[INFO] [stdout] called `Result::unwrap()` on an `Err` value: Failed
[INFO] [stdout] stack backtrace:
[INFO] [stdout]    0:     0x5556616b20f1 - <<std[70759c8f55707aa4]::sys::backtrace::BacktraceLock>::print::DisplayBacktrace as core[df12db4294e9bfd3]::fmt::Display>::fmt
[INFO] [stdout]    1:     0x5556616c656a - core[df12db4294e9bfd3]::fmt::write
[INFO] [stdout]    2:     0x5556616b658c - <alloc[2182bb758b4b3781]::vec::Vec<u8> as core[df12db4294e9bfd3]::io::write::Write>::write_fmt
[INFO] [stdout]    3:     0x55566168dce6 - std[70759c8f55707aa4]::panicking::default_hook::{closure#0}
[INFO] [stdout]    4:     0x5556616aa859 - std[70759c8f55707aa4]::panicking::default_hook
[INFO] [stdout]    5:     0x55566162e8b0 - test[9d35eded1c95d3be]::test_main_inner::<test[9d35eded1c95d3be]::test_main_static::{closure#0}>::{closure#0}
[INFO] [stdout]    6:     0x5556616aaa12 - std[70759c8f55707aa4]::panicking::panic_with_hook
[INFO] [stdout]    7:     0x55566168dd92 - std[70759c8f55707aa4]::panicking::panic_handler::{closure#0}
[INFO] [stdout]    8:     0x5556616869f9 - std[70759c8f55707aa4]::sys::backtrace::__rust_end_short_backtrace::<std[70759c8f55707aa4]::panicking::panic_handler::{closure#0}, !>
[INFO] [stdout]    9:     0x55566168e98d - __rustc[8fa7c3cbc660c2b3]::rust_begin_unwind
[INFO] [stdout]   10:     0x5556616c6c9c - core[df12db4294e9bfd3]::panicking::panic_fmt
[INFO] [stdout]   11:     0x5556616c6a72 - core[df12db4294e9bfd3]::result::unwrap_failed
[INFO] [stdout]   12:     0x555661617088 - <query[653a42805960e4f2]::test_deterministic_path_find_follow::{closure#0} as core[df12db4294e9bfd3]::ops::function::FnOnce<()>>::call_once
[INFO] [stdout]   13:     0x555661621b9b - test[9d35eded1c95d3be]::__rust_begin_short_backtrace::<core[df12db4294e9bfd3]::result::Result<(), alloc[2182bb758b4b3781]::string::String>, fn() -> core[df12db4294e9bfd3]::result::Result<(), alloc[2182bb758b4b3781]::string::String>>
[INFO] [stdout]   14:     0x55566162f205 - test[9d35eded1c95d3be]::run_test::{closure#0}
[INFO] [stdout]   15:     0x555661628ac4 - std[70759c8f55707aa4]::sys::backtrace::__rust_begin_short_backtrace::<test[9d35eded1c95d3be]::run_test::{closure#1}, ()>
[INFO] [stdout]   16:     0x555661632362 - <std[70759c8f55707aa4]::thread::lifecycle::spawn_unchecked<test[9d35eded1c95d3be]::run_test::{closure#1}, ()>::{closure#1} as core[df12db4294e9bfd3]::ops::function::FnOnce<()>>::call_once::{shim:vtable#0}
[INFO] [stdout]   17:     0x5556616b19c9 - <std[70759c8f55707aa4]::sys::thread::unix::Thread>::new::thread_start
[INFO] [stdout]   18:     0x72d0b7caedfa - <unknown>
[INFO] [stdout]   19:     0x72d0b7d423d4 - clone
[INFO] [stdout]   20:                0x0 - <unknown>
[INFO] [stdout] 
[INFO] [stdout] ---- test_path_find_sliced stdout ----
[INFO] [stdout] 
[INFO] [stdout] thread 'test_path_find_sliced' (942) panicked at tests/query.rs:144:5:
[INFO] [stdout] called `Result::unwrap()` on an `Err` value: Failed
[INFO] [stdout] stack backtrace:
[INFO] [stdout]    0:     0x5556616b20f1 - <<std[70759c8f55707aa4]::sys::backtrace::BacktraceLock>::print::DisplayBacktrace as core[df12db4294e9bfd3]::fmt::Display>::fmt
[INFO] [stdout]    1:     0x5556616c656a - core[df12db4294e9bfd3]::fmt::write
[INFO] [stdout]    2:     0x5556616b658c - <alloc[2182bb758b4b3781]::vec::Vec<u8> as core[df12db4294e9bfd3]::io::write::Write>::write_fmt
[INFO] [stdout]    3:     0x55566168dce6 - std[70759c8f55707aa4]::panicking::default_hook::{closure#0}
[INFO] [stdout]    4:     0x5556616aa859 - std[70759c8f55707aa4]::panicking::default_hook
[INFO] [stdout]    5:     0x55566162e8b0 - test[9d35eded1c95d3be]::test_main_inner::<test[9d35eded1c95d3be]::test_main_static::{closure#0}>::{closure#0}
[INFO] [stdout]    6:     0x5556616aaa12 - std[70759c8f55707aa4]::panicking::panic_with_hook
[INFO] [stdout]    7:     0x55566168dd92 - std[70759c8f55707aa4]::panicking::panic_handler::{closure#0}
[INFO] [stdout]    8:     0x5556616869f9 - std[70759c8f55707aa4]::sys::backtrace::__rust_end_short_backtrace::<std[70759c8f55707aa4]::panicking::panic_handler::{closure#0}, !>
[INFO] [stdout]    9:     0x55566168e98d - __rustc[8fa7c3cbc660c2b3]::rust_begin_unwind
[INFO] [stdout]   10:     0x5556616c6c9c - core[df12db4294e9bfd3]::panicking::panic_fmt
[INFO] [stdout]   11:     0x5556616c6a72 - core[df12db4294e9bfd3]::result::unwrap_failed
[INFO] [stdout]   12:     0x55566160cbd9 - <query[653a42805960e4f2]::test_path_find_sliced::{closure#0} as core[df12db4294e9bfd3]::ops::function::FnOnce<()>>::call_once
[INFO] [stdout]   13:     0x555661621b9b - test[9d35eded1c95d3be]::__rust_begin_short_backtrace::<core[df12db4294e9bfd3]::result::Result<(), alloc[2182bb758b4b3781]::string::String>, fn() -> core[df12db4294e9bfd3]::result::Result<(), alloc[2182bb758b4b3781]::string::String>>
[INFO] [stdout]   14:     0x55566162f205 - test[9d35eded1c95d3be]::run_test::{closure#0}
[INFO] [stdout]   15:     0x555661628ac4 - std[70759c8f55707aa4]::sys::backtrace::__rust_begin_short_backtrace::<test[9d35eded1c95d3be]::run_test::{closure#1}, ()>
[INFO] [stdout]   16:     0x555661632362 - <std[70759c8f55707aa4]::thread::lifecycle::spawn_unchecked<test[9d35eded1c95d3be]::run_test::{closure#1}, ()>::{closure#1} as core[df12db4294e9bfd3]::ops::function::FnOnce<()>>::call_once::{shim:vtable#0}
[INFO] [stdout]   17:     0x5556616b19c9 - <std[70759c8f55707aa4]::sys::thread::unix::Thread>::new::thread_start
[INFO] [stdout]   18:     0x72d0b7caedfa - <unknown>
[INFO] [stdout]   19:     0x72d0b7d423d4 - clone
[INFO] [stdout]   20:                0x0 - <unknown>
[INFO] [stdout] 
[INFO] [stdout] ---- test_find_local_neighbourhood stdout ----
[INFO] [stdout] 
[INFO] [stdout] thread 'test_find_local_neighbourhood' (939) panicked at tests/query.rs:422:5:
[INFO] [stdout] called `Result::unwrap()` on an `Err` value: Failed
[INFO] [stdout] stack backtrace:
[INFO] [stdout]    0:     0x5556616b20f1 - <<std[70759c8f55707aa4]::sys::backtrace::BacktraceLock>::print::DisplayBacktrace as core[df12db4294e9bfd3]::fmt::Display>::fmt
[INFO] [stdout]    1:     0x5556616c656a - core[df12db4294e9bfd3]::fmt::write
[INFO] [stdout]    2:     0x5556616b658c - <alloc[2182bb758b4b3781]::vec::Vec<u8> as core[df12db4294e9bfd3]::io::write::Write>::write_fmt
[INFO] [stdout]    3:     0x55566168dce6 - std[70759c8f55707aa4]::panicking::default_hook::{closure#0}
[INFO] [stdout]    4:     0x5556616aa859 - std[70759c8f55707aa4]::panicking::default_hook
[INFO] [stdout]    5:     0x55566162e8b0 - test[9d35eded1c95d3be]::test_main_inner::<test[9d35eded1c95d3be]::test_main_static::{closure#0}>::{closure#0}
[INFO] [stdout]    6:     0x5556616aaa12 - std[70759c8f55707aa4]::panicking::panic_with_hook
[INFO] [stdout]    7:     0x55566168dd92 - std[70759c8f55707aa4]::panicking::panic_handler::{closure#0}
[INFO] [stdout]    8:     0x5556616869f9 - std[70759c8f55707aa4]::sys::backtrace::__rust_end_short_backtrace::<std[70759c8f55707aa4]::panicking::panic_handler::{closure#0}, !>
[INFO] [stdout]    9:     0x55566168e98d - __rustc[8fa7c3cbc660c2b3]::rust_begin_unwind
[INFO] [stdout]   10:     0x5556616c6c9c - core[df12db4294e9bfd3]::panicking::panic_fmt
[INFO] [stdout]   11:     0x5556616c6a72 - core[df12db4294e9bfd3]::result::unwrap_failed
[INFO] [stdout]   12:     0x555661615342 - <query[653a42805960e4f2]::test_find_local_neighbourhood::{closure#0} as core[df12db4294e9bfd3]::ops::function::FnOnce<()>>::call_once
[INFO] [stdout]   13:     0x555661621b9b - test[9d35eded1c95d3be]::__rust_begin_short_backtrace::<core[df12db4294e9bfd3]::result::Result<(), alloc[2182bb758b4b3781]::string::String>, fn() -> core[df12db4294e9bfd3]::result::Result<(), alloc[2182bb758b4b3781]::string::String>>
[INFO] [stdout]   14:     0x55566162f205 - test[9d35eded1c95d3be]::run_test::{closure#0}
[INFO] [stdout]   15:     0x555661628ac4 - std[70759c8f55707aa4]::sys::backtrace::__rust_begin_short_backtrace::<test[9d35eded1c95d3be]::run_test::{closure#1}, ()>
[INFO] [stdout]   16:     0x555661632362 - <std[70759c8f55707aa4]::thread::lifecycle::spawn_unchecked<test[9d35eded1c95d3be]::run_test::{closure#1}, ()>::{closure#1} as core[df12db4294e9bfd3]::ops::function::FnOnce<()>>::call_once::{shim:vtable#0}
[INFO] [stdout]   17:     0x5556616b19c9 - <std[70759c8f55707aa4]::sys::thread::unix::Thread>::new::thread_start
[INFO] [stdout]   18:     0x72d0b7caedfa - <unknown>
[INFO] [stdout]   19:     0x72d0b7d423d4 - clone
[INFO] [stdout]   20:                0x0 - <unknown>
[INFO] [stdout] 
[INFO] [stdout] ---- test_raycast stdout ----
[INFO] [stdout] 
[INFO] [stdout] thread 'test_raycast' (944) panicked at tests/query.rs:216:5:
[INFO] [stdout] called `Result::unwrap()` on an `Err` value: Failed
[INFO] [stdout] stack backtrace:
[INFO] [stdout]    0:     0x5556616b20f1 - <<std[70759c8f55707aa4]::sys::backtrace::BacktraceLock>::print::DisplayBacktrace as core[df12db4294e9bfd3]::fmt::Display>::fmt
[INFO] [stdout]    1:     0x5556616c656a - core[df12db4294e9bfd3]::fmt::write
[INFO] [stdout]    2:     0x5556616b658c - <alloc[2182bb758b4b3781]::vec::Vec<u8> as core[df12db4294e9bfd3]::io::write::Write>::write_fmt
[INFO] [stdout]    3:     0x55566168dce6 - std[70759c8f55707aa4]::panicking::default_hook::{closure#0}
[INFO] [stdout]    4:     0x5556616aa859 - std[70759c8f55707aa4]::panicking::default_hook
[INFO] [stdout]    5:     0x55566162e8b0 - test[9d35eded1c95d3be]::test_main_inner::<test[9d35eded1c95d3be]::test_main_static::{closure#0}>::{closure#0}
[INFO] [stdout]    6:     0x5556616aaa12 - std[70759c8f55707aa4]::panicking::panic_with_hook
[INFO] [stdout]    7:     0x55566168dd92 - std[70759c8f55707aa4]::panicking::panic_handler::{closure#0}
[INFO] [stdout]    8:     0x5556616869f9 - std[70759c8f55707aa4]::sys::backtrace::__rust_end_short_backtrace::<std[70759c8f55707aa4]::panicking::panic_handler::{closure#0}, !>
[INFO] [stdout]    9:     0x55566168e98d - __rustc[8fa7c3cbc660c2b3]::rust_begin_unwind
[INFO] [stdout]   10:     0x5556616c6c9c - core[df12db4294e9bfd3]::panicking::panic_fmt
[INFO] [stdout]   11:     0x5556616c6a72 - core[df12db4294e9bfd3]::result::unwrap_failed
[INFO] [stdout]   12:     0x555661608f53 - <query[653a42805960e4f2]::test_raycast::{closure#0} as core[df12db4294e9bfd3]::ops::function::FnOnce<()>>::call_once
[INFO] [stdout]   13:     0x555661621b9b - test[9d35eded1c95d3be]::__rust_begin_short_backtrace::<core[df12db4294e9bfd3]::result::Result<(), alloc[2182bb758b4b3781]::string::String>, fn() -> core[df12db4294e9bfd3]::result::Result<(), alloc[2182bb758b4b3781]::string::String>>
[INFO] [stdout]   14:     0x55566162f205 - test[9d35eded1c95d3be]::run_test::{closure#0}
[INFO] [stdout]   15:     0x555661628ac4 - std[70759c8f55707aa4]::sys::backtrace::__rust_begin_short_backtrace::<test[9d35eded1c95d3be]::run_test::{closure#1}, ()>
[INFO] [stdout]   16:     0x555661632362 - <std[70759c8f55707aa4]::thread::lifecycle::spawn_unchecked<test[9d35eded1c95d3be]::run_test::{closure#1}, ()>::{closure#1} as core[df12db4294e9bfd3]::ops::function::FnOnce<()>>::call_once::{shim:vtable#0}
[INFO] [stdout]   17:     0x5556616b19c9 - <std[70759c8f55707aa4]::sys::thread::unix::Thread>::new::thread_start
[INFO] [stdout]   18:     0x72d0b7caedfa - <unknown>
[INFO] [stdout]   19:     0x72d0b7d423d4 - clone
[INFO] [stdout]   20:                0x0 - <unknown>
[INFO] [stdout] 
[INFO] [stdout] ---- test_path_find_straight stdout ----
[INFO] [stdout] 
[INFO] [stdout] thread 'test_path_find_straight' (943) panicked at tests/query.rs:82:5:
[INFO] [stdout] called `Result::unwrap()` on an `Err` value: Failed
[INFO] [stdout] stack backtrace:
[INFO] [stdout]    0:     0x5556616b20f1 - <<std[70759c8f55707aa4]::sys::backtrace::BacktraceLock>::print::DisplayBacktrace as core[df12db4294e9bfd3]::fmt::Display>::fmt
[INFO] [stdout]    1:     0x5556616c656a - core[df12db4294e9bfd3]::fmt::write
[INFO] [stdout]    2:     0x5556616b658c - <alloc[2182bb758b4b3781]::vec::Vec<u8> as core[df12db4294e9bfd3]::io::write::Write>::write_fmt
[INFO] [stdout]    3:     0x55566168dce6 - std[70759c8f55707aa4]::panicking::default_hook::{closure#0}
[INFO] [stdout]    4:     0x5556616aa859 - std[70759c8f55707aa4]::panicking::default_hook
[INFO] [stdout]    5:     0x55566162e8b0 - test[9d35eded1c95d3be]::test_main_inner::<test[9d35eded1c95d3be]::test_main_static::{closure#0}>::{closure#0}
[INFO] [stdout]    6:     0x5556616aaa12 - std[70759c8f55707aa4]::panicking::panic_with_hook
[INFO] [stdout]    7:     0x55566168dd92 - std[70759c8f55707aa4]::panicking::panic_handler::{closure#0}
[INFO] [stdout]    8:     0x5556616869f9 - std[70759c8f55707aa4]::sys::backtrace::__rust_end_short_backtrace::<std[70759c8f55707aa4]::panicking::panic_handler::{closure#0}, !>
[INFO] [stdout]    9:     0x55566168e98d - __rustc[8fa7c3cbc660c2b3]::rust_begin_unwind
[INFO] [stdout]   10:     0x5556616c6c9c - core[df12db4294e9bfd3]::panicking::panic_fmt
[INFO] [stdout]   11:     0x5556616c6a72 - core[df12db4294e9bfd3]::result::unwrap_failed
[INFO] [stdout]   12:     0x55566160ef49 - <query[653a42805960e4f2]::test_path_find_straight::{closure#0} as core[df12db4294e9bfd3]::ops::function::FnOnce<()>>::call_once
[INFO] [stdout]   13:     0x555661621b9b - test[9d35eded1c95d3be]::__rust_begin_short_backtrace::<core[df12db4294e9bfd3]::result::Result<(), alloc[2182bb758b4b3781]::string::String>, fn() -> core[df12db4294e9bfd3]::result::Result<(), alloc[2182bb758b4b3781]::string::String>>
[INFO] [stdout]   14:     0x55566162f205 - test[9d35eded1c95d3be]::run_test::{closure#0}
[INFO] [stdout]   15:     0x555661628ac4 - std[70759c8f55707aa4]::sys::backtrace::__rust_begin_short_backtrace::<test[9d35eded1c95d3be]::run_test::{closure#1}, ()>
[INFO] [stdout]   16:     0x555661632362 - <std[70759c8f55707aa4]::thread::lifecycle::spawn_unchecked<test[9d35eded1c95d3be]::run_test::{closure#1}, ()>::{closure#1} as core[df12db4294e9bfd3]::ops::function::FnOnce<()>>::call_once::{shim:vtable#0}
[INFO] [stdout]   17:     0x5556616b19c9 - <std[70759c8f55707aa4]::sys::thread::unix::Thread>::new::thread_start
[INFO] [stdout]   18:     0x72d0b7caedfa - <unknown>
[INFO] [stdout]   19:     0x72d0b7d423d4 - clone
[INFO] [stdout]   20:                0x0 - <unknown>
[INFO] [stdout] 
[INFO] [stdout] 
[INFO] [stdout] failures:
[INFO] [stdout]     test_deterministic_path_find_follow
[INFO] [stdout]     test_distance_to_wall
[INFO] [stdout]     test_find_local_neighbourhood
[INFO] [stdout]     test_find_polys_in_circle
[INFO] [stdout]     test_find_polys_in_shape
[INFO] [stdout]     test_path_find_sliced
[INFO] [stdout]     test_path_find_straight
[INFO] [stdout]     test_raycast
[INFO] [stdout] 
[INFO] [stdout] test result: FAILED. 0 passed; 8 failed; 0 ignored; 0 measured; 0 filtered out; finished in 0.00s
[INFO] [stdout] 
[INFO] [stderr] error: test failed, to rerun pass `--test query`
[INFO] running `Command { std: "docker" "inspect" "2bc338e73e7be30336f5712e2eafff2d0b474471e3048dade6c5c987171f26fa", kill_on_drop: false }`
[INFO] running `Command { std: "docker" "rm" "-f" "2bc338e73e7be30336f5712e2eafff2d0b474471e3048dade6c5c987171f26fa", kill_on_drop: false }`
[INFO] [stdout] 2bc338e73e7be30336f5712e2eafff2d0b474471e3048dade6c5c987171f26fa
