[INFO] fetching crate reap-grep 0.0.2...
[INFO] testing reap-grep-0.0.2 against 1.99.0-beta.8+cargoflags=--release for beta-release-1.100-2
[INFO] extracting crate reap-grep 0.0.2 into /workspace/builds/worker-7-tc1/source
[INFO] started tweaking crates.io crate reap-grep 0.0.2
[INFO] finished tweaking crates.io crate reap-grep 0.0.2
[INFO] tweaked toml for crates.io crate reap-grep 0.0.2 written to /workspace/builds/worker-7-tc1/source/Cargo.toml
[INFO] validating manifest of crates.io crate reap-grep 0.0.2 on toolchain 1.99.0-beta.8
[INFO] running `Command { std: CARGO_HOME="/workspace/cargo-home" RUSTUP_HOME="/workspace/rustup-home" "/workspace/cargo-home/bin/cargo" "+1.99.0-beta.8" "metadata" "--manifest-path" "Cargo.toml" "--no-deps", kill_on_drop: false }`
[INFO] crate crates.io crate reap-grep 0.0.2 already has a lockfile, it will not be regenerated
[INFO] running `Command { std: CARGO_HOME="/workspace/cargo-home" RUSTUP_HOME="/workspace/rustup-home" "/workspace/cargo-home/bin/cargo" "+1.99.0-beta.8" "fetch" "--manifest-path" "Cargo.toml", kill_on_drop: false }`
[INFO] [stderr]     Blocking waiting for file lock on package cache
[INFO] [stderr]     Updating crates.io index
[INFO] [stderr]  Downloading crates ...
[INFO] [stderr]   Downloaded thiserror-impl v1.0.38
[INFO] [stderr]   Downloaded thiserror v1.0.38
[INFO] [stderr]   Downloaded unescape v0.1.0
[INFO] [stderr]   Downloaded unicode-ident v1.0.6
[INFO] [stderr]   Downloaded hermit-abi v0.1.19
[INFO] [stderr]   Downloaded atty v0.2.14
[INFO] [stderr]   Downloaded version_check v0.9.4
[INFO] [stderr]   Downloaded strsim v0.8.0
[INFO] [stderr]   Downloaded tempfile v3.3.0
[INFO] [stderr]   Downloaded ansi_term v0.12.1
[INFO] [stderr]   Downloaded syn v1.0.107
[INFO] [stderr]   Downloaded serde v1.0.152
[INFO] [stderr]   Downloaded termcolor v1.2.0
[INFO] [stderr]   Downloaded textwrap v0.11.0
[INFO] [stderr]   Downloaded quote v1.0.23
[INFO] [stderr]   Downloaded vec_map v0.8.2
[INFO] [stderr]   Downloaded doc-comment v0.3.3
[INFO] [stderr]   Downloaded proc-macro2 v1.0.51
[INFO] [stderr]   Downloaded fastrand v1.9.0
[INFO] [stderr]   Downloaded scopeguard v1.1.0
[INFO] [stderr]   Downloaded either v1.8.1
[INFO] [stderr]   Downloaded roff v0.1.0
[INFO] [stderr]   Downloaded once_cell v1.17.1
[INFO] [stderr]   Downloaded difflib v0.4.0
[INFO] [stderr]   Downloaded instant v0.1.12
[INFO] [stderr]   Downloaded cfg-if v1.0.0
[INFO] [stderr]   Downloaded termtree v0.4.0
[INFO] [stderr]   Downloaded shell-words v1.1.0
[INFO] [stderr]   Downloaded num_cpus v1.15.0
[INFO] [stderr]   Downloaded globset v0.4.10
[INFO] [stderr]   Downloaded overload v0.1.1
[INFO] [stderr]   Downloaded predicates-tree v1.0.7
[INFO] [stderr]   Downloaded predicates-core v1.0.5
[INFO] [stderr]   Downloaded predicates v2.1.5
[INFO] [stderr]   Downloaded remove_dir_all v0.5.3
[INFO] [stderr]   Downloaded redox_syscall v0.2.16
[INFO] [stderr]   Downloaded structopt-derive v0.4.18
[INFO] [stderr]   Downloaded proc-macro-error-attr v1.0.4
[INFO] [stderr]   Downloaded hermit-abi v0.2.6
[INFO] [stderr]   Downloaded lazy_static v1.4.0
[INFO] [stderr]   Downloaded log v0.4.17
[INFO] [stderr]   Downloaded proc-macro-error v1.0.4
[INFO] [stderr]   Downloaded autocfg v1.1.0
[INFO] [stderr]   Downloaded man v0.3.0
[INFO] [stderr]   Downloaded winapi-util v0.1.5
[INFO] [stderr]   Downloaded walkdir v2.3.2
[INFO] [stderr]   Downloaded assert_cmd v1.0.8
[INFO] [stderr]   Downloaded heck v0.3.3
[INFO] [stderr]   Downloaded windows-targets v0.42.2
[INFO] [stderr]   Downloaded memmap v0.7.0
[INFO] [stderr]   Downloaded wait-timeout v0.2.0
[INFO] [stderr]   Downloaded memoffset v0.7.1
[INFO] [stderr]   Downloaded thread_local v1.1.7
[INFO] [stderr]   Downloaded globwalk v0.8.1
[INFO] [stderr]   Downloaded ctrlc v3.2.5
[INFO] [stderr]   Downloaded structopt v0.3.26
[INFO] [stderr]   Downloaded ignore v0.4.20
[INFO] [stderr]   Downloaded nu-ansi-term v0.46.0
[INFO] [stderr]   Downloaded static_assertions v1.1.0
[INFO] [stderr]   Downloaded anyhow v1.0.69
[INFO] [stderr]   Downloaded unicode-width v0.1.10
[INFO] [stderr]   Downloaded crossbeam-deque v0.8.2
[INFO] [stderr]   Downloaded grep-cli v0.1.7
[INFO] [stderr]   Downloaded diffy-fork-filenames v0.4.0
[INFO] [stderr]   Downloaded rayon-core v1.10.2
[INFO] [stderr]   Downloaded crossbeam-utils v0.8.14
[INFO] [stderr]   Downloaded crossbeam-epoch v0.9.13
[INFO] [stderr]   Downloaded crossbeam-channel v0.5.6
[INFO] [stderr]   Downloaded indexmap v1.9.2
[INFO] [stderr]   Downloaded memchr v2.5.0
[INFO] [stderr]   Downloaded unicode-segmentation v1.10.1
[INFO] [stderr]   Downloaded regex-automata v0.1.10
[INFO] [stderr]   Downloaded aho-corasick v0.7.20
[INFO] [stderr]   Downloaded hashbrown v0.12.3
[INFO] [stderr]   Downloaded clap v2.34.0
[INFO] [stderr]   Downloaded rayon v1.6.1
[INFO] [stderr]   Downloaded regex v1.7.1
[INFO] [stderr]   Downloaded bstr v0.2.17
[INFO] [stderr]   Downloaded regex-syntax v0.6.28
[INFO] [stderr]   Downloaded nix v0.26.2
[INFO] [stderr]   Downloaded bstr v1.3.0
[INFO] [stderr]   Downloaded windows_x86_64_gnullvm v0.42.2
[INFO] [stderr]   Downloaded windows_aarch64_gnullvm v0.42.2
[INFO] [stderr]   Downloaded libc v0.2.139
[INFO] [stderr]   Downloaded windows_x86_64_msvc v0.42.2
[INFO] [stderr]   Downloaded windows_x86_64_gnu v0.42.2
[INFO] [stderr]   Downloaded windows_aarch64_msvc v0.42.2
[INFO] [stderr]   Downloaded windows_i686_gnu v0.42.2
[INFO] [stderr]   Downloaded windows_i686_msvc v0.42.2
[INFO] [stderr]   Downloaded windows-sys v0.45.0
[INFO] running `Command { std: "docker" "create" "-v" "/var/lib/crater-agent-workspace/builds/worker-7-tc1/source:/opt/rustwide/workdir:ro,Z" "-v" "/var/lib/crater-agent-workspace/builds/worker-7-tc1/target:/opt/rustwide/target:rw,Z" "-v" "/var/lib/crater-agent-workspace/cargo-home:/opt/rustwide/cargo-home:ro,Z" "-v" "/var/lib/crater-agent-workspace/rustup-home:/opt/rustwide/rustup-home:ro,Z" "-m" "1610612736" "--network" "none" "ghcr.io/rust-lang/crates-build-env/linux@sha256:77db811e55d90add9212f6832c23229e3de5f1c1f9905e8cb07319ea15df73ac" "sleep" "infinity", kill_on_drop: false }`
[INFO] [stdout] b37011551cf7960317d3d0a747ba4c7aa57ce4467c8f3bb48dd5e4f745ef6d1a
[INFO] running `Command { std: "docker" "start" "b37011551cf7960317d3d0a747ba4c7aa57ce4467c8f3bb48dd5e4f745ef6d1a", kill_on_drop: false }`
[INFO] running `Command { std: "docker" "inspect" "b37011551cf7960317d3d0a747ba4c7aa57ce4467c8f3bb48dd5e4f745ef6d1a", kill_on_drop: false }`
[INFO] running `Command { std: "docker" "exec" "-e" "SOURCE_DIR=/opt/rustwide/workdir" "-e" "CARGO_HOME=/opt/rustwide/cargo-home" "-e" "RUSTUP_HOME=/opt/rustwide/rustup-home" "-e" "CARGO_TARGET_DIR=/opt/rustwide/target" "-w" "/opt/rustwide/workdir" "--user" "0:0" "b37011551cf7960317d3d0a747ba4c7aa57ce4467c8f3bb48dd5e4f745ef6d1a" "/opt/rustwide/cargo-home/bin/cargo" "+1.99.0-beta.8" "metadata" "--no-deps" "--format-version=1", kill_on_drop: false }`
[INFO] running `Command { std: "docker" "inspect" "b37011551cf7960317d3d0a747ba4c7aa57ce4467c8f3bb48dd5e4f745ef6d1a", kill_on_drop: false }`
[INFO] running `Command { std: "docker" "exec" "-e" "SOURCE_DIR=/opt/rustwide/workdir" "-e" "CARGO_HOME=/opt/rustwide/cargo-home" "-e" "RUSTUP_HOME=/opt/rustwide/rustup-home" "-e" "CARGO_TARGET_DIR=/opt/rustwide/target" "-e" "CARGO_INCREMENTAL=0" "-e" "RUST_BACKTRACE=full" "-e" "RUSTFLAGS=--cap-lints=warn" "-e" "RUSTDOCFLAGS=--cap-lints=warn" "-w" "/opt/rustwide/workdir" "--user" "0:0" "b37011551cf7960317d3d0a747ba4c7aa57ce4467c8f3bb48dd5e4f745ef6d1a" "/opt/rustwide/cargo-home/bin/cargo" "+1.99.0-beta.8" "build" "--frozen" "--message-format=json" "--release", kill_on_drop: false }`
[INFO] [stderr]    Compiling libc v0.2.139
[INFO] [stderr]    Compiling cfg-if v1.0.0
[INFO] [stderr]    Compiling proc-macro2 v1.0.51
[INFO] [stderr]    Compiling unicode-ident v1.0.6
[INFO] [stderr]    Compiling autocfg v1.1.0
[INFO] [stderr]    Compiling quote v1.0.23
[INFO] [stderr]    Compiling version_check v0.9.4
[INFO] [stderr]    Compiling syn v1.0.107
[INFO] [stderr]    Compiling memchr v2.5.0
[INFO] [stderr]    Compiling crossbeam-utils v0.8.14
[INFO] [stderr]    Compiling once_cell v1.17.1
[INFO] [stderr]    Compiling log v0.4.17
[INFO] [stderr]    Compiling unicode-segmentation v1.10.1
[INFO] [stderr]    Compiling bitflags v1.3.2
[INFO] [stderr]    Compiling unicode-width v0.1.10
[INFO] [stderr]    Compiling regex-automata v0.1.10
[INFO] [stderr]    Compiling regex-syntax v0.6.28
[INFO] [stderr]    Compiling scopeguard v1.1.0
[INFO] [stderr]    Compiling ansi_term v0.12.1
[INFO] [stderr]    Compiling textwrap v0.11.0
[INFO] [stderr]    Compiling vec_map v0.8.2
[INFO] [stderr]    Compiling same-file v1.0.6
[INFO] [stderr]    Compiling fnv v1.0.7
[INFO] [stderr]    Compiling strsim v0.8.0
[INFO] [stderr]    Compiling lazy_static v1.4.0
[INFO] [stderr]    Compiling rayon-core v1.10.2
[INFO] [stderr]    Compiling roff v0.1.0
[INFO] [stderr]    Compiling walkdir v2.3.2
[INFO] [stderr]    Compiling thread_local v1.1.7
[INFO] [stderr]    Compiling static_assertions v1.1.0
[INFO] [stderr]    Compiling man v0.3.0
[INFO] [stderr]    Compiling overload v0.1.1
[INFO] [stderr]    Compiling proc-macro-error-attr v1.0.4
[INFO] [stderr]    Compiling proc-macro-error v1.0.4
[INFO] [stderr]    Compiling thiserror v1.0.38
[INFO] [stderr]    Compiling nu-ansi-term v0.46.0
[INFO] [stderr]    Compiling fastrand v1.9.0
[INFO] [stderr]    Compiling hashbrown v0.12.3
[INFO] [stderr]    Compiling memoffset v0.7.1
[INFO] [stderr]    Compiling crossbeam-epoch v0.9.13
[INFO] [stderr]    Compiling indexmap v1.9.2
[INFO] [stderr]    Compiling heck v0.3.3
[INFO] [stderr]    Compiling either v1.8.1
[INFO] [stderr]    Compiling remove_dir_all v0.5.3
[INFO] [stderr]    Compiling termcolor v1.2.0
[INFO] [stderr]    Compiling shell-words v1.1.0
[INFO] [stderr]    Compiling unescape v0.1.0
[INFO] [stderr]    Compiling crossbeam-channel v0.5.6
[INFO] [stderr]    Compiling diffy-fork-filenames v0.4.0
[INFO] [stderr]    Compiling aho-corasick v0.7.20
[INFO] [stderr]    Compiling bstr v1.3.0
[INFO] [stderr]    Compiling crossbeam-deque v0.8.2
[INFO] [stderr]    Compiling atty v0.2.14
[INFO] [stderr]    Compiling clap v2.34.0
[INFO] [stderr]    Compiling num_cpus v1.15.0
[INFO] [stderr]    Compiling nix v0.26.2
[INFO] [stderr]    Compiling tempfile v3.3.0
[INFO] [stderr]    Compiling memmap v0.7.0
[INFO] [stderr]    Compiling rayon v1.6.1
[INFO] [stderr]    Compiling regex v1.7.1
[INFO] [stderr]    Compiling ctrlc v3.2.5
[INFO] [stderr]    Compiling structopt-derive v0.4.18
[INFO] [stderr]    Compiling thiserror-impl v1.0.38
[INFO] [stderr]    Compiling globset v0.4.10
[INFO] [stderr]    Compiling ignore v0.4.20
[INFO] [stderr]    Compiling grep-cli v0.1.7
[INFO] [stderr]    Compiling structopt v0.3.26
[INFO] [stderr]    Compiling reap-grep v0.0.2 (/opt/rustwide/workdir)
[INFO] [stdout] warning: multiple fields are never read
[INFO] [stdout]   --> src/cli.rs:17:9
[INFO] [stdout]    |
[INFO] [stdout]  9 | pub(crate) struct Options {
[INFO] [stdout]    |                   ------- fields in this struct
[INFO] [stdout] ...
[INFO] [stdout] 17 |     pub write: bool,
[INFO] [stdout]    |         ^^^^^
[INFO] [stdout] ...
[INFO] [stdout] 21 |     pub literal_mode: bool,
[INFO] [stdout]    |         ^^^^^^^^^^^^
[INFO] [stdout] ...
[INFO] [stdout] 25 |     pub replacements: Option<usize>,
[INFO] [stdout]    |         ^^^^^^^^^^^^
[INFO] [stdout] ...
[INFO] [stdout] 29 |     pub color: bool,
[INFO] [stdout]    |         ^^^^^
[INFO] [stdout] ...
[INFO] [stdout] 33 |     pub no_color: bool,
[INFO] [stdout]    |         ^^^^^^^^
[INFO] [stdout] ...
[INFO] [stdout] 47 |     pub flags: Option<String>,
[INFO] [stdout]    |         ^^^^^
[INFO] [stdout] ...
[INFO] [stdout] 50 |     pub find: Option<String>,
[INFO] [stdout]    |         ^^^^
[INFO] [stdout] ...
[INFO] [stdout] 54 |     pub replace_with: Option<String>,
[INFO] [stdout]    |         ^^^^^^^^^^^^
[INFO] [stdout]    |
[INFO] [stdout]    = note: `Options` has a derived impl for the trait `Debug`, but this is intentionally ignored during dead code analysis
[INFO] [stdout]    = note: `#[warn(dead_code)]` (part of `#[warn(unused)]`) on by default
[INFO] [stdout] 
[INFO] [stdout] 
[INFO] [stderr]    Compiling globwalk v0.8.1
[INFO] [stdout] warning: calls to `std::mem::drop` with a reference instead of an owned value does nothing
[INFO] [stdout]   --> src/input.rs:63:13
[INFO] [stdout]    |
[INFO] [stdout] 63 |             drop(write);
[INFO] [stdout]    |             ^^^^^-----^
[INFO] [stdout]    |                  |
[INFO] [stdout]    |                  argument has type `&mut dyn std::io::Write`
[INFO] [stdout]    |
[INFO] [stdout]    = note: `#[warn(dropping_references)]` on by default
[INFO] [stdout] help: use `let _ = ...` to ignore the expression or result
[INFO] [stdout]    |
[INFO] [stdout] 63 -             drop(write);
[INFO] [stdout] 63 +             let _ = write;
[INFO] [stdout]    |
[INFO] [stdout] 
[INFO] [stdout] 
[INFO] [stderr]     Finished `release` profile [optimized] target(s) in 42.37s
[INFO] running `Command { std: "docker" "inspect" "b37011551cf7960317d3d0a747ba4c7aa57ce4467c8f3bb48dd5e4f745ef6d1a", kill_on_drop: false }`
[INFO] running `Command { std: "docker" "exec" "-e" "SOURCE_DIR=/opt/rustwide/workdir" "-e" "CARGO_HOME=/opt/rustwide/cargo-home" "-e" "RUSTUP_HOME=/opt/rustwide/rustup-home" "-e" "CARGO_TARGET_DIR=/opt/rustwide/target" "-e" "CARGO_INCREMENTAL=0" "-e" "RUST_BACKTRACE=full" "-e" "RUSTFLAGS=--cap-lints=warn" "-e" "RUSTDOCFLAGS=--cap-lints=warn" "-w" "/opt/rustwide/workdir" "--user" "0:0" "b37011551cf7960317d3d0a747ba4c7aa57ce4467c8f3bb48dd5e4f745ef6d1a" "/opt/rustwide/cargo-home/bin/cargo" "+1.99.0-beta.8" "test" "--frozen" "--no-run" "--message-format=json" "--release", kill_on_drop: false }`
[INFO] [stderr]    Compiling doc-comment v0.3.3
[INFO] [stderr]    Compiling predicates-core v1.0.5
[INFO] [stderr]    Compiling itertools v0.10.5
[INFO] [stderr]    Compiling difflib v0.4.0
[INFO] [stderr]    Compiling termtree v0.4.0
[INFO] [stderr]    Compiling anyhow v1.0.69
[INFO] [stderr]    Compiling bstr v0.2.17
[INFO] [stderr]    Compiling wait-timeout v0.2.0
[INFO] [stdout] warning: multiple fields are never read
[INFO] [stdout]   --> src/cli.rs:17:9
[INFO] [stdout]    |
[INFO] [stdout]  9 | pub(crate) struct Options {
[INFO] [stdout]    |                   ------- fields in this struct
[INFO] [stdout] ...
[INFO] [stdout] 17 |     pub write: bool,
[INFO] [stdout]    |         ^^^^^
[INFO] [stdout] ...
[INFO] [stdout] 21 |     pub literal_mode: bool,
[INFO] [stdout]    |         ^^^^^^^^^^^^
[INFO] [stdout] ...
[INFO] [stdout] 25 |     pub replacements: Option<usize>,
[INFO] [stdout]    |         ^^^^^^^^^^^^
[INFO] [stdout] ...
[INFO] [stdout] 29 |     pub color: bool,
[INFO] [stdout]    |         ^^^^^
[INFO] [stdout] ...
[INFO] [stdout] 33 |     pub no_color: bool,
[INFO] [stdout]    |         ^^^^^^^^
[INFO] [stdout] ...
[INFO] [stdout] 47 |     pub flags: Option<String>,
[INFO] [stdout]    |         ^^^^^
[INFO] [stdout] ...
[INFO] [stdout] 50 |     pub find: Option<String>,
[INFO] [stdout]    |         ^^^^
[INFO] [stdout] ...
[INFO] [stdout] 54 |     pub replace_with: Option<String>,
[INFO] [stdout]    |         ^^^^^^^^^^^^
[INFO] [stdout]    |
[INFO] [stdout]    = note: `Options` has a derived impl for the trait `Debug`, but this is intentionally ignored during dead code analysis
[INFO] [stdout]    = note: `#[warn(dead_code)]` (part of `#[warn(unused)]`) on by default
[INFO] [stdout] 
[INFO] [stdout] 
[INFO] [stdout] warning: calls to `std::mem::drop` with a reference instead of an owned value does nothing
[INFO] [stdout]   --> src/input.rs:63:13
[INFO] [stdout]    |
[INFO] [stdout] 63 |             drop(write);
[INFO] [stdout]    |             ^^^^^-----^
[INFO] [stdout]    |                  |
[INFO] [stdout]    |                  argument has type `&mut dyn std::io::Write`
[INFO] [stdout]    |
[INFO] [stdout]    = note: `#[warn(dropping_references)]` on by default
[INFO] [stdout] help: use `let _ = ...` to ignore the expression or result
[INFO] [stdout]    |
[INFO] [stdout] 63 -             drop(write);
[INFO] [stdout] 63 +             let _ = write;
[INFO] [stdout]    |
[INFO] [stdout] 
[INFO] [stdout] 
[INFO] [stderr]    Compiling predicates-tree v1.0.7
[INFO] [stderr]    Compiling predicates v2.1.5
[INFO] [stderr]    Compiling assert_cmd v1.0.8
[INFO] [stderr]    Compiling reap-grep v0.0.2 (/opt/rustwide/workdir)
[INFO] [stdout] warning: unexpected `cfg` condition name: `reap_cross_compile`
[INFO] [stdout]  --> tests/cli.rs:2:11
[INFO] [stdout]   |
[INFO] [stdout] 2 | #[cfg(not(reap_cross_compile))] // Cross-compilation does not allow to spawn threads but `command.assert()` would do.
[INFO] [stdout]   |           ^^^^^^^^^^^^^^^^^^
[INFO] [stdout]   |
[INFO] [stdout]   = help: expected names are: `docsrs`, `feature`, and `test` and 34 more
[INFO] [stdout]   = help: consider using a Cargo feature instead
[INFO] [stdout]   = help: or consider adding in `Cargo.toml` the `check-cfg` lint config for the lint:
[INFO] [stdout]            [lints.rust]
[INFO] [stdout]            unexpected_cfgs = { level = "warn", check-cfg = ['cfg(reap_cross_compile)'] }
[INFO] [stdout]   = help: or consider adding `println!("cargo::rustc-check-cfg=cfg(reap_cross_compile)");` to the top of the `build.rs`
[INFO] [stdout]   = note: see <https://doc.rust-lang.org/nightly/rustc/check-cfg/cargo-specifics.html> for more information about checking conditional configuration
[INFO] [stdout]   = note: `#[warn(unexpected_cfgs)]` on by default
[INFO] [stdout] 
[INFO] [stdout] 
[INFO] [stdout] warning: calls to `std::mem::drop` with a reference instead of an owned value does nothing
[INFO] [stdout]   --> src/input.rs:63:13
[INFO] [stdout]    |
[INFO] [stdout] 63 |             drop(write);
[INFO] [stdout]    |             ^^^^^-----^
[INFO] [stdout]    |                  |
[INFO] [stdout]    |                  argument has type `&mut dyn std::io::Write`
[INFO] [stdout]    |
[INFO] [stdout]    = note: `#[warn(dropping_references)]` on by default
[INFO] [stdout] help: use `let _ = ...` to ignore the expression or result
[INFO] [stdout]    |
[INFO] [stdout] 63 -             drop(write);
[INFO] [stdout] 63 +             let _ = write;
[INFO] [stdout]    |
[INFO] [stdout] 
[INFO] [stdout] 
[INFO] [stderr]     Finished `release` profile [optimized] target(s) in 23.50s
[INFO] running `Command { std: "docker" "inspect" "b37011551cf7960317d3d0a747ba4c7aa57ce4467c8f3bb48dd5e4f745ef6d1a", kill_on_drop: false }`
[INFO] running `Command { std: "docker" "exec" "-e" "SOURCE_DIR=/opt/rustwide/workdir" "-e" "CARGO_HOME=/opt/rustwide/cargo-home" "-e" "RUSTUP_HOME=/opt/rustwide/rustup-home" "-e" "CARGO_TARGET_DIR=/opt/rustwide/target" "-e" "CARGO_INCREMENTAL=0" "-e" "RUST_BACKTRACE=full" "-e" "RUSTFLAGS=--cap-lints=warn" "-e" "RUSTDOCFLAGS=--cap-lints=warn" "-w" "/opt/rustwide/workdir" "--user" "0:0" "b37011551cf7960317d3d0a747ba4c7aa57ce4467c8f3bb48dd5e4f745ef6d1a" "/opt/rustwide/cargo-home/bin/cargo" "+1.99.0-beta.8" "test" "--frozen" "--release", kill_on_drop: false }`
[INFO] [stderr] warning: multiple fields are never read
[INFO] [stderr]   --> src/cli.rs:17:9
[INFO] [stderr]    |
[INFO] [stderr]  9 | pub(crate) struct Options {
[INFO] [stderr]    |                   ------- fields in this struct
[INFO] [stderr] ...
[INFO] [stderr] 17 |     pub write: bool,
[INFO] [stderr]    |         ^^^^^
[INFO] [stderr] ...
[INFO] [stderr] 21 |     pub literal_mode: bool,
[INFO] [stderr]    |         ^^^^^^^^^^^^
[INFO] [stderr] ...
[INFO] [stderr] 25 |     pub replacements: Option<usize>,
[INFO] [stderr]    |         ^^^^^^^^^^^^
[INFO] [stderr] ...
[INFO] [stderr] 29 |     pub color: bool,
[INFO] [stderr]    |         ^^^^^
[INFO] [stderr] ...
[INFO] [stderr] 33 |     pub no_color: bool,
[INFO] [stderr]    |         ^^^^^^^^
[INFO] [stderr] ...
[INFO] [stderr] 47 |     pub flags: Option<String>,
[INFO] [stderr]    |         ^^^^^
[INFO] [stderr] ...
[INFO] [stderr] 50 |     pub find: Option<String>,
[INFO] [stderr]    |         ^^^^
[INFO] [stderr] ...
[INFO] [stderr] 54 |     pub replace_with: Option<String>,
[INFO] [stderr]    |         ^^^^^^^^^^^^
[INFO] [stderr]    |
[INFO] [stderr]    = note: `Options` has a derived impl for the trait `Debug`, but this is intentionally ignored during dead code analysis
[INFO] [stderr]    = note: `#[warn(dead_code)]` (part of `#[warn(unused)]`) on by default
[INFO] [stderr] 
[INFO] [stderr] warning: `reap-grep` (build script) generated 1 warning
[INFO] [stderr] warning: calls to `std::mem::drop` with a reference instead of an owned value does nothing
[INFO] [stderr]   --> src/input.rs:63:13
[INFO] [stderr]    |
[INFO] [stderr] 63 |             drop(write);
[INFO] [stderr]    |             ^^^^^-----^
[INFO] [stderr]    |                  |
[INFO] [stderr]    |                  argument has type `&mut dyn std::io::Write`
[INFO] [stderr]    |
[INFO] [stderr]    = note: `#[warn(dropping_references)]` on by default
[INFO] [stderr] help: use `let _ = ...` to ignore the expression or result
[INFO] [stderr]    |
[INFO] [stderr] 63 -             drop(write);
[INFO] [stderr] 63 +             let _ = write;
[INFO] [stderr]    |
[INFO] [stderr] 
[INFO] [stderr] warning: unexpected `cfg` condition name: `reap_cross_compile`
[INFO] [stderr]  --> tests/cli.rs:2:11
[INFO] [stderr]   |
[INFO] [stderr] 2 | #[cfg(not(reap_cross_compile))] // Cross-compilation does not allow to spawn threads but `command.assert()` would do.
[INFO] [stderr]   |           ^^^^^^^^^^^^^^^^^^
[INFO] [stderr]   |
[INFO] [stderr]   = help: expected names are: `docsrs`, `feature`, and `test` and 34 more
[INFO] [stderr]   = help: consider using a Cargo feature instead
[INFO] [stderr]   = help: or consider adding in `Cargo.toml` the `check-cfg` lint config for the lint:
[INFO] [stderr]            [lints.rust]
[INFO] [stderr]            unexpected_cfgs = { level = "warn", check-cfg = ['cfg(reap_cross_compile)'] }
[INFO] [stderr]   = help: or consider adding `println!("cargo::rustc-check-cfg=cfg(reap_cross_compile)");` to the top of the `build.rs`
[INFO] [stderr]   = note: see <https://doc.rust-lang.org/nightly/rustc/check-cfg/cargo-specifics.html> for more information about checking conditional configuration
[INFO] [stderr]   = note: `#[warn(unexpected_cfgs)]` on by default
[INFO] [stderr] 
[INFO] [stderr] warning: `reap-grep` (bin "rep" test) generated 1 warning
[INFO] [stderr] warning: `reap-grep` (bin "rep") generated 1 warning (1 duplicate)
[INFO] [stderr] warning: `reap-grep` (test "cli") generated 1 warning
[INFO] [stderr]     Finished `release` profile [optimized] target(s) in 0.10s
[INFO] [stderr]      Running unittests src/main.rs (/opt/rustwide/target/release/deps/rep-dfba585dabf52c23)
[INFO] [stdout] 
[INFO] [stdout] running 17 tests
[INFO] [stdout] test patcher::tests::patch ... ok
[INFO] [stdout] test replacer::tests::full_word_replace ... ok
[INFO] [stdout] test less::test_parse_less_version_551 ... ok
[INFO] [stdout] test less::test_parse_less_version_487 ... ok
[INFO] [stdout] test edit::tests::edit_from_line_no_text ... ok
[INFO] [stdout] test edit::tests::edit_from_line_no_file ... ok
[INFO] [stdout] test replacer::tests::sanity_check_literal_replacements ... ok
[INFO] [stdout] test replacer::tests::default_global ... ok
[INFO] [stdout] test edit::tests::edit_from_line_no_number ... ok
[INFO] [stdout] test less::test_parse_less_version_wrong_program ... ok
[INFO] [stdout] test patcher::tests::patch_bad_number ... ok
[INFO] [stdout] test replacer::tests::unescape_regex_replacements ... ok
[INFO] [stdout] test edit::tests::edit_from_line ... ok
[INFO] [stdout] test replacer::tests::case_sensitive_default ... ok
[INFO] [stdout] test less::test_parse_less_version_529 ... ok
[INFO] [stdout] test replacer::tests::escaped_char_preservation ... ok
[INFO] [stdout] test replacer::tests::no_unescape_literal_replacements ... ok
[INFO] [stdout] 
[INFO] [stdout] test result: ok. 17 passed; 0 failed; 0 ignored; 0 measured; 0 filtered out; finished in 0.02s
[INFO] [stdout] 
[INFO] [stderr]      Running tests/cli.rs (/opt/rustwide/target/release/deps/cli-a35dae5b0a842496)
[INFO] [stdout] 
[INFO] [stdout] running 4 tests
[INFO] [stdout] test cli::patch_preview_markdown ... FAILED
[INFO] [stdout] test cli::patch_preview_simple ... FAILED
[INFO] [stdout] test cli::patch_preview_files_stdin ... FAILED
[INFO] [stdout] test cli::patch_preview_files_args ... FAILED
[INFO] [stdout] 
[INFO] [stdout] failures:
[INFO] [stdout] 
[INFO] [stdout] ---- cli::patch_preview_markdown stdout ----
[INFO] [stdout] 
[INFO] [stdout] thread 'cli::patch_preview_markdown' (1626) panicked at tests/cli.rs:10:52:
[INFO] [stdout] Error invoking reap: CargoError { cause: Some(NotFoundError { path: "/opt/rustwide/target/release/reap-grep" }) }
[INFO] [stdout] stack backtrace:
[INFO] [stdout]    0:     0x639e27b48cd7 - <<std[70759c8f55707aa4]::sys::backtrace::BacktraceLock>::print::DisplayBacktrace as core[df12db4294e9bfd3]::fmt::Display>::fmt
[INFO] [stdout]    1:     0x639e27b2754a - core[df12db4294e9bfd3]::fmt::write
[INFO] [stdout]    2:     0x639e27b4828b - <alloc[2182bb758b4b3781]::vec::Vec<u8> as core[df12db4294e9bfd3]::io::write::Write>::write_fmt
[INFO] [stdout]    3:     0x639e27b47d6f - std[70759c8f55707aa4]::panicking::default_hook::{closure#0}
[INFO] [stdout]    4:     0x639e27b4799a - std[70759c8f55707aa4]::panicking::default_hook
[INFO] [stdout]    5:     0x639e27b474d2 - std[70759c8f55707aa4]::panicking::panic_with_hook
[INFO] [stdout]    6:     0x639e27b6e1f1 - std[70759c8f55707aa4]::panicking::panic_handler::{closure#0}
[INFO] [stdout]    7:     0x639e27b6e1a9 - std[70759c8f55707aa4]::sys::backtrace::__rust_end_short_backtrace::<std[70759c8f55707aa4]::panicking::panic_handler::{closure#0}, !>
[INFO] [stdout]    8:     0x639e27b6e6bc - __rustc[8fa7c3cbc660c2b3]::rust_begin_unwind
[INFO] [stdout]    9:     0x639e27b273db - core[df12db4294e9bfd3]::panicking::panic_fmt
[INFO] [stdout]   10:     0x639e27b2a691 - core[df12db4294e9bfd3]::result::unwrap_failed
[INFO] [stdout]   11:     0x639e27b1d52b - cli[fabe2d65d5bd3a1c]::cli::reap
[INFO] [stdout]   12:     0x639e27b1dfd8 - <cli[fabe2d65d5bd3a1c]::cli::patch_preview_markdown::{closure#0} as core[df12db4294e9bfd3]::ops::function::FnOnce<()>>::call_once
[INFO] [stdout]   13:     0x639e27b89a1b - test[9d35eded1c95d3be]::__rust_begin_short_backtrace::<core[df12db4294e9bfd3]::result::Result<(), alloc[2182bb758b4b3781]::string::String>, fn() -> core[df12db4294e9bfd3]::result::Result<(), alloc[2182bb758b4b3781]::string::String>>
[INFO] [stdout]   14:     0x639e27b8565c - test[9d35eded1c95d3be]::run_test::{closure#0}
[INFO] [stdout]   15:     0x639e27b84d8c - std[70759c8f55707aa4]::sys::backtrace::__rust_begin_short_backtrace::<test[9d35eded1c95d3be]::run_test::{closure#1}, ()>
[INFO] [stdout]   16:     0x639e27ba16bc - <std[70759c8f55707aa4]::thread::lifecycle::spawn_unchecked<test[9d35eded1c95d3be]::run_test::{closure#1}, ()>::{closure#1} as core[df12db4294e9bfd3]::ops::function::FnOnce<()>>::call_once::{shim:vtable#0}
[INFO] [stdout]   17:     0x639e27b6fe32 - <std[70759c8f55707aa4]::sys::thread::unix::Thread>::new::thread_start
[INFO] [stdout]   18:     0x7810049c0dfa - <unknown>
[INFO] [stdout]   19:     0x781004a543d4 - clone
[INFO] [stdout]   20:                0x0 - <unknown>
[INFO] [stdout] 
[INFO] [stdout] ---- cli::patch_preview_simple stdout ----
[INFO] [stdout] 
[INFO] [stdout] thread 'cli::patch_preview_simple' (1627) panicked at tests/cli.rs:10:52:
[INFO] [stdout] Error invoking reap: CargoError { cause: Some(NotFoundError { path: "/opt/rustwide/target/release/reap-grep" }) }
[INFO] [stdout] stack backtrace:
[INFO] [stdout]    0:     0x639e27b48cd7 - <<std[70759c8f55707aa4]::sys::backtrace::BacktraceLock>::print::DisplayBacktrace as core[df12db4294e9bfd3]::fmt::Display>::fmt
[INFO] [stdout]    1:     0x639e27b2754a - core[df12db4294e9bfd3]::fmt::write
[INFO] [stdout]    2:     0x639e27b4828b - <alloc[2182bb758b4b3781]::vec::Vec<u8> as core[df12db4294e9bfd3]::io::write::Write>::write_fmt
[INFO] [stdout]    3:     0x639e27b47d6f - std[70759c8f55707aa4]::panicking::default_hook::{closure#0}
[INFO] [stdout]    4:     0x639e27b4799a - std[70759c8f55707aa4]::panicking::default_hook
[INFO] [stdout]    5:     0x639e27b474d2 - std[70759c8f55707aa4]::panicking::panic_with_hook
[INFO] [stdout]    6:     0x639e27b6e1f1 - std[70759c8f55707aa4]::panicking::panic_handler::{closure#0}
[INFO] [stdout]    7:     0x639e27b6e1a9 - std[70759c8f55707aa4]::sys::backtrace::__rust_end_short_backtrace::<std[70759c8f55707aa4]::panicking::panic_handler::{closure#0}, !>
[INFO] [stdout]    8:     0x639e27b6e6bc - __rustc[8fa7c3cbc660c2b3]::rust_begin_unwind
[INFO] [stdout]    9:     0x639e27b273db - core[df12db4294e9bfd3]::panicking::panic_fmt
[INFO] [stdout]   10:     0x639e27b2a691 - core[df12db4294e9bfd3]::result::unwrap_failed
[INFO] [stdout]   11:     0x639e27b1d52b - cli[fabe2d65d5bd3a1c]::cli::reap
[INFO] [stdout]   12:     0x639e27b1dc38 - <cli[fabe2d65d5bd3a1c]::cli::patch_preview_simple::{closure#0} as core[df12db4294e9bfd3]::ops::function::FnOnce<()>>::call_once
[INFO] [stdout]   13:     0x639e27b89a1b - test[9d35eded1c95d3be]::__rust_begin_short_backtrace::<core[df12db4294e9bfd3]::result::Result<(), alloc[2182bb758b4b3781]::string::String>, fn() -> core[df12db4294e9bfd3]::result::Result<(), alloc[2182bb758b4b3781]::string::String>>
[INFO] [stdout]   14:     0x639e27b8565c - test[9d35eded1c95d3be]::run_test::{closure#0}
[INFO] [stdout]   15:     0x639e27b84d8c - std[70759c8f55707aa4]::sys::backtrace::__rust_begin_short_backtrace::<test[9d35eded1c95d3be]::run_test::{closure#1}, ()>
[INFO] [stdout]   16:     0x639e27ba16bc - <std[70759c8f55707aa4]::thread::lifecycle::spawn_unchecked<test[9d35eded1c95d3be]::run_test::{closure#1}, ()>::{closure#1} as core[df12db4294e9bfd3]::ops::function::FnOnce<()>>::call_once::{shim:vtable#0}
[INFO] [stdout]   17:     0x639e27b6fe32 - <std[70759c8f55707aa4]::sys::thread::unix::Thread>::new::thread_start
[INFO] [stdout]   18:     0x7810049c0dfa - <unknown>
[INFO] [stdout]   19:     0x781004a543d4 - clone
[INFO] [stdout]   20:                0x0 - <unknown>
[INFO] [stdout] 
[INFO] [stdout] ---- cli::patch_preview_files_stdin stdout ----
[INFO] [stdout] 
[INFO] [stdout] thread 'cli::patch_preview_files_stdin' (1625) panicked at tests/cli.rs:10:52:
[INFO] [stdout] Error invoking reap: CargoError { cause: Some(NotFoundError { path: "/opt/rustwide/target/release/reap-grep" }) }
[INFO] [stdout] stack backtrace:
[INFO] [stdout]    0:     0x639e27b48cd7 - <<std[70759c8f55707aa4]::sys::backtrace::BacktraceLock>::print::DisplayBacktrace as core[df12db4294e9bfd3]::fmt::Display>::fmt
[INFO] [stdout]    1:     0x639e27b2754a - core[df12db4294e9bfd3]::fmt::write
[INFO] [stdout]    2:     0x639e27b4828b - <alloc[2182bb758b4b3781]::vec::Vec<u8> as core[df12db4294e9bfd3]::io::write::Write>::write_fmt
[INFO] [stdout]    3:     0x639e27b47d6f - std[70759c8f55707aa4]::panicking::default_hook::{closure#0}
[INFO] [stdout]    4:     0x639e27b4799a - std[70759c8f55707aa4]::panicking::default_hook
[INFO] [stdout]    5:     0x639e27b474d2 - std[70759c8f55707aa4]::panicking::panic_with_hook
[INFO] [stdout]    6:     0x639e27b6e1f1 - std[70759c8f55707aa4]::panicking::panic_handler::{closure#0}
[INFO] [stdout]    7:     0x639e27b6e1a9 - std[70759c8f55707aa4]::sys::backtrace::__rust_end_short_backtrace::<std[70759c8f55707aa4]::panicking::panic_handler::{closure#0}, !>
[INFO] [stdout]    8:     0x639e27b6e6bc - __rustc[8fa7c3cbc660c2b3]::rust_begin_unwind
[INFO] [stdout]    9:     0x639e27b273db - core[df12db4294e9bfd3]::panicking::panic_fmt
[INFO] [stdout]   10:     0x639e27b2a691 - core[df12db4294e9bfd3]::result::unwrap_failed
[INFO] [stdout]   11:     0x639e27b1d52b - cli[fabe2d65d5bd3a1c]::cli::reap
[INFO] [stdout]   12:     0x639e27b1e748 - <cli[fabe2d65d5bd3a1c]::cli::patch_preview_files_stdin::{closure#0} as core[df12db4294e9bfd3]::ops::function::FnOnce<()>>::call_once
[INFO] [stdout]   13:     0x639e27b89a1b - test[9d35eded1c95d3be]::__rust_begin_short_backtrace::<core[df12db4294e9bfd3]::result::Result<(), alloc[2182bb758b4b3781]::string::String>, fn() -> core[df12db4294e9bfd3]::result::Result<(), alloc[2182bb758b4b3781]::string::String>>
[INFO] [stdout]   14:     0x639e27b8565c - test[9d35eded1c95d3be]::run_test::{closure#0}
[INFO] [stdout]   15:     0x639e27b84d8c - std[70759c8f55707aa4]::sys::backtrace::__rust_begin_short_backtrace::<test[9d35eded1c95d3be]::run_test::{closure#1}, ()>
[INFO] [stdout]   16:     0x639e27ba16bc - <std[70759c8f55707aa4]::thread::lifecycle::spawn_unchecked<test[9d35eded1c95d3be]::run_test::{closure#1}, ()>::{closure#1} as core[df12db4294e9bfd3]::ops::function::FnOnce<()>>::call_once::{shim:vtable#0}
[INFO] [stdout]   17:     0x639e27b6fe32 - <std[70759c8f55707aa4]::sys::thread::unix::Thread>::new::thread_start
[INFO] [stdout]   18:     0x7810049c0dfa - <unknown>
[INFO] [stdout]   19:     0x781004a543d4 - clone
[INFO] [stdout]   20:                0x0 - <unknown>
[INFO] [stdout] 
[INFO] [stdout] ---- cli::patch_preview_files_args stdout ----
[INFO] [stdout] 
[INFO] [stdout] thread 'cli::patch_preview_files_args' (1624) panicked at tests/cli.rs:10:52:
[INFO] [stdout] Error invoking reap: CargoError { cause: Some(NotFoundError { path: "/opt/rustwide/target/release/reap-grep" }) }
[INFO] [stdout] stack backtrace:
[INFO] [stdout]    0:     0x639e27b48cd7 - <<std[70759c8f55707aa4]::sys::backtrace::BacktraceLock>::print::DisplayBacktrace as core[df12db4294e9bfd3]::fmt::Display>::fmt
[INFO] [stdout]    1:     0x639e27b2754a - core[df12db4294e9bfd3]::fmt::write
[INFO] [stdout]    2:     0x639e27b4828b - <alloc[2182bb758b4b3781]::vec::Vec<u8> as core[df12db4294e9bfd3]::io::write::Write>::write_fmt
[INFO] [stdout]    3:     0x639e27b47d6f - std[70759c8f55707aa4]::panicking::default_hook::{closure#0}
[INFO] [stdout]    4:     0x639e27b4799a - std[70759c8f55707aa4]::panicking::default_hook
[INFO] [stdout]    5:     0x639e27b474d2 - std[70759c8f55707aa4]::panicking::panic_with_hook
[INFO] [stdout]    6:     0x639e27b6e1f1 - std[70759c8f55707aa4]::panicking::panic_handler::{closure#0}
[INFO] [stdout]    7:     0x639e27b6e1a9 - std[70759c8f55707aa4]::sys::backtrace::__rust_end_short_backtrace::<std[70759c8f55707aa4]::panicking::panic_handler::{closure#0}, !>
[INFO] [stdout]    8:     0x639e27b6e6bc - __rustc[8fa7c3cbc660c2b3]::rust_begin_unwind
[INFO] [stdout]    9:     0x639e27b273db - core[df12db4294e9bfd3]::panicking::panic_fmt
[INFO] [stdout]   10:     0x639e27b2a691 - core[df12db4294e9bfd3]::result::unwrap_failed
[INFO] [stdout]   11:     0x639e27b1d52b - cli[fabe2d65d5bd3a1c]::cli::reap
[INFO] [stdout]   12:     0x639e27b1e378 - <cli[fabe2d65d5bd3a1c]::cli::patch_preview_files_args::{closure#0} as core[df12db4294e9bfd3]::ops::function::FnOnce<()>>::call_once
[INFO] [stdout]   13:     0x639e27b89a1b - test[9d35eded1c95d3be]::__rust_begin_short_backtrace::<core[df12db4294e9bfd3]::result::Result<(), alloc[2182bb758b4b3781]::string::String>, fn() -> core[df12db4294e9bfd3]::result::Result<(), alloc[2182bb758b4b3781]::string::String>>
[INFO] [stdout]   14:     0x639e27b8565c - test[9d35eded1c95d3be]::run_test::{closure#0}
[INFO] [stdout]   15:     0x639e27b84d8c - std[70759c8f55707aa4]::sys::backtrace::__rust_begin_short_backtrace::<test[9d35eded1c95d3be]::run_test::{closure#1}, ()>
[INFO] [stdout]   16:     0x639e27ba16bc - <std[70759c8f55707aa4]::thread::lifecycle::spawn_unchecked<test[9d35eded1c95d3be]::run_test::{closure#1}, ()>::{closure#1} as core[df12db4294e9bfd3]::ops::function::FnOnce<()>>::call_once::{shim:vtable#0}
[INFO] [stdout]   17:     0x639e27b6fe32 - <std[70759c8f55707aa4]::sys::thread::unix::Thread>::new::thread_start
[INFO] [stdout]   18:     0x7810049c0dfa - <unknown>
[INFO] [stdout]   19:     0x781004a543d4 - clone
[INFO] [stdout]   20:                0x0 - <unknown>
[INFO] [stdout] 
[INFO] [stdout] 
[INFO] [stdout] failures:
[INFO] [stdout]     cli::patch_preview_files_args
[INFO] [stdout]     cli::patch_preview_files_stdin
[INFO] [stdout]     cli::patch_preview_markdown
[INFO] [stdout]     cli::patch_preview_simple
[INFO] [stdout] 
[INFO] [stdout] test result: FAILED. 0 passed; 4 failed; 0 ignored; 0 measured; 0 filtered out; finished in 0.00s
[INFO] [stdout] 
[INFO] [stderr] error: test failed, to rerun pass `--test cli`
[INFO] running `Command { std: "docker" "inspect" "b37011551cf7960317d3d0a747ba4c7aa57ce4467c8f3bb48dd5e4f745ef6d1a", kill_on_drop: false }`
[INFO] running `Command { std: "docker" "rm" "-f" "b37011551cf7960317d3d0a747ba4c7aa57ce4467c8f3bb48dd5e4f745ef6d1a", kill_on_drop: false }`
[INFO] [stdout] b37011551cf7960317d3d0a747ba4c7aa57ce4467c8f3bb48dd5e4f745ef6d1a
