[INFO] fetching crate reap-cli 0.1.0...
[INFO] testing reap-cli-0.1.0 against 1.99.0-beta.8+cargoflags=--release for beta-release-1.100-2
[INFO] extracting crate reap-cli 0.1.0 into /workspace/builds/worker-6-tc1/source
[INFO] started tweaking crates.io crate reap-cli 0.1.0
[INFO] removed 0 missing tests
[INFO] finished tweaking crates.io crate reap-cli 0.1.0
[INFO] tweaked toml for crates.io crate reap-cli 0.1.0 written to /workspace/builds/worker-6-tc1/source/Cargo.toml
[INFO] validating manifest of crates.io crate reap-cli 0.1.0 on toolchain 1.99.0-beta.8
[INFO] running `Command { std: CARGO_HOME="/workspace/cargo-home" RUSTUP_HOME="/workspace/rustup-home" "/workspace/cargo-home/bin/cargo" "+1.99.0-beta.8" "metadata" "--manifest-path" "Cargo.toml" "--no-deps", kill_on_drop: false }`
[INFO] crate crates.io crate reap-cli 0.1.0 already has a lockfile, it will not be regenerated
[INFO] running `Command { std: CARGO_HOME="/workspace/cargo-home" RUSTUP_HOME="/workspace/rustup-home" "/workspace/cargo-home/bin/cargo" "+1.99.0-beta.8" "fetch" "--manifest-path" "Cargo.toml", kill_on_drop: false }`
[INFO] [stderr]     Updating crates.io index
[INFO] [stderr]  Downloading crates ...
[INFO] [stderr]   Downloaded humantime-serde v1.1.1
[INFO] [stderr]   Downloaded libproc v0.14.11
[INFO] [stderr]   Downloaded reap-platform v0.1.0
[INFO] [stderr]   Downloaded reap-core v0.1.0
[INFO] running `Command { std: "docker" "create" "-v" "/var/lib/crater-agent-workspace/builds/worker-6-tc1/source:/opt/rustwide/workdir:ro,Z" "-v" "/var/lib/crater-agent-workspace/builds/worker-6-tc1/target:/opt/rustwide/target:rw,Z" "-v" "/var/lib/crater-agent-workspace/cargo-home:/opt/rustwide/cargo-home:ro,Z" "-v" "/var/lib/crater-agent-workspace/rustup-home:/opt/rustwide/rustup-home:ro,Z" "-m" "1610612736" "--network" "none" "ghcr.io/rust-lang/crates-build-env/linux@sha256:77db811e55d90add9212f6832c23229e3de5f1c1f9905e8cb07319ea15df73ac" "sleep" "infinity", kill_on_drop: false }`
[INFO] [stdout] beaa6a09cd280511c1f8c9bc9a587526ee4d452938bc0517f8e0a88c8826e4c0
[INFO] running `Command { std: "docker" "start" "beaa6a09cd280511c1f8c9bc9a587526ee4d452938bc0517f8e0a88c8826e4c0", kill_on_drop: false }`
[INFO] running `Command { std: "docker" "inspect" "beaa6a09cd280511c1f8c9bc9a587526ee4d452938bc0517f8e0a88c8826e4c0", kill_on_drop: false }`
[INFO] running `Command { std: "docker" "exec" "-e" "SOURCE_DIR=/opt/rustwide/workdir" "-e" "CARGO_HOME=/opt/rustwide/cargo-home" "-e" "RUSTUP_HOME=/opt/rustwide/rustup-home" "-e" "CARGO_TARGET_DIR=/opt/rustwide/target" "-w" "/opt/rustwide/workdir" "--user" "0:0" "beaa6a09cd280511c1f8c9bc9a587526ee4d452938bc0517f8e0a88c8826e4c0" "/opt/rustwide/cargo-home/bin/cargo" "+1.99.0-beta.8" "metadata" "--no-deps" "--format-version=1", kill_on_drop: false }`
[INFO] running `Command { std: "docker" "inspect" "beaa6a09cd280511c1f8c9bc9a587526ee4d452938bc0517f8e0a88c8826e4c0", kill_on_drop: false }`
[INFO] running `Command { std: "docker" "exec" "-e" "SOURCE_DIR=/opt/rustwide/workdir" "-e" "CARGO_HOME=/opt/rustwide/cargo-home" "-e" "RUSTUP_HOME=/opt/rustwide/rustup-home" "-e" "CARGO_TARGET_DIR=/opt/rustwide/target" "-e" "CARGO_INCREMENTAL=0" "-e" "RUST_BACKTRACE=full" "-e" "RUSTFLAGS=--cap-lints=warn" "-e" "RUSTDOCFLAGS=--cap-lints=warn" "-w" "/opt/rustwide/workdir" "--user" "0:0" "beaa6a09cd280511c1f8c9bc9a587526ee4d452938bc0517f8e0a88c8826e4c0" "/opt/rustwide/cargo-home/bin/cargo" "+1.99.0-beta.8" "build" "--frozen" "--message-format=json" "--release", kill_on_drop: false }`
[INFO] [stderr]    Compiling serde v1.0.229
[INFO] [stderr]    Compiling bitflags v2.13.1
[INFO] [stderr]    Compiling libc v0.2.189
[INFO] [stderr]    Compiling rustix v1.1.4
[INFO] [stderr]    Compiling cfg_aliases v0.2.2
[INFO] [stderr]    Compiling indexmap v2.14.2
[INFO] [stderr]    Compiling regex-automata v0.4.18
[INFO] [stderr]    Compiling anyhow v1.0.104
[INFO] [stderr]    Compiling thiserror v2.0.20
[INFO] [stderr]    Compiling syn v3.0.5
[INFO] [stderr]    Compiling syn v2.0.119
[INFO] [stderr]    Compiling serde_json v1.0.151
[INFO] [stderr]    Compiling humantime v2.4.0
[INFO] [stderr]    Compiling tracing-log v0.2.0
[INFO] [stderr]    Compiling smallvec v1.16.0
[INFO] [stderr]    Compiling nix v0.29.0
[INFO] [stderr]    Compiling terminal_size v0.4.4
[INFO] [stderr]    Compiling clap_builder v4.6.6
[INFO] [stderr]    Compiling hostname v0.4.2
[INFO] [stderr]    Compiling serde_derive v1.0.229
[INFO] [stderr]    Compiling thiserror-impl v2.0.20
[INFO] [stderr]    Compiling clap_derive v4.6.4
[INFO] [stderr]    Compiling tracing-attributes v0.1.31
[INFO] [stderr]    Compiling clap v4.6.6
[INFO] [stderr]    Compiling tracing v0.1.44
[INFO] [stderr]    Compiling reap-platform v0.1.0
[INFO] [stderr]    Compiling matchers v0.2.0
[INFO] [stderr]    Compiling globset v0.4.20
[INFO] [stderr]    Compiling tracing-subscriber v0.3.23
[INFO] [stderr]    Compiling toml_datetime v0.6.11
[INFO] [stderr]    Compiling serde_spanned v0.6.9
[INFO] [stderr]    Compiling humantime-serde v1.1.1
[INFO] [stderr]    Compiling toml_edit v0.22.27
[INFO] [stderr]    Compiling toml v0.8.23
[INFO] [stderr]    Compiling reap-core v0.1.0
[INFO] [stderr]    Compiling reap-cli v0.1.0 (/opt/rustwide/workdir)
[INFO] [stderr]     Finished `release` profile [optimized] target(s) in 55.81s
[INFO] running `Command { std: "docker" "inspect" "beaa6a09cd280511c1f8c9bc9a587526ee4d452938bc0517f8e0a88c8826e4c0", kill_on_drop: false }`
[INFO] running `Command { std: "docker" "exec" "-e" "SOURCE_DIR=/opt/rustwide/workdir" "-e" "CARGO_HOME=/opt/rustwide/cargo-home" "-e" "RUSTUP_HOME=/opt/rustwide/rustup-home" "-e" "CARGO_TARGET_DIR=/opt/rustwide/target" "-e" "CARGO_INCREMENTAL=0" "-e" "RUST_BACKTRACE=full" "-e" "RUSTFLAGS=--cap-lints=warn" "-e" "RUSTDOCFLAGS=--cap-lints=warn" "-w" "/opt/rustwide/workdir" "--user" "0:0" "beaa6a09cd280511c1f8c9bc9a587526ee4d452938bc0517f8e0a88c8826e4c0" "/opt/rustwide/cargo-home/bin/cargo" "+1.99.0-beta.8" "test" "--frozen" "--no-run" "--message-format=json" "--release", kill_on_drop: false }`
[INFO] [stderr]    Compiling rustix v1.1.4
[INFO] [stderr]    Compiling num-traits v0.2.19
[INFO] [stderr]    Compiling zerocopy v0.8.56
[INFO] [stderr]    Compiling regex-automata v0.4.18
[INFO] [stderr]    Compiling getrandom v0.3.4
[INFO] [stderr]    Compiling wait-timeout v0.2.1
[INFO] [stderr]    Compiling getrandom v0.4.3
[INFO] [stderr]    Compiling predicates-core v1.0.10
[INFO] [stderr]    Compiling termtree v0.5.1
[INFO] [stderr]    Compiling bit-vec v0.8.0
[INFO] [stderr]    Compiling normalize-line-endings v0.3.0
[INFO] [stderr]    Compiling quick-error v1.2.3
[INFO] [stderr]    Compiling assert_cmd v2.2.2
[INFO] [stderr]    Compiling difflib v0.4.0
[INFO] [stderr]    Compiling unarray v0.1.4
[INFO] [stderr]    Compiling predicates-tree v1.0.13
[INFO] [stderr]    Compiling rand_core v0.9.5
[INFO] [stderr]    Compiling bit-set v0.8.0
[INFO] [stderr]    Compiling rand v0.9.5
[INFO] [stderr]    Compiling rand_xorshift v0.4.0
[INFO] [stderr]    Compiling float-cmp v0.10.0
[INFO] [stderr]    Compiling terminal_size v0.4.4
[INFO] [stderr]    Compiling tempfile v3.27.0
[INFO] [stderr]    Compiling clap_builder v4.6.6
[INFO] [stderr]    Compiling rusty-fork v0.3.1
[INFO] [stderr]    Compiling bstr v1.13.1
[INFO] [stderr]    Compiling regex v1.13.1
[INFO] [stderr]    Compiling matchers v0.2.0
[INFO] [stderr]    Compiling tracing-subscriber v0.3.23
[INFO] [stderr]    Compiling predicates v3.1.4
[INFO] [stderr]    Compiling globset v0.4.20
[INFO] [stderr]    Compiling ppv-lite86 v0.2.21
[INFO] [stderr]    Compiling reap-core v0.1.0
[INFO] [stderr]    Compiling clap v4.6.6
[INFO] [stderr]    Compiling rand_chacha v0.9.0
[INFO] [stderr]    Compiling proptest v1.11.0
[INFO] [stderr]    Compiling reap-cli v0.1.0 (/opt/rustwide/workdir)
[INFO] [stderr]     Finished `release` profile [optimized] target(s) in 52.48s
[INFO] running `Command { std: "docker" "inspect" "beaa6a09cd280511c1f8c9bc9a587526ee4d452938bc0517f8e0a88c8826e4c0", kill_on_drop: false }`
[INFO] running `Command { std: "docker" "exec" "-e" "SOURCE_DIR=/opt/rustwide/workdir" "-e" "CARGO_HOME=/opt/rustwide/cargo-home" "-e" "RUSTUP_HOME=/opt/rustwide/rustup-home" "-e" "CARGO_TARGET_DIR=/opt/rustwide/target" "-e" "CARGO_INCREMENTAL=0" "-e" "RUST_BACKTRACE=full" "-e" "RUSTFLAGS=--cap-lints=warn" "-e" "RUSTDOCFLAGS=--cap-lints=warn" "-w" "/opt/rustwide/workdir" "--user" "0:0" "beaa6a09cd280511c1f8c9bc9a587526ee4d452938bc0517f8e0a88c8826e4c0" "/opt/rustwide/cargo-home/bin/cargo" "+1.99.0-beta.8" "test" "--frozen" "--release", kill_on_drop: false }`
[INFO] [stderr]     Finished `release` profile [optimized] target(s) in 0.11s
[INFO] [stderr]      Running unittests src/main.rs (/opt/rustwide/target/release/deps/reap-1fa2f5d5b0a31d25)
[INFO] [stdout] 
[INFO] [stdout] running 17 tests
[INFO] [stdout] test executor::tests::recovery_on_an_empty_quarantine_does_nothing_and_says_so ... ok
[INFO] [stdout] test executor::tests::remove_tree_is_silent_about_a_path_that_is_already_gone ... ok
[INFO] [stdout] test commands::commands_runner::tests::handles_every_unit_docker_emits ... ok
[INFO] [stdout] test executor::tests::invariant_7_a_run_interrupted_between_rename_and_removal_is_recovered ... ok
[INFO] [stdout] test output::tests::table_aligns_and_right_aligns ... ok
[INFO] [stdout] test output::tests::the_shortener_handles_a_home_that_resolves_elsewhere ... ok
[INFO] [stdout] test output::tests::tilde_shortens_only_inside_home ... ok
[INFO] [stdout] test commands::commands_runner::tests::returns_none_rather_than_zero_when_the_tool_says_nothing ... ok
[INFO] [stdout] test output::tests::the_shortener_replaces_home_anywhere_in_a_message ... ok
[INFO] [stdout] test output::tests::the_shortener_without_a_home_changes_nothing ... ok
[INFO] [stdout] test executor::tests::remove_tree_unlinks_symlinks_without_descending ... ok
[INFO] [stdout] test executor::tests::the_time_budget_expires_and_a_zero_budget_never_does ... ok
[INFO] [stdout] test scheduler::tests::the_launchd_plist_is_well_formed_and_carries_the_same_command ... ok
[INFO] [stdout] test executor::tests::remove_tree_collects_errors_rather_than_stopping ... FAILED
[INFO] [stdout] test scheduler::tests::a_path_with_xml_metacharacters_is_escaped ... ok
[INFO] [stdout] test scheduler::tests::the_systemd_unit_confines_writes_to_the_roots_and_quarantine ... ok
[INFO] [stdout] test commands::commands_runner::tests::reads_dockers_reclaimed_line ... ok
[INFO] [stdout] 
[INFO] [stdout] failures:
[INFO] [stdout] 
[INFO] [stdout] ---- executor::tests::remove_tree_collects_errors_rather_than_stopping stdout ----
[INFO] [stdout] 
[INFO] [stdout] thread 'executor::tests::remove_tree_collects_errors_rather_than_stopping' (1885) panicked at src/executor.rs:364:9:
[INFO] [stdout] expected an error to be recorded
[INFO] [stdout] stack backtrace:
[INFO] [stdout]    0:     0x596183f99cf1 - <<std[70759c8f55707aa4]::sys::backtrace::BacktraceLock>::print::DisplayBacktrace as core[df12db4294e9bfd3]::fmt::Display>::fmt
[INFO] [stdout]    1:     0x596183fb077a - core[df12db4294e9bfd3]::fmt::write
[INFO] [stdout]    2:     0x596183f9e97c - <alloc[2182bb758b4b3781]::vec::Vec<u8> as core[df12db4294e9bfd3]::io::write::Write>::write_fmt
[INFO] [stdout]    3:     0x596183f73076 - std[70759c8f55707aa4]::panicking::default_hook::{closure#0}
[INFO] [stdout]    4:     0x596183f90be9 - std[70759c8f55707aa4]::panicking::default_hook
[INFO] [stdout]    5:     0x596183de0f50 - test[9d35eded1c95d3be]::test_main_inner::<test[9d35eded1c95d3be]::test_main_static::{closure#0}>::{closure#0}
[INFO] [stdout]    6:     0x596183f90da2 - std[70759c8f55707aa4]::panicking::panic_with_hook
[INFO] [stdout]    7:     0x596183f73154 - std[70759c8f55707aa4]::panicking::panic_handler::{closure#0}
[INFO] [stdout]    8:     0x596183f6b509 - std[70759c8f55707aa4]::sys::backtrace::__rust_end_short_backtrace::<std[70759c8f55707aa4]::panicking::panic_handler::{closure#0}, !>
[INFO] [stdout]    9:     0x596183f740cd - __rustc[8fa7c3cbc660c2b3]::rust_begin_unwind
[INFO] [stdout]   10:     0x596183fb0f5c - core[df12db4294e9bfd3]::panicking::panic_fmt
[INFO] [stdout]   11:     0x596183dc0cc6 - reap[c3bb6ad4165776ae]::executor::tests::remove_tree_collects_errors_rather_than_stopping
[INFO] [stdout]   12:     0x596183dc6fe9 - <reap[c3bb6ad4165776ae]::executor::tests::remove_tree_collects_errors_rather_than_stopping::{closure#0} as core[df12db4294e9bfd3]::ops::function::FnOnce<()>>::call_once
[INFO] [stdout]   13:     0x596183dd423b - test[9d35eded1c95d3be]::__rust_begin_short_backtrace::<core[df12db4294e9bfd3]::result::Result<(), alloc[2182bb758b4b3781]::string::String>, fn() -> core[df12db4294e9bfd3]::result::Result<(), alloc[2182bb758b4b3781]::string::String>>
[INFO] [stdout]   14:     0x596183de18a5 - test[9d35eded1c95d3be]::run_test::{closure#0}
[INFO] [stdout]   15:     0x596183ddb164 - std[70759c8f55707aa4]::sys::backtrace::__rust_begin_short_backtrace::<test[9d35eded1c95d3be]::run_test::{closure#1}, ()>
[INFO] [stdout]   16:     0x596183de4a02 - <std[70759c8f55707aa4]::thread::lifecycle::spawn_unchecked<test[9d35eded1c95d3be]::run_test::{closure#1}, ()>::{closure#1} as core[df12db4294e9bfd3]::ops::function::FnOnce<()>>::call_once::{shim:vtable#0}
[INFO] [stdout]   17:     0x596183f99039 - <std[70759c8f55707aa4]::sys::thread::unix::Thread>::new::thread_start
[INFO] [stdout]   18:     0x76f4d2780dfa - <unknown>
[INFO] [stdout]   19:     0x76f4d28143d4 - clone
[INFO] [stdout]   20:                0x0 - <unknown>
[INFO] [stdout] 
[INFO] [stdout] 
[INFO] [stdout] failures:
[INFO] [stdout]     executor::tests::remove_tree_collects_errors_rather_than_stopping
[INFO] [stdout] 
[INFO] [stdout] test result: FAILED. 16 passed; 1 failed; 0 ignored; 0 measured; 0 filtered out; finished in 0.01s
[INFO] [stdout] 
[INFO] [stderr] error: test failed, to rerun pass `--bin reap`
[INFO] running `Command { std: "docker" "inspect" "beaa6a09cd280511c1f8c9bc9a587526ee4d452938bc0517f8e0a88c8826e4c0", kill_on_drop: false }`
[INFO] running `Command { std: "docker" "rm" "-f" "beaa6a09cd280511c1f8c9bc9a587526ee4d452938bc0517f8e0a88c8826e4c0", kill_on_drop: false }`
[INFO] [stdout] beaa6a09cd280511c1f8c9bc9a587526ee4d452938bc0517f8e0a88c8826e4c0
