[INFO] fetching crate readyrabbit 0.3.1...
[INFO] testing readyrabbit-0.3.1 against 1.99.0-beta.8+cargoflags=--release for beta-release-1.100-2
[INFO] extracting crate readyrabbit 0.3.1 into /workspace/builds/worker-7-tc1/source
[INFO] removed /workspace/builds/worker-7-tc1/source/rust-toolchain.toml
[INFO] started tweaking crates.io crate readyrabbit 0.3.1
[INFO] removed 0 missing tests
[INFO] finished tweaking crates.io crate readyrabbit 0.3.1
[INFO] tweaked toml for crates.io crate readyrabbit 0.3.1 written to /workspace/builds/worker-7-tc1/source/Cargo.toml
[INFO] validating manifest of crates.io crate readyrabbit 0.3.1 on toolchain 1.99.0-beta.8
[INFO] running `Command { std: CARGO_HOME="/workspace/cargo-home" RUSTUP_HOME="/workspace/rustup-home" "/workspace/cargo-home/bin/cargo" "+1.99.0-beta.8" "metadata" "--manifest-path" "Cargo.toml" "--no-deps", kill_on_drop: false }`
[INFO] crate crates.io crate readyrabbit 0.3.1 already has a lockfile, it will not be regenerated
[INFO] running `Command { std: CARGO_HOME="/workspace/cargo-home" RUSTUP_HOME="/workspace/rustup-home" "/workspace/cargo-home/bin/cargo" "+1.99.0-beta.8" "fetch" "--manifest-path" "Cargo.toml", kill_on_drop: false }`
[INFO] [stderr]     Updating crates.io index
[INFO] [stderr]  Downloading crates ...
[INFO] [stderr]   Downloaded tokio-test v0.4.5
[INFO] [stderr]   Downloaded async-rs v0.8.11
[INFO] [stderr]   Downloaded async-global-executor v3.1.0
[INFO] [stderr]   Downloaded async-compat v0.2.5
[INFO] [stderr]   Downloaded rustls-connector v0.23.7
[INFO] [stderr]   Downloaded amq-protocol-types v10.6.3
[INFO] [stderr]   Downloaded amq-protocol-uri v10.6.3
[INFO] [stderr]   Downloaded cookie-factory v0.3.3
[INFO] [stderr]   Downloaded amq-protocol-tcp v10.6.3
[INFO] [stderr]   Downloaded tcp-stream v0.34.14
[INFO] [stderr]   Downloaded rc2 v0.8.1
[INFO] [stderr]   Downloaded amq-protocol v10.6.3
[INFO] [stderr]   Downloaded p12-keystore v0.2.1
[INFO] [stderr]   Downloaded des v0.8.1
[INFO] [stderr]   Downloaded pkcs12 v0.1.0
[INFO] [stderr]   Downloaded lapin v4.10.0
[INFO] running `Command { std: "docker" "create" "-v" "/var/lib/crater-agent-workspace/builds/worker-7-tc1/source:/opt/rustwide/workdir:ro,Z" "-v" "/var/lib/crater-agent-workspace/builds/worker-7-tc1/target:/opt/rustwide/target:rw,Z" "-v" "/var/lib/crater-agent-workspace/cargo-home:/opt/rustwide/cargo-home:ro,Z" "-v" "/var/lib/crater-agent-workspace/rustup-home:/opt/rustwide/rustup-home:ro,Z" "-m" "1610612736" "--network" "none" "ghcr.io/rust-lang/crates-build-env/linux@sha256:77db811e55d90add9212f6832c23229e3de5f1c1f9905e8cb07319ea15df73ac" "sleep" "infinity", kill_on_drop: false }`
[INFO] [stdout] bcddaf43f3986f6810d71c982208aec69d36e7368e0903a6fe85f67d6e31b211
[INFO] running `Command { std: "docker" "start" "bcddaf43f3986f6810d71c982208aec69d36e7368e0903a6fe85f67d6e31b211", kill_on_drop: false }`
[INFO] running `Command { std: "docker" "inspect" "bcddaf43f3986f6810d71c982208aec69d36e7368e0903a6fe85f67d6e31b211", kill_on_drop: false }`
[INFO] running `Command { std: "docker" "exec" "-e" "SOURCE_DIR=/opt/rustwide/workdir" "-e" "CARGO_HOME=/opt/rustwide/cargo-home" "-e" "RUSTUP_HOME=/opt/rustwide/rustup-home" "-e" "CARGO_TARGET_DIR=/opt/rustwide/target" "-w" "/opt/rustwide/workdir" "--user" "0:0" "bcddaf43f3986f6810d71c982208aec69d36e7368e0903a6fe85f67d6e31b211" "/opt/rustwide/cargo-home/bin/cargo" "+1.99.0-beta.8" "metadata" "--no-deps" "--format-version=1", kill_on_drop: false }`
[INFO] running `Command { std: "docker" "inspect" "bcddaf43f3986f6810d71c982208aec69d36e7368e0903a6fe85f67d6e31b211", kill_on_drop: false }`
[INFO] running `Command { std: "docker" "exec" "-e" "SOURCE_DIR=/opt/rustwide/workdir" "-e" "CARGO_HOME=/opt/rustwide/cargo-home" "-e" "RUSTUP_HOME=/opt/rustwide/rustup-home" "-e" "CARGO_TARGET_DIR=/opt/rustwide/target" "-e" "CARGO_INCREMENTAL=0" "-e" "RUST_BACKTRACE=full" "-e" "RUSTFLAGS=--cap-lints=warn" "-e" "RUSTDOCFLAGS=--cap-lints=warn" "-w" "/opt/rustwide/workdir" "--user" "0:0" "bcddaf43f3986f6810d71c982208aec69d36e7368e0903a6fe85f67d6e31b211" "/opt/rustwide/cargo-home/bin/cargo" "+1.99.0-beta.8" "build" "--frozen" "--message-format=json" "--release", kill_on_drop: false }`
[INFO] [stderr]    Compiling syn v2.0.119
[INFO] [stderr]    Compiling syn v3.0.3
[INFO] [stderr]    Compiling zeroize v1.9.0
[INFO] [stderr]    Compiling libc v0.2.189
[INFO] [stderr]    Compiling num-traits v0.2.19
[INFO] [stderr]    Compiling base64ct v1.8.3
[INFO] [stderr]    Compiling aws-lc-rs v1.17.3
[INFO] [stderr]    Compiling thiserror v2.0.19
[INFO] [stderr]    Compiling const-oid v0.9.6
[INFO] [stderr]    Compiling flagset v0.4.7
[INFO] [stderr]    Compiling nom v7.1.3
[INFO] [stderr]    Compiling time-macros v0.2.32
[INFO] [stderr]    Compiling block-padding v0.3.3
[INFO] [stderr]    Compiling digest v0.10.7
[INFO] [stderr]    Compiling rustls v0.23.43
[INFO] [stderr]    Compiling mio v1.2.2
[INFO] [stderr]    Compiling futures-io v0.3.33
[INFO] [stderr]    Compiling inout v0.1.4
[INFO] [stderr]    Compiling futures-core v0.3.33
[INFO] [stderr]    Compiling rustls-pki-types v1.15.1
[INFO] [stderr]    Compiling oid-registry v0.8.1
[INFO] [stderr]    Compiling cpufeatures v0.3.0
[INFO] [stderr]    Compiling cipher v0.4.4
[INFO] [stderr]    Compiling getrandom v0.4.3
[INFO] [stderr]    Compiling chacha20 v0.10.1
[INFO] [stderr]    Compiling data-encoding v2.11.1
[INFO] [stderr]    Compiling hmac v0.12.1
[INFO] [stderr]    Compiling sha2 v0.10.9
[INFO] [stderr]    Compiling pbkdf2 v0.12.2
[INFO] [stderr]    Compiling salsa20 v0.10.2
[INFO] [stderr]    Compiling cbc v0.1.2
[INFO] [stderr]    Compiling aes v0.8.4
[INFO] [stderr]    Compiling pem-rfc7468 v0.7.0
[INFO] [stderr]    Compiling rand v0.10.2
[INFO] [stderr]    Compiling des v0.8.1
[INFO] [stderr]    Compiling rc2 v0.8.1
[INFO] [stderr]    Compiling sha1 v0.10.7
[INFO] [stderr]    Compiling rustls-native-certs v0.8.4
[INFO] [stderr]    Compiling scrypt v0.11.0
[INFO] [stderr]    Compiling jobserver v0.1.35
[INFO] [stderr]    Compiling num-integer v0.1.46
[INFO] [stderr]    Compiling serde_json v1.0.151
[INFO] [stderr]    Compiling time v0.3.55
[INFO] [stderr]    Compiling nom v8.0.0
[INFO] [stderr]    Compiling cookie-factory v0.3.3
[INFO] [stderr]    Compiling amq-protocol v10.6.3
[INFO] [stderr]    Compiling cc v1.4.0
[INFO] [stderr]    Compiling spin v0.9.9
[INFO] [stderr]    Compiling futures-sink v0.3.33
[INFO] [stderr]    Compiling lapin v4.10.0
[INFO] [stderr]    Compiling backon v1.6.0
[INFO] [stderr]    Compiling num-bigint v0.4.8
[INFO] [stderr]    Compiling flume v0.12.0
[INFO] [stderr]    Compiling cmake v0.1.58
[INFO] [stderr]    Compiling rusticata-macros v4.1.0
[INFO] [stderr]    Compiling aws-lc-sys v0.43.0
[INFO] [stderr]    Compiling displaydoc v0.2.7
[INFO] [stderr]    Compiling thiserror-impl v2.0.19
[INFO] [stderr]    Compiling tokio-macros v2.7.2
[INFO] [stderr]    Compiling serde_derive v1.0.229
[INFO] [stderr]    Compiling async-trait v0.1.91
[INFO] [stderr]    Compiling tokio v1.53.1
[INFO] [stderr]    Compiling synstructure v0.13.2
[INFO] [stderr]    Compiling zerovec-derive v0.11.3
[INFO] [stderr]    Compiling der_derive v0.7.3
[INFO] [stderr]    Compiling asn1-rs-impl v0.2.0
[INFO] [stderr]    Compiling tracing-attributes v0.1.31
[INFO] [stderr]    Compiling zerofrom-derive v0.1.7
[INFO] [stderr]    Compiling yoke-derive v0.8.2
[INFO] [stderr]    Compiling asn1-rs-derive v0.6.0
[INFO] [stderr]    Compiling zerofrom v0.1.8
[INFO] [stderr]    Compiling tracing v0.1.44
[INFO] [stderr]    Compiling der v0.7.10
[INFO] [stderr]    Compiling asn1-rs v0.7.2
[INFO] [stderr]    Compiling yoke v0.8.3
[INFO] [stderr]    Compiling zerovec v0.11.6
[INFO] [stderr]    Compiling zerotrie v0.2.4
[INFO] [stderr]    Compiling serde v1.0.229
[INFO] [stderr]    Compiling amq-protocol-types v10.6.3
[INFO] [stderr]    Compiling tinystr v0.8.3
[INFO] [stderr]    Compiling potential_utf v0.1.5
[INFO] [stderr]    Compiling icu_collections v2.2.0
[INFO] [stderr]    Compiling icu_locale_core v2.2.0
[INFO] [stderr]    Compiling spki v0.7.3
[INFO] [stderr]    Compiling x509-cert v0.2.5
[INFO] [stderr]    Compiling pkcs5 v0.7.1
[INFO] [stderr]    Compiling der-parser v10.0.0
[INFO] [stderr]    Compiling icu_provider v2.2.0
[INFO] [stderr]    Compiling x509-parser v0.18.1
[INFO] [stderr]    Compiling icu_normalizer v2.2.0
[INFO] [stderr]    Compiling icu_properties v2.2.0
[INFO] [stderr]    Compiling tokio-stream v0.1.19
[INFO] [stderr]    Compiling async-compat v0.2.5
[INFO] [stderr]    Compiling async-rs v0.8.11
[INFO] [stderr]    Compiling cms v0.2.3
[INFO] [stderr]    Compiling idna_adapter v1.2.2
[INFO] [stderr]    Compiling idna v1.1.0
[INFO] [stderr]    Compiling pkcs12 v0.1.0
[INFO] [stderr]    Compiling url v2.5.8
[INFO] [stderr]    Compiling p12-keystore v0.2.1
[INFO] [stderr]    Compiling amq-protocol-uri v10.6.3
[INFO] [stderr]    Compiling rustls-webpki v0.103.13
[INFO] [stderr]    Compiling rustls-platform-verifier v0.7.0
[INFO] [stderr]    Compiling futures-rustls v0.26.0
[INFO] [stderr]    Compiling rustls-connector v0.23.7
[INFO] [stderr]    Compiling tcp-stream v0.34.14
[INFO] [stderr]    Compiling amq-protocol-tcp v10.6.3
[INFO] [stderr]    Compiling readyrabbit v0.3.1 (/opt/rustwide/workdir)
[INFO] [stderr]     Finished `release` profile [optimized] target(s) in 2m 36s
[INFO] running `Command { std: "docker" "inspect" "bcddaf43f3986f6810d71c982208aec69d36e7368e0903a6fe85f67d6e31b211", kill_on_drop: false }`
[INFO] running `Command { std: "docker" "exec" "-e" "SOURCE_DIR=/opt/rustwide/workdir" "-e" "CARGO_HOME=/opt/rustwide/cargo-home" "-e" "RUSTUP_HOME=/opt/rustwide/rustup-home" "-e" "CARGO_TARGET_DIR=/opt/rustwide/target" "-e" "CARGO_INCREMENTAL=0" "-e" "RUST_BACKTRACE=full" "-e" "RUSTFLAGS=--cap-lints=warn" "-e" "RUSTDOCFLAGS=--cap-lints=warn" "-w" "/opt/rustwide/workdir" "--user" "0:0" "bcddaf43f3986f6810d71c982208aec69d36e7368e0903a6fe85f67d6e31b211" "/opt/rustwide/cargo-home/bin/cargo" "+1.99.0-beta.8" "test" "--frozen" "--no-run" "--message-format=json" "--release", kill_on_drop: false }`
[INFO] [stderr]    Compiling tokio v1.53.1
[INFO] [stderr]    Compiling futures-lite v2.6.1
[INFO] [stderr]    Compiling uuid v1.24.0
[INFO] [stderr]    Compiling tokio-stream v0.1.19
[INFO] [stderr]    Compiling async-compat v0.2.5
[INFO] [stderr]    Compiling async-rs v0.8.11
[INFO] [stderr]    Compiling tokio-test v0.4.5
[INFO] [stderr]    Compiling tcp-stream v0.34.14
[INFO] [stderr]    Compiling amq-protocol-tcp v10.6.3
[INFO] [stderr]    Compiling amq-protocol v10.6.3
[INFO] [stderr]    Compiling lapin v4.10.0
[INFO] [stderr]    Compiling readyrabbit v0.3.1 (/opt/rustwide/workdir)
[INFO] [stderr]     Finished `release` profile [optimized] target(s) in 48.88s
[INFO] running `Command { std: "docker" "inspect" "bcddaf43f3986f6810d71c982208aec69d36e7368e0903a6fe85f67d6e31b211", kill_on_drop: false }`
[INFO] running `Command { std: "docker" "exec" "-e" "SOURCE_DIR=/opt/rustwide/workdir" "-e" "CARGO_HOME=/opt/rustwide/cargo-home" "-e" "RUSTUP_HOME=/opt/rustwide/rustup-home" "-e" "CARGO_TARGET_DIR=/opt/rustwide/target" "-e" "CARGO_INCREMENTAL=0" "-e" "RUST_BACKTRACE=full" "-e" "RUSTFLAGS=--cap-lints=warn" "-e" "RUSTDOCFLAGS=--cap-lints=warn" "-w" "/opt/rustwide/workdir" "--user" "0:0" "bcddaf43f3986f6810d71c982208aec69d36e7368e0903a6fe85f67d6e31b211" "/opt/rustwide/cargo-home/bin/cargo" "+1.99.0-beta.8" "test" "--frozen" "--release", kill_on_drop: false }`
[INFO] [stderr]     Finished `release` profile [optimized] target(s) in 0.22s
[INFO] [stderr]      Running unittests src/lib.rs (/opt/rustwide/target/release/deps/readyrabbit-d3fdd7cee4c388b9)
[INFO] [stdout] 
[INFO] [stdout] running 32 tests
[INFO] [stdout] test auth::test::password_parse ... ok
[INFO] [stdout] test auth::test::password_into_string ... ok
[INFO] [stdout] test auth::test::user_from_str ... ok
[INFO] [stdout] test auth::test::user_from_empty ... ok
[INFO] [stdout] test auth::test::user_parse ... ok
[INFO] [stdout] test auth::test::user_into_string ... ok
[INFO] [stdout] test names::test::exchange_name_into_string ... ok
[INFO] [stdout] test names::test::exchange_name_display ... ok
[INFO] [stdout] test names::test::exchange_name_parse ... ok
[INFO] [stdout] test names::test::queue_name_from_empty ... ok
[INFO] [stdout] test names::test::queue_name_as_str ... ok
[INFO] [stdout] test names::test::exchange_name_as_str ... ok
[INFO] [stdout] test names::test::exchange_name_default ... ok
[INFO] [stdout] test names::test::queue_name_display ... ok
[INFO] [stdout] test names::test::queue_name_from_string ... ok
[INFO] [stdout] test names::test::queue_name_from_str ... ok
[INFO] [stdout] test names::test::queue_name_parse ... ok
[INFO] [stdout] test names::test::routing_key_as_str ... ok
[INFO] [stdout] test names::test::queue_name_into_string ... ok
[INFO] [stdout] test names::test::exchange_name_from_empty ... ok
[INFO] [stdout] test names::test::exchange_name_from_str ... ok
[INFO] [stdout] test names::test::exchange_name_from_string ... ok
[INFO] [stdout] test names::test::routing_key_from_str ... ok
[INFO] [stdout] test names::test::routing_key_display ... ok
[INFO] [stdout] test names::test::routing_key_from_empty ... ok
[INFO] [stdout] test names::test::routing_key_from_string ... ok
[INFO] [stdout] test names::test::routing_key_into_string ... ok
[INFO] [stdout] test auth::test::password_from_empty ... ok
[INFO] [stdout] test auth::test::user_from_string ... ok
[INFO] [stdout] test names::test::routing_key_parse ... ok
[INFO] [stdout] test auth::test::password_from_string ... ok
[INFO] [stdout] test auth::test::password_from_str ... ok
[INFO] [stdout] 
[INFO] [stdout] test result: ok. 32 passed; 0 failed; 0 ignored; 0 measured; 0 filtered out; finished in 0.01s
[INFO] [stdout] 
[INFO] [stderr]      Running tests/notif_pubsub.rs (/opt/rustwide/target/release/deps/notif_pubsub-3b3c884563b463b9)
[INFO] [stdout] 
[INFO] [stdout] running 2 tests
[INFO] [stderr] error: test failed, to rerun pass `--test notif_pubsub`
[INFO] [stdout] test wildcard_routing ... FAILED
[INFO] [stdout] test basic_get_polling ... FAILED
[INFO] [stdout] 
[INFO] [stdout] failures:
[INFO] [stdout] 
[INFO] [stdout] ---- wildcard_routing stdout ----
[INFO] [stdout] 
[INFO] [stdout] thread 'wildcard_routing' (3662) panicked at tests/notif_pubsub.rs:26:6:
[INFO] [stdout] failed connecting subscriber: Error { kind: IOError(Os { code: 111, kind: ConnectionRefused, message: "Connection refused" }), notifier: None }
[INFO] [stdout] stack backtrace:
[INFO] [stdout]    0:     0x62d1a7960bd1 - <<std[70759c8f55707aa4]::sys::backtrace::BacktraceLock>::print::DisplayBacktrace as core[df12db4294e9bfd3]::fmt::Display>::fmt
[INFO] [stdout]    1:     0x62d1a797807a - core[df12db4294e9bfd3]::fmt::write
[INFO] [stdout]    2:     0x62d1a796592c - <alloc[2182bb758b4b3781]::vec::Vec<u8> as core[df12db4294e9bfd3]::io::write::Write>::write_fmt
[INFO] [stdout]    3:     0x62d1a793bbc6 - std[70759c8f55707aa4]::panicking::default_hook::{closure#0}
[INFO] [stdout]    4:     0x62d1a79587e9 - std[70759c8f55707aa4]::panicking::default_hook
[INFO] [stdout]    5:     0x62d1a74ebe30 - test[9d35eded1c95d3be]::test_main_inner::<test[9d35eded1c95d3be]::test_main_static::{closure#0}>::{closure#0}
[INFO] [stdout]    6:     0x62d1a7958b12 - std[70759c8f55707aa4]::panicking::panic_with_hook
[INFO] [stdout]    7:     0x62d1a793bc72 - std[70759c8f55707aa4]::panicking::panic_handler::{closure#0}
[INFO] [stdout]    8:     0x62d1a7934879 - std[70759c8f55707aa4]::sys::backtrace::__rust_end_short_backtrace::<std[70759c8f55707aa4]::panicking::panic_handler::{closure#0}, !>
[INFO] [stdout]    9:     0x62d1a793ca5d - __rustc[8fa7c3cbc660c2b3]::rust_begin_unwind
[INFO] [stdout]   10:     0x62d1a79787dc - core[df12db4294e9bfd3]::panicking::panic_fmt
[INFO] [stdout]   11:     0x62d1a79785b2 - core[df12db4294e9bfd3]::result::unwrap_failed
[INFO] [stdout]   12:     0x62d1a74abd08 - notif_pubsub[79236f29fd4a3956]::wildcard_routing::{closure#0}
[INFO] [stdout]   13:     0x62d1a74bb49b - <tokio[e9421f8e07b9b172]::runtime::runtime::Runtime>::block_on::<core[df12db4294e9bfd3]::pin::Pin<&mut dyn core[df12db4294e9bfd3]::future::future::Future<Output = ()>>>
[INFO] [stdout]   14:     0x62d1a74b46de - <notif_pubsub[79236f29fd4a3956]::wildcard_routing::{closure#0} as core[df12db4294e9bfd3]::ops::function::FnOnce<()>>::call_once
[INFO] [stdout]   15:     0x62d1a74df11b - test[9d35eded1c95d3be]::__rust_begin_short_backtrace::<core[df12db4294e9bfd3]::result::Result<(), alloc[2182bb758b4b3781]::string::String>, fn() -> core[df12db4294e9bfd3]::result::Result<(), alloc[2182bb758b4b3781]::string::String>>
[INFO] [stdout]   16:     0x62d1a74ec785 - test[9d35eded1c95d3be]::run_test::{closure#0}
[INFO] [stdout]   17:     0x62d1a74e6044 - std[70759c8f55707aa4]::sys::backtrace::__rust_begin_short_backtrace::<test[9d35eded1c95d3be]::run_test::{closure#1}, ()>
[INFO] [stdout]   18:     0x62d1a74ef8e2 - <std[70759c8f55707aa4]::thread::lifecycle::spawn_unchecked<test[9d35eded1c95d3be]::run_test::{closure#1}, ()>::{closure#1} as core[df12db4294e9bfd3]::ops::function::FnOnce<()>>::call_once::{shim:vtable#0}
[INFO] [stdout]   19:     0x62d1a79600f9 - <std[70759c8f55707aa4]::sys::thread::unix::Thread>::new::thread_start
[INFO] [stdout]   20:     0x78ec3cf0ddfa - <unknown>
[INFO] [stdout]   21:     0x78ec3cfa13d4 - clone
[INFO] [stdout]   22:                0x0 - <unknown>
[INFO] [stdout] 
[INFO] [stdout] ---- basic_get_polling stdout ----
[INFO] [stdout] 
[INFO] [stdout] thread 'basic_get_polling' (3661) panicked at tests/notif_pubsub.rs:68:6:
[INFO] [stdout] failed connecting subscriber: Error { kind: IOError(Os { code: 111, kind: ConnectionRefused, message: "Connection refused" }), notifier: None }
[INFO] [stdout] stack backtrace:
[INFO] [stdout]    0:     0x62d1a7960bd1 - <<std[70759c8f55707aa4]::sys::backtrace::BacktraceLock>::print::DisplayBacktrace as core[df12db4294e9bfd3]::fmt::Display>::fmt
[INFO] [stdout]    1:     0x62d1a797807a - core[df12db4294e9bfd3]::fmt::write
[INFO] [stdout]    2:     0x62d1a796592c - <alloc[2182bb758b4b3781]::vec::Vec<u8> as core[df12db4294e9bfd3]::io::write::Write>::write_fmt
[INFO] [stdout]    3:     0x62d1a793bbc6 - std[70759c8f55707aa4]::panicking::default_hook::{closure#0}
[INFO] [stdout]    4:     0x62d1a79587e9 - std[70759c8f55707aa4]::panicking::default_hook
[INFO] [stdout]    5:     0x62d1a74ebe30 - test[9d35eded1c95d3be]::test_main_inner::<test[9d35eded1c95d3be]::test_main_static::{closure#0}>::{closure#0}
[INFO] [stdout]    6:     0x62d1a7958b12 - std[70759c8f55707aa4]::panicking::panic_with_hook
[INFO] [stdout]    7:     0x62d1a793bc72 - std[70759c8f55707aa4]::panicking::panic_handler::{closure#0}
[INFO] [stdout]    8:     0x62d1a7934879 - std[70759c8f55707aa4]::sys::backtrace::__rust_end_short_backtrace::<std[70759c8f55707aa4]::panicking::panic_handler::{closure#0}, !>
[INFO] [stdout]    9:     0x62d1a793ca5d - __rustc[8fa7c3cbc660c2b3]::rust_begin_unwind
[INFO] [stdout]   10:     0x62d1a79787dc - core[df12db4294e9bfd3]::panicking::panic_fmt
[INFO] [stdout]   11:     0x62d1a79785b2 - core[df12db4294e9bfd3]::result::unwrap_failed
[INFO] [stdout]   12:     0x62d1a74ace54 - notif_pubsub[79236f29fd4a3956]::basic_get_polling::{closure#0}
[INFO] [stdout]   13:     0x62d1a74bb49b - <tokio[e9421f8e07b9b172]::runtime::runtime::Runtime>::block_on::<core[df12db4294e9bfd3]::pin::Pin<&mut dyn core[df12db4294e9bfd3]::future::future::Future<Output = ()>>>
[INFO] [stdout]   14:     0x62d1a74b483e - <notif_pubsub[79236f29fd4a3956]::basic_get_polling::{closure#0} as core[df12db4294e9bfd3]::ops::function::FnOnce<()>>::call_once
[INFO] [stdout]   15:     0x62d1a74df11b - test[9d35eded1c95d3be]::__rust_begin_short_backtrace::<core[df12db4294e9bfd3]::result::Result<(), alloc[2182bb758b4b3781]::string::String>, fn() -> core[df12db4294e9bfd3]::result::Result<(), alloc[2182bb758b4b3781]::string::String>>
[INFO] [stdout]   16:     0x62d1a74ec785 - test[9d35eded1c95d3be]::run_test::{closure#0}
[INFO] [stdout]   17:     0x62d1a74e6044 - std[70759c8f55707aa4]::sys::backtrace::__rust_begin_short_backtrace::<test[9d35eded1c95d3be]::run_test::{closure#1}, ()>
[INFO] [stdout]   18:     0x62d1a74ef8e2 - <std[70759c8f55707aa4]::thread::lifecycle::spawn_unchecked<test[9d35eded1c95d3be]::run_test::{closure#1}, ()>::{closure#1} as core[df12db4294e9bfd3]::ops::function::FnOnce<()>>::call_once::{shim:vtable#0}
[INFO] [stdout]   19:     0x62d1a79600f9 - <std[70759c8f55707aa4]::sys::thread::unix::Thread>::new::thread_start
[INFO] [stdout]   20:     0x78ec3cf0ddfa - <unknown>
[INFO] [stdout]   21:     0x78ec3cfa13d4 - clone
[INFO] [stdout]   22:                0x0 - <unknown>
[INFO] [stdout] 
[INFO] [stdout] 
[INFO] [stdout] failures:
[INFO] [stdout]     basic_get_polling
[INFO] [stdout]     wildcard_routing
[INFO] [stdout] 
[INFO] [stdout] test result: FAILED. 0 passed; 2 failed; 0 ignored; 0 measured; 0 filtered out; finished in 0.01s
[INFO] [stdout] 
[INFO] running `Command { std: "docker" "inspect" "bcddaf43f3986f6810d71c982208aec69d36e7368e0903a6fe85f67d6e31b211", kill_on_drop: false }`
[INFO] running `Command { std: "docker" "rm" "-f" "bcddaf43f3986f6810d71c982208aec69d36e7368e0903a6fe85f67d6e31b211", kill_on_drop: false }`
[INFO] [stdout] bcddaf43f3986f6810d71c982208aec69d36e7368e0903a6fe85f67d6e31b211
