[INFO] fetching crate ready-set-plugin 0.1.0...
[INFO] testing ready-set-plugin-0.1.0 against 1.100.0-beta.1+cargoflags=--release for beta-release-1.100-2
[INFO] extracting crate ready-set-plugin 0.1.0 into /workspace/builds/worker-6-tc2/source
[INFO] started tweaking crates.io crate ready-set-plugin 0.1.0
[INFO] finished tweaking crates.io crate ready-set-plugin 0.1.0
[INFO] tweaked toml for crates.io crate ready-set-plugin 0.1.0 written to /workspace/builds/worker-6-tc2/source/Cargo.toml
[INFO] validating manifest of crates.io crate ready-set-plugin 0.1.0 on toolchain 1.100.0-beta.1
[INFO] running `Command { std: CARGO_HOME="/workspace/cargo-home" RUSTUP_HOME="/workspace/rustup-home" "/workspace/cargo-home/bin/cargo" "+1.100.0-beta.1" "metadata" "--manifest-path" "Cargo.toml" "--no-deps", kill_on_drop: false }`
[INFO] crate crates.io crate ready-set-plugin 0.1.0 already has a lockfile, it will not be regenerated
[INFO] running `Command { std: CARGO_HOME="/workspace/cargo-home" RUSTUP_HOME="/workspace/rustup-home" "/workspace/cargo-home/bin/cargo" "+1.100.0-beta.1" "fetch" "--manifest-path" "Cargo.toml", kill_on_drop: false }`
[INFO] running `Command { std: "docker" "create" "-v" "/var/lib/crater-agent-workspace/builds/worker-6-tc2/source:/opt/rustwide/workdir:ro,Z" "-v" "/var/lib/crater-agent-workspace/builds/worker-6-tc2/target:/opt/rustwide/target:rw,Z" "-v" "/var/lib/crater-agent-workspace/cargo-home:/opt/rustwide/cargo-home:ro,Z" "-v" "/var/lib/crater-agent-workspace/rustup-home:/opt/rustwide/rustup-home:ro,Z" "-m" "1610612736" "--network" "none" "ghcr.io/rust-lang/crates-build-env/linux@sha256:77db811e55d90add9212f6832c23229e3de5f1c1f9905e8cb07319ea15df73ac" "sleep" "infinity", kill_on_drop: false }`
[INFO] [stdout] 2494292ad68d64df600e40a1a946e551ceac1dead8b1426bd9e9b29633b35f86
[INFO] running `Command { std: "docker" "start" "2494292ad68d64df600e40a1a946e551ceac1dead8b1426bd9e9b29633b35f86", kill_on_drop: false }`
[INFO] running `Command { std: "docker" "inspect" "2494292ad68d64df600e40a1a946e551ceac1dead8b1426bd9e9b29633b35f86", kill_on_drop: false }`
[INFO] running `Command { std: "docker" "exec" "-e" "SOURCE_DIR=/opt/rustwide/workdir" "-e" "CARGO_HOME=/opt/rustwide/cargo-home" "-e" "RUSTUP_HOME=/opt/rustwide/rustup-home" "-e" "CARGO_TARGET_DIR=/opt/rustwide/target" "-w" "/opt/rustwide/workdir" "--user" "0:0" "2494292ad68d64df600e40a1a946e551ceac1dead8b1426bd9e9b29633b35f86" "/opt/rustwide/cargo-home/bin/cargo" "+1.100.0-beta.1" "metadata" "--no-deps" "--format-version=1", kill_on_drop: false }`
[INFO] running `Command { std: "docker" "inspect" "2494292ad68d64df600e40a1a946e551ceac1dead8b1426bd9e9b29633b35f86", kill_on_drop: false }`
[INFO] running `Command { std: "docker" "exec" "-e" "SOURCE_DIR=/opt/rustwide/workdir" "-e" "CARGO_HOME=/opt/rustwide/cargo-home" "-e" "RUSTUP_HOME=/opt/rustwide/rustup-home" "-e" "CARGO_TARGET_DIR=/opt/rustwide/target" "-e" "CARGO_INCREMENTAL=0" "-e" "RUST_BACKTRACE=full" "-e" "RUSTFLAGS=--cap-lints=warn" "-e" "RUSTDOCFLAGS=--cap-lints=warn" "-w" "/opt/rustwide/workdir" "--user" "0:0" "2494292ad68d64df600e40a1a946e551ceac1dead8b1426bd9e9b29633b35f86" "/opt/rustwide/cargo-home/bin/cargo" "+1.100.0-beta.1" "build" "--frozen" "--message-format=json" "--release", kill_on_drop: false }`
[INFO] [stderr]    Compiling proc-macro2 v1.0.106
[INFO] [stderr]    Compiling quote v1.0.45
[INFO] [stderr]    Compiling serde_core v1.0.228
[INFO] [stderr]    Compiling libc v0.2.186
[INFO] [stderr]    Compiling typenum v1.20.0
[INFO] [stderr]    Compiling hashbrown v0.17.1
[INFO] [stderr]    Compiling cfg-if v1.0.4
[INFO] [stderr]    Compiling equivalent v1.0.2
[INFO] [stderr]    Compiling rustix v0.38.44
[INFO] [stderr]    Compiling utf8parse v0.2.2
[INFO] [stderr]    Compiling itoa v1.0.18
[INFO] [stderr]    Compiling regex-syntax v0.8.10
[INFO] [stderr]    Compiling zmij v1.0.21
[INFO] [stderr]    Compiling tracing-core v0.1.36
[INFO] [stderr]    Compiling bitflags v2.11.1
[INFO] [stderr]    Compiling option-ext v0.2.0
[INFO] [stderr]    Compiling lazy_static v1.5.0
[INFO] [stderr]    Compiling toml_write v0.1.2
[INFO] [stderr]    Compiling anstyle-query v1.1.5
[INFO] [stderr]    Compiling is_terminal_polyfill v1.70.2
[INFO] [stderr]    Compiling anstyle-parse v1.0.0
[INFO] [stderr]    Compiling anstyle v1.0.14
[INFO] [stderr]    Compiling getrandom v0.3.4
[INFO] [stderr]    Compiling winnow v0.7.15
[INFO] [stderr]    Compiling linux-raw-sys v0.4.15
[INFO] [stderr]    Compiling time-core v0.1.8
[INFO] [stderr]    Compiling num-conv v0.2.1
[INFO] [stderr]    Compiling pin-project-lite v0.2.17
[INFO] [stderr]    Compiling log v0.4.29
[INFO] [stderr]    Compiling powerfmt v0.2.0
[INFO] [stderr]    Compiling colorchoice v1.0.5
[INFO] [stderr]    Compiling serde_json v1.0.149
[INFO] [stderr]    Compiling anstream v1.0.0
[INFO] [stderr]    Compiling time-macros v0.2.27
[INFO] [stderr]    Compiling thiserror v1.0.69
[INFO] [stderr]    Compiling sharded-slab v0.1.7
[INFO] [stderr]    Compiling tracing-log v0.2.0
[INFO] [stderr]    Compiling thread_local v1.1.9
[INFO] [stderr]    Compiling anyhow v1.0.102
[INFO] [stderr]    Compiling either v1.15.0
[INFO] [stderr]    Compiling memchr v2.8.0
[INFO] [stderr]    Compiling indexmap v2.14.0
[INFO] [stderr]    Compiling clap_lex v1.1.0
[INFO] [stderr]    Compiling heck v0.5.0
[INFO] [stderr]    Compiling generic-array v0.14.7
[INFO] [stderr]    Compiling home v0.5.12
[INFO] [stderr]    Compiling strsim v0.11.1
[INFO] [stderr]    Compiling nu-ansi-term v0.50.3
[INFO] [stderr]    Compiling syn v2.0.117
[INFO] [stderr]    Compiling smallvec v1.15.1
[INFO] [stderr]    Compiling unsafe-libyaml v0.2.11
[INFO] [stderr]    Compiling ryu v1.0.23
[INFO] [stderr]    Compiling clap_builder v4.6.0
[INFO] [stderr]    Compiling block-buffer v0.10.4
[INFO] [stderr]    Compiling crypto-common v0.1.7
[INFO] [stderr]    Compiling dirs-sys v0.4.1
[INFO] [stderr]    Compiling is-terminal v0.4.17
[INFO] [stderr]    Compiling digest v0.10.7
[INFO] [stderr]    Compiling directories v5.0.1
[INFO] [stderr]    Compiling sha2 v0.10.9
[INFO] [stderr]    Compiling regex-automata v0.4.14
[INFO] [stderr]    Compiling which v6.0.3
[INFO] [stderr]    Compiling deranged v0.5.8
[INFO] [stderr]    Compiling semver v1.0.28
[INFO] [stderr]    Compiling matchers v0.2.0
[INFO] [stderr]    Compiling time v0.3.47
[INFO] [stderr]    Compiling serde_derive v1.0.228
[INFO] [stderr]    Compiling tracing-attributes v0.1.31
[INFO] [stderr]    Compiling thiserror-impl v1.0.69
[INFO] [stderr]    Compiling clap_derive v4.6.1
[INFO] [stderr]    Compiling tracing v0.1.44
[INFO] [stderr]    Compiling tracing-subscriber v0.3.23
[INFO] [stderr]    Compiling clap v4.6.1
[INFO] [stderr]    Compiling serde v1.0.228
[INFO] [stderr]    Compiling serde_spanned v0.6.9
[INFO] [stderr]    Compiling toml_datetime v0.6.11
[INFO] [stderr]    Compiling serde_yaml_ng v0.10.0
[INFO] [stderr]    Compiling toml_edit v0.22.27
[INFO] [stderr]    Compiling toml v0.8.23
[INFO] [stderr]    Compiling ready-set-sdk v0.1.0
[INFO] [stderr]    Compiling ready-set-plugin v0.1.0 (/opt/rustwide/workdir)
[INFO] [stderr]     Finished `release` profile [optimized] target(s) in 1m 08s
[INFO] running `Command { std: "docker" "inspect" "2494292ad68d64df600e40a1a946e551ceac1dead8b1426bd9e9b29633b35f86", kill_on_drop: false }`
[INFO] running `Command { std: "docker" "exec" "-e" "SOURCE_DIR=/opt/rustwide/workdir" "-e" "CARGO_HOME=/opt/rustwide/cargo-home" "-e" "RUSTUP_HOME=/opt/rustwide/rustup-home" "-e" "CARGO_TARGET_DIR=/opt/rustwide/target" "-e" "CARGO_INCREMENTAL=0" "-e" "RUST_BACKTRACE=full" "-e" "RUSTFLAGS=--cap-lints=warn" "-e" "RUSTDOCFLAGS=--cap-lints=warn" "-w" "/opt/rustwide/workdir" "--user" "0:0" "2494292ad68d64df600e40a1a946e551ceac1dead8b1426bd9e9b29633b35f86" "/opt/rustwide/cargo-home/bin/cargo" "+1.100.0-beta.1" "test" "--frozen" "--no-run" "--message-format=json" "--release", kill_on_drop: false }`
[INFO] [stderr]    Compiling rustix v1.1.4
[INFO] [stderr]    Compiling getrandom v0.4.2
[INFO] [stderr]    Compiling linux-raw-sys v0.12.1
[INFO] [stderr]    Compiling fastrand v2.4.1
[INFO] [stderr]    Compiling tempfile v3.27.0
[INFO] [stderr]    Compiling ready-set-plugin v0.1.0 (/opt/rustwide/workdir)
[INFO] [stderr]     Finished `release` profile [optimized] target(s) in 9.77s
[INFO] running `Command { std: "docker" "inspect" "2494292ad68d64df600e40a1a946e551ceac1dead8b1426bd9e9b29633b35f86", kill_on_drop: false }`
[INFO] running `Command { std: "docker" "exec" "-e" "SOURCE_DIR=/opt/rustwide/workdir" "-e" "CARGO_HOME=/opt/rustwide/cargo-home" "-e" "RUSTUP_HOME=/opt/rustwide/rustup-home" "-e" "CARGO_TARGET_DIR=/opt/rustwide/target" "-e" "CARGO_INCREMENTAL=0" "-e" "RUST_BACKTRACE=full" "-e" "RUSTFLAGS=--cap-lints=warn" "-e" "RUSTDOCFLAGS=--cap-lints=warn" "-w" "/opt/rustwide/workdir" "--user" "0:0" "2494292ad68d64df600e40a1a946e551ceac1dead8b1426bd9e9b29633b35f86" "/opt/rustwide/cargo-home/bin/cargo" "+1.100.0-beta.1" "test" "--frozen" "--release", kill_on_drop: false }`
[INFO] [stderr]     Finished `release` profile [optimized] target(s) in 0.13s
[INFO] [stderr]      Running unittests src/main.rs (/opt/rustwide/target/release/build/ready-set-plugin/300b39a201f9fecb/out/ready_set_plugin-300b39a201f9fecb)
[INFO] [stdout] 
[INFO] [stdout] running 9 tests
[INFO] [stdout] test tests::parses_yaml_blueprint_with_config_fields ... ok
[INFO] [stdout] test tests::validate_subcommand_parses_blueprint_path ... ok
[INFO] [stdout] test tests::starter_blueprint_uses_generic_requirements ... ok
[INFO] [stdout] test tests::renders_plugin_alias_args ... ok
[INFO] [stdout] test tests::plugin_blueprint_schema_is_valid_json ... FAILED
[INFO] [stdout] test tests::load_blueprint_rejects_unknown_fields ... ok
[INFO] [stdout] test tests::rejects_reserved_plugin_name ... ok
[INFO] [stdout] test tests::generates_complete_project_files ... ok
[INFO] [stdout] test tests::force_regeneration_preserves_user_handlers ... ok
[INFO] [stdout] 
[INFO] [stdout] failures:
[INFO] [stdout] 
[INFO] [stdout] ---- tests::plugin_blueprint_schema_is_valid_json stdout ----
[INFO] [stdout] 
[INFO] [stdout] thread 'tests::plugin_blueprint_schema_is_valid_json' (1787) panicked at src/main.rs:2214:56:
[INFO] [stdout] called `Result::unwrap()` on an `Err` value: Os { code: 2, kind: NotFound, message: "No such file or directory" }
[INFO] [stdout] stack backtrace:
[INFO] [stdout]    0:     0x56be36208501 - <<std[617be2ca0a6fd877]::sys::backtrace::BacktraceLock>::print::DisplayBacktrace as core[a373ad73a504971]::fmt::Display>::fmt
[INFO] [stdout]    1:     0x56be3621e8ea - core[a373ad73a504971]::fmt::write
[INFO] [stdout]    2:     0x56be3620cf0c - <alloc[2e1b2a31b91974c5]::vec::Vec<u8> as core[a373ad73a504971]::io::write::Write>::write_fmt
[INFO] [stdout]    3:     0x56be361e26b6 - std[617be2ca0a6fd877]::panicking::default_hook::{closure#0}
[INFO] [stdout]    4:     0x56be361ffd09 - std[617be2ca0a6fd877]::panicking::default_hook
[INFO] [stdout]    5:     0x56be361480e0 - test[aada8e7e76ba119b]::test_main_inner::{closure#0}
[INFO] [stdout]    6:     0x56be361ffec2 - std[617be2ca0a6fd877]::panicking::panic_with_hook
[INFO] [stdout]    7:     0x56be361e2762 - std[617be2ca0a6fd877]::panicking::panic_handler::{closure#0}
[INFO] [stdout]    8:     0x56be361dab99 - std[617be2ca0a6fd877]::sys::backtrace::__rust_end_short_backtrace::<std[617be2ca0a6fd877]::panicking::panic_handler::{closure#0}, !>
[INFO] [stdout]    9:     0x56be361e347d - __rustc[ea4f61d10b84890b]::rust_begin_unwind
[INFO] [stdout]   10:     0x56be3621f01c - core[a373ad73a504971]::panicking::panic_fmt
[INFO] [stdout]   11:     0x56be3621edf2 - core[a373ad73a504971]::result::unwrap_failed
[INFO] [stdout]   12:     0x56be360fe6a5 - <ready_set_plugin[621af9abf5f63d31]::tests::plugin_blueprint_schema_is_valid_json::{closure#0} as core[a373ad73a504971]::ops::function::FnOnce<()>>::call_once
[INFO] [stdout]   13:     0x56be3613b52b - test[aada8e7e76ba119b]::__rust_begin_short_backtrace::<core[a373ad73a504971]::result::Result<(), alloc[2e1b2a31b91974c5]::string::String>, fn() -> core[a373ad73a504971]::result::Result<(), alloc[2e1b2a31b91974c5]::string::String>>
[INFO] [stdout]   14:     0x56be36148705 - test[aada8e7e76ba119b]::run_test::{closure#0}
[INFO] [stdout]   15:     0x56be36141ff4 - std[617be2ca0a6fd877]::sys::backtrace::__rust_begin_short_backtrace::<test[aada8e7e76ba119b]::run_test::{closure#1}, ()>
[INFO] [stdout]   16:     0x56be3614b792 - <std[617be2ca0a6fd877]::thread::lifecycle::spawn_unchecked<test[aada8e7e76ba119b]::run_test::{closure#1}, ()>::{closure#1} as core[a373ad73a504971]::ops::function::FnOnce<()>>::call_once::{shim:vtable#0}
[INFO] [stdout]   17:     0x56be3620781f - <std[617be2ca0a6fd877]::sys::thread::unix::Thread>::new::thread_start
[INFO] [stdout]   18:     0x79d5d4df4dfa - <unknown>
[INFO] [stdout]   19:     0x79d5d4e883d4 - clone
[INFO] [stdout]   20:                0x0 - <unknown>
[INFO] [stdout] 
[INFO] [stdout] 
[INFO] [stdout] failures:
[INFO] [stdout]     tests::plugin_blueprint_schema_is_valid_json
[INFO] [stdout] 
[INFO] [stdout] test result: FAILED. 8 passed; 1 failed; 0 ignored; 0 measured; 0 filtered out; finished in 0.01s
[INFO] [stdout] 
[INFO] [stderr] error: test failed, to rerun pass `--bin ready-set-plugin`
[INFO] running `Command { std: "docker" "inspect" "2494292ad68d64df600e40a1a946e551ceac1dead8b1426bd9e9b29633b35f86", kill_on_drop: false }`
[INFO] running `Command { std: "docker" "rm" "-f" "2494292ad68d64df600e40a1a946e551ceac1dead8b1426bd9e9b29633b35f86", kill_on_drop: false }`
[INFO] [stdout] 2494292ad68d64df600e40a1a946e551ceac1dead8b1426bd9e9b29633b35f86
