[INFO] fetching crate readfish-tools 0.1.0...
[INFO] testing readfish-tools-0.1.0 against 1.99.0-beta.8+cargoflags=--release for beta-release-1.100-2
[INFO] extracting crate readfish-tools 0.1.0 into /workspace/builds/worker-1-tc1/source
[INFO] started tweaking crates.io crate readfish-tools 0.1.0
[INFO] finished tweaking crates.io crate readfish-tools 0.1.0
[INFO] tweaked toml for crates.io crate readfish-tools 0.1.0 written to /workspace/builds/worker-1-tc1/source/Cargo.toml
[INFO] validating manifest of crates.io crate readfish-tools 0.1.0 on toolchain 1.99.0-beta.8
[INFO] running `Command { std: CARGO_HOME="/workspace/cargo-home" RUSTUP_HOME="/workspace/rustup-home" "/workspace/cargo-home/bin/cargo" "+1.99.0-beta.8" "metadata" "--manifest-path" "Cargo.toml" "--no-deps", kill_on_drop: false }`
[INFO] running `Command { std: CARGO_HOME="/workspace/cargo-home" RUSTUP_HOME="/workspace/rustup-home" "/workspace/cargo-home/bin/cargo" "+1.99.0-beta.8" "generate-lockfile" "--manifest-path" "Cargo.toml", kill_on_drop: false }`
[INFO] [stderr]     Updating crates.io index
[INFO] [stderr]      Locking 122 packages to highest compatible versions
[INFO] [stderr]       Adding gzp v0.11.3 (available: v2.0.4)
[INFO] [stderr]       Adding itertools v0.11.0 (available: v0.15.0)
[INFO] [stderr]       Adding ndarray v0.15.6 (available: v0.17.2)
[INFO] [stderr]       Adding pyo3 v0.19.2 (available: v0.30.1)
[INFO] [stderr]       Adding toml v0.7.8 (available: v1.1.8+spec-1.1.0)
[INFO] running `Command { std: CARGO_HOME="/workspace/cargo-home" RUSTUP_HOME="/workspace/rustup-home" "/workspace/cargo-home/bin/cargo" "+1.99.0-beta.8" "fetch" "--manifest-path" "Cargo.toml", kill_on_drop: false }`
[INFO] [stderr]     Blocking waiting for file lock on package cache
[INFO] [stderr]     Blocking waiting for file lock on package cache
[INFO] [stderr]  Downloading crates ...
[INFO] [stderr]   Downloaded toml_datetime v0.6.11
[INFO] [stderr]   Downloaded unindent v0.1.11
[INFO] [stderr]   Downloaded core_affinity v0.8.3
[INFO] [stderr]   Downloaded serde_spanned v0.6.9
[INFO] [stderr]   Downloaded maplit v1.0.2
[INFO] [stderr]   Downloaded pyo3-macros v0.19.2
[INFO] [stderr]   Downloaded redox_users v0.4.6
[INFO] [stderr]   Downloaded toml v0.7.8
[INFO] [stderr]   Downloaded toml_edit v0.19.15
[INFO] [stderr]   Downloaded indoc v1.0.9
[INFO] [stderr]   Downloaded libredox v0.1.25
[INFO] [stderr]   Downloaded num_cpus v1.17.0
[INFO] [stderr]   Downloaded futures-sink v0.3.34
[INFO] [stderr]   Downloaded lazy_static v1.5.1
[INFO] [stderr]   Downloaded dirs-sys-next v0.1.2
[INFO] [stderr]   Downloaded is-terminal v0.4.17
[INFO] [stderr]   Downloaded dirs-next v2.0.0
[INFO] [stderr]   Downloaded hermit-abi v0.5.3
[INFO] [stderr]   Downloaded csv-core v0.1.13
[INFO] [stderr]   Downloaded num-integer v0.1.47
[INFO] [stderr]   Downloaded pkg-config v0.3.34
[INFO] [stderr]   Downloaded cmake v0.1.58
[INFO] [stderr]   Downloaded find-msvc-tools v0.1.14
[INFO] [stderr]   Downloaded pin-project-internal v1.1.13
[INFO] [stderr]   Downloaded nanorand v0.7.0
[INFO] [stderr]   Downloaded crc32fast v1.5.2
[INFO] [stderr]   Downloaded equivalent v1.0.3
[INFO] [stderr]   Downloaded crossbeam-deque v0.8.8
[INFO] [stderr]   Downloaded either v1.19.0
[INFO] [stderr]   Downloaded target-lexicon v0.12.16
[INFO] [stderr]   Downloaded smallvec v1.16.3
[INFO] [stderr]   Downloaded spin v0.9.9
[INFO] [stderr]   Downloaded pyo3-build-config v0.19.2
[INFO] [stderr]   Downloaded libdeflater v0.12.0
[INFO] [stderr]   Downloaded flume v0.10.14
[INFO] [stderr]   Downloaded pin-project v1.1.13
[INFO] [stderr]   Downloaded crossbeam-epoch v0.9.21
[INFO] [stderr]   Downloaded pyo3-macros-backend v0.19.2
[INFO] [stderr]   Downloaded prettytable v0.10.0
[INFO] [stderr]   Downloaded term v0.7.0
[INFO] [stderr]   Downloaded num-format v0.4.4
[INFO] [stderr]   Downloaded miniz_oxide v0.9.1
[INFO] [stderr]   Downloaded pyo3-ffi v0.19.2
[INFO] [stderr]   Downloaded matrixmultiply v0.3.11
[INFO] [stderr]   Downloaded flate2 v1.1.10
[INFO] [stderr]   Downloaded crossbeam-utils v0.8.23
[INFO] [stderr]   Downloaded indexmap v2.14.2
[INFO] [stderr]   Downloaded winnow v0.5.40
[INFO] [stderr]   Downloaded itertools v0.11.0
[INFO] [stderr]   Downloaded cc v1.8.0
[INFO] [stderr]   Downloaded syn v3.0.9
[INFO] [stderr]   Downloaded libdeflate-sys v0.12.0
[INFO] [stderr]   Downloaded aho-corasick v1.1.5
[INFO] [stderr]   Downloaded zlib-rs v0.6.8
[INFO] [stderr]   Downloaded vcpkg v0.2.15
[INFO] [stderr]   Downloaded ndarray v0.15.6
[INFO] [stderr]   Downloaded pyo3 v0.19.2
[INFO] [stderr]   Downloaded regex-automata v0.4.18
[INFO] [stderr]   Downloaded libz-sys v1.1.30
[INFO] [stderr]   Downloaded csv v1.4.0
[INFO] [stderr]   Downloaded gzp v0.11.3
[INFO] running `Command { std: "docker" "create" "-v" "/var/lib/crater-agent-workspace/builds/worker-1-tc1/source:/opt/rustwide/workdir:ro,Z" "-v" "/var/lib/crater-agent-workspace/builds/worker-1-tc1/target:/opt/rustwide/target:rw,Z" "-v" "/var/lib/crater-agent-workspace/cargo-home:/opt/rustwide/cargo-home:ro,Z" "-v" "/var/lib/crater-agent-workspace/rustup-home:/opt/rustwide/rustup-home:ro,Z" "-m" "1610612736" "--network" "none" "ghcr.io/rust-lang/crates-build-env/linux@sha256:77db811e55d90add9212f6832c23229e3de5f1c1f9905e8cb07319ea15df73ac" "sleep" "infinity", kill_on_drop: false }`
[INFO] [stdout] 54ab18586056a6823f3c875ca06aae70b726ab44ee09839484ab26e8a410fbc8
[INFO] running `Command { std: "docker" "start" "54ab18586056a6823f3c875ca06aae70b726ab44ee09839484ab26e8a410fbc8", kill_on_drop: false }`
[INFO] running `Command { std: "docker" "inspect" "54ab18586056a6823f3c875ca06aae70b726ab44ee09839484ab26e8a410fbc8", kill_on_drop: false }`
[INFO] running `Command { std: "docker" "exec" "-e" "SOURCE_DIR=/opt/rustwide/workdir" "-e" "CARGO_HOME=/opt/rustwide/cargo-home" "-e" "RUSTUP_HOME=/opt/rustwide/rustup-home" "-e" "CARGO_TARGET_DIR=/opt/rustwide/target" "-w" "/opt/rustwide/workdir" "--user" "0:0" "54ab18586056a6823f3c875ca06aae70b726ab44ee09839484ab26e8a410fbc8" "/opt/rustwide/cargo-home/bin/cargo" "+1.99.0-beta.8" "metadata" "--no-deps" "--format-version=1", kill_on_drop: false }`
[INFO] running `Command { std: "docker" "inspect" "54ab18586056a6823f3c875ca06aae70b726ab44ee09839484ab26e8a410fbc8", kill_on_drop: false }`
[INFO] running `Command { std: "docker" "exec" "-e" "SOURCE_DIR=/opt/rustwide/workdir" "-e" "CARGO_HOME=/opt/rustwide/cargo-home" "-e" "RUSTUP_HOME=/opt/rustwide/rustup-home" "-e" "CARGO_TARGET_DIR=/opt/rustwide/target" "-e" "CARGO_INCREMENTAL=0" "-e" "RUST_BACKTRACE=full" "-e" "RUSTFLAGS=--cap-lints=warn" "-e" "RUSTDOCFLAGS=--cap-lints=warn" "-w" "/opt/rustwide/workdir" "--user" "0:0" "54ab18586056a6823f3c875ca06aae70b726ab44ee09839484ab26e8a410fbc8" "/opt/rustwide/cargo-home/bin/cargo" "+1.99.0-beta.8" "build" "--frozen" "--message-format=json" "--release", kill_on_drop: false }`
[INFO] [stderr]    Compiling proc-macro2 v1.0.107
[INFO] [stderr]    Compiling unicode-ident v1.0.27
[INFO] [stderr]    Compiling quote v1.0.47
[INFO] [stderr]    Compiling libc v0.2.191
[INFO] [stderr]    Compiling autocfg v1.5.1
[INFO] [stderr]    Compiling cfg-if v1.0.5
[INFO] [stderr]    Compiling shlex v2.0.1
[INFO] [stderr]    Compiling find-msvc-tools v0.1.14
[INFO] [stderr]    Compiling target-lexicon v0.12.16
[INFO] [stderr]    Compiling serde_core v1.0.229
[INFO] [stderr]    Compiling once_cell v1.21.4
[INFO] [stderr]    Compiling memchr v2.8.3
[INFO] [stderr]    Compiling serde v1.0.229
[INFO] [stderr]    Compiling scopeguard v1.2.0
[INFO] [stderr]    Compiling crossbeam-utils v0.8.23
[INFO] [stderr]    Compiling vcpkg v0.2.15
[INFO] [stderr]    Compiling pkg-config v0.3.34
[INFO] [stderr]    Compiling syn v1.0.109
[INFO] [stderr]    Compiling lock_api v0.4.14
[INFO] [stderr]    Compiling crossbeam-epoch v0.9.21
[INFO] [stderr]    Compiling parking_lot_core v0.9.12
[INFO] [stderr]    Compiling crossbeam-deque v0.8.8
[INFO] [stderr]    Compiling cc v1.8.0
[INFO] [stderr]    Compiling crc32fast v1.5.2
[INFO] [stderr]    Compiling itoa v1.0.18
[INFO] [stderr]    Compiling rayon-core v1.13.0
[INFO] [stderr]    Compiling adler2 v2.0.1
[INFO] [stderr]    Compiling thiserror v1.0.69
[INFO] [stderr]    Compiling hashbrown v0.17.1
[INFO] [stderr]    Compiling equivalent v1.0.3
[INFO] [stderr]    Compiling simd-adler32 v0.3.10
[INFO] [stderr]    Compiling smallvec v1.16.3
[INFO] [stderr]    Compiling num-traits v0.2.19
[INFO] [stderr]    Compiling memoffset v0.9.1
[INFO] [stderr]    Compiling matrixmultiply v0.3.11
[INFO] [stderr]    Compiling spin v0.9.9
[INFO] [stderr]    Compiling either v1.19.0
[INFO] [stderr]    Compiling rawpointer v0.2.1
[INFO] [stderr]    Compiling miniz_oxide v0.9.1
[INFO] [stderr]    Compiling futures-sink v0.3.34
[INFO] [stderr]    Compiling ryu v1.0.23
[INFO] [stderr]    Compiling regex-syntax v0.8.11
[INFO] [stderr]    Compiling futures-core v0.3.34
[INFO] [stderr]    Compiling winnow v0.5.40
[INFO] [stderr]    Compiling pyo3-build-config v0.19.2
[INFO] [stderr]    Compiling unindent v0.1.11
[INFO] [stderr]    Compiling bytes v1.12.1
[INFO] [stderr]    Compiling csv-core v0.1.13
[INFO] [stderr]    Compiling syn v3.0.9
[INFO] [stderr]    Compiling syn v2.0.119
[INFO] [stderr]    Compiling aho-corasick v1.1.5
[INFO] [stderr]    Compiling cmake v0.1.58
[INFO] [stderr]    Compiling indexmap v2.14.2
[INFO] [stderr]    Compiling num-integer v0.1.47
[INFO] [stderr]    Compiling pyo3-ffi v0.19.2
[INFO] [stderr]    Compiling pyo3 v0.19.2
[INFO] [stderr]    Compiling num-complex v0.4.6
[INFO] [stderr]    Compiling unicode-width v0.1.14
[INFO] [stderr]    Compiling dirs-sys-next v0.1.2
[INFO] [stderr]    Compiling getrandom v0.2.17
[INFO] [stderr]    Compiling dirs-next v2.0.0
[INFO] [stderr]    Compiling num_cpus v1.17.0
[INFO] [stderr]    Compiling core_affinity v0.8.3
[INFO] [stderr]    Compiling term v0.7.0
[INFO] [stderr]    Compiling libz-sys v1.1.30
[INFO] [stderr]    Compiling libdeflate-sys v0.12.0
[INFO] [stderr]    Compiling nanorand v0.7.0
[INFO] [stderr]    Compiling is-terminal v0.4.17
[INFO] [stderr]    Compiling parking_lot v0.12.5
[INFO] [stderr]    Compiling byteorder v1.5.0
[INFO] [stderr]    Compiling indoc v1.0.9
[INFO] [stderr]    Compiling arrayvec v0.7.8
[INFO] [stderr]    Compiling lazy_static v1.5.1
[INFO] [stderr]    Compiling encode_unicode v1.0.0
[INFO] [stderr]    Compiling ndarray v0.15.6
[INFO] [stderr]    Compiling rayon v1.12.0
[INFO] [stderr]    Compiling itertools v0.11.0
[INFO] [stderr]    Compiling num-format v0.4.4
[INFO] [stderr]    Compiling natord v1.0.9
[INFO] [stderr]    Compiling maplit v1.0.2
[INFO] [stderr]    Compiling linked-hash-map v0.5.6
[INFO] [stderr]    Compiling serde_derive v1.0.229
[INFO] [stderr]    Compiling regex-automata v0.4.18
[INFO] [stderr]    Compiling pyo3-macros-backend v0.19.2
[INFO] [stderr]    Compiling csv v1.4.0
[INFO] [stderr]    Compiling prettytable v0.10.0
[INFO] [stderr]    Compiling pin-project-internal v1.1.13
[INFO] [stderr]    Compiling thiserror-impl v1.0.69
[INFO] [stderr]    Compiling pin-project v1.1.13
[INFO] [stderr]    Compiling flume v0.10.14
[INFO] [stderr]    Compiling toml_datetime v0.6.11
[INFO] [stderr]    Compiling serde_spanned v0.6.9
[INFO] [stderr]    Compiling toml_edit v0.19.15
[INFO] [stderr]    Compiling pyo3-macros v0.19.2
[INFO] [stderr]    Compiling regex v1.13.1
[INFO] [stderr]    Compiling libdeflater v0.12.0
[INFO] [stderr]    Compiling toml v0.7.8
[INFO] [stderr]    Compiling flate2 v1.1.10
[INFO] [stderr]    Compiling gzp v0.11.3
[INFO] [stderr]    Compiling readfish-tools v0.1.0 (/opt/rustwide/workdir)
[INFO] [stdout] warning: non-local `impl` definition, `impl` blocks should be written at the same level as their item
[INFO] [stdout]    --> src/lib.rs:989:1
[INFO] [stdout]     |
[INFO] [stdout] 989 | #[pymethods]
[INFO] [stdout]     | -^^^^^^^^^^^
[INFO] [stdout]     | |
[INFO] [stdout]     | `PyClassImplCollector` is not local
[INFO] [stdout]     | `PyClassNewTextSignature` is not local
[INFO] [stdout]     | move the `impl` block outside of this function `trampoline` and up 4 bodies
[INFO] [stdout] 990 | impl ReadfishSummary {
[INFO] [stdout]     |      ---------------
[INFO] [stdout]     |      |
[INFO] [stdout]     |      `ReadfishSummary` is not local
[INFO] [stdout]     |      `ReadfishSummary` is not local
[INFO] [stdout]     |
[INFO] [stdout]     = note: the attribute macro `pymethods` defines the non-local `impl`, and may need to be changed
[INFO] [stdout]     = note: the attribute macro `pymethods` may come from an old version of the `pyo3_macros` crate, try updating your dependency with `cargo update -p pyo3_macros`
[INFO] [stdout]     = note: an `impl` is never scoped, even when it is nested inside an item, as it may impact type checking outside of that item, which can be the case if neither the trait or the self type are at the same nesting level as the `impl`
[INFO] [stdout]     = note: `#[warn(non_local_definitions)]` on by default
[INFO] [stdout]     = note: this warning originates in the attribute macro `pymethods` (in Nightly builds, run with -Z macro-backtrace for more info)
[INFO] [stdout] 
[INFO] [stdout] 
[INFO] [stderr]     Finished `release` profile [optimized] target(s) in 1m 10s
[INFO] running `Command { std: "docker" "inspect" "54ab18586056a6823f3c875ca06aae70b726ab44ee09839484ab26e8a410fbc8", kill_on_drop: false }`
[INFO] running `Command { std: "docker" "exec" "-e" "SOURCE_DIR=/opt/rustwide/workdir" "-e" "CARGO_HOME=/opt/rustwide/cargo-home" "-e" "RUSTUP_HOME=/opt/rustwide/rustup-home" "-e" "CARGO_TARGET_DIR=/opt/rustwide/target" "-e" "CARGO_INCREMENTAL=0" "-e" "RUST_BACKTRACE=full" "-e" "RUSTFLAGS=--cap-lints=warn" "-e" "RUSTDOCFLAGS=--cap-lints=warn" "-w" "/opt/rustwide/workdir" "--user" "0:0" "54ab18586056a6823f3c875ca06aae70b726ab44ee09839484ab26e8a410fbc8" "/opt/rustwide/cargo-home/bin/cargo" "+1.99.0-beta.8" "test" "--frozen" "--no-run" "--message-format=json" "--release", kill_on_drop: false }`
[INFO] [stderr]    Compiling readfish-tools v0.1.0 (/opt/rustwide/workdir)
[INFO] [stdout] warning: non-local `impl` definition, `impl` blocks should be written at the same level as their item
[INFO] [stdout]    --> src/lib.rs:989:1
[INFO] [stdout]     |
[INFO] [stdout] 989 | #[pymethods]
[INFO] [stdout]     | -^^^^^^^^^^^
[INFO] [stdout]     | |
[INFO] [stdout]     | `PyClassImplCollector` is not local
[INFO] [stdout]     | `PyClassNewTextSignature` is not local
[INFO] [stdout]     | move the `impl` block outside of this function `trampoline` and up 4 bodies
[INFO] [stdout] 990 | impl ReadfishSummary {
[INFO] [stdout]     |      ---------------
[INFO] [stdout]     |      |
[INFO] [stdout]     |      `ReadfishSummary` is not local
[INFO] [stdout]     |      `ReadfishSummary` is not local
[INFO] [stdout]     |
[INFO] [stdout]     = note: the attribute macro `pymethods` defines the non-local `impl`, and may need to be changed
[INFO] [stdout]     = note: the attribute macro `pymethods` may come from an old version of the `pyo3_macros` crate, try updating your dependency with `cargo update -p pyo3_macros`
[INFO] [stdout]     = note: an `impl` is never scoped, even when it is nested inside an item, as it may impact type checking outside of that item, which can be the case if neither the trait or the self type are at the same nesting level as the `impl`
[INFO] [stdout]     = note: `#[warn(non_local_definitions)]` on by default
[INFO] [stdout]     = note: this warning originates in the attribute macro `pymethods` (in Nightly builds, run with -Z macro-backtrace for more info)
[INFO] [stdout] 
[INFO] [stdout] 
[INFO] [stdout] warning: non-local `impl` definition, `impl` blocks should be written at the same level as their item
[INFO] [stdout]    --> src/lib.rs:989:1
[INFO] [stdout]     |
[INFO] [stdout] 989 | #[pymethods]
[INFO] [stdout]     | -^^^^^^^^^^^
[INFO] [stdout]     | |
[INFO] [stdout]     | `PyClassImplCollector` is not local
[INFO] [stdout]     | `PyClassNewTextSignature` is not local
[INFO] [stdout]     | move the `impl` block outside of this function `trampoline` and up 4 bodies
[INFO] [stdout] 990 | impl ReadfishSummary {
[INFO] [stdout]     |      ---------------
[INFO] [stdout]     |      |
[INFO] [stdout]     |      `ReadfishSummary` is not local
[INFO] [stdout]     |      `ReadfishSummary` is not local
[INFO] [stdout]     |
[INFO] [stdout]     = note: the attribute macro `pymethods` defines the non-local `impl`, and may need to be changed
[INFO] [stdout]     = note: the attribute macro `pymethods` may come from an old version of the `pyo3_macros` crate, try updating your dependency with `cargo update -p pyo3_macros`
[INFO] [stdout]     = note: an `impl` is never scoped, even when it is nested inside an item, as it may impact type checking outside of that item, which can be the case if neither the trait or the self type are at the same nesting level as the `impl`
[INFO] [stdout]     = note: `#[warn(non_local_definitions)]` on by default
[INFO] [stdout]     = note: this warning originates in the attribute macro `pymethods` (in Nightly builds, run with -Z macro-backtrace for more info)
[INFO] [stdout] 
[INFO] [stdout] 
[INFO] [stderr]     Finished `release` profile [optimized] target(s) in 25.41s
[INFO] running `Command { std: "docker" "inspect" "54ab18586056a6823f3c875ca06aae70b726ab44ee09839484ab26e8a410fbc8", kill_on_drop: false }`
[INFO] running `Command { std: "docker" "exec" "-e" "SOURCE_DIR=/opt/rustwide/workdir" "-e" "CARGO_HOME=/opt/rustwide/cargo-home" "-e" "RUSTUP_HOME=/opt/rustwide/rustup-home" "-e" "CARGO_TARGET_DIR=/opt/rustwide/target" "-e" "CARGO_INCREMENTAL=0" "-e" "RUST_BACKTRACE=full" "-e" "RUSTFLAGS=--cap-lints=warn" "-e" "RUSTDOCFLAGS=--cap-lints=warn" "-w" "/opt/rustwide/workdir" "--user" "0:0" "54ab18586056a6823f3c875ca06aae70b726ab44ee09839484ab26e8a410fbc8" "/opt/rustwide/cargo-home/bin/cargo" "+1.99.0-beta.8" "test" "--frozen" "--release", kill_on_drop: false }`
[INFO] [stderr] warning: non-local `impl` definition, `impl` blocks should be written at the same level as their item
[INFO] [stderr]    --> src/lib.rs:989:1
[INFO] [stderr]     |
[INFO] [stderr] 989 | #[pymethods]
[INFO] [stderr]     | -^^^^^^^^^^^
[INFO] [stderr]     | |
[INFO] [stderr]     | `PyClassImplCollector` is not local
[INFO] [stderr]     | `PyClassNewTextSignature` is not local
[INFO] [stderr]     | move the `impl` block outside of this function `trampoline` and up 4 bodies
[INFO] [stderr] 990 | impl ReadfishSummary {
[INFO] [stderr]     |      ---------------
[INFO] [stderr]     |      |
[INFO] [stderr]     |      `ReadfishSummary` is not local
[INFO] [stderr]     |      `ReadfishSummary` is not local
[INFO] [stderr]     |
[INFO] [stderr]     = note: the attribute macro `pymethods` defines the non-local `impl`, and may need to be changed
[INFO] [stderr]     = note: the attribute macro `pymethods` may come from an old version of the `pyo3_macros` crate, try updating your dependency with `cargo update -p pyo3_macros`
[INFO] [stderr]     = note: an `impl` is never scoped, even when it is nested inside an item, as it may impact type checking outside of that item, which can be the case if neither the trait or the self type are at the same nesting level as the `impl`
[INFO] [stderr]     = note: `#[warn(non_local_definitions)]` on by default
[INFO] [stderr]     = note: this warning originates in the attribute macro `pymethods` (in Nightly builds, run with -Z macro-backtrace for more info)
[INFO] [stderr] 
[INFO] [stderr] warning: `readfish-tools` (lib) generated 1 warning
[INFO] [stderr] warning: `readfish-tools` (lib test) generated 1 warning (1 duplicate)
[INFO] [stderr]     Finished `release` profile [optimized] target(s) in 0.13s
[INFO] [stderr]      Running unittests src/lib.rs (/opt/rustwide/target/release/deps/readfish_tools-2a65dc13945777d9)
[INFO] [stdout] 
[INFO] [stdout] running 50 tests
[INFO] [stdout] test nanopore::tests::test_generate_flowcell_odd_even ... ok
[INFO] [stdout] test nanopore::tests::test_format_bases ... ok
[INFO] [stdout] test nanopore::tests::test_get_coords_panics - should panic ... ok
[INFO] [stdout] test nanopore::tests::test_get_coords ... ok
[INFO] [stdout] test nanopore::tests::test_generate_flowcell ... ok
[INFO] [stdout] test paf::tests::test_from_file_empty_file ... FAILED
[INFO] [stdout] test paf::tests::test_barcode_present ... ok
[INFO] [stdout] test paf::tests::test_barcode_absent ... ok
[INFO] [stdout] test paf::tests::test_from_file_invalid_paf ... FAILED
[INFO] [stdout] test nanopore::tests::test_get_flowcell_array ... ok
[INFO] [stdout] test paf::tests::test_from_tuple ... ok
[INFO] [stdout] test paf::tests::test_from_tuple_no_barcode ... ok
[INFO] [stdout] test nanopore::tests::test_get_coords_panics_size - should panic ... ok
[INFO] [stdout] test readfish::tests::test_conf_validate_post_init ... ok
[INFO] [stdout] test nanopore::tests::test_running_mean ... ok
[INFO] [stdout] test paf::tests::test_paf_from_file ... FAILED
[INFO] [stdout] test paf::tests::test_read_id ... ok
[INFO] [stdout] test paf::tests::test_channel ... ok
[INFO] [stdout] test readfish::tests::test_conf_validate_post_init_panic - should panic ... ok
[INFO] [stdout] test nanopore::tests::test_get_flowcell_array_panic - should panic ... ok
[INFO] [stdout] test paf::tests::test_from_file_valid_paf ... FAILED
[INFO] [stdout] test readfish::tests::read_toml ... FAILED
[INFO] [stdout] test paf::tests::test_from_file_nonexistent_file - should panic ... ok
[INFO] [stdout] test readfish::tests::test_get_csv_record_strand ... ok
[INFO] [stdout] test readfish::tests::test_get_conditions ... FAILED
[INFO] [stdout] test readfish::tests::test_get_coord ... ok
[INFO] [stdout] test readfish::tests::test_get_region ... FAILED
[INFO] [stdout] test readfish::tests::test_generate_channel_map_barcode ... ok
[INFO] [stdout] test readfish::tests::test_get_coord_contig ... ok
[INFO] [stdout] test readfish::tests::test_load_barcoded_conf ... FAILED
[INFO] [stdout] test readfish::tests::test_make_targets ... ok
[INFO] [stdout] test readfish::tests::test_merge_intervals ... ok
[INFO] [stdout] test readfish_io::tests::test_byte_counter_new ... ok
[INFO] [stdout] test readfish_io::tests::test_byte_counter_read ... ok
[INFO] [stdout] test readfish::tests::test_from_string ... FAILED
[INFO] [stdout] test readfish::tests::test_generate_channel_map ... FAILED
[INFO] [stdout] test readfish_io::tests::test_byte_counter_read_exact_past_end ... ok
[INFO] [stdout] test readfish_io::tests::test_byte_counter_read_past_end ... ok
[INFO] [stdout] test readfish::tests::test_get_regions_no_regions ... ok
[INFO] [stdout] test tests::test_update_lengths ... ok
[INFO] [stdout] test readfish::tests::test_insert_into_targets ... ok
[INFO] [stdout] test readfish_io::tests::test_consume_exact_large ... ok
[INFO] [stdout] test readfish_io::tests::test_consume_exact_small ... ok
[INFO] [stdout] test readfish_io::tests::test_reader ... FAILED
[INFO] [stdout] test readfish_io::tests::test_reader_seek_gz ... FAILED
[INFO] [stdout] test readfish::tests::test_load_conf ... FAILED
[INFO] [stdout] test readfish_io::tests::test_reader_seek ... FAILED
[INFO] [stdout] test tests::test_parse_conf_file ... FAILED
[INFO] [stdout] test sequencing_summary::tests::test_seq_sum_from_file ... FAILED
[INFO] [stdout] test tests::test_parse_sequencing_summary ... FAILED
[INFO] [stdout] 
[INFO] [stdout] failures:
[INFO] [stdout] 
[INFO] [stdout] ---- paf::tests::test_from_file_empty_file stdout ----
[INFO] [stdout] 
[INFO] [stdout] thread 'paf::tests::test_from_file_empty_file' (2577) panicked at src/readfish_io.rs:323:55:
[INFO] [stdout] Error: cannot read input file: Os { code: 2, kind: NotFound, message: "No such file or directory" }
[INFO] [stdout] stack backtrace:
[INFO] [stdout]    0:     0x5f0fdae11737 - <<std[70759c8f55707aa4]::sys::backtrace::BacktraceLock>::print::DisplayBacktrace as core[df12db4294e9bfd3]::fmt::Display>::fmt
[INFO] [stdout]    1:     0x5f0fdadf3a4a - core[df12db4294e9bfd3]::fmt::write
[INFO] [stdout]    2:     0x5f0fdae10ceb - <alloc[2182bb758b4b3781]::vec::Vec<u8> as core[df12db4294e9bfd3]::io::write::Write>::write_fmt
[INFO] [stdout]    3:     0x5f0fdae107cf - std[70759c8f55707aa4]::panicking::default_hook::{closure#0}
[INFO] [stdout]    4:     0x5f0fdae103fa - std[70759c8f55707aa4]::panicking::default_hook
[INFO] [stdout]    5:     0x5f0fdae0ff32 - std[70759c8f55707aa4]::panicking::panic_with_hook
[INFO] [stdout]    6:     0x5f0fdae36cd1 - std[70759c8f55707aa4]::panicking::panic_handler::{closure#0}
[INFO] [stdout]    7:     0x5f0fdae36c89 - std[70759c8f55707aa4]::sys::backtrace::__rust_end_short_backtrace::<std[70759c8f55707aa4]::panicking::panic_handler::{closure#0}, !>
[INFO] [stdout]    8:     0x5f0fdae3719c - __rustc[8fa7c3cbc660c2b3]::rust_begin_unwind
[INFO] [stdout]    9:     0x5f0fdadf38db - core[df12db4294e9bfd3]::panicking::panic_fmt
[INFO] [stdout]   10:     0x5f0fdadf75b1 - core[df12db4294e9bfd3]::result::unwrap_failed
[INFO] [stdout]   11:     0x5f0fdadc6c4c - readfish_tools[cc53073fd0a23b1f]::readfish_io::reader::<&std[70759c8f55707aa4]::path::PathBuf>
[INFO] [stdout]   12:     0x5f0fdadc6dc6 - readfish_tools[cc53073fd0a23b1f]::paf::open_paf_for_reading::<std[70759c8f55707aa4]::path::PathBuf>
[INFO] [stdout]   13:     0x5f0fdade9b30 - <readfish_tools[cc53073fd0a23b1f]::paf::tests::test_from_file_empty_file::{closure#0} as core[df12db4294e9bfd3]::ops::function::FnOnce<()>>::call_once
[INFO] [stdout]   14:     0x5f0fdae50f8b - test[9d35eded1c95d3be]::__rust_begin_short_backtrace::<core[df12db4294e9bfd3]::result::Result<(), alloc[2182bb758b4b3781]::string::String>, fn() -> core[df12db4294e9bfd3]::result::Result<(), alloc[2182bb758b4b3781]::string::String>>
[INFO] [stdout]   15:     0x5f0fdae4c59f - test[9d35eded1c95d3be]::run_test::{closure#0}
[INFO] [stdout]   16:     0x5f0fdae4c01c - std[70759c8f55707aa4]::sys::backtrace::__rust_begin_short_backtrace::<test[9d35eded1c95d3be]::run_test::{closure#1}, ()>
[INFO] [stdout]   17:     0x5f0fdae68dac - <std[70759c8f55707aa4]::thread::lifecycle::spawn_unchecked<test[9d35eded1c95d3be]::run_test::{closure#1}, ()>::{closure#1} as core[df12db4294e9bfd3]::ops::function::FnOnce<()>>::call_once::{shim:vtable#0}
[INFO] [stdout]   18:     0x5f0fdae383d2 - <std[70759c8f55707aa4]::sys::thread::unix::Thread>::new::thread_start
[INFO] [stdout]   19:     0x751a71854dfa - <unknown>
[INFO] [stdout]   20:     0x751a718e83d4 - clone
[INFO] [stdout]   21:                0x0 - <unknown>
[INFO] [stdout] 
[INFO] [stdout] ---- paf::tests::test_from_file_invalid_paf stdout ----
[INFO] [stdout] 
[INFO] [stdout] thread 'paf::tests::test_from_file_invalid_paf' (2578) panicked at src/readfish_io.rs:323:55:
[INFO] [stdout] Error: cannot read input file: Os { code: 2, kind: NotFound, message: "No such file or directory" }
[INFO] [stdout] stack backtrace:
[INFO] [stdout]    0:     0x5f0fdae11737 - <<std[70759c8f55707aa4]::sys::backtrace::BacktraceLock>::print::DisplayBacktrace as core[df12db4294e9bfd3]::fmt::Display>::fmt
[INFO] [stdout]    1:     0x5f0fdadf3a4a - core[df12db4294e9bfd3]::fmt::write
[INFO] [stdout]    2:     0x5f0fdae10ceb - <alloc[2182bb758b4b3781]::vec::Vec<u8> as core[df12db4294e9bfd3]::io::write::Write>::write_fmt
[INFO] [stdout]    3:     0x5f0fdae107cf - std[70759c8f55707aa4]::panicking::default_hook::{closure#0}
[INFO] [stdout]    4:     0x5f0fdae103fa - std[70759c8f55707aa4]::panicking::default_hook
[INFO] [stdout]    5:     0x5f0fdae0ff32 - std[70759c8f55707aa4]::panicking::panic_with_hook
[INFO] [stdout]    6:     0x5f0fdae36cd1 - std[70759c8f55707aa4]::panicking::panic_handler::{closure#0}
[INFO] [stdout]    7:     0x5f0fdae36c89 - std[70759c8f55707aa4]::sys::backtrace::__rust_end_short_backtrace::<std[70759c8f55707aa4]::panicking::panic_handler::{closure#0}, !>
[INFO] [stdout]    8:     0x5f0fdae3719c - __rustc[8fa7c3cbc660c2b3]::rust_begin_unwind
[INFO] [stdout]    9:     0x5f0fdadf38db - core[df12db4294e9bfd3]::panicking::panic_fmt
[INFO] [stdout]   10:     0x5f0fdadf75b1 - core[df12db4294e9bfd3]::result::unwrap_failed
[INFO] [stdout]   11:     0x5f0fdadc6c4c - readfish_tools[cc53073fd0a23b1f]::readfish_io::reader::<&std[70759c8f55707aa4]::path::PathBuf>
[INFO] [stdout]   12:     0x5f0fdadc6dc6 - readfish_tools[cc53073fd0a23b1f]::paf::open_paf_for_reading::<std[70759c8f55707aa4]::path::PathBuf>
[INFO] [stdout]   13:     0x5f0fdade9bc0 - <readfish_tools[cc53073fd0a23b1f]::paf::tests::test_from_file_invalid_paf::{closure#0} as core[df12db4294e9bfd3]::ops::function::FnOnce<()>>::call_once
[INFO] [stdout]   14:     0x5f0fdae50f8b - test[9d35eded1c95d3be]::__rust_begin_short_backtrace::<core[df12db4294e9bfd3]::result::Result<(), alloc[2182bb758b4b3781]::string::String>, fn() -> core[df12db4294e9bfd3]::result::Result<(), alloc[2182bb758b4b3781]::string::String>>
[INFO] [stdout]   15:     0x5f0fdae4c59f - test[9d35eded1c95d3be]::run_test::{closure#0}
[INFO] [stdout]   16:     0x5f0fdae4c01c - std[70759c8f55707aa4]::sys::backtrace::__rust_begin_short_backtrace::<test[9d35eded1c95d3be]::run_test::{closure#1}, ()>
[INFO] [stdout]   17:     0x5f0fdae68dac - <std[70759c8f55707aa4]::thread::lifecycle::spawn_unchecked<test[9d35eded1c95d3be]::run_test::{closure#1}, ()>::{closure#1} as core[df12db4294e9bfd3]::ops::function::FnOnce<()>>::call_once::{shim:vtable#0}
[INFO] [stdout]   18:     0x5f0fdae383d2 - <std[70759c8f55707aa4]::sys::thread::unix::Thread>::new::thread_start
[INFO] [stdout]   19:     0x751a71854dfa - <unknown>
[INFO] [stdout]   20:     0x751a718e83d4 - clone
[INFO] [stdout]   21:                0x0 - <unknown>
[INFO] [stdout] 
[INFO] [stdout] ---- paf::tests::test_paf_from_file stdout ----
[INFO] [stdout] 
[INFO] [stdout] thread 'paf::tests::test_paf_from_file' (2583) panicked at src/readfish_io.rs:323:55:
[INFO] [stdout] Error: cannot read input file: Os { code: 2, kind: NotFound, message: "No such file or directory" }
[INFO] [stdout] stack backtrace:
[INFO] [stdout]    0:     0x5f0fdae11737 - <<std[70759c8f55707aa4]::sys::backtrace::BacktraceLock>::print::DisplayBacktrace as core[df12db4294e9bfd3]::fmt::Display>::fmt
[INFO] [stdout]    1:     0x5f0fdadf3a4a - core[df12db4294e9bfd3]::fmt::write
[INFO] [stdout]    2:     0x5f0fdae10ceb - <alloc[2182bb758b4b3781]::vec::Vec<u8> as core[df12db4294e9bfd3]::io::write::Write>::write_fmt
[INFO] [stdout]    3:     0x5f0fdae107cf - std[70759c8f55707aa4]::panicking::default_hook::{closure#0}
[INFO] [stdout]    4:     0x5f0fdae103fa - std[70759c8f55707aa4]::panicking::default_hook
[INFO] [stdout]    5:     0x5f0fdae0ff32 - std[70759c8f55707aa4]::panicking::panic_with_hook
[INFO] [stdout]    6:     0x5f0fdae36cd1 - std[70759c8f55707aa4]::panicking::panic_handler::{closure#0}
[INFO] [stdout]    7:     0x5f0fdae36c89 - std[70759c8f55707aa4]::sys::backtrace::__rust_end_short_backtrace::<std[70759c8f55707aa4]::panicking::panic_handler::{closure#0}, !>
[INFO] [stdout]    8:     0x5f0fdae3719c - __rustc[8fa7c3cbc660c2b3]::rust_begin_unwind
[INFO] [stdout]    9:     0x5f0fdadf38db - core[df12db4294e9bfd3]::panicking::panic_fmt
[INFO] [stdout]   10:     0x5f0fdadf75b1 - core[df12db4294e9bfd3]::result::unwrap_failed
[INFO] [stdout]   11:     0x5f0fdadc6c4c - readfish_tools[cc53073fd0a23b1f]::readfish_io::reader::<&std[70759c8f55707aa4]::path::PathBuf>
[INFO] [stdout]   12:     0x5f0fdadc6dc6 - readfish_tools[cc53073fd0a23b1f]::paf::open_paf_for_reading::<std[70759c8f55707aa4]::path::PathBuf>
[INFO] [stdout]   13:     0x5f0fdade9802 - <readfish_tools[cc53073fd0a23b1f]::paf::tests::test_paf_from_file::{closure#0} as core[df12db4294e9bfd3]::ops::function::FnOnce<()>>::call_once
[INFO] [stdout]   14:     0x5f0fdae50f8b - test[9d35eded1c95d3be]::__rust_begin_short_backtrace::<core[df12db4294e9bfd3]::result::Result<(), alloc[2182bb758b4b3781]::string::String>, fn() -> core[df12db4294e9bfd3]::result::Result<(), alloc[2182bb758b4b3781]::string::String>>
[INFO] [stdout]   15:     0x5f0fdae4c59f - test[9d35eded1c95d3be]::run_test::{closure#0}
[INFO] [stdout]   16:     0x5f0fdae4c01c - std[70759c8f55707aa4]::sys::backtrace::__rust_begin_short_backtrace::<test[9d35eded1c95d3be]::run_test::{closure#1}, ()>
[INFO] [stdout]   17:     0x5f0fdae68dac - <std[70759c8f55707aa4]::thread::lifecycle::spawn_unchecked<test[9d35eded1c95d3be]::run_test::{closure#1}, ()>::{closure#1} as core[df12db4294e9bfd3]::ops::function::FnOnce<()>>::call_once::{shim:vtable#0}
[INFO] [stdout]   18:     0x5f0fdae383d2 - <std[70759c8f55707aa4]::sys::thread::unix::Thread>::new::thread_start
[INFO] [stdout]   19:     0x751a71854dfa - <unknown>
[INFO] [stdout]   20:     0x751a718e83d4 - clone
[INFO] [stdout]   21:                0x0 - <unknown>
[INFO] [stdout] 
[INFO] [stdout] ---- paf::tests::test_from_file_valid_paf stdout ----
[INFO] [stdout] 
[INFO] [stdout] thread 'paf::tests::test_from_file_valid_paf' (2580) panicked at src/readfish_io.rs:323:55:
[INFO] [stdout] Error: cannot read input file: Os { code: 2, kind: NotFound, message: "No such file or directory" }
[INFO] [stdout] stack backtrace:
[INFO] [stdout]    0:     0x5f0fdae11737 - <<std[70759c8f55707aa4]::sys::backtrace::BacktraceLock>::print::DisplayBacktrace as core[df12db4294e9bfd3]::fmt::Display>::fmt
[INFO] [stdout]    1:     0x5f0fdadf3a4a - core[df12db4294e9bfd3]::fmt::write
[INFO] [stdout]    2:     0x5f0fdae10ceb - <alloc[2182bb758b4b3781]::vec::Vec<u8> as core[df12db4294e9bfd3]::io::write::Write>::write_fmt
[INFO] [stdout]    3:     0x5f0fdae107cf - std[70759c8f55707aa4]::panicking::default_hook::{closure#0}
[INFO] [stdout]    4:     0x5f0fdae103fa - std[70759c8f55707aa4]::panicking::default_hook
[INFO] [stdout]    5:     0x5f0fdae0ff32 - std[70759c8f55707aa4]::panicking::panic_with_hook
[INFO] [stdout]    6:     0x5f0fdae36cd1 - std[70759c8f55707aa4]::panicking::panic_handler::{closure#0}
[INFO] [stdout]    7:     0x5f0fdae36c89 - std[70759c8f55707aa4]::sys::backtrace::__rust_end_short_backtrace::<std[70759c8f55707aa4]::panicking::panic_handler::{closure#0}, !>
[INFO] [stdout]    8:     0x5f0fdae3719c - __rustc[8fa7c3cbc660c2b3]::rust_begin_unwind
[INFO] [stdout]    9:     0x5f0fdadf38db - core[df12db4294e9bfd3]::panicking::panic_fmt
[INFO] [stdout]   10:     0x5f0fdadf75b1 - core[df12db4294e9bfd3]::result::unwrap_failed
[INFO] [stdout]   11:     0x5f0fdadc6c4c - readfish_tools[cc53073fd0a23b1f]::readfish_io::reader::<&std[70759c8f55707aa4]::path::PathBuf>
[INFO] [stdout]   12:     0x5f0fdadc6dc6 - readfish_tools[cc53073fd0a23b1f]::paf::open_paf_for_reading::<std[70759c8f55707aa4]::path::PathBuf>
[INFO] [stdout]   13:     0x5f0fdade9a80 - <readfish_tools[cc53073fd0a23b1f]::paf::tests::test_from_file_valid_paf::{closure#0} as core[df12db4294e9bfd3]::ops::function::FnOnce<()>>::call_once
[INFO] [stdout]   14:     0x5f0fdae50f8b - test[9d35eded1c95d3be]::__rust_begin_short_backtrace::<core[df12db4294e9bfd3]::result::Result<(), alloc[2182bb758b4b3781]::string::String>, fn() -> core[df12db4294e9bfd3]::result::Result<(), alloc[2182bb758b4b3781]::string::String>>
[INFO] [stdout]   15:     0x5f0fdae4c59f - test[9d35eded1c95d3be]::run_test::{closure#0}
[INFO] [stdout]   16:     0x5f0fdae4c01c - std[70759c8f55707aa4]::sys::backtrace::__rust_begin_short_backtrace::<test[9d35eded1c95d3be]::run_test::{closure#1}, ()>
[INFO] [stdout]   17:     0x5f0fdae68dac - <std[70759c8f55707aa4]::thread::lifecycle::spawn_unchecked<test[9d35eded1c95d3be]::run_test::{closure#1}, ()>::{closure#1} as core[df12db4294e9bfd3]::ops::function::FnOnce<()>>::call_once::{shim:vtable#0}
[INFO] [stdout]   18:     0x5f0fdae383d2 - <std[70759c8f55707aa4]::sys::thread::unix::Thread>::new::thread_start
[INFO] [stdout]   19:     0x751a71854dfa - <unknown>
[INFO] [stdout]   20:     0x751a718e83d4 - clone
[INFO] [stdout]   21:                0x0 - <unknown>
[INFO] [stdout] 
[INFO] [stdout] ---- readfish::tests::read_toml stdout ----
[INFO] [stdout] 
[INFO] [stdout] thread 'readfish::tests::read_toml' (2585) panicked at src/readfish.rs:1604:58:
[INFO] [stdout] called `Result::unwrap()` on an `Err` value: Os { code: 2, kind: NotFound, message: "No such file or directory" }
[INFO] [stdout] stack backtrace:
[INFO] [stdout]    0:     0x5f0fdae11737 - <<std[70759c8f55707aa4]::sys::backtrace::BacktraceLock>::print::DisplayBacktrace as core[df12db4294e9bfd3]::fmt::Display>::fmt
[INFO] [stdout]    1:     0x5f0fdadf3a4a - core[df12db4294e9bfd3]::fmt::write
[INFO] [stdout]    2:     0x5f0fdae10ceb - <alloc[2182bb758b4b3781]::vec::Vec<u8> as core[df12db4294e9bfd3]::io::write::Write>::write_fmt
[INFO] [stdout]    3:     0x5f0fdae107cf - std[70759c8f55707aa4]::panicking::default_hook::{closure#0}
[INFO] [stdout]    4:     0x5f0fdae103fa - std[70759c8f55707aa4]::panicking::default_hook
[INFO] [stdout]    5:     0x5f0fdae0ff32 - std[70759c8f55707aa4]::panicking::panic_with_hook
[INFO] [stdout]    6:     0x5f0fdae36cd1 - std[70759c8f55707aa4]::panicking::panic_handler::{closure#0}
[INFO] [stdout]    7:     0x5f0fdae36c89 - std[70759c8f55707aa4]::sys::backtrace::__rust_end_short_backtrace::<std[70759c8f55707aa4]::panicking::panic_handler::{closure#0}, !>
[INFO] [stdout]    8:     0x5f0fdae3719c - __rustc[8fa7c3cbc660c2b3]::rust_begin_unwind
[INFO] [stdout]    9:     0x5f0fdadf38db - core[df12db4294e9bfd3]::panicking::panic_fmt
[INFO] [stdout]   10:     0x5f0fdadf75b1 - core[df12db4294e9bfd3]::result::unwrap_failed
[INFO] [stdout]   11:     0x5f0fdadee4df - <readfish_tools[cc53073fd0a23b1f]::readfish::tests::read_toml::{closure#0} as core[df12db4294e9bfd3]::ops::function::FnOnce<()>>::call_once
[INFO] [stdout]   12:     0x5f0fdae50f8b - test[9d35eded1c95d3be]::__rust_begin_short_backtrace::<core[df12db4294e9bfd3]::result::Result<(), alloc[2182bb758b4b3781]::string::String>, fn() -> core[df12db4294e9bfd3]::result::Result<(), alloc[2182bb758b4b3781]::string::String>>
[INFO] [stdout]   13:     0x5f0fdae4c59f - test[9d35eded1c95d3be]::run_test::{closure#0}
[INFO] [stdout]   14:     0x5f0fdae4c01c - std[70759c8f55707aa4]::sys::backtrace::__rust_begin_short_backtrace::<test[9d35eded1c95d3be]::run_test::{closure#1}, ()>
[INFO] [stdout]   15:     0x5f0fdae68dac - <std[70759c8f55707aa4]::thread::lifecycle::spawn_unchecked<test[9d35eded1c95d3be]::run_test::{closure#1}, ()>::{closure#1} as core[df12db4294e9bfd3]::ops::function::FnOnce<()>>::call_once::{shim:vtable#0}
[INFO] [stdout]   16:     0x5f0fdae383d2 - <std[70759c8f55707aa4]::sys::thread::unix::Thread>::new::thread_start
[INFO] [stdout]   17:     0x751a71854dfa - <unknown>
[INFO] [stdout]   18:     0x751a718e83d4 - clone
[INFO] [stdout]   19:                0x0 - <unknown>
[INFO] [stdout] 
[INFO] [stdout] ---- readfish::tests::test_get_conditions stdout ----
[INFO] [stdout] 
[INFO] [stdout] thread 'readfish::tests::test_get_conditions' (2591) panicked at src/readfish.rs:756:22:
[INFO] [stdout] Could not open targets file!: Error(Io(Os { code: 2, kind: NotFound, message: "No such file or directory" }))
[INFO] [stdout] stack backtrace:
[INFO] [stdout]    0:     0x5f0fdae11737 - <<std[70759c8f55707aa4]::sys::backtrace::BacktraceLock>::print::DisplayBacktrace as core[df12db4294e9bfd3]::fmt::Display>::fmt
[INFO] [stdout]    1:     0x5f0fdadf3a4a - core[df12db4294e9bfd3]::fmt::write
[INFO] [stdout]    2:     0x5f0fdae10ceb - <alloc[2182bb758b4b3781]::vec::Vec<u8> as core[df12db4294e9bfd3]::io::write::Write>::write_fmt
[INFO] [stdout]    3:     0x5f0fdae107cf - std[70759c8f55707aa4]::panicking::default_hook::{closure#0}
[INFO] [stdout]    4:     0x5f0fdae103fa - std[70759c8f55707aa4]::panicking::default_hook
[INFO] [stdout]    5:     0x5f0fdae0ff32 - std[70759c8f55707aa4]::panicking::panic_with_hook
[INFO] [stdout]    6:     0x5f0fdae36cd1 - std[70759c8f55707aa4]::panicking::panic_handler::{closure#0}
[INFO] [stdout]    7:     0x5f0fdae36c89 - std[70759c8f55707aa4]::sys::backtrace::__rust_end_short_backtrace::<std[70759c8f55707aa4]::panicking::panic_handler::{closure#0}, !>
[INFO] [stdout]    8:     0x5f0fdae3719c - __rustc[8fa7c3cbc660c2b3]::rust_begin_unwind
[INFO] [stdout]    9:     0x5f0fdadf38db - core[df12db4294e9bfd3]::panicking::panic_fmt
[INFO] [stdout]   10:     0x5f0fdadf75b1 - core[df12db4294e9bfd3]::result::unwrap_failed
[INFO] [stdout]   11:     0x5f0fdadd5e4b - <readfish_tools[cc53073fd0a23b1f]::readfish::Targets>::from_parsed_toml
[INFO] [stdout]   12:     0x5f0fdadd6db4 - <readfish_tools[cc53073fd0a23b1f]::readfish::Targets>::new
[INFO] [stdout]   13:     0x5f0fdaddf97b - <readfish_tools[cc53073fd0a23b1f]::readfish::_Condition as core[df12db4294e9bfd3]::convert::From<&toml[9910f980c7522500]::map::Map<alloc[2182bb758b4b3781]::string::String, toml[9910f980c7522500]::value::Value>>>::from
[INFO] [stdout]   14:     0x5f0fdadd7843 - <readfish_tools[cc53073fd0a23b1f]::readfish::Conf>::new
[INFO] [stdout]   15:     0x5f0fdadeba6c - <readfish_tools[cc53073fd0a23b1f]::readfish::tests::test_get_conditions::{closure#0} as core[df12db4294e9bfd3]::ops::function::FnOnce<()>>::call_once
[INFO] [stdout]   16:     0x5f0fdae50f8b - test[9d35eded1c95d3be]::__rust_begin_short_backtrace::<core[df12db4294e9bfd3]::result::Result<(), alloc[2182bb758b4b3781]::string::String>, fn() -> core[df12db4294e9bfd3]::result::Result<(), alloc[2182bb758b4b3781]::string::String>>
[INFO] [stdout]   17:     0x5f0fdae4c59f - test[9d35eded1c95d3be]::run_test::{closure#0}
[INFO] [stdout]   18:     0x5f0fdae4c01c - std[70759c8f55707aa4]::sys::backtrace::__rust_begin_short_backtrace::<test[9d35eded1c95d3be]::run_test::{closure#1}, ()>
[INFO] [stdout]   19:     0x5f0fdae68dac - <std[70759c8f55707aa4]::thread::lifecycle::spawn_unchecked<test[9d35eded1c95d3be]::run_test::{closure#1}, ()>::{closure#1} as core[df12db4294e9bfd3]::ops::function::FnOnce<()>>::call_once::{shim:vtable#0}
[INFO] [stdout]   20:     0x5f0fdae383d2 - <std[70759c8f55707aa4]::sys::thread::unix::Thread>::new::thread_start
[INFO] [stdout]   21:     0x751a71854dfa - <unknown>
[INFO] [stdout]   22:     0x751a718e83d4 - clone
[INFO] [stdout]   23:                0x0 - <unknown>
[INFO] [stdout] 
[INFO] [stdout] ---- readfish::tests::test_get_region stdout ----
[INFO] [stdout] 
[INFO] [stdout] thread 'readfish::tests::test_get_region' (2595) panicked at src/readfish.rs:756:22:
[INFO] [stdout] Could not open targets file!: Error(Io(Os { code: 2, kind: NotFound, message: "No such file or directory" }))
[INFO] [stdout] stack backtrace:
[INFO] [stderr] error: test failed, to rerun pass `--lib`
[INFO] [stdout]    0:     0x5f0fdae11737 - <<std[70759c8f55707aa4]::sys::backtrace::BacktraceLock>::print::DisplayBacktrace as core[df12db4294e9bfd3]::fmt::Display>::fmt
[INFO] [stdout]    1:     0x5f0fdadf3a4a - core[df12db4294e9bfd3]::fmt::write
[INFO] [stdout]    2:     0x5f0fdae10ceb - <alloc[2182bb758b4b3781]::vec::Vec<u8> as core[df12db4294e9bfd3]::io::write::Write>::write_fmt
[INFO] [stdout]    3:     0x5f0fdae107cf - std[70759c8f55707aa4]::panicking::default_hook::{closure#0}
[INFO] [stdout]    4:     0x5f0fdae103fa - std[70759c8f55707aa4]::panicking::default_hook
[INFO] [stdout]    5:     0x5f0fdae0ff32 - std[70759c8f55707aa4]::panicking::panic_with_hook
[INFO] [stdout]    6:     0x5f0fdae36cd1 - std[70759c8f55707aa4]::panicking::panic_handler::{closure#0}
[INFO] [stdout]    7:     0x5f0fdae36c89 - std[70759c8f55707aa4]::sys::backtrace::__rust_end_short_backtrace::<std[70759c8f55707aa4]::panicking::panic_handler::{closure#0}, !>
[INFO] [stdout]    8:     0x5f0fdae3719c - __rustc[8fa7c3cbc660c2b3]::rust_begin_unwind
[INFO] [stdout]    9:     0x5f0fdadf38db - core[df12db4294e9bfd3]::panicking::panic_fmt
[INFO] [stdout]   10:     0x5f0fdadf75b1 - core[df12db4294e9bfd3]::result::unwrap_failed
[INFO] [stdout]   11:     0x5f0fdadd5e4b - <readfish_tools[cc53073fd0a23b1f]::readfish::Targets>::from_parsed_toml
[INFO] [stdout]   12:     0x5f0fdadd6db4 - <readfish_tools[cc53073fd0a23b1f]::readfish::Targets>::new
[INFO] [stdout]   13:     0x5f0fdaddf97b - <readfish_tools[cc53073fd0a23b1f]::readfish::_Condition as core[df12db4294e9bfd3]::convert::From<&toml[9910f980c7522500]::map::Map<alloc[2182bb758b4b3781]::string::String, toml[9910f980c7522500]::value::Value>>>::from
[INFO] [stdout]   14:     0x5f0fdadd7843 - <readfish_tools[cc53073fd0a23b1f]::readfish::Conf>::new
[INFO] [stdout]   15:     0x5f0fdadeb15a - <readfish_tools[cc53073fd0a23b1f]::readfish::tests::test_get_region::{closure#0} as core[df12db4294e9bfd3]::ops::function::FnOnce<()>>::call_once
[INFO] [stdout]   16:     0x5f0fdae50f8b - test[9d35eded1c95d3be]::__rust_begin_short_backtrace::<core[df12db4294e9bfd3]::result::Result<(), alloc[2182bb758b4b3781]::string::String>, fn() -> core[df12db4294e9bfd3]::result::Result<(), alloc[2182bb758b4b3781]::string::String>>
[INFO] [stdout]   17:     0x5f0fdae4c59f - test[9d35eded1c95d3be]::run_test::{closure#0}
[INFO] [stdout]   18:     0x5f0fdae4c01c - std[70759c8f55707aa4]::sys::backtrace::__rust_begin_short_backtrace::<test[9d35eded1c95d3be]::run_test::{closure#1}, ()>
[INFO] [stdout]   19:     0x5f0fdae68dac - <std[70759c8f55707aa4]::thread::lifecycle::spawn_unchecked<test[9d35eded1c95d3be]::run_test::{closure#1}, ()>::{closure#1} as core[df12db4294e9bfd3]::ops::function::FnOnce<()>>::call_once::{shim:vtable#0}
[INFO] [stdout]   20:     0x5f0fdae383d2 - <std[70759c8f55707aa4]::sys::thread::unix::Thread>::new::thread_start
[INFO] [stdout]   21:     0x751a71854dfa - <unknown>
[INFO] [stdout]   22:     0x751a718e83d4 - clone
[INFO] [stdout]   23:                0x0 - <unknown>
[INFO] [stdout] 
[INFO] [stdout] ---- readfish::tests::test_load_barcoded_conf stdout ----
[INFO] [stdout] 
[INFO] [stdout] thread 'readfish::tests::test_load_barcoded_conf' (2598) panicked at src/readfish.rs:990:63:
[INFO] [stdout] called `Result::unwrap()` on an `Err` value: Os { code: 2, kind: NotFound, message: "No such file or directory" }
[INFO] [stdout] stack backtrace:
[INFO] [stdout]    0:     0x5f0fdae11737 - <<std[70759c8f55707aa4]::sys::backtrace::BacktraceLock>::print::DisplayBacktrace as core[df12db4294e9bfd3]::fmt::Display>::fmt
[INFO] [stdout]    1:     0x5f0fdadf3a4a - core[df12db4294e9bfd3]::fmt::write
[INFO] [stdout]    2:     0x5f0fdae10ceb - <alloc[2182bb758b4b3781]::vec::Vec<u8> as core[df12db4294e9bfd3]::io::write::Write>::write_fmt
[INFO] [stdout]    3:     0x5f0fdae107cf - std[70759c8f55707aa4]::panicking::default_hook::{closure#0}
[INFO] [stdout]    4:     0x5f0fdae103fa - std[70759c8f55707aa4]::panicking::default_hook
[INFO] [stdout]    5:     0x5f0fdae0ff32 - std[70759c8f55707aa4]::panicking::panic_with_hook
[INFO] [stdout]    6:     0x5f0fdae36cd1 - std[70759c8f55707aa4]::panicking::panic_handler::{closure#0}
[INFO] [stdout]    7:     0x5f0fdae36c89 - std[70759c8f55707aa4]::sys::backtrace::__rust_end_short_backtrace::<std[70759c8f55707aa4]::panicking::panic_handler::{closure#0}, !>
[INFO] [stdout]    8:     0x5f0fdae3719c - __rustc[8fa7c3cbc660c2b3]::rust_begin_unwind
[INFO] [stdout]    9:     0x5f0fdadf38db - core[df12db4294e9bfd3]::panicking::panic_fmt
[INFO] [stdout]   10:     0x5f0fdadf75b1 - core[df12db4294e9bfd3]::result::unwrap_failed
[INFO] [stdout]   11:     0x5f0fdadc4d5f - <readfish_tools[cc53073fd0a23b1f]::readfish::Conf>::from_file::<std[70759c8f55707aa4]::path::PathBuf>
[INFO] [stdout]   12:     0x5f0fdadec31d - <readfish_tools[cc53073fd0a23b1f]::readfish::tests::test_load_barcoded_conf::{closure#0} as core[df12db4294e9bfd3]::ops::function::FnOnce<()>>::call_once
[INFO] [stdout]   13:     0x5f0fdae50f8b - test[9d35eded1c95d3be]::__rust_begin_short_backtrace::<core[df12db4294e9bfd3]::result::Result<(), alloc[2182bb758b4b3781]::string::String>, fn() -> core[df12db4294e9bfd3]::result::Result<(), alloc[2182bb758b4b3781]::string::String>>
[INFO] [stdout]   14:     0x5f0fdae4c59f - test[9d35eded1c95d3be]::run_test::{closure#0}
[INFO] [stdout]   15:     0x5f0fdae4c01c - std[70759c8f55707aa4]::sys::backtrace::__rust_begin_short_backtrace::<test[9d35eded1c95d3be]::run_test::{closure#1}, ()>
[INFO] [stdout]   16:     0x5f0fdae68dac - <std[70759c8f55707aa4]::thread::lifecycle::spawn_unchecked<test[9d35eded1c95d3be]::run_test::{closure#1}, ()>::{closure#1} as core[df12db4294e9bfd3]::ops::function::FnOnce<()>>::call_once::{shim:vtable#0}
[INFO] [stdout]   17:     0x5f0fdae383d2 - <std[70759c8f55707aa4]::sys::thread::unix::Thread>::new::thread_start
[INFO] [stdout]   18:     0x751a71854dfa - <unknown>
[INFO] [stdout]   19:     0x751a718e83d4 - clone
[INFO] [stdout]   20:                0x0 - <unknown>
[INFO] [stdout] 
[INFO] [stdout] ---- readfish::tests::test_from_string stdout ----
[INFO] [stdout] 
[INFO] [stdout] thread 'readfish::tests::test_from_string' (2588) panicked at src/readfish.rs:756:22:
[INFO] [stdout] Could not open targets file!: Error(Io(Os { code: 2, kind: NotFound, message: "No such file or directory" }))
[INFO] [stdout] stack backtrace:
[INFO] [stdout]    0:     0x5f0fdae11737 - <<std[70759c8f55707aa4]::sys::backtrace::BacktraceLock>::print::DisplayBacktrace as core[df12db4294e9bfd3]::fmt::Display>::fmt
[INFO] [stdout]    1:     0x5f0fdadf3a4a - core[df12db4294e9bfd3]::fmt::write
[INFO] [stdout]    2:     0x5f0fdae10ceb - <alloc[2182bb758b4b3781]::vec::Vec<u8> as core[df12db4294e9bfd3]::io::write::Write>::write_fmt
[INFO] [stdout]    3:     0x5f0fdae107cf - std[70759c8f55707aa4]::panicking::default_hook::{closure#0}
[INFO] [stdout]    4:     0x5f0fdae103fa - std[70759c8f55707aa4]::panicking::default_hook
[INFO] [stdout]    5:     0x5f0fdae0ff32 - std[70759c8f55707aa4]::panicking::panic_with_hook
[INFO] [stdout]    6:     0x5f0fdae36cd1 - std[70759c8f55707aa4]::panicking::panic_handler::{closure#0}
[INFO] [stdout]    7:     0x5f0fdae36c89 - std[70759c8f55707aa4]::sys::backtrace::__rust_end_short_backtrace::<std[70759c8f55707aa4]::panicking::panic_handler::{closure#0}, !>
[INFO] [stdout]    8:     0x5f0fdae3719c - __rustc[8fa7c3cbc660c2b3]::rust_begin_unwind
[INFO] [stdout]    9:     0x5f0fdadf38db - core[df12db4294e9bfd3]::panicking::panic_fmt
[INFO] [stdout]   10:     0x5f0fdadf75b1 - core[df12db4294e9bfd3]::result::unwrap_failed
[INFO] [stdout]   11:     0x5f0fdadd5e4b - <readfish_tools[cc53073fd0a23b1f]::readfish::Targets>::from_parsed_toml
[INFO] [stdout]   12:     0x5f0fdadd6db4 - <readfish_tools[cc53073fd0a23b1f]::readfish::Targets>::new
[INFO] [stdout]   13:     0x5f0fdaddf97b - <readfish_tools[cc53073fd0a23b1f]::readfish::_Condition as core[df12db4294e9bfd3]::convert::From<&toml[9910f980c7522500]::map::Map<alloc[2182bb758b4b3781]::string::String, toml[9910f980c7522500]::value::Value>>>::from
[INFO] [stdout]   14:     0x5f0fdadd7843 - <readfish_tools[cc53073fd0a23b1f]::readfish::Conf>::new
[INFO] [stdout]   15:     0x5f0fdadeb415 - <readfish_tools[cc53073fd0a23b1f]::readfish::tests::test_from_string::{closure#0} as core[df12db4294e9bfd3]::ops::function::FnOnce<()>>::call_once
[INFO] [stdout]   16:     0x5f0fdae50f8b - test[9d35eded1c95d3be]::__rust_begin_short_backtrace::<core[df12db4294e9bfd3]::result::Result<(), alloc[2182bb758b4b3781]::string::String>, fn() -> core[df12db4294e9bfd3]::result::Result<(), alloc[2182bb758b4b3781]::string::String>>
[INFO] [stdout]   17:     0x5f0fdae4c59f - test[9d35eded1c95d3be]::run_test::{closure#0}
[INFO] [stdout]   18:     0x5f0fdae4c01c - std[70759c8f55707aa4]::sys::backtrace::__rust_begin_short_backtrace::<test[9d35eded1c95d3be]::run_test::{closure#1}, ()>
[INFO] [stdout]   19:     0x5f0fdae68dac - <std[70759c8f55707aa4]::thread::lifecycle::spawn_unchecked<test[9d35eded1c95d3be]::run_test::{closure#1}, ()>::{closure#1} as core[df12db4294e9bfd3]::ops::function::FnOnce<()>>::call_once::{shim:vtable#0}
[INFO] [stdout]   20:     0x5f0fdae383d2 - <std[70759c8f55707aa4]::sys::thread::unix::Thread>::new::thread_start
[INFO] [stdout]   21:     0x751a71854dfa - <unknown>
[INFO] [stdout]   22:     0x751a718e83d4 - clone
[INFO] [stdout]   23:                0x0 - <unknown>
[INFO] [stdout] 
[INFO] [stdout] ---- readfish::tests::test_generate_channel_map stdout ----
[INFO] [stdout] 
[INFO] [stdout] thread 'readfish::tests::test_generate_channel_map' (2589) panicked at src/readfish.rs:756:22:
[INFO] [stdout] Could not open targets file!: Error(Io(Os { code: 2, kind: NotFound, message: "No such file or directory" }))
[INFO] [stdout] stack backtrace:
[INFO] [stdout]    0:     0x5f0fdae11737 - <<std[70759c8f55707aa4]::sys::backtrace::BacktraceLock>::print::DisplayBacktrace as core[df12db4294e9bfd3]::fmt::Display>::fmt
[INFO] [stdout]    1:     0x5f0fdadf3a4a - core[df12db4294e9bfd3]::fmt::write
[INFO] [stdout]    2:     0x5f0fdae10ceb - <alloc[2182bb758b4b3781]::vec::Vec<u8> as core[df12db4294e9bfd3]::io::write::Write>::write_fmt
[INFO] [stdout]    3:     0x5f0fdae107cf - std[70759c8f55707aa4]::panicking::default_hook::{closure#0}
[INFO] [stdout]    4:     0x5f0fdae103fa - std[70759c8f55707aa4]::panicking::default_hook
[INFO] [stdout]    5:     0x5f0fdae0ff32 - std[70759c8f55707aa4]::panicking::panic_with_hook
[INFO] [stdout]    6:     0x5f0fdae36cd1 - std[70759c8f55707aa4]::panicking::panic_handler::{closure#0}
[INFO] [stdout]    7:     0x5f0fdae36c89 - std[70759c8f55707aa4]::sys::backtrace::__rust_end_short_backtrace::<std[70759c8f55707aa4]::panicking::panic_handler::{closure#0}, !>
[INFO] [stdout]    8:     0x5f0fdae3719c - __rustc[8fa7c3cbc660c2b3]::rust_begin_unwind
[INFO] [stdout]    9:     0x5f0fdadf38db - core[df12db4294e9bfd3]::panicking::panic_fmt
[INFO] [stdout]   10:     0x5f0fdadf75b1 - core[df12db4294e9bfd3]::result::unwrap_failed
[INFO] [stdout]   11:     0x5f0fdadd5e4b - <readfish_tools[cc53073fd0a23b1f]::readfish::Targets>::from_parsed_toml
[INFO] [stdout]   12:     0x5f0fdadd6db4 - <readfish_tools[cc53073fd0a23b1f]::readfish::Targets>::new
[INFO] [stdout]   13:     0x5f0fdaddf97b - <readfish_tools[cc53073fd0a23b1f]::readfish::_Condition as core[df12db4294e9bfd3]::convert::From<&toml[9910f980c7522500]::map::Map<alloc[2182bb758b4b3781]::string::String, toml[9910f980c7522500]::value::Value>>>::from
[INFO] [stdout]   14:     0x5f0fdadd7843 - <readfish_tools[cc53073fd0a23b1f]::readfish::Conf>::new
[INFO] [stdout]   15:     0x5f0fdaded1fd - <readfish_tools[cc53073fd0a23b1f]::readfish::tests::test_generate_channel_map::{closure#0} as core[df12db4294e9bfd3]::ops::function::FnOnce<()>>::call_once
[INFO] [stdout]   16:     0x5f0fdae50f8b - test[9d35eded1c95d3be]::__rust_begin_short_backtrace::<core[df12db4294e9bfd3]::result::Result<(), alloc[2182bb758b4b3781]::string::String>, fn() -> core[df12db4294e9bfd3]::result::Result<(), alloc[2182bb758b4b3781]::string::String>>
[INFO] [stdout]   17:     0x5f0fdae4c59f - test[9d35eded1c95d3be]::run_test::{closure#0}
[INFO] [stdout]   18:     0x5f0fdae4c01c - std[70759c8f55707aa4]::sys::backtrace::__rust_begin_short_backtrace::<test[9d35eded1c95d3be]::run_test::{closure#1}, ()>
[INFO] [stdout]   19:     0x5f0fdae68dac - <std[70759c8f55707aa4]::thread::lifecycle::spawn_unchecked<test[9d35eded1c95d3be]::run_test::{closure#1}, ()>::{closure#1} as core[df12db4294e9bfd3]::ops::function::FnOnce<()>>::call_once::{shim:vtable#0}
[INFO] [stdout]   20:     0x5f0fdae383d2 - <std[70759c8f55707aa4]::sys::thread::unix::Thread>::new::thread_start
[INFO] [stdout]   21:     0x751a71854dfa - <unknown>
[INFO] [stdout]   22:     0x751a718e83d4 - clone
[INFO] [stdout]   23:                0x0 - <unknown>
[INFO] [stdout] 
[INFO] [stdout] ---- readfish_io::tests::test_reader stdout ----
[INFO] [stdout] 
[INFO] [stdout] thread 'readfish_io::tests::test_reader' (2608) panicked at src/readfish_io.rs:323:55:
[INFO] [stdout] Error: cannot read input file: Os { code: 2, kind: NotFound, message: "No such file or directory" }
[INFO] [stdout] stack backtrace:
[INFO] [stdout]    0:     0x5f0fdae11737 - <<std[70759c8f55707aa4]::sys::backtrace::BacktraceLock>::print::DisplayBacktrace as core[df12db4294e9bfd3]::fmt::Display>::fmt
[INFO] [stdout]    1:     0x5f0fdadf3a4a - core[df12db4294e9bfd3]::fmt::write
[INFO] [stdout]    2:     0x5f0fdae10ceb - <alloc[2182bb758b4b3781]::vec::Vec<u8> as core[df12db4294e9bfd3]::io::write::Write>::write_fmt
[INFO] [stdout]    3:     0x5f0fdae107cf - std[70759c8f55707aa4]::panicking::default_hook::{closure#0}
[INFO] [stdout]    4:     0x5f0fdae103fa - std[70759c8f55707aa4]::panicking::default_hook
[INFO] [stdout]    5:     0x5f0fdae0ff32 - std[70759c8f55707aa4]::panicking::panic_with_hook
[INFO] [stdout]    6:     0x5f0fdae36cd1 - std[70759c8f55707aa4]::panicking::panic_handler::{closure#0}
[INFO] [stdout]    7:     0x5f0fdae36c89 - std[70759c8f55707aa4]::sys::backtrace::__rust_end_short_backtrace::<std[70759c8f55707aa4]::panicking::panic_handler::{closure#0}, !>
[INFO] [stdout]    8:     0x5f0fdae3719c - __rustc[8fa7c3cbc660c2b3]::rust_begin_unwind
[INFO] [stdout]    9:     0x5f0fdadf38db - core[df12db4294e9bfd3]::panicking::panic_fmt
[INFO] [stdout]   10:     0x5f0fdadf75b1 - core[df12db4294e9bfd3]::result::unwrap_failed
[INFO] [stdout]   11:     0x5f0fdadc67e3 - readfish_tools[cc53073fd0a23b1f]::readfish_io::reader::<std[70759c8f55707aa4]::path::PathBuf>
[INFO] [stdout]   12:     0x5f0fdade84cd - <readfish_tools[cc53073fd0a23b1f]::readfish_io::tests::test_reader::{closure#0} as core[df12db4294e9bfd3]::ops::function::FnOnce<()>>::call_once
[INFO] [stdout]   13:     0x5f0fdae50f8b - test[9d35eded1c95d3be]::__rust_begin_short_backtrace::<core[df12db4294e9bfd3]::result::Result<(), alloc[2182bb758b4b3781]::string::String>, fn() -> core[df12db4294e9bfd3]::result::Result<(), alloc[2182bb758b4b3781]::string::String>>
[INFO] [stdout]   14:     0x5f0fdae4c59f - test[9d35eded1c95d3be]::run_test::{closure#0}
[INFO] [stdout]   15:     0x5f0fdae4c01c - std[70759c8f55707aa4]::sys::backtrace::__rust_begin_short_backtrace::<test[9d35eded1c95d3be]::run_test::{closure#1}, ()>
[INFO] [stdout]   16:     0x5f0fdae68dac - <std[70759c8f55707aa4]::thread::lifecycle::spawn_unchecked<test[9d35eded1c95d3be]::run_test::{closure#1}, ()>::{closure#1} as core[df12db4294e9bfd3]::ops::function::FnOnce<()>>::call_once::{shim:vtable#0}
[INFO] [stdout]   17:     0x5f0fdae383d2 - <std[70759c8f55707aa4]::sys::thread::unix::Thread>::new::thread_start
[INFO] [stdout]   18:     0x751a71854dfa - <unknown>
[INFO] [stdout]   19:     0x751a718e83d4 - clone
[INFO] [stdout]   20:                0x0 - <unknown>
[INFO] [stdout] 
[INFO] [stdout] ---- readfish_io::tests::test_reader_seek_gz stdout ----
[INFO] [stdout] 
[INFO] [stdout] thread 'readfish_io::tests::test_reader_seek_gz' (2610) panicked at src/readfish_io.rs:305:25:
[INFO] [stdout] couldn't open /opt/rustwide/workdir/resources/test_hum_4000.paf.gz: No such file or directory (os error 2)
[INFO] [stdout] stack backtrace:
[INFO] [stdout]    0:     0x5f0fdae11737 - <<std[70759c8f55707aa4]::sys::backtrace::BacktraceLock>::print::DisplayBacktrace as core[df12db4294e9bfd3]::fmt::Display>::fmt
[INFO] [stdout]    1:     0x5f0fdadf3a4a - core[df12db4294e9bfd3]::fmt::write
[INFO] [stdout]    2:     0x5f0fdae10ceb - <alloc[2182bb758b4b3781]::vec::Vec<u8> as core[df12db4294e9bfd3]::io::write::Write>::write_fmt
[INFO] [stdout]    3:     0x5f0fdae107cf - std[70759c8f55707aa4]::panicking::default_hook::{closure#0}
[INFO] [stdout]    4:     0x5f0fdae103fa - std[70759c8f55707aa4]::panicking::default_hook
[INFO] [stdout]    5:     0x5f0fdae0ff32 - std[70759c8f55707aa4]::panicking::panic_with_hook
[INFO] [stdout]    6:     0x5f0fdae36cd1 - std[70759c8f55707aa4]::panicking::panic_handler::{closure#0}
[INFO] [stdout]    7:     0x5f0fdae36c89 - std[70759c8f55707aa4]::sys::backtrace::__rust_end_short_backtrace::<std[70759c8f55707aa4]::panicking::panic_handler::{closure#0}, !>
[INFO] [stdout]    8:     0x5f0fdae3719c - __rustc[8fa7c3cbc660c2b3]::rust_begin_unwind
[INFO] [stdout]    9:     0x5f0fdadf38db - core[df12db4294e9bfd3]::panicking::panic_fmt
[INFO] [stdout]   10:     0x5f0fdadc6844 - readfish_tools[cc53073fd0a23b1f]::readfish_io::reader::<std[70759c8f55707aa4]::path::PathBuf>
[INFO] [stdout]   11:     0x5f0fdade8774 - <readfish_tools[cc53073fd0a23b1f]::readfish_io::tests::test_reader_seek_gz::{closure#0} as core[df12db4294e9bfd3]::ops::function::FnOnce<()>>::call_once
[INFO] [stdout]   12:     0x5f0fdae50f8b - test[9d35eded1c95d3be]::__rust_begin_short_backtrace::<core[df12db4294e9bfd3]::result::Result<(), alloc[2182bb758b4b3781]::string::String>, fn() -> core[df12db4294e9bfd3]::result::Result<(), alloc[2182bb758b4b3781]::string::String>>
[INFO] [stdout]   13:     0x5f0fdae4c59f - test[9d35eded1c95d3be]::run_test::{closure#0}
[INFO] [stdout]   14:     0x5f0fdae4c01c - std[70759c8f55707aa4]::sys::backtrace::__rust_begin_short_backtrace::<test[9d35eded1c95d3be]::run_test::{closure#1}, ()>
[INFO] [stdout]   15:     0x5f0fdae68dac - <std[70759c8f55707aa4]::thread::lifecycle::spawn_unchecked<test[9d35eded1c95d3be]::run_test::{closure#1}, ()>::{closure#1} as core[df12db4294e9bfd3]::ops::function::FnOnce<()>>::call_once::{shim:vtable#0}
[INFO] [stdout]   16:     0x5f0fdae383d2 - <std[70759c8f55707aa4]::sys::thread::unix::Thread>::new::thread_start
[INFO] [stdout]   17:     0x751a71854dfa - <unknown>
[INFO] [stdout]   18:     0x751a718e83d4 - clone
[INFO] [stdout]   19:                0x0 - <unknown>
[INFO] [stdout] 
[INFO] [stdout] ---- readfish::tests::test_load_conf stdout ----
[INFO] [stdout] 
[INFO] [stdout] thread 'readfish::tests::test_load_conf' (2599) panicked at src/readfish.rs:990:63:
[INFO] [stdout] called `Result::unwrap()` on an `Err` value: Os { code: 2, kind: NotFound, message: "No such file or directory" }
[INFO] [stdout] stack backtrace:
[INFO] [stdout]    0:     0x5f0fdae11737 - <<std[70759c8f55707aa4]::sys::backtrace::BacktraceLock>::print::DisplayBacktrace as core[df12db4294e9bfd3]::fmt::Display>::fmt
[INFO] [stdout]    1:     0x5f0fdadf3a4a - core[df12db4294e9bfd3]::fmt::write
[INFO] [stdout]    2:     0x5f0fdae10ceb - <alloc[2182bb758b4b3781]::vec::Vec<u8> as core[df12db4294e9bfd3]::io::write::Write>::write_fmt
[INFO] [stdout]    3:     0x5f0fdae107cf - std[70759c8f55707aa4]::panicking::default_hook::{closure#0}
[INFO] [stdout]    4:     0x5f0fdae103fa - std[70759c8f55707aa4]::panicking::default_hook
[INFO] [stdout]    5:     0x5f0fdae0ff32 - std[70759c8f55707aa4]::panicking::panic_with_hook
[INFO] [stdout]    6:     0x5f0fdae36cd1 - std[70759c8f55707aa4]::panicking::panic_handler::{closure#0}
[INFO] [stdout]    7:     0x5f0fdae36c89 - std[70759c8f55707aa4]::sys::backtrace::__rust_end_short_backtrace::<std[70759c8f55707aa4]::panicking::panic_handler::{closure#0}, !>
[INFO] [stdout]    8:     0x5f0fdae3719c - __rustc[8fa7c3cbc660c2b3]::rust_begin_unwind
[INFO] [stdout]    9:     0x5f0fdadf38db - core[df12db4294e9bfd3]::panicking::panic_fmt
[INFO] [stdout]   10:     0x5f0fdadf75b1 - core[df12db4294e9bfd3]::result::unwrap_failed
[INFO] [stdout]   11:     0x5f0fdadc4d5f - <readfish_tools[cc53073fd0a23b1f]::readfish::Conf>::from_file::<std[70759c8f55707aa4]::path::PathBuf>
[INFO] [stdout]   12:     0x5f0fdadeae4b - <readfish_tools[cc53073fd0a23b1f]::readfish::tests::test_load_conf::{closure#0} as core[df12db4294e9bfd3]::ops::function::FnOnce<()>>::call_once
[INFO] [stdout]   13:     0x5f0fdae50f8b - test[9d35eded1c95d3be]::__rust_begin_short_backtrace::<core[df12db4294e9bfd3]::result::Result<(), alloc[2182bb758b4b3781]::string::String>, fn() -> core[df12db4294e9bfd3]::result::Result<(), alloc[2182bb758b4b3781]::string::String>>
[INFO] [stdout]   14:     0x5f0fdae4c59f - test[9d35eded1c95d3be]::run_test::{closure#0}
[INFO] [stdout]   15:     0x5f0fdae4c01c - std[70759c8f55707aa4]::sys::backtrace::__rust_begin_short_backtrace::<test[9d35eded1c95d3be]::run_test::{closure#1}, ()>
[INFO] [stdout]   16:     0x5f0fdae68dac - <std[70759c8f55707aa4]::thread::lifecycle::spawn_unchecked<test[9d35eded1c95d3be]::run_test::{closure#1}, ()>::{closure#1} as core[df12db4294e9bfd3]::ops::function::FnOnce<()>>::call_once::{shim:vtable#0}
[INFO] [stdout]   17:     0x5f0fdae383d2 - <std[70759c8f55707aa4]::sys::thread::unix::Thread>::new::thread_start
[INFO] [stdout]   18:     0x751a71854dfa - <unknown>
[INFO] [stdout]   19:     0x751a718e83d4 - clone
[INFO] [stdout]   20:                0x0 - <unknown>
[INFO] [stdout] 
[INFO] [stdout] ---- readfish_io::tests::test_reader_seek stdout ----
[INFO] [stdout] 
[INFO] [stdout] thread 'readfish_io::tests::test_reader_seek' (2609) panicked at src/readfish_io.rs:323:55:
[INFO] [stdout] Error: cannot read input file: Os { code: 2, kind: NotFound, message: "No such file or directory" }
[INFO] [stdout] stack backtrace:
[INFO] [stdout]    0:     0x5f0fdae11737 - <<std[70759c8f55707aa4]::sys::backtrace::BacktraceLock>::print::DisplayBacktrace as core[df12db4294e9bfd3]::fmt::Display>::fmt
[INFO] [stdout]    1:     0x5f0fdadf3a4a - core[df12db4294e9bfd3]::fmt::write
[INFO] [stdout]    2:     0x5f0fdae10ceb - <alloc[2182bb758b4b3781]::vec::Vec<u8> as core[df12db4294e9bfd3]::io::write::Write>::write_fmt
[INFO] [stdout]    3:     0x5f0fdae107cf - std[70759c8f55707aa4]::panicking::default_hook::{closure#0}
[INFO] [stdout]    4:     0x5f0fdae103fa - std[70759c8f55707aa4]::panicking::default_hook
[INFO] [stdout]    5:     0x5f0fdae0ff32 - std[70759c8f55707aa4]::panicking::panic_with_hook
[INFO] [stdout]    6:     0x5f0fdae36cd1 - std[70759c8f55707aa4]::panicking::panic_handler::{closure#0}
[INFO] [stdout]    7:     0x5f0fdae36c89 - std[70759c8f55707aa4]::sys::backtrace::__rust_end_short_backtrace::<std[70759c8f55707aa4]::panicking::panic_handler::{closure#0}, !>
[INFO] [stdout]    8:     0x5f0fdae3719c - __rustc[8fa7c3cbc660c2b3]::rust_begin_unwind
[INFO] [stdout]    9:     0x5f0fdadf38db - core[df12db4294e9bfd3]::panicking::panic_fmt
[INFO] [stdout]   10:     0x5f0fdadf75b1 - core[df12db4294e9bfd3]::result::unwrap_failed
[INFO] [stdout]   11:     0x5f0fdadc67e3 - readfish_tools[cc53073fd0a23b1f]::readfish_io::reader::<std[70759c8f55707aa4]::path::PathBuf>
[INFO] [stdout]   12:     0x5f0fdade85a4 - <readfish_tools[cc53073fd0a23b1f]::readfish_io::tests::test_reader_seek::{closure#0} as core[df12db4294e9bfd3]::ops::function::FnOnce<()>>::call_once
[INFO] [stdout]   13:     0x5f0fdae50f8b - test[9d35eded1c95d3be]::__rust_begin_short_backtrace::<core[df12db4294e9bfd3]::result::Result<(), alloc[2182bb758b4b3781]::string::String>, fn() -> core[df12db4294e9bfd3]::result::Result<(), alloc[2182bb758b4b3781]::string::String>>
[INFO] [stdout]   14:     0x5f0fdae4c59f - test[9d35eded1c95d3be]::run_test::{closure#0}
[INFO] [stdout]   15:     0x5f0fdae4c01c - std[70759c8f55707aa4]::sys::backtrace::__rust_begin_short_backtrace::<test[9d35eded1c95d3be]::run_test::{closure#1}, ()>
[INFO] [stdout]   16:     0x5f0fdae68dac - <std[70759c8f55707aa4]::thread::lifecycle::spawn_unchecked<test[9d35eded1c95d3be]::run_test::{closure#1}, ()>::{closure#1} as core[df12db4294e9bfd3]::ops::function::FnOnce<()>>::call_once::{shim:vtable#0}
[INFO] [stdout]   17:     0x5f0fdae383d2 - <std[70759c8f55707aa4]::sys::thread::unix::Thread>::new::thread_start
[INFO] [stdout]   18:     0x751a71854dfa - <unknown>
[INFO] [stdout]   19:     0x751a718e83d4 - clone
[INFO] [stdout]   20:                0x0 - <unknown>
[INFO] [stdout] 
[INFO] [stdout] ---- tests::test_parse_conf_file stdout ----
[INFO] [stdout] 
[INFO] [stdout] thread 'tests::test_parse_conf_file' (2612) panicked at src/readfish.rs:990:63:
[INFO] [stdout] called `Result::unwrap()` on an `Err` value: Os { code: 2, kind: NotFound, message: "No such file or directory" }
[INFO] [stdout] stack backtrace:
[INFO] [stdout]    0:     0x5f0fdae11737 - <<std[70759c8f55707aa4]::sys::backtrace::BacktraceLock>::print::DisplayBacktrace as core[df12db4294e9bfd3]::fmt::Display>::fmt
[INFO] [stdout]    1:     0x5f0fdadf3a4a - core[df12db4294e9bfd3]::fmt::write
[INFO] [stdout]    2:     0x5f0fdae10ceb - <alloc[2182bb758b4b3781]::vec::Vec<u8> as core[df12db4294e9bfd3]::io::write::Write>::write_fmt
[INFO] [stdout]    3:     0x5f0fdae107cf - std[70759c8f55707aa4]::panicking::default_hook::{closure#0}
[INFO] [stdout]    4:     0x5f0fdae103fa - std[70759c8f55707aa4]::panicking::default_hook
[INFO] [stdout]    5:     0x5f0fdae0ff32 - std[70759c8f55707aa4]::panicking::panic_with_hook
[INFO] [stdout]    6:     0x5f0fdae36cd1 - std[70759c8f55707aa4]::panicking::panic_handler::{closure#0}
[INFO] [stdout]    7:     0x5f0fdae36c89 - std[70759c8f55707aa4]::sys::backtrace::__rust_end_short_backtrace::<std[70759c8f55707aa4]::panicking::panic_handler::{closure#0}, !>
[INFO] [stdout]    8:     0x5f0fdae3719c - __rustc[8fa7c3cbc660c2b3]::rust_begin_unwind
[INFO] [stdout]    9:     0x5f0fdadf38db - core[df12db4294e9bfd3]::panicking::panic_fmt
[INFO] [stdout]   10:     0x5f0fdadf75b1 - core[df12db4294e9bfd3]::result::unwrap_failed
[INFO] [stdout]   11:     0x5f0fdadc4d5f - <readfish_tools[cc53073fd0a23b1f]::readfish::Conf>::from_file::<std[70759c8f55707aa4]::path::PathBuf>
[INFO] [stdout]   12:     0x5f0fdade7fe8 - <readfish_tools[cc53073fd0a23b1f]::tests::test_parse_conf_file::{closure#0} as core[df12db4294e9bfd3]::ops::function::FnOnce<()>>::call_once
[INFO] [stdout]   13:     0x5f0fdae50f8b - test[9d35eded1c95d3be]::__rust_begin_short_backtrace::<core[df12db4294e9bfd3]::result::Result<(), alloc[2182bb758b4b3781]::string::String>, fn() -> core[df12db4294e9bfd3]::result::Result<(), alloc[2182bb758b4b3781]::string::String>>
[INFO] [stdout]   14:     0x5f0fdae4c59f - test[9d35eded1c95d3be]::run_test::{closure#0}
[INFO] [stdout]   15:     0x5f0fdae4c01c - std[70759c8f55707aa4]::sys::backtrace::__rust_begin_short_backtrace::<test[9d35eded1c95d3be]::run_test::{closure#1}, ()>
[INFO] [stdout]   16:     0x5f0fdae68dac - <std[70759c8f55707aa4]::thread::lifecycle::spawn_unchecked<test[9d35eded1c95d3be]::run_test::{closure#1}, ()>::{closure#1} as core[df12db4294e9bfd3]::ops::function::FnOnce<()>>::call_once::{shim:vtable#0}
[INFO] [stdout]   17:     0x5f0fdae383d2 - <std[70759c8f55707aa4]::sys::thread::unix::Thread>::new::thread_start
[INFO] [stdout]   18:     0x751a71854dfa - <unknown>
[INFO] [stdout]   19:     0x751a718e83d4 - clone
[INFO] [stdout]   20:                0x0 - <unknown>
[INFO] [stdout] 
[INFO] [stdout] ---- sequencing_summary::tests::test_seq_sum_from_file stdout ----
[INFO] [stdout] 
[INFO] [stdout] thread 'sequencing_summary::tests::test_seq_sum_from_file' (2611) panicked at src/readfish_io.rs:323:55:
[INFO] [stdout] Error: cannot read input file: Os { code: 2, kind: NotFound, message: "No such file or directory" }
[INFO] [stdout] stack backtrace:
[INFO] [stdout]    0:     0x5f0fdae11737 - <<std[70759c8f55707aa4]::sys::backtrace::BacktraceLock>::print::DisplayBacktrace as core[df12db4294e9bfd3]::fmt::Display>::fmt
[INFO] [stdout]    1:     0x5f0fdadf3a4a - core[df12db4294e9bfd3]::fmt::write
[INFO] [stdout]    2:     0x5f0fdae10ceb - <alloc[2182bb758b4b3781]::vec::Vec<u8> as core[df12db4294e9bfd3]::io::write::Write>::write_fmt
[INFO] [stdout]    3:     0x5f0fdae107cf - std[70759c8f55707aa4]::panicking::default_hook::{closure#0}
[INFO] [stdout]    4:     0x5f0fdae103fa - std[70759c8f55707aa4]::panicking::default_hook
[INFO] [stdout]    5:     0x5f0fdae0ff32 - std[70759c8f55707aa4]::panicking::panic_with_hook
[INFO] [stdout]    6:     0x5f0fdae36cd1 - std[70759c8f55707aa4]::panicking::panic_handler::{closure#0}
[INFO] [stdout]    7:     0x5f0fdae36c89 - std[70759c8f55707aa4]::sys::backtrace::__rust_end_short_backtrace::<std[70759c8f55707aa4]::panicking::panic_handler::{closure#0}, !>
[INFO] [stdout]    8:     0x5f0fdae3719c - __rustc[8fa7c3cbc660c2b3]::rust_begin_unwind
[INFO] [stdout]    9:     0x5f0fdadf38db - core[df12db4294e9bfd3]::panicking::panic_fmt
[INFO] [stdout]   10:     0x5f0fdadf75b1 - core[df12db4294e9bfd3]::result::unwrap_failed
[INFO] [stdout]   11:     0x5f0fdadc6c4c - readfish_tools[cc53073fd0a23b1f]::readfish_io::reader::<&std[70759c8f55707aa4]::path::PathBuf>
[INFO] [stdout]   12:     0x5f0fdadc2791 - <readfish_tools[cc53073fd0a23b1f]::sequencing_summary::SeqSum>::from_file::<std[70759c8f55707aa4]::path::PathBuf>
[INFO] [stdout]   13:     0x5f0fdade935f - <readfish_tools[cc53073fd0a23b1f]::sequencing_summary::tests::test_seq_sum_from_file::{closure#0} as core[df12db4294e9bfd3]::ops::function::FnOnce<()>>::call_once
[INFO] [stdout]   14:     0x5f0fdae50f8b - test[9d35eded1c95d3be]::__rust_begin_short_backtrace::<core[df12db4294e9bfd3]::result::Result<(), alloc[2182bb758b4b3781]::string::String>, fn() -> core[df12db4294e9bfd3]::result::Result<(), alloc[2182bb758b4b3781]::string::String>>
[INFO] [stdout]   15:     0x5f0fdae4c59f - test[9d35eded1c95d3be]::run_test::{closure#0}
[INFO] [stdout]   16:     0x5f0fdae4c01c - std[70759c8f55707aa4]::sys::backtrace::__rust_begin_short_backtrace::<test[9d35eded1c95d3be]::run_test::{closure#1}, ()>
[INFO] [stdout]   17:     0x5f0fdae68dac - <std[70759c8f55707aa4]::thread::lifecycle::spawn_unchecked<test[9d35eded1c95d3be]::run_test::{closure#1}, ()>::{closure#1} as core[df12db4294e9bfd3]::ops::function::FnOnce<()>>::call_once::{shim:vtable#0}
[INFO] [stdout]   18:     0x5f0fdae383d2 - <std[70759c8f55707aa4]::sys::thread::unix::Thread>::new::thread_start
[INFO] [stdout]   19:     0x751a71854dfa - <unknown>
[INFO] [stdout]   20:     0x751a718e83d4 - clone
[INFO] [stdout]   21:                0x0 - <unknown>
[INFO] [stdout] 
[INFO] [stdout] ---- tests::test_parse_sequencing_summary stdout ----
[INFO] [stdout] 
[INFO] [stdout] thread 'tests::test_parse_sequencing_summary' (2613) panicked at src/readfish_io.rs:323:55:
[INFO] [stdout] Error: cannot read input file: Os { code: 2, kind: NotFound, message: "No such file or directory" }
[INFO] [stdout] stack backtrace:
[INFO] [stdout]    0:     0x5f0fdae11737 - <<std[70759c8f55707aa4]::sys::backtrace::BacktraceLock>::print::DisplayBacktrace as core[df12db4294e9bfd3]::fmt::Display>::fmt
[INFO] [stdout]    1:     0x5f0fdadf3a4a - core[df12db4294e9bfd3]::fmt::write
[INFO] [stdout]    2:     0x5f0fdae10ceb - <alloc[2182bb758b4b3781]::vec::Vec<u8> as core[df12db4294e9bfd3]::io::write::Write>::write_fmt
[INFO] [stdout]    3:     0x5f0fdae107cf - std[70759c8f55707aa4]::panicking::default_hook::{closure#0}
[INFO] [stdout]    4:     0x5f0fdae103fa - std[70759c8f55707aa4]::panicking::default_hook
[INFO] [stdout]    5:     0x5f0fdae0ff32 - std[70759c8f55707aa4]::panicking::panic_with_hook
[INFO] [stdout]    6:     0x5f0fdae36cd1 - std[70759c8f55707aa4]::panicking::panic_handler::{closure#0}
[INFO] [stdout]    7:     0x5f0fdae36c89 - std[70759c8f55707aa4]::sys::backtrace::__rust_end_short_backtrace::<std[70759c8f55707aa4]::panicking::panic_handler::{closure#0}, !>
[INFO] [stdout]    8:     0x5f0fdae3719c - __rustc[8fa7c3cbc660c2b3]::rust_begin_unwind
[INFO] [stdout]    9:     0x5f0fdadf38db - core[df12db4294e9bfd3]::panicking::panic_fmt
[INFO] [stdout]   10:     0x5f0fdadf75b1 - core[df12db4294e9bfd3]::result::unwrap_failed
[INFO] [stdout]   11:     0x5f0fdadc6c4c - readfish_tools[cc53073fd0a23b1f]::readfish_io::reader::<&std[70759c8f55707aa4]::path::PathBuf>
[INFO] [stdout]   12:     0x5f0fdadc2791 - <readfish_tools[cc53073fd0a23b1f]::sequencing_summary::SeqSum>::from_file::<std[70759c8f55707aa4]::path::PathBuf>
[INFO] [stdout]   13:     0x5f0fdadd295a - <readfish_tools[cc53073fd0a23b1f]::ReadfishSummary>::parse_sequencing_summary
[INFO] [stdout]   14:     0x5f0fdade83e9 - <readfish_tools[cc53073fd0a23b1f]::tests::test_parse_sequencing_summary::{closure#0} as core[df12db4294e9bfd3]::ops::function::FnOnce<()>>::call_once
[INFO] [stdout]   15:     0x5f0fdae50f8b - test[9d35eded1c95d3be]::__rust_begin_short_backtrace::<core[df12db4294e9bfd3]::result::Result<(), alloc[2182bb758b4b3781]::string::String>, fn() -> core[df12db4294e9bfd3]::result::Result<(), alloc[2182bb758b4b3781]::string::String>>
[INFO] [stdout]   16:     0x5f0fdae4c59f - test[9d35eded1c95d3be]::run_test::{closure#0}
[INFO] [stdout]   17:     0x5f0fdae4c01c - std[70759c8f55707aa4]::sys::backtrace::__rust_begin_short_backtrace::<test[9d35eded1c95d3be]::run_test::{closure#1}, ()>
[INFO] [stdout]   18:     0x5f0fdae68dac - <std[70759c8f55707aa4]::thread::lifecycle::spawn_unchecked<test[9d35eded1c95d3be]::run_test::{closure#1}, ()>::{closure#1} as core[df12db4294e9bfd3]::ops::function::FnOnce<()>>::call_once::{shim:vtable#0}
[INFO] [stdout]   19:     0x5f0fdae383d2 - <std[70759c8f55707aa4]::sys::thread::unix::Thread>::new::thread_start
[INFO] [stdout]   20:     0x751a71854dfa - <unknown>
[INFO] [stdout]   21:     0x751a718e83d4 - clone
[INFO] [stdout]   22:                0x0 - <unknown>
[INFO] [stdout] 
[INFO] [stdout] 
[INFO] [stdout] failures:
[INFO] [stdout]     paf::tests::test_from_file_empty_file
[INFO] [stdout]     paf::tests::test_from_file_invalid_paf
[INFO] [stdout]     paf::tests::test_from_file_valid_paf
[INFO] [stdout]     paf::tests::test_paf_from_file
[INFO] [stdout]     readfish::tests::read_toml
[INFO] [stdout]     readfish::tests::test_from_string
[INFO] [stdout]     readfish::tests::test_generate_channel_map
[INFO] [stdout]     readfish::tests::test_get_conditions
[INFO] [stdout]     readfish::tests::test_get_region
[INFO] [stdout]     readfish::tests::test_load_barcoded_conf
[INFO] [stdout]     readfish::tests::test_load_conf
[INFO] [stdout]     readfish_io::tests::test_reader
[INFO] [stdout]     readfish_io::tests::test_reader_seek
[INFO] [stdout]     readfish_io::tests::test_reader_seek_gz
[INFO] [stdout]     sequencing_summary::tests::test_seq_sum_from_file
[INFO] [stdout]     tests::test_parse_conf_file
[INFO] [stdout]     tests::test_parse_sequencing_summary
[INFO] [stdout] 
[INFO] [stdout] test result: FAILED. 33 passed; 17 failed; 0 ignored; 0 measured; 0 filtered out; finished in 0.02s
[INFO] [stdout] 
[INFO] running `Command { std: "docker" "inspect" "54ab18586056a6823f3c875ca06aae70b726ab44ee09839484ab26e8a410fbc8", kill_on_drop: false }`
[INFO] running `Command { std: "docker" "rm" "-f" "54ab18586056a6823f3c875ca06aae70b726ab44ee09839484ab26e8a410fbc8", kill_on_drop: false }`
[INFO] [stdout] 54ab18586056a6823f3c875ca06aae70b726ab44ee09839484ab26e8a410fbc8
