[INFO] fetching crate reactive_stores 0.5.0-rc0...
[INFO] testing reactive_stores-0.5.0-rc0 against 1.100.0-beta.1+cargoflags=--release for beta-release-1.100-2
[INFO] extracting crate reactive_stores 0.5.0-rc0 into /workspace/builds/worker-1-tc2/source
[INFO] started tweaking crates.io crate reactive_stores 0.5.0-rc0
[INFO] removed 0 missing tests
[INFO] finished tweaking crates.io crate reactive_stores 0.5.0-rc0
[INFO] tweaked toml for crates.io crate reactive_stores 0.5.0-rc0 written to /workspace/builds/worker-1-tc2/source/Cargo.toml
[INFO] validating manifest of crates.io crate reactive_stores 0.5.0-rc0 on toolchain 1.100.0-beta.1
[INFO] running `Command { std: CARGO_HOME="/workspace/cargo-home" RUSTUP_HOME="/workspace/rustup-home" "/workspace/cargo-home/bin/cargo" "+1.100.0-beta.1" "metadata" "--manifest-path" "Cargo.toml" "--no-deps", kill_on_drop: false }`
[INFO] crate crates.io crate reactive_stores 0.5.0-rc0 already has a lockfile, it will not be regenerated
[INFO] running `Command { std: CARGO_HOME="/workspace/cargo-home" RUSTUP_HOME="/workspace/rustup-home" "/workspace/cargo-home/bin/cargo" "+1.100.0-beta.1" "fetch" "--manifest-path" "Cargo.toml", kill_on_drop: false }`
[INFO] running `Command { std: "docker" "create" "-v" "/var/lib/crater-agent-workspace/builds/worker-1-tc2/source:/opt/rustwide/workdir:ro,Z" "-v" "/var/lib/crater-agent-workspace/builds/worker-1-tc2/target:/opt/rustwide/target:rw,Z" "-v" "/var/lib/crater-agent-workspace/cargo-home:/opt/rustwide/cargo-home:ro,Z" "-v" "/var/lib/crater-agent-workspace/rustup-home:/opt/rustwide/rustup-home:ro,Z" "-m" "1610612736" "--network" "none" "ghcr.io/rust-lang/crates-build-env/linux@sha256:77db811e55d90add9212f6832c23229e3de5f1c1f9905e8cb07319ea15df73ac" "sleep" "infinity", kill_on_drop: false }`
[INFO] [stdout] 36005763c2cd30c0b5f8001dda306fd8628b19404cbabaa0a20fb639274e5db3
[INFO] running `Command { std: "docker" "start" "36005763c2cd30c0b5f8001dda306fd8628b19404cbabaa0a20fb639274e5db3", kill_on_drop: false }`
[INFO] running `Command { std: "docker" "inspect" "36005763c2cd30c0b5f8001dda306fd8628b19404cbabaa0a20fb639274e5db3", kill_on_drop: false }`
[INFO] running `Command { std: "docker" "exec" "-e" "SOURCE_DIR=/opt/rustwide/workdir" "-e" "CARGO_HOME=/opt/rustwide/cargo-home" "-e" "RUSTUP_HOME=/opt/rustwide/rustup-home" "-e" "CARGO_TARGET_DIR=/opt/rustwide/target" "-w" "/opt/rustwide/workdir" "--user" "0:0" "36005763c2cd30c0b5f8001dda306fd8628b19404cbabaa0a20fb639274e5db3" "/opt/rustwide/cargo-home/bin/cargo" "+1.100.0-beta.1" "metadata" "--no-deps" "--format-version=1", kill_on_drop: false }`
[INFO] running `Command { std: "docker" "inspect" "36005763c2cd30c0b5f8001dda306fd8628b19404cbabaa0a20fb639274e5db3", kill_on_drop: false }`
[INFO] running `Command { std: "docker" "exec" "-e" "SOURCE_DIR=/opt/rustwide/workdir" "-e" "CARGO_HOME=/opt/rustwide/cargo-home" "-e" "RUSTUP_HOME=/opt/rustwide/rustup-home" "-e" "CARGO_TARGET_DIR=/opt/rustwide/target" "-e" "CARGO_INCREMENTAL=0" "-e" "RUST_BACKTRACE=full" "-e" "RUSTFLAGS=--cap-lints=warn" "-e" "RUSTDOCFLAGS=--cap-lints=warn" "-w" "/opt/rustwide/workdir" "--user" "0:0" "36005763c2cd30c0b5f8001dda306fd8628b19404cbabaa0a20fb639274e5db3" "/opt/rustwide/cargo-home/bin/cargo" "+1.100.0-beta.1" "build" "--frozen" "--message-format=json" "--release", kill_on_drop: false }`
[INFO] [stderr]    Compiling thiserror v2.0.21
[INFO] [stderr]    Compiling event-listener v5.4.2
[INFO] [stderr]    Compiling slotmap v1.1.1
[INFO] [stderr]    Compiling syn v3.0.9
[INFO] [stderr]    Compiling reactive_graph v0.3.0-rc0
[INFO] [stderr]    Compiling convert_case v0.12.0
[INFO] [stderr]    Compiling send_wrapper v0.6.0
[INFO] [stderr]    Compiling guardian v1.3.0
[INFO] [stderr]    Compiling either v1.19.0
[INFO] [stderr]    Compiling or_poisoned v0.1.0
[INFO] [stderr]    Compiling rustc-hash v2.1.3
[INFO] [stderr]    Compiling itertools v0.15.0
[INFO] [stderr]    Compiling event-listener-strategy v0.5.4
[INFO] [stderr]    Compiling async-lock v3.4.2
[INFO] [stderr]    Compiling futures-macro v0.3.34
[INFO] [stderr]    Compiling thiserror-impl v2.0.21
[INFO] [stderr]    Compiling reactive_stores_macro v0.5.0-rc0
[INFO] [stderr]    Compiling futures-util v0.3.34
[INFO] [stderr]    Compiling futures-executor v0.3.34
[INFO] [stderr]    Compiling futures v0.3.34
[INFO] [stderr]    Compiling any_spawner v0.3.0
[INFO] [stderr]    Compiling reactive_stores v0.5.0-rc0 (/opt/rustwide/workdir)
[INFO] [stderr]     Finished `release` profile [optimized] target(s) in 22.22s
[INFO] running `Command { std: "docker" "inspect" "36005763c2cd30c0b5f8001dda306fd8628b19404cbabaa0a20fb639274e5db3", kill_on_drop: false }`
[INFO] running `Command { std: "docker" "exec" "-e" "SOURCE_DIR=/opt/rustwide/workdir" "-e" "CARGO_HOME=/opt/rustwide/cargo-home" "-e" "RUSTUP_HOME=/opt/rustwide/rustup-home" "-e" "CARGO_TARGET_DIR=/opt/rustwide/target" "-e" "CARGO_INCREMENTAL=0" "-e" "RUST_BACKTRACE=full" "-e" "RUSTFLAGS=--cap-lints=warn" "-e" "RUSTDOCFLAGS=--cap-lints=warn" "-w" "/opt/rustwide/workdir" "--user" "0:0" "36005763c2cd30c0b5f8001dda306fd8628b19404cbabaa0a20fb639274e5db3" "/opt/rustwide/cargo-home/bin/cargo" "+1.100.0-beta.1" "test" "--frozen" "--no-run" "--message-format=json" "--release", kill_on_drop: false }`
[INFO] [stderr]    Compiling tokio-macros v2.7.2
[INFO] [stderr]    Compiling reactive_graph v0.3.0-rc0
[INFO] [stderr]    Compiling futures-executor v0.3.34
[INFO] [stderr]    Compiling futures v0.3.34
[INFO] [stderr]    Compiling tokio v1.53.3
[INFO] [stderr]    Compiling any_spawner v0.3.0
[INFO] [stderr]    Compiling tokio-stream v0.1.19
[INFO] [stderr]    Compiling tokio-test v0.4.6
[INFO] [stderr]    Compiling reactive_stores v0.5.0-rc0 (/opt/rustwide/workdir)
[INFO] [stdout] warning: unused imports: `DerefField` and `StoreFieldIterator`
[INFO] [stdout]    --> src/arc_field.rs:354:54
[INFO] [stdout]     |
[INFO] [stdout] 354 |         self as reactive_stores, ArcField, ArcStore, DerefField, Store,
[INFO] [stdout]     |                                                      ^^^^^^^^^^
[INFO] [stdout] 355 |         StoreField, StoreFieldIterator,
[INFO] [stdout]     |                     ^^^^^^^^^^^^^^^^^^
[INFO] [stdout]     |
[INFO] [stdout]     = note: `#[warn(unused_imports)]` (part of `#[warn(unused)]`) on by default
[INFO] [stdout] 
[INFO] [stdout] 
[INFO] [stderr]     Finished `release` profile [optimized] target(s) in 42.49s
[INFO] running `Command { std: "docker" "inspect" "36005763c2cd30c0b5f8001dda306fd8628b19404cbabaa0a20fb639274e5db3", kill_on_drop: false }`
[INFO] running `Command { std: "docker" "exec" "-e" "SOURCE_DIR=/opt/rustwide/workdir" "-e" "CARGO_HOME=/opt/rustwide/cargo-home" "-e" "RUSTUP_HOME=/opt/rustwide/rustup-home" "-e" "CARGO_TARGET_DIR=/opt/rustwide/target" "-e" "CARGO_INCREMENTAL=0" "-e" "RUST_BACKTRACE=full" "-e" "RUSTFLAGS=--cap-lints=warn" "-e" "RUSTDOCFLAGS=--cap-lints=warn" "-w" "/opt/rustwide/workdir" "--user" "0:0" "36005763c2cd30c0b5f8001dda306fd8628b19404cbabaa0a20fb639274e5db3" "/opt/rustwide/cargo-home/bin/cargo" "+1.100.0-beta.1" "test" "--frozen" "--release", kill_on_drop: false }`
[INFO] [stderr] warning: unused imports: `DerefField` and `StoreFieldIterator`
[INFO] [stderr]    --> src/arc_field.rs:354:54
[INFO] [stderr]     |
[INFO] [stderr] 354 |         self as reactive_stores, ArcField, ArcStore, DerefField, Store,
[INFO] [stderr]     |                                                      ^^^^^^^^^^
[INFO] [stderr] 355 |         StoreField, StoreFieldIterator,
[INFO] [stderr]     |                     ^^^^^^^^^^^^^^^^^^
[INFO] [stderr]     |
[INFO] [stderr]     = note: `#[warn(unused_imports)]` (part of `#[warn(unused)]`) on by default
[INFO] [stderr] 
[INFO] [stderr] warning: `reactive_stores` (lib test) generated 1 warning (run `cargo fix --lib -p reactive_stores --tests` to apply 1 suggestion)
[INFO] [stderr]     Finished `release` profile [optimized] target(s) in 0.11s
[INFO] [stderr]      Running unittests src/lib.rs (/opt/rustwide/target/release/build/reactive_stores/a1796d7dfe5d4bcb/out/reactive_stores-a1796d7dfe5d4bcb)
[INFO] [stdout] 
[INFO] [stdout] running 31 tests
[INFO] [stdout] test field::tests::write_is_available_for_non_default_storage ... ok
[INFO] [stdout] test iter::tests::out_of_bounds_index_reads_as_none_without_panicking ... ok
[INFO] [stdout] test arc_field::tests::erased_guards_preserve_notifications_and_untracking ... ok
[INFO] [stdout] test keyed::tests::non_usize_keys_work_for_vec ... ok
[INFO] [stdout] test keyed::tests::nested_keyed_subfields_dont_deadlock_on_first_iter ... ok
[INFO] [stdout] test arc_field::tests::local_store_with_non_send_payload_can_be_erased ... ok
[INFO] [stdout] test arc_field::tests::arc_field_reports_disposal_of_underlying_store ... ok
[INFO] [stdout] test option::tests::mapping_over_optional_store_field ... ok
[INFO] [stdout] test iter::tests::in_bounds_index_still_reads ... ok
[INFO] [stdout] test option::tests::patch ... ok
[INFO] [stdout] test patch::tests::patching_float_uses_total_cmp_semantics ... ok
[INFO] [stdout] test option::tests::unwrap_reads_as_none_after_option_is_cleared ... ok
[INFO] [stdout] test option::tests::substores_reachable_through_option ... ok
[INFO] [stdout] test keyed::tests::hashmap_keyed_fields_can_be_moved ... ok
[INFO] [stdout] test keyed::tests::untracked_write_on_keyed_subfield_shouldnt_notify ... ok
[INFO] [stdout] test keyed::tests::keyed_fields_can_be_moved ... ok
[INFO] [stdout] test keyed::tests::btree_keyed_fields_can_be_moved ... ok
[INFO] [stdout] test keyed::tests::patching_keyed_field_only_notifies_changed_keys ... ok
[INFO] [stdout] test tests::changing_parent_notifies_subfield ... ok
[INFO] [stdout] test tests::changing_parent_notifies_unkeyed_child ... ok
[INFO] [stdout] test tests::iterator_tracks_the_field ... ok
[INFO] [stdout] test tests::subfield_converts_into_maybe_prop ... ok
[INFO] [stdout] test tests::notifying_all_descendants ... ok
[INFO] [stdout] test tests::other_field_does_not_notify ... ok
[INFO] [stdout] test tests::parent_does_notify ... ok
[INFO] [stdout] test tests::changes_do_notify_parent ... ok
[INFO] [stdout] test tests::writing_unkeyed_element_does_not_notify_sibling ... ok
[INFO] [stdout] test tests::patching_only_notifies_changed_field_with_custom_patch ... ok
[INFO] [stdout] test tests::mutating_field_triggers_effect ... ok
[INFO] [stdout] test tests::untracked_write_on_subfield_shouldnt_notify ... ok
[INFO] [stdout] test tests::patching_only_notifies_changed_field ... ok
[INFO] [stdout] 
[INFO] [stdout] test result: ok. 31 passed; 0 failed; 0 ignored; 0 measured; 0 filtered out; finished in 0.02s
[INFO] [stdout] 
[INFO] [stderr]      Running tests/enum_patch.rs (/opt/rustwide/target/release/build/reactive_stores/1bd67da1c0c00446/out/enum_patch-1bd67da1c0c00446)
[INFO] [stdout] 
[INFO] [stdout] running 3 tests
[INFO] [stdout] test unnamed_variant_patches_in_place ... ok
[INFO] [stdout] test same_variant_patch_only_notifies_changed_field ... ok
[INFO] [stdout] test cross_variant_patch_replaces_and_notifies ... ok
[INFO] [stdout] 
[INFO] [stdout] test result: ok. 3 passed; 0 failed; 0 ignored; 0 measured; 0 filtered out; finished in 0.00s
[INFO] [stdout] 
[INFO] [stderr]      Running tests/enum_subfield_paths.rs (/opt/rustwide/target/release/build/reactive_stores/4f8ced327072a390/out/enum_subfield_paths-4f8ced327072a390)
[INFO] [stdout] 
[INFO] [stdout] running 1 test
[INFO] [stdout] test writing_one_variant_field_does_not_wake_sibling ... ok
[INFO] [stdout] 
[INFO] [stdout] test result: ok. 1 passed; 0 failed; 0 ignored; 0 measured; 0 filtered out; finished in 0.00s
[INFO] [stdout] 
[INFO] [stderr]      Running tests/parent_write_keyed.rs (/opt/rustwide/target/release/build/reactive_stores/ac697fe90077e63c/out/parent_write_keyed-ac697fe90077e63c)
[INFO] [stdout] 
[INFO] [stdout] running 8 tests
[INFO] [stdout] test parent_write_then_write_through_keyed_handle ... ok
[INFO] [stdout] test parent_write_on_map_keyed_field ... ok
[INFO] [stdout] test parent_write_removing_earlier_sibling ... ok
[INFO] [stdout] test grandparent_write_with_nested_keyed_fields ... ok
[INFO] [stdout] test parent_write_removing_the_item_itself ... ok
[INFO] [stdout] test parent_write_under_effects ... ok
[INFO] [stdout] test parent_set_notifies_nested_keyed_field ... ok
[INFO] [stdout] test parent_write_reordering_keeps_handles_pointing_at_right_element ... ok
[INFO] [stdout] 
[INFO] [stdout] test result: ok. 8 passed; 0 failed; 0 ignored; 0 measured; 0 filtered out; finished in 0.01s
[INFO] [stdout] 
[INFO] [stderr]      Running tests/patch_skip.rs (/opt/rustwide/target/release/build/reactive_stores/fc1d07bcf3abd204/out/patch_skip-fc1d07bcf3abd204)
[INFO] [stdout] 
[INFO] [stdout] running 1 test
[INFO] [stdout] test skip_field_is_not_patched ... ok
[INFO] [stdout] 
[INFO] [stdout] test result: ok. 1 passed; 0 failed; 0 ignored; 0 measured; 0 filtered out; finished in 0.00s
[INFO] [stdout] 
[INFO] [stderr]    Doc-tests reactive_stores
[INFO] [stdout] 
[INFO] [stdout] running 8 tests
[INFO] [stdout] test src/lib.rs - (line 206) ... ok
[INFO] [stdout] test src/lib.rs - (line 75) ... FAILED
[INFO] [stdout] test src/lib.rs - (line 216) ... ok
[INFO] [stdout] test src/lib.rs - (line 184) ... ok
[INFO] [stdout] test src/lib.rs - (line 110) ... ok
[INFO] [stdout] test src/lib.rs - (line 162) ... ok
[INFO] [stdout] test src/lib.rs - (line 138) ... ok
[INFO] [stdout] test src/lib.rs - (line 33) ... ok
[INFO] [stdout] 
[INFO] [stdout] failures:
[INFO] [stdout] 
[INFO] [stdout] ---- src/lib.rs - (line 75) stdout ----
[INFO] [stdout] error[E0433]: cannot find module or crate `leptos` in this scope
[INFO] [stdout]   --> src/lib.rs:86:7
[INFO] [stdout]    |
[INFO] [stdout] 86 |   use leptos::prelude::*;
[INFO] [stdout]    |       ^^^^^^ use of unresolved module or unlinked crate `leptos`
[INFO] [stdout]    |
[INFO] [stdout]    = help: if you wanted to use a crate named `leptos`, use `cargo add leptos` to add it to your `Cargo.toml`
[INFO] [stdout] 
[INFO] [stdout] error: cannot find attribute `component` in this scope
[INFO] [stdout]   --> src/lib.rs:91:5
[INFO] [stdout]    |
[INFO] [stdout] 91 |   #[component]
[INFO] [stdout]    |     ^^^^^^^^^
[INFO] [stdout] 
[INFO] [stdout] error[E0599]: no method named `read` found for struct `Subfield<Inner, Prev, T>` in the current scope
[INFO] [stdout]    --> src/lib.rs:94:39
[INFO] [stdout]     |
[INFO] [stdout]  94 |     println!("field: {}", foo.field().read());
[INFO] [stdout]     |                                       ^^^^ private field, not a method
[INFO] [stdout]     |
[INFO] [stdout]    ::: /opt/rustwide/cargo-home/registry/src/index.crates.io-1949cf8c6b5b557f/reactive_graph-0.3.0-rc0/src/traits.rs:199:8
[INFO] [stdout]     |
[INFO] [stdout] 199 |     fn read(&self) -> Self::Value {
[INFO] [stdout]     |        ---- the method is available for `Subfield<reactive_stores::Field<Foo>, Foo, i32>` here
[INFO] [stdout]     |
[INFO] [stdout]     = help: items from traits can only be used if the trait is in scope
[INFO] [stdout] help: trait `Read` which provides `read` is implemented but not in scope; perhaps you want to import it
[INFO] [stdout]     |
[INFO] [stdout]  86 +   use reactive_graph::traits::Read;
[INFO] [stdout]     |
[INFO] [stdout] help: there is a method `reader` with a similar name
[INFO] [stdout]     |
[INFO] [stdout]  94 |     println!("field: {}", foo.field().reader());
[INFO] [stdout]     |                                           ++
[INFO] [stdout] 
[INFO] [stdout] error: aborting due to 3 previous errors
[INFO] [stdout] 
[INFO] [stdout] Some errors have detailed explanations: E0433, E0599.
[INFO] [stdout] For more information about an error, try `rustc --explain E0433`.
[INFO] [stdout] Couldn't compile the test.
[INFO] [stdout] 
[INFO] [stdout] failures:
[INFO] [stdout]     src/lib.rs - (line 75)
[INFO] [stdout] 
[INFO] [stdout] test result: FAILED. 7 passed; 1 failed; 0 ignored; 0 measured; 0 filtered out; finished in 1.47s
[INFO] [stdout] 
[INFO] [stdout] all doctests ran in 1.63s; merged doctests compilation took 0.16s
[INFO] [stderr] error: doctest failed, to rerun pass `--doc`
[INFO] running `Command { std: "docker" "inspect" "36005763c2cd30c0b5f8001dda306fd8628b19404cbabaa0a20fb639274e5db3", kill_on_drop: false }`
[INFO] running `Command { std: "docker" "rm" "-f" "36005763c2cd30c0b5f8001dda306fd8628b19404cbabaa0a20fb639274e5db3", kill_on_drop: false }`
[INFO] [stdout] 36005763c2cd30c0b5f8001dda306fd8628b19404cbabaa0a20fb639274e5db3
