[INFO] fetching crate reachable 0.2.3...
[INFO] testing reachable-0.2.3 against 1.100.0-beta.1+cargoflags=--release for beta-release-1.100-2
[INFO] extracting crate reachable 0.2.3 into /workspace/builds/worker-6-tc2/source
[INFO] started tweaking crates.io crate reachable 0.2.3
[INFO] finished tweaking crates.io crate reachable 0.2.3
[INFO] tweaked toml for crates.io crate reachable 0.2.3 written to /workspace/builds/worker-6-tc2/source/Cargo.toml
[INFO] validating manifest of crates.io crate reachable 0.2.3 on toolchain 1.100.0-beta.1
[INFO] running `Command { std: CARGO_HOME="/workspace/cargo-home" RUSTUP_HOME="/workspace/rustup-home" "/workspace/cargo-home/bin/cargo" "+1.100.0-beta.1" "metadata" "--manifest-path" "Cargo.toml" "--no-deps", kill_on_drop: false }`
[INFO] crate crates.io crate reachable 0.2.3 already has a lockfile, it will not be regenerated
[INFO] running `Command { std: CARGO_HOME="/workspace/cargo-home" RUSTUP_HOME="/workspace/rustup-home" "/workspace/cargo-home/bin/cargo" "+1.100.0-beta.1" "fetch" "--manifest-path" "Cargo.toml", kill_on_drop: false }`
[INFO] running `Command { std: "docker" "create" "-v" "/var/lib/crater-agent-workspace/builds/worker-6-tc2/source:/opt/rustwide/workdir:ro,Z" "-v" "/var/lib/crater-agent-workspace/builds/worker-6-tc2/target:/opt/rustwide/target:rw,Z" "-v" "/var/lib/crater-agent-workspace/cargo-home:/opt/rustwide/cargo-home:ro,Z" "-v" "/var/lib/crater-agent-workspace/rustup-home:/opt/rustwide/rustup-home:ro,Z" "-m" "1610612736" "--network" "none" "ghcr.io/rust-lang/crates-build-env/linux@sha256:77db811e55d90add9212f6832c23229e3de5f1c1f9905e8cb07319ea15df73ac" "sleep" "infinity", kill_on_drop: false }`
[INFO] [stdout] 3b0ee45641a969f505cdf5104a292098659d5c8b71dc176f792f5ba7a01160f2
[INFO] running `Command { std: "docker" "start" "3b0ee45641a969f505cdf5104a292098659d5c8b71dc176f792f5ba7a01160f2", kill_on_drop: false }`
[INFO] running `Command { std: "docker" "inspect" "3b0ee45641a969f505cdf5104a292098659d5c8b71dc176f792f5ba7a01160f2", kill_on_drop: false }`
[INFO] running `Command { std: "docker" "exec" "-e" "SOURCE_DIR=/opt/rustwide/workdir" "-e" "CARGO_HOME=/opt/rustwide/cargo-home" "-e" "RUSTUP_HOME=/opt/rustwide/rustup-home" "-e" "CARGO_TARGET_DIR=/opt/rustwide/target" "-w" "/opt/rustwide/workdir" "--user" "0:0" "3b0ee45641a969f505cdf5104a292098659d5c8b71dc176f792f5ba7a01160f2" "/opt/rustwide/cargo-home/bin/cargo" "+1.100.0-beta.1" "metadata" "--no-deps" "--format-version=1", kill_on_drop: false }`
[INFO] running `Command { std: "docker" "inspect" "3b0ee45641a969f505cdf5104a292098659d5c8b71dc176f792f5ba7a01160f2", kill_on_drop: false }`
[INFO] running `Command { std: "docker" "exec" "-e" "SOURCE_DIR=/opt/rustwide/workdir" "-e" "CARGO_HOME=/opt/rustwide/cargo-home" "-e" "RUSTUP_HOME=/opt/rustwide/rustup-home" "-e" "CARGO_TARGET_DIR=/opt/rustwide/target" "-e" "CARGO_INCREMENTAL=0" "-e" "RUST_BACKTRACE=full" "-e" "RUSTFLAGS=--cap-lints=warn" "-e" "RUSTDOCFLAGS=--cap-lints=warn" "-w" "/opt/rustwide/workdir" "--user" "0:0" "3b0ee45641a969f505cdf5104a292098659d5c8b71dc176f792f5ba7a01160f2" "/opt/rustwide/cargo-home/bin/cargo" "+1.100.0-beta.1" "build" "--frozen" "--message-format=json" "--release", kill_on_drop: false }`
[INFO] [stderr]    Compiling proc-macro2 v1.0.97
[INFO] [stderr]    Compiling unicode-ident v1.0.18
[INFO] [stderr]    Compiling libc v0.2.175
[INFO] [stderr]    Compiling futures-core v0.3.31
[INFO] [stderr]    Compiling futures-sink v0.3.31
[INFO] [stderr]    Compiling pin-project-lite v0.2.16
[INFO] [stderr]    Compiling futures-io v0.3.31
[INFO] [stderr]    Compiling futures-task v0.3.31
[INFO] [stderr]    Compiling pin-utils v0.1.0
[INFO] [stderr]    Compiling memchr v2.7.5
[INFO] [stderr]    Compiling slab v0.4.11
[INFO] [stderr]    Compiling cfg-if v1.0.1
[INFO] [stderr]    Compiling futures-channel v0.3.31
[INFO] [stderr]    Compiling quote v1.0.40
[INFO] [stderr]    Compiling syn v2.0.105
[INFO] [stderr]    Compiling socket2 v0.4.10
[INFO] [stderr]    Compiling dns-lookup v1.0.8
[INFO] [stderr]    Compiling futures-macro v0.3.31
[INFO] [stderr]    Compiling tokio-macros v2.5.0
[INFO] [stderr]    Compiling tokio v1.47.1
[INFO] [stderr]    Compiling futures-util v0.3.31
[INFO] [stderr]    Compiling futures-executor v0.3.31
[INFO] [stderr]    Compiling futures v0.3.31
[INFO] [stderr]    Compiling reachable v0.2.3 (/opt/rustwide/workdir)
[INFO] [stderr]     Finished `release` profile [optimized] target(s) in 13.29s
[INFO] running `Command { std: "docker" "inspect" "3b0ee45641a969f505cdf5104a292098659d5c8b71dc176f792f5ba7a01160f2", kill_on_drop: false }`
[INFO] running `Command { std: "docker" "exec" "-e" "SOURCE_DIR=/opt/rustwide/workdir" "-e" "CARGO_HOME=/opt/rustwide/cargo-home" "-e" "RUSTUP_HOME=/opt/rustwide/rustup-home" "-e" "CARGO_TARGET_DIR=/opt/rustwide/target" "-e" "CARGO_INCREMENTAL=0" "-e" "RUST_BACKTRACE=full" "-e" "RUSTFLAGS=--cap-lints=warn" "-e" "RUSTDOCFLAGS=--cap-lints=warn" "-w" "/opt/rustwide/workdir" "--user" "0:0" "3b0ee45641a969f505cdf5104a292098659d5c8b71dc176f792f5ba7a01160f2" "/opt/rustwide/cargo-home/bin/cargo" "+1.100.0-beta.1" "test" "--frozen" "--no-run" "--message-format=json" "--release", kill_on_drop: false }`
[INFO] [stderr]    Compiling autocfg v1.5.0
[INFO] [stderr]    Compiling syn v1.0.109
[INFO] [stderr]    Compiling regex-syntax v0.8.5
[INFO] [stderr]    Compiling predicates-core v1.0.9
[INFO] [stderr]    Compiling aho-corasick v1.1.3
[INFO] [stderr]    Compiling difference v2.0.0
[INFO] [stderr]    Compiling normalize-line-endings v0.3.0
[INFO] [stderr]    Compiling fragile v2.0.1
[INFO] [stderr]    Compiling cfg-if v1.0.1
[INFO] [stderr]    Compiling termtree v0.5.1
[INFO] [stderr]    Compiling downcast v0.10.0
[INFO] [stderr]    Compiling lazy_static v1.5.0
[INFO] [stderr]    Compiling predicates-tree v1.0.12
[INFO] [stderr]    Compiling fragile v1.2.2
[INFO] [stderr]    Compiling num-traits v0.2.19
[INFO] [stderr]    Compiling float-cmp v0.8.0
[INFO] [stderr]    Compiling regex-automata v0.4.9
[INFO] [stderr]    Compiling mockall_derive v0.10.2
[INFO] [stderr]    Compiling regex v1.11.1
[INFO] [stderr]    Compiling predicates v1.0.8
[INFO] [stderr]    Compiling mockall v0.10.2
[INFO] [stderr]    Compiling reachable v0.2.3 (/opt/rustwide/workdir)
[INFO] [stderr]     Finished `release` profile [optimized] target(s) in 26.69s
[INFO] running `Command { std: "docker" "inspect" "3b0ee45641a969f505cdf5104a292098659d5c8b71dc176f792f5ba7a01160f2", kill_on_drop: false }`
[INFO] running `Command { std: "docker" "exec" "-e" "SOURCE_DIR=/opt/rustwide/workdir" "-e" "CARGO_HOME=/opt/rustwide/cargo-home" "-e" "RUSTUP_HOME=/opt/rustwide/rustup-home" "-e" "CARGO_TARGET_DIR=/opt/rustwide/target" "-e" "CARGO_INCREMENTAL=0" "-e" "RUST_BACKTRACE=full" "-e" "RUSTFLAGS=--cap-lints=warn" "-e" "RUSTDOCFLAGS=--cap-lints=warn" "-w" "/opt/rustwide/workdir" "--user" "0:0" "3b0ee45641a969f505cdf5104a292098659d5c8b71dc176f792f5ba7a01160f2" "/opt/rustwide/cargo-home/bin/cargo" "+1.100.0-beta.1" "test" "--frozen" "--release", kill_on_drop: false }`
[INFO] [stderr]     Finished `release` profile [optimized] target(s) in 0.08s
[INFO] [stderr]      Running unittests src/lib.rs (/opt/rustwide/target/release/build/reachable/f52a9a257e6e141c/out/reachable-f52a9a257e6e141c)
[INFO] [stdout] 
[INFO] [stdout] running 38 tests
[INFO] [stdout] test error::tests::parse_target_error_from_boxed_error_trait_object ... ok
[INFO] [stdout] test error::tests::resolve_target_error_from_parse_int_error ... ok
[INFO] [stdout] test error::tests::parse_target_error_from_parse_int_error ... ok
[INFO] [stdout] test error::tests::resolve_target_error_from_boxed_error_trait_object ... ok
[INFO] [stdout] test error::tests::resolve_target_error_from_str ... ok
[INFO] [stdout] test error::tests::check_target_error_from_str ... ok
[INFO] [stdout] test error::tests::check_target_error_via_questionmark_operator ... ok
[INFO] [stdout] test error::tests::parse_target_error_from_str ... ok
[INFO] [stdout] test target::tests::icmp_target_from_str_invalid ... ok
[INFO] [stdout] test target::tests::icmp_target_from_str_valid ... ok
[INFO] [stdout] test target::tests::icmp_target_get_id ... ok
[INFO] [stdout] test target::tests::tcp_target_check_availability_all_addresses_filtered_error_v4 ... ok
[INFO] [stdout] test target::tests::icmp_target_check_availability ... FAILED
[INFO] [stdout] test resolve_policy::tests::resolver_policy_fail_to_resolve ... FAILED
[INFO] [stdout] test target::tests::tcp_target_check_availability_all_addresses_filtered_error_v6 ... ok
[INFO] [stdout] test target::tests::icmp_target_check_availability_invalid_host_error ... FAILED
[INFO] [stdout] test error::tests::parse_target_error_chain_multiple_errors ... ok
[INFO] [stdout] test target::tests::tcp_target_check_availability_invalid_host_error ... FAILED
[INFO] [stdout] test error::tests::check_target_error_from_boxed_error_trait_object ... ok
[INFO] [stdout] test resolve_policy::tests::resolver_policy_ipv4 ... ok
[INFO] [stdout] test target::tests::icmp_target_from ... ok
[INFO] [stdout] test resolve_policy::tests::resolver_policy_agnostic ... ok
[INFO] [stdout] test resolve_policy::tests::resolver_policy_ipv6 ... ok
[INFO] [stdout] test error::tests::check_target_error_from_resolve_target_error ... ok
[INFO] [stdout] test target::tests::tcp_target_from_str_invalid_no_port ... ok
[INFO] [stdout] test target::tests::tcp_target_from ... ok
[INFO] [stdout] test target::tests::tcp_target_from_str_invalid_port_zero ... ok
[INFO] [stdout] test target::tests::icmp_target_check_availability_all_addresses_filtered_error_v4 ... ok
[INFO] [stdout] test target::tests::tcp_target_from_str_invalid_port_overflow ... ok
[INFO] [stdout] test target::tests::icmp_target_check_availability_all_addresses_filtered_error_v6 ... ok
[INFO] [stdout] test target::tests::tcp_target_check_unavailability ... ok
[INFO] [stdout] test target::tests::tcp_target_from_str_valid ... ok
[INFO] [stdout] test target::tests::tcp_target_from_str_invalid_no_fqhn ... ok
[INFO] [stdout] test target::tests::tcp_target_from_str_invalid_port ... ok
[INFO] [stdout] test target::tests::tcp_target_get_id ... ok
[INFO] [stdout] test target::tests::tcp_target_from_str_invalid_no_double_colon ... ok
[INFO] [stdout] test async_target::tests::async_target_call_behavior ... ok
[INFO] [stdout] test target::tests::tcp_target_check_availability ... ok
[INFO] [stdout] 
[INFO] [stdout] failures:
[INFO] [stdout] 
[INFO] [stdout] ---- target::tests::icmp_target_check_availability stdout ----
[INFO] [stdout] 
[INFO] [stdout] thread 'target::tests::icmp_target_check_availability' (972) panicked at src/target.rs:167:22:
[INFO] [stdout] called `Result::unwrap()` on an `Err` value: Os { code: 2, kind: NotFound, message: "No such file or directory" }
[INFO] [stdout] stack backtrace:
[INFO] [stdout]    0:     0x574af2bbaf91 - <<std[617be2ca0a6fd877]::sys::backtrace::BacktraceLock>::print::DisplayBacktrace as core[a373ad73a504971]::fmt::Display>::fmt
[INFO] [stdout]    1:     0x574af2bcfeba - core[a373ad73a504971]::fmt::write
[INFO] [stdout]    2:     0x574af2bbf5cc - <alloc[2e1b2a31b91974c5]::vec::Vec<u8> as core[a373ad73a504971]::io::write::Write>::write_fmt
[INFO] [stdout]    3:     0x574af2b95ca6 - std[617be2ca0a6fd877]::panicking::default_hook::{closure#0}
[INFO] [stdout]    4:     0x574af2bb2de9 - std[617be2ca0a6fd877]::panicking::default_hook
[INFO] [stdout]    5:     0x574af2b353f0 - test[aada8e7e76ba119b]::test_main_inner::{closure#0}
[INFO] [stdout]    6:     0x574af2bb3112 - std[617be2ca0a6fd877]::panicking::panic_with_hook
[INFO] [stdout]    7:     0x574af2b95d52 - std[617be2ca0a6fd877]::panicking::panic_handler::{closure#0}
[INFO] [stdout]    8:     0x574af2b8e989 - std[617be2ca0a6fd877]::sys::backtrace::__rust_end_short_backtrace::<std[617be2ca0a6fd877]::panicking::panic_handler::{closure#0}, !>
[INFO] [stdout]    9:     0x574af2b96b4d - __rustc[ea4f61d10b84890b]::rust_begin_unwind
[INFO] [stdout]   10:     0x574af2bd061c - core[a373ad73a504971]::panicking::panic_fmt
[INFO] [stdout]   11:     0x574af2bd03f2 - core[a373ad73a504971]::result::unwrap_failed
[INFO] [stdout]   12:     0x574af2b0c6f9 - <alloc[2e1b2a31b91974c5]::vec::into_iter::IntoIter<core[a373ad73a504971]::net::ip_addr::IpAddr> as core[a373ad73a504971]::iter::traits::iterator::Iterator>::try_fold::<(), core[a373ad73a504971]::iter::traits::iterator::Iterator::any::check<core[a373ad73a504971]::net::ip_addr::IpAddr, <reachable[13f2cbb65dac08e3]::target::IcmpTarget as reachable[13f2cbb65dac08e3]::target::Target>::check_availability::{closure#0}>::{closure#0}, core[a373ad73a504971]::ops::control_flow::ControlFlow<()>>
[INFO] [stdout]   13:     0x574af2b1756c - <reachable[13f2cbb65dac08e3]::target::IcmpTarget as reachable[13f2cbb65dac08e3]::target::Target>::check_availability
[INFO] [stdout]   14:     0x574af2b10b39 - <reachable[13f2cbb65dac08e3]::target::tests::icmp_target_check_availability::{closure#0} as core[a373ad73a504971]::ops::function::FnOnce<()>>::call_once
[INFO] [stdout]   15:     0x574af2b2883b - test[aada8e7e76ba119b]::__rust_begin_short_backtrace::<core[a373ad73a504971]::result::Result<(), alloc[2e1b2a31b91974c5]::string::String>, fn() -> core[a373ad73a504971]::result::Result<(), alloc[2e1b2a31b91974c5]::string::String>>
[INFO] [stdout]   16:     0x574af2b35a15 - test[aada8e7e76ba119b]::run_test::{closure#0}
[INFO] [stdout]   17:     0x574af2b2f304 - std[617be2ca0a6fd877]::sys::backtrace::__rust_begin_short_backtrace::<test[aada8e7e76ba119b]::run_test::{closure#1}, ()>
[INFO] [stdout]   18:     0x574af2b38aa2 - <std[617be2ca0a6fd877]::thread::lifecycle::spawn_unchecked<test[aada8e7e76ba119b]::run_test::{closure#1}, ()>::{closure#1} as core[a373ad73a504971]::ops::function::FnOnce<()>>::call_once::{shim:vtable#0}
[INFO] [stdout]   19:     0x574af2bba21f - <std[617be2ca0a6fd877]::sys::thread::unix::Thread>::new::thread_start
[INFO] [stdout]   20:     0x74ec61f66dfa - <unknown>
[INFO] [stdout]   21:     0x74ec61ffa3d4 - clone
[INFO] [stdout]   22:                0x0 - <unknown>
[INFO] [stdout] 
[INFO] [stdout] ---- resolve_policy::tests::resolver_policy_fail_to_resolve stdout ----
[INFO] [stdout] 
[INFO] [stdout] thread 'resolve_policy::tests::resolver_policy_fail_to_resolve' (968) panicked at src/resolve_policy.rs:141:9:
[INFO] [stdout] assertion `left == right` failed
[INFO] [stdout]   left: "IoError caused by: failed to lookup address information: Temporary failure in name resolution"
[INFO] [stdout]  right: "IoError caused by: failed to lookup address information: Name or service not known"
[INFO] [stdout] stack backtrace:
[INFO] [stdout]    0:     0x574af2bbaf91 - <<std[617be2ca0a6fd877]::sys::backtrace::BacktraceLock>::print::DisplayBacktrace as core[a373ad73a504971]::fmt::Display>::fmt
[INFO] [stdout]    1:     0x574af2bcfeba - core[a373ad73a504971]::fmt::write
[INFO] [stdout]    2:     0x574af2bbf5cc - <alloc[2e1b2a31b91974c5]::vec::Vec<u8> as core[a373ad73a504971]::io::write::Write>::write_fmt
[INFO] [stdout]    3:     0x574af2b95ca6 - std[617be2ca0a6fd877]::panicking::default_hook::{closure#0}
[INFO] [stdout]    4:     0x574af2bb2de9 - std[617be2ca0a6fd877]::panicking::default_hook
[INFO] [stdout]    5:     0x574af2b353f0 - test[aada8e7e76ba119b]::test_main_inner::{closure#0}
[INFO] [stdout]    6:     0x574af2bb3112 - std[617be2ca0a6fd877]::panicking::panic_with_hook
[INFO] [stdout]    7:     0x574af2b95d52 - std[617be2ca0a6fd877]::panicking::panic_handler::{closure#0}
[INFO] [stdout]    8:     0x574af2b8e989 - std[617be2ca0a6fd877]::sys::backtrace::__rust_end_short_backtrace::<std[617be2ca0a6fd877]::panicking::panic_handler::{closure#0}, !>
[INFO] [stdout]    9:     0x574af2b96b4d - __rustc[ea4f61d10b84890b]::rust_begin_unwind
[INFO] [stdout]   10:     0x574af2bd061c - core[a373ad73a504971]::panicking::panic_fmt
[INFO] [stdout]   11:     0x574af2bd0533 - core[a373ad73a504971]::panicking::assert_failed_inner
[INFO] [stdout]   12:     0x574af2b1734b - core[a373ad73a504971]::panicking::assert_failed::<alloc[2e1b2a31b91974c5]::string::String, &str>
[INFO] [stdout]   13:     0x574af2b1a1c9 - <reachable[13f2cbb65dac08e3]::resolve_policy::tests::resolver_policy_fail_to_resolve::{closure#0} as core[a373ad73a504971]::ops::function::FnOnce<()>>::call_once
[INFO] [stdout]   14:     0x574af2b2883b - test[aada8e7e76ba119b]::__rust_begin_short_backtrace::<core[a373ad73a504971]::result::Result<(), alloc[2e1b2a31b91974c5]::string::String>, fn() -> core[a373ad73a504971]::result::Result<(), alloc[2e1b2a31b91974c5]::string::String>>
[INFO] [stdout]   15:     0x574af2b35a15 - test[aada8e7e76ba119b]::run_test::{closure#0}
[INFO] [stdout]   16:     0x574af2b2f304 - std[617be2ca0a6fd877]::sys::backtrace::__rust_begin_short_backtrace::<test[aada8e7e76ba119b]::run_test::{closure#1}, ()>
[INFO] [stdout]   17:     0x574af2b38aa2 - <std[617be2ca0a6fd877]::thread::lifecycle::spawn_unchecked<test[aada8e7e76ba119b]::run_test::{closure#1}, ()>::{closure#1} as core[a373ad73a504971]::ops::function::FnOnce<()>>::call_once::{shim:vtable#0}
[INFO] [stdout]   18:     0x574af2bba21f - <std[617be2ca0a6fd877]::sys::thread::unix::Thread>::new::thread_start
[INFO] [stdout]   19:     0x74ec61f66dfa - <unknown>
[INFO] [stdout]   20:     0x74ec61ffa3d4 - clone
[INFO] [stdout]   21:                0x0 - <unknown>
[INFO] [stdout] 
[INFO] [stdout] ---- target::tests::icmp_target_check_availability_invalid_host_error stdout ----
[INFO] [stdout] 
[INFO] [stdout] thread 'target::tests::icmp_target_check_availability_invalid_host_error' (975) panicked at src/target.rs:469:9:
[INFO] [stdout] assertion `left == right` failed
[INFO] [stdout]   left: "ResolveTargetError caused by: IoError caused by: failed to lookup address information: Temporary failure in name resolution"
[INFO] [stdout]  right: "ResolveTargetError caused by: IoError caused by: failed to lookup address information: Name or service not known"
[INFO] [stdout] stack backtrace:
[INFO] [stdout]    0:     0x574af2bbaf91 - <<std[617be2ca0a6fd877]::sys::backtrace::BacktraceLock>::print::DisplayBacktrace as core[a373ad73a504971]::fmt::Display>::fmt
[INFO] [stdout]    1:     0x574af2bcfeba - core[a373ad73a504971]::fmt::write
[INFO] [stdout]    2:     0x574af2bbf5cc - <alloc[2e1b2a31b91974c5]::vec::Vec<u8> as core[a373ad73a504971]::io::write::Write>::write_fmt
[INFO] [stdout]    3:     0x574af2b95ca6 - std[617be2ca0a6fd877]::panicking::default_hook::{closure#0}
[INFO] [stdout]    4:     0x574af2bb2de9 - std[617be2ca0a6fd877]::panicking::default_hook
[INFO] [stdout]    5:     0x574af2b353f0 - test[aada8e7e76ba119b]::test_main_inner::{closure#0}
[INFO] [stdout]    6:     0x574af2bb3112 - std[617be2ca0a6fd877]::panicking::panic_with_hook
[INFO] [stdout]    7:     0x574af2b95d52 - std[617be2ca0a6fd877]::panicking::panic_handler::{closure#0}
[INFO] [stdout]    8:     0x574af2b8e989 - std[617be2ca0a6fd877]::sys::backtrace::__rust_end_short_backtrace::<std[617be2ca0a6fd877]::panicking::panic_handler::{closure#0}, !>
[INFO] [stdout]    9:     0x574af2b96b4d - __rustc[ea4f61d10b84890b]::rust_begin_unwind
[INFO] [stdout]   10:     0x574af2bd061c - core[a373ad73a504971]::panicking::panic_fmt
[INFO] [stdout]   11:     0x574af2bd0533 - core[a373ad73a504971]::panicking::assert_failed_inner
[INFO] [stdout]   12:     0x574af2b1734b - core[a373ad73a504971]::panicking::assert_failed::<alloc[2e1b2a31b91974c5]::string::String, &str>
[INFO] [stdout]   13:     0x574af2b11cad - <reachable[13f2cbb65dac08e3]::target::tests::icmp_target_check_availability_invalid_host_error::{closure#0} as core[a373ad73a504971]::ops::function::FnOnce<()>>::call_once
[INFO] [stdout]   14:     0x574af2b2883b - test[aada8e7e76ba119b]::__rust_begin_short_backtrace::<core[a373ad73a504971]::result::Result<(), alloc[2e1b2a31b91974c5]::string::String>, fn() -> core[a373ad73a504971]::result::Result<(), alloc[2e1b2a31b91974c5]::string::String>>
[INFO] [stdout]   15:     0x574af2b35a15 - test[aada8e7e76ba119b]::run_test::{closure#0}
[INFO] [stdout]   16:     0x574af2b2f304 - std[617be2ca0a6fd877]::sys::backtrace::__rust_begin_short_backtrace::<test[aada8e7e76ba119b]::run_test::{closure#1}, ()>
[INFO] [stdout]   17:     0x574af2b38aa2 - <std[617be2ca0a6fd877]::thread::lifecycle::spawn_unchecked<test[aada8e7e76ba119b]::run_test::{closure#1}, ()>::{closure#1} as core[a373ad73a504971]::ops::function::FnOnce<()>>::call_once::{shim:vtable#0}
[INFO] [stdout]   18:     0x574af2bba21f - <std[617be2ca0a6fd877]::sys::thread::unix::Thread>::new::thread_start
[INFO] [stdout]   19:     0x74ec61f66dfa - <unknown>
[INFO] [stdout]   20:     0x74ec61ffa3d4 - clone
[INFO] [stdout]   21:                0x0 - <unknown>
[INFO] [stdout] 
[INFO] [stdout] ---- target::tests::tcp_target_check_availability_invalid_host_error stdout ----
[INFO] [stdout] 
[INFO] [stdout] thread 'target::tests::tcp_target_check_availability_invalid_host_error' (992) panicked at src/target.rs:658:9:
[INFO] [stdout] assertion `left == right` failed
[INFO] [stdout]   left: "ResolveTargetError caused by: IoError caused by: failed to lookup address information: Temporary failure in name resolution"
[INFO] [stdout]  right: "ResolveTargetError caused by: IoError caused by: failed to lookup address information: Name or service not known"
[INFO] [stdout] stack backtrace:
[INFO] [stdout]    0:     0x574af2bbaf91 - <<std[617be2ca0a6fd877]::sys::backtrace::BacktraceLock>::print::DisplayBacktrace as core[a373ad73a504971]::fmt::Display>::fmt
[INFO] [stdout]    1:     0x574af2bcfeba - core[a373ad73a504971]::fmt::write
[INFO] [stdout]    2:     0x574af2bbf5cc - <alloc[2e1b2a31b91974c5]::vec::Vec<u8> as core[a373ad73a504971]::io::write::Write>::write_fmt
[INFO] [stdout]    3:     0x574af2b95ca6 - std[617be2ca0a6fd877]::panicking::default_hook::{closure#0}
[INFO] [stdout]    4:     0x574af2bb2de9 - std[617be2ca0a6fd877]::panicking::default_hook
[INFO] [stdout]    5:     0x574af2b353f0 - test[aada8e7e76ba119b]::test_main_inner::{closure#0}
[INFO] [stdout]    6:     0x574af2bb3112 - std[617be2ca0a6fd877]::panicking::panic_with_hook
[INFO] [stdout]    7:     0x574af2b95d52 - std[617be2ca0a6fd877]::panicking::panic_handler::{closure#0}
[INFO] [stdout]    8:     0x574af2b8e989 - std[617be2ca0a6fd877]::sys::backtrace::__rust_end_short_backtrace::<std[617be2ca0a6fd877]::panicking::panic_handler::{closure#0}, !>
[INFO] [stdout]    9:     0x574af2b96b4d - __rustc[ea4f61d10b84890b]::rust_begin_unwind
[INFO] [stdout]   10:     0x574af2bd061c - core[a373ad73a504971]::panicking::panic_fmt
[INFO] [stdout]   11:     0x574af2bd0533 - core[a373ad73a504971]::panicking::assert_failed_inner
[INFO] [stdout]   12:     0x574af2b1734b - core[a373ad73a504971]::panicking::assert_failed::<alloc[2e1b2a31b91974c5]::string::String, &str>
[INFO] [stdout]   13:     0x574af2b11a38 - <reachable[13f2cbb65dac08e3]::target::tests::tcp_target_check_availability_invalid_host_error::{closure#0} as core[a373ad73a504971]::ops::function::FnOnce<()>>::call_once
[INFO] [stdout]   14:     0x574af2b2883b - test[aada8e7e76ba119b]::__rust_begin_short_backtrace::<core[a373ad73a504971]::result::Result<(), alloc[2e1b2a31b91974c5]::string::String>, fn() -> core[a373ad73a504971]::result::Result<(), alloc[2e1b2a31b91974c5]::string::String>>
[INFO] [stdout]   15:     0x574af2b35a15 - test[aada8e7e76ba119b]::run_test::{closure#0}
[INFO] [stdout]   16:     0x574af2b2f304 - std[617be2ca0a6fd877]::sys::backtrace::__rust_begin_short_backtrace::<test[aada8e7e76ba119b]::run_test::{closure#1}, ()>
[INFO] [stdout]   17:     0x574af2b38aa2 - <std[617be2ca0a6fd877]::thread::lifecycle::spawn_unchecked<test[aada8e7e76ba119b]::run_test::{closure#1}, ()>::{closure#1} as core[a373ad73a504971]::ops::function::FnOnce<()>>::call_once::{shim:vtable#0}
[INFO] [stdout]   18:     0x574af2bba21f - <std[617be2ca0a6fd877]::sys::thread::unix::Thread>::new::thread_start
[INFO] [stdout]   19:     0x74ec61f66dfa - <unknown>
[INFO] [stdout]   20:     0x74ec61ffa3d4 - clone
[INFO] [stdout]   21:                0x0 - <unknown>
[INFO] [stdout] 
[INFO] [stdout] 
[INFO] [stdout] failures:
[INFO] [stdout]     resolve_policy::tests::resolver_policy_fail_to_resolve
[INFO] [stdout]     target::tests::icmp_target_check_availability
[INFO] [stdout]     target::tests::icmp_target_check_availability_invalid_host_error
[INFO] [stdout]     target::tests::tcp_target_check_availability_invalid_host_error
[INFO] [stdout] 
[INFO] [stdout] test result: FAILED. 34 passed; 4 failed; 0 ignored; 0 measured; 0 filtered out; finished in 0.54s
[INFO] [stdout] 
[INFO] [stderr] error: test failed, to rerun pass `--lib`
[INFO] running `Command { std: "docker" "inspect" "3b0ee45641a969f505cdf5104a292098659d5c8b71dc176f792f5ba7a01160f2", kill_on_drop: false }`
[INFO] running `Command { std: "docker" "rm" "-f" "3b0ee45641a969f505cdf5104a292098659d5c8b71dc176f792f5ba7a01160f2", kill_on_drop: false }`
[INFO] [stdout] 3b0ee45641a969f505cdf5104a292098659d5c8b71dc176f792f5ba7a01160f2
