[INFO] fetching crate re_video 0.38.1...
[INFO] testing re_video-0.38.1 against 1.99.0-beta.8+cargoflags=--release for beta-release-1.100-2
[INFO] extracting crate re_video 0.38.1 into /workspace/builds/worker-3-tc1/source
[INFO] started tweaking crates.io crate re_video 0.38.1
[INFO] removed 0 missing examples
[INFO] finished tweaking crates.io crate re_video 0.38.1
[INFO] tweaked toml for crates.io crate re_video 0.38.1 written to /workspace/builds/worker-3-tc1/source/Cargo.toml
[INFO] validating manifest of crates.io crate re_video 0.38.1 on toolchain 1.99.0-beta.8
[INFO] running `Command { std: CARGO_HOME="/workspace/cargo-home" RUSTUP_HOME="/workspace/rustup-home" "/workspace/cargo-home/bin/cargo" "+1.99.0-beta.8" "metadata" "--manifest-path" "Cargo.toml" "--no-deps", kill_on_drop: false }`
[INFO] crate crates.io crate re_video 0.38.1 already has a lockfile, it will not be regenerated
[INFO] running `Command { std: CARGO_HOME="/workspace/cargo-home" RUSTUP_HOME="/workspace/rustup-home" "/workspace/cargo-home/bin/cargo" "+1.99.0-beta.8" "fetch" "--manifest-path" "Cargo.toml", kill_on_drop: false }`
[INFO] [stderr]     Updating crates.io index
[INFO] [stderr]  Downloading crates ...
[INFO] [stderr]   Downloaded re_span v0.38.1
[INFO] [stderr]   Downloaded re_tuid v0.38.1
[INFO] [stderr]   Downloaded re_async v0.38.1
[INFO] [stderr]   Downloaded re_web v0.38.1
[INFO] [stderr]   Downloaded re_log v0.38.1
[INFO] [stderr]   Downloaded mpeg4-audio-const v0.2.0
[INFO] [stderr]   Downloaded arrow-ord v58.3.0
[INFO] [stderr]   Downloaded to_method v1.1.0
[INFO] [stderr]   Downloaded re_tracing v0.38.1
[INFO] [stderr]   Downloaded re_format v0.38.1
[INFO] [stderr]   Downloaded tracing-web v0.1.3
[INFO] [stderr]   Downloaded re_mutex v0.38.1
[INFO] [stderr]   Downloaded re_rvl v0.38.1
[INFO] [stderr]   Downloaded nasm-rs v0.3.0
[INFO] [stderr]   Downloaded atomig v0.4.3
[INFO] [stderr]   Downloaded atomig-macro v0.4.0
[INFO] [stderr]   Downloaded re_quota_channel v0.38.1
[INFO] [stderr]   Downloaded re_int v0.38.1
[INFO] [stderr]   Downloaded poll-promise v0.3.0
[INFO] [stderr]   Downloaded rfc6381-codec v0.2.0
[INFO] [stderr]   Downloaded four-cc v0.4.0
[INFO] [stderr]   Downloaded hex-slice v0.1.4
[INFO] [stderr]   Downloaded econtext v0.2.0
[INFO] [stderr]   Downloaded re_byte_size_derive v0.38.1
[INFO] [stderr]   Downloaded av-data v0.4.4
[INFO] [stderr]   Downloaded mp4ra-rust v0.3.0
[INFO] [stderr]   Downloaded re_byte_size v0.38.1
[INFO] [stderr]   Downloaded puffin v0.20.0
[INFO] [stderr]   Downloaded re_mp4 v0.5.1
[INFO] [stderr]   Downloaded arrow-string v58.3.0
[INFO] [stderr]   Downloaded arrow-row v58.3.0
[INFO] [stderr]   Downloaded h264-reader v0.8.0
[INFO] [stderr]   Downloaded vec1 v1.12.1
[INFO] [stderr]   Downloaded arrow-data v58.3.0
[INFO] [stderr]   Downloaded quiver_types v0.6.1
[INFO] [stderr]   Downloaded arrow-arith v58.3.0
[INFO] [stderr]   Downloaded quiver v0.6.1
[INFO] [stderr]   Downloaded ffmpeg-sidecar v2.5.2
[INFO] [stderr]   Downloaded arrow-json v58.3.0
[INFO] [stderr]   Downloaded arrow-schema v58.3.0
[INFO] [stderr]   Downloaded arrow v58.3.0
[INFO] [stderr]   Downloaded arrow-select v58.3.0
[INFO] [stderr]   Downloaded arrow-buffer v58.3.0
[INFO] [stderr]   Downloaded arrow-cast v58.3.0
[INFO] [stderr]   Downloaded arrow-ipc v58.3.0
[INFO] [stderr]   Downloaded arrow-array v58.3.0
[INFO] [stderr]   Downloaded re_rav1d v0.1.3
[INFO] [stderr]   Downloaded cros-codecs v0.0.6
[INFO] running `Command { std: "docker" "create" "-v" "/var/lib/crater-agent-workspace/builds/worker-3-tc1/source:/opt/rustwide/workdir:ro,Z" "-v" "/var/lib/crater-agent-workspace/builds/worker-3-tc1/target:/opt/rustwide/target:rw,Z" "-v" "/var/lib/crater-agent-workspace/cargo-home:/opt/rustwide/cargo-home:ro,Z" "-v" "/var/lib/crater-agent-workspace/rustup-home:/opt/rustwide/rustup-home:ro,Z" "-m" "1610612736" "--network" "none" "ghcr.io/rust-lang/crates-build-env/linux@sha256:77db811e55d90add9212f6832c23229e3de5f1c1f9905e8cb07319ea15df73ac" "sleep" "infinity", kill_on_drop: false }`
[INFO] [stdout] e88764920eedaec338d10d10c927e23ba965fbcda48d59aa1031501e6cf002da
[INFO] running `Command { std: "docker" "start" "e88764920eedaec338d10d10c927e23ba965fbcda48d59aa1031501e6cf002da", kill_on_drop: false }`
[INFO] running `Command { std: "docker" "inspect" "e88764920eedaec338d10d10c927e23ba965fbcda48d59aa1031501e6cf002da", kill_on_drop: false }`
[INFO] running `Command { std: "docker" "exec" "-e" "SOURCE_DIR=/opt/rustwide/workdir" "-e" "CARGO_HOME=/opt/rustwide/cargo-home" "-e" "RUSTUP_HOME=/opt/rustwide/rustup-home" "-e" "CARGO_TARGET_DIR=/opt/rustwide/target" "-w" "/opt/rustwide/workdir" "--user" "0:0" "e88764920eedaec338d10d10c927e23ba965fbcda48d59aa1031501e6cf002da" "/opt/rustwide/cargo-home/bin/cargo" "+1.99.0-beta.8" "metadata" "--no-deps" "--format-version=1", kill_on_drop: false }`
[INFO] running `Command { std: "docker" "inspect" "e88764920eedaec338d10d10c927e23ba965fbcda48d59aa1031501e6cf002da", kill_on_drop: false }`
[INFO] running `Command { std: "docker" "exec" "-e" "SOURCE_DIR=/opt/rustwide/workdir" "-e" "CARGO_HOME=/opt/rustwide/cargo-home" "-e" "RUSTUP_HOME=/opt/rustwide/rustup-home" "-e" "CARGO_TARGET_DIR=/opt/rustwide/target" "-e" "CARGO_INCREMENTAL=0" "-e" "RUST_BACKTRACE=full" "-e" "RUSTFLAGS=--cap-lints=warn" "-e" "RUSTDOCFLAGS=--cap-lints=warn" "-w" "/opt/rustwide/workdir" "--user" "0:0" "e88764920eedaec338d10d10c927e23ba965fbcda48d59aa1031501e6cf002da" "/opt/rustwide/cargo-home/bin/cargo" "+1.99.0-beta.8" "build" "--frozen" "--message-format=json" "--release", kill_on_drop: false }`
[INFO] [stderr]    Compiling zerocopy v0.8.55
[INFO] [stderr]    Compiling zerocopy-derive v0.8.55
[INFO] [stderr]    Compiling bytemuck_derive v1.11.0
[INFO] [stderr]    Compiling arrow-schema v58.3.0
[INFO] [stderr]    Compiling lexical-util v1.0.7
[INFO] [stderr]    Compiling num-integer v0.1.46
[INFO] [stderr]    Compiling num-complex v0.4.6
[INFO] [stderr]    Compiling chrono v0.4.45
[INFO] [stderr]    Compiling getrandom v0.3.4
[INFO] [stderr]    Compiling serde v1.0.229
[INFO] [stderr]    Compiling flatbuffers v25.12.19
[INFO] [stderr]    Compiling aho-corasick v1.1.4
[INFO] [stderr]    Compiling atoi v2.0.0
[INFO] [stderr]    Compiling indexmap v2.14.0
[INFO] [stderr]    Compiling simdutf8 v0.1.5
[INFO] [stderr]    Compiling log v0.4.33
[INFO] [stderr]    Compiling crossbeam-queue v0.3.12
[INFO] [stderr]    Compiling crossbeam-channel v0.5.15
[INFO] [stderr]    Compiling scuffle-workspace-hack v0.1.0
[INFO] [stderr]    Compiling num-bigint v0.4.6
[INFO] [stderr]    Compiling cc v1.4.0
[INFO] [stderr]    Compiling lexical-parse-integer v1.0.6
[INFO] [stderr]    Compiling lexical-write-integer v1.0.6
[INFO] [stderr]    Compiling lexical-parse-float v1.0.6
[INFO] [stderr]    Compiling crossbeam v0.8.4
[INFO] [stderr]    Compiling nasm-rs v0.3.0
[INFO] [stderr]    Compiling four-cc v0.4.0
[INFO] [stderr]    Compiling zune-core v0.5.1
[INFO] [stderr]    Compiling toml_edit v0.25.13+spec-1.1.0
[INFO] [stderr]    Compiling mp4ra-rust v0.3.0
[INFO] [stderr]    Compiling zune-jpeg v0.5.15
[INFO] [stderr]    Compiling strum_macros v0.26.4
[INFO] [stderr]    Compiling itertools v0.15.0
[INFO] [stderr]    Compiling lock_api v0.4.14
[INFO] [stderr]    Compiling vec1 v1.12.1
[INFO] [stderr]    Compiling itertools v0.14.0
[INFO] [stderr]    Compiling bytestring v1.5.0
[INFO] [stderr]    Compiling lexical-write-float v1.0.6
[INFO] [stderr]    Compiling parking_lot v0.12.5
[INFO] [stderr]    Compiling atomig-macro v0.4.0
[INFO] [stderr]    Compiling lexical-core v1.0.6
[INFO] [stderr]    Compiling num-derive v0.4.2
[INFO] [stderr]    Compiling re_log v0.38.1
[INFO] [stderr]    Compiling zerocopy-derive v0.7.35
[INFO] [stderr]    Compiling bytemuck v1.25.2
[INFO] [stderr]    Compiling regex-automata v0.4.16
[INFO] [stderr]    Compiling proc-macro-crate v3.5.0
[INFO] [stderr]    Compiling num-rational v0.4.2
[INFO] [stderr]    Compiling re_rav1d v0.1.3
[INFO] [stderr]    Compiling mpeg4-audio-const v0.2.0
[INFO] [stderr]    Compiling pxfm v0.1.30
[INFO] [stderr]    Compiling re_int v0.38.1
[INFO] [stderr]    Compiling byte-slice-cast v1.2.3
[INFO] [stderr]    Compiling rfc6381-codec v0.2.0
[INFO] [stderr]    Compiling re_video v0.38.1 (/opt/rustwide/workdir)
[INFO] [stderr]    Compiling zerocopy v0.7.35
[INFO] [stderr]    Compiling re_byte_size_derive v0.38.1
[INFO] [stderr]    Compiling atomig v0.4.3
[INFO] [stderr]    Compiling scuffle-bytes-util v0.1.5
[INFO] [stderr]    Compiling av-data v0.4.4
[INFO] [stderr]    Compiling png v0.18.1
[INFO] [stderr]    Compiling raw-cpuid v11.5.0
[INFO] [stderr]    Compiling fax v0.2.7
[INFO] [stderr]    Compiling strum v0.26.3
[INFO] [stderr]    Compiling to_method v1.1.0
[INFO] [stderr]    Compiling puffin v0.20.0
[INFO] [stderr]    Compiling weezl v0.1.12
[INFO] [stderr]    Compiling web-time v1.1.0
[INFO] [stderr]    Compiling hex-slice v0.1.4
[INFO] [stderr]    Compiling scuffle-av1 v0.1.4
[INFO] [stderr]    Compiling h264-reader v0.8.0
[INFO] [stderr]    Compiling re_mp4 v0.5.1
[INFO] [stderr]    Compiling poll-promise v0.3.0
[INFO] [stderr]    Compiling ffmpeg-sidecar v2.5.2
[INFO] [stderr]    Compiling cros-codecs v0.0.6
[INFO] [stderr]    Compiling re_tracing v0.38.1
[INFO] [stderr]    Compiling re_rvl v0.38.1
[INFO] [stderr]    Compiling re_span v0.38.1
[INFO] [stderr]    Compiling bit-vec v0.9.1
[INFO] [stderr]    Compiling econtext v0.2.0
[INFO] [stderr]    Compiling regex v1.13.1
[INFO] [stderr]    Compiling moxcms v0.8.1
[INFO] [stderr]    Compiling half v2.7.1
[INFO] [stderr]    Compiling ahash v0.8.12
[INFO] [stderr]    Compiling arrow-buffer v58.3.0
[INFO] [stderr]    Compiling re_format v0.38.1
[INFO] [stderr]    Compiling tiff v0.11.3
[INFO] [stderr]    Compiling arrow-data v58.3.0
[INFO] [stderr]    Compiling image v0.25.10
[INFO] [stderr]    Compiling arrow-array v58.3.0
[INFO] [stderr]    Compiling arrow-select v58.3.0
[INFO] [stderr]    Compiling arrow-arith v58.3.0
[INFO] [stderr]    Compiling arrow-row v58.3.0
[INFO] [stderr]    Compiling arrow-ord v58.3.0
[INFO] [stderr]    Compiling arrow-string v58.3.0
[INFO] [stderr]    Compiling arrow-ipc v58.3.0
[INFO] [stderr]    Compiling arrow-cast v58.3.0
[INFO] [stderr]    Compiling arrow-json v58.3.0
[INFO] [stderr]    Compiling arrow v58.3.0
[INFO] [stderr]    Compiling re_byte_size v0.38.1
[INFO] [stderr]    Compiling quiver_types v0.6.1
[INFO] [stderr]    Compiling re_quota_channel v0.38.1
[INFO] [stderr]    Compiling re_mutex v0.38.1
[INFO] [stderr]    Compiling quiver v0.6.1
[INFO] [stderr]    Compiling re_tuid v0.38.1
[INFO] [stdout] warning: a method with this name may be added to the standard library in the future
[INFO] [stdout]    --> src/demux/mp4.rs:103:58
[INFO] [stdout]     |
[INFO] [stdout] 103 |                 let duration = Time::new(sample.duration.saturating_cast());
[INFO] [stdout]     |                                                          ^^^^^^^^^^^^^^^
[INFO] [stdout]     |
[INFO] [stdout]     = help: call with fully qualified syntax `saturating_cast(...)` to keep using the current method
[INFO] [stdout]     = warning: once this associated item is added to the standard library, the ambiguity may cause an error or change in behavior!
[INFO] [stdout]     = note: for more information, see issue #48919 <https://github.com/rust-lang/rust/issues/48919>
[INFO] [stdout]     = note: `-W unstable-name-collisions` implied by `-W future-incompatible`
[INFO] [stdout]     = help: to override `-W future-incompatible` add `#[allow(unstable_name_collisions)]`
[INFO] [stdout] 
[INFO] [stdout] 
[INFO] [stdout] warning: a method with this name may be added to the standard library in the future
[INFO] [stdout]    --> src/demux/mp4.rs:207:52
[INFO] [stdout]     |
[INFO] [stdout] 207 |                 duration: Time::new(track.duration.saturating_cast()),
[INFO] [stdout]     |                                                    ^^^^^^^^^^^^^^^
[INFO] [stdout]     |
[INFO] [stdout]     = help: call with fully qualified syntax `saturating_cast(...)` to keep using the current method
[INFO] [stdout]     = warning: once this associated item is added to the standard library, the ambiguity may cause an error or change in behavior!
[INFO] [stdout]     = note: for more information, see issue #48919 <https://github.com/rust-lang/rust/issues/48919>
[INFO] [stdout] 
[INFO] [stdout] 
[INFO] [stderr]     Finished `release` profile [optimized] target(s) in 4m 06s
[INFO] running `Command { std: "docker" "inspect" "e88764920eedaec338d10d10c927e23ba965fbcda48d59aa1031501e6cf002da", kill_on_drop: false }`
[INFO] running `Command { std: "docker" "exec" "-e" "SOURCE_DIR=/opt/rustwide/workdir" "-e" "CARGO_HOME=/opt/rustwide/cargo-home" "-e" "RUSTUP_HOME=/opt/rustwide/rustup-home" "-e" "CARGO_TARGET_DIR=/opt/rustwide/target" "-e" "CARGO_INCREMENTAL=0" "-e" "RUST_BACKTRACE=full" "-e" "RUSTFLAGS=--cap-lints=warn" "-e" "RUSTDOCFLAGS=--cap-lints=warn" "-w" "/opt/rustwide/workdir" "--user" "0:0" "e88764920eedaec338d10d10c927e23ba965fbcda48d59aa1031501e6cf002da" "/opt/rustwide/cargo-home/bin/cargo" "+1.99.0-beta.8" "test" "--frozen" "--no-run" "--message-format=json" "--release", kill_on_drop: false }`
[INFO] [stderr]    Compiling regex-automata v0.4.16
[INFO] [stderr]    Compiling lock_api v0.4.14
[INFO] [stderr]    Compiling tracing v0.1.44
[INFO] [stderr]    Compiling tracing-log v0.2.0
[INFO] [stderr]    Compiling crossbeam-queue v0.3.12
[INFO] [stderr]    Compiling crossbeam-channel v0.5.15
[INFO] [stderr]    Compiling nu-ansi-term v0.50.1
[INFO] [stderr]    Compiling vec1 v1.12.1
[INFO] [stderr]    Compiling num-rational v0.4.2
[INFO] [stderr]    Compiling arrow-json v58.3.0
[INFO] [stderr]    Compiling alloca v0.4.0
[INFO] [stderr]    Compiling portable-atomic v1.14.0
[INFO] [stderr]    Compiling ciborium-ll v0.2.2
[INFO] [stderr]    Compiling clap_builder v4.6.0
[INFO] [stderr]    Compiling console v0.16.4
[INFO] [stderr]    Compiling plotters v0.3.7
[INFO] [stderr]    Compiling parking_lot v0.12.5
[INFO] [stderr]    Compiling unit-prefix v0.5.2
[INFO] [stderr]    Compiling puffin v0.20.0
[INFO] [stderr]    Compiling ciborium v0.2.2
[INFO] [stderr]    Compiling av-data v0.4.4
[INFO] [stderr]    Compiling re_mp4 v0.5.1
[INFO] [stderr]    Compiling crossbeam v0.8.4
[INFO] [stderr]    Compiling indicatif v0.18.6
[INFO] [stderr]    Compiling re_tracing v0.38.1
[INFO] [stderr]    Compiling re_rav1d v0.1.3
[INFO] [stderr]    Compiling clap v4.6.1
[INFO] [stderr]    Compiling regex v1.13.1
[INFO] [stderr]    Compiling matchers v0.2.0
[INFO] [stderr]    Compiling tracing-subscriber v0.3.23
[INFO] [stderr]    Compiling arrow-string v58.3.0
[INFO] [stderr]    Compiling criterion v0.8.2
[INFO] [stderr]    Compiling re_log v0.38.1
[INFO] [stderr]    Compiling re_format v0.38.1
[INFO] [stderr]    Compiling arrow v58.3.0
[INFO] [stderr]    Compiling re_byte_size v0.38.1
[INFO] [stderr]    Compiling quiver_types v0.6.1
[INFO] [stderr]    Compiling re_quota_channel v0.38.1
[INFO] [stderr]    Compiling re_mutex v0.38.1
[INFO] [stderr]    Compiling quiver v0.6.1
[INFO] [stderr]    Compiling re_tuid v0.38.1
[INFO] [stderr]    Compiling re_video v0.38.1 (/opt/rustwide/workdir)
[INFO] [stdout] warning: a method with this name may be added to the standard library in the future
[INFO] [stdout]    --> src/demux/mp4.rs:103:58
[INFO] [stdout]     |
[INFO] [stdout] 103 |                 let duration = Time::new(sample.duration.saturating_cast());
[INFO] [stdout]     |                                                          ^^^^^^^^^^^^^^^
[INFO] [stdout]     |
[INFO] [stdout]     = help: call with fully qualified syntax `saturating_cast(...)` to keep using the current method
[INFO] [stdout]     = warning: once this associated item is added to the standard library, the ambiguity may cause an error or change in behavior!
[INFO] [stdout]     = note: for more information, see issue #48919 <https://github.com/rust-lang/rust/issues/48919>
[INFO] [stdout]     = note: `-W unstable-name-collisions` implied by `-W future-incompatible`
[INFO] [stdout]     = help: to override `-W future-incompatible` add `#[allow(unstable_name_collisions)]`
[INFO] [stdout] 
[INFO] [stdout] 
[INFO] [stdout] warning: a method with this name may be added to the standard library in the future
[INFO] [stdout]    --> src/demux/mp4.rs:207:52
[INFO] [stdout]     |
[INFO] [stdout] 207 |                 duration: Time::new(track.duration.saturating_cast()),
[INFO] [stdout]     |                                                    ^^^^^^^^^^^^^^^
[INFO] [stdout]     |
[INFO] [stdout]     = help: call with fully qualified syntax `saturating_cast(...)` to keep using the current method
[INFO] [stdout]     = warning: once this associated item is added to the standard library, the ambiguity may cause an error or change in behavior!
[INFO] [stdout]     = note: for more information, see issue #48919 <https://github.com/rust-lang/rust/issues/48919>
[INFO] [stdout] 
[INFO] [stdout] 
[INFO] [stdout] warning: a method with this name may be added to the standard library in the future
[INFO] [stdout]    --> src/demux/mp4.rs:103:58
[INFO] [stdout]     |
[INFO] [stdout] 103 |                 let duration = Time::new(sample.duration.saturating_cast());
[INFO] [stdout]     |                                                          ^^^^^^^^^^^^^^^
[INFO] [stdout]     |
[INFO] [stdout]     = help: call with fully qualified syntax `saturating_cast(...)` to keep using the current method
[INFO] [stdout]     = warning: once this associated item is added to the standard library, the ambiguity may cause an error or change in behavior!
[INFO] [stdout]     = note: for more information, see issue #48919 <https://github.com/rust-lang/rust/issues/48919>
[INFO] [stdout]     = note: `-W unstable-name-collisions` implied by `-W future-incompatible`
[INFO] [stdout]     = help: to override `-W future-incompatible` add `#[allow(unstable_name_collisions)]`
[INFO] [stdout] 
[INFO] [stdout] 
[INFO] [stdout] warning: a method with this name may be added to the standard library in the future
[INFO] [stdout]    --> src/demux/mp4.rs:207:52
[INFO] [stdout]     |
[INFO] [stdout] 207 |                 duration: Time::new(track.duration.saturating_cast()),
[INFO] [stdout]     |                                                    ^^^^^^^^^^^^^^^
[INFO] [stdout]     |
[INFO] [stdout]     = help: call with fully qualified syntax `saturating_cast(...)` to keep using the current method
[INFO] [stdout]     = warning: once this associated item is added to the standard library, the ambiguity may cause an error or change in behavior!
[INFO] [stdout]     = note: for more information, see issue #48919 <https://github.com/rust-lang/rust/issues/48919>
[INFO] [stdout] 
[INFO] [stdout] 
[INFO] [stderr]     Finished `release` profile [optimized] target(s) in 1m 39s
[INFO] running `Command { std: "docker" "inspect" "e88764920eedaec338d10d10c927e23ba965fbcda48d59aa1031501e6cf002da", kill_on_drop: false }`
[INFO] running `Command { std: "docker" "exec" "-e" "SOURCE_DIR=/opt/rustwide/workdir" "-e" "CARGO_HOME=/opt/rustwide/cargo-home" "-e" "RUSTUP_HOME=/opt/rustwide/rustup-home" "-e" "CARGO_TARGET_DIR=/opt/rustwide/target" "-e" "CARGO_INCREMENTAL=0" "-e" "RUST_BACKTRACE=full" "-e" "RUSTFLAGS=--cap-lints=warn" "-e" "RUSTDOCFLAGS=--cap-lints=warn" "-w" "/opt/rustwide/workdir" "--user" "0:0" "e88764920eedaec338d10d10c927e23ba965fbcda48d59aa1031501e6cf002da" "/opt/rustwide/cargo-home/bin/cargo" "+1.99.0-beta.8" "test" "--frozen" "--release", kill_on_drop: false }`
[INFO] [stderr] warning: a method with this name may be added to the standard library in the future
[INFO] [stderr]    --> src/demux/mp4.rs:103:58
[INFO] [stderr]     |
[INFO] [stderr] 103 |                 let duration = Time::new(sample.duration.saturating_cast());
[INFO] [stderr]     |                                                          ^^^^^^^^^^^^^^^
[INFO] [stderr]     |
[INFO] [stderr]     = help: call with fully qualified syntax `saturating_cast(...)` to keep using the current method
[INFO] [stderr]     = warning: once this associated item is added to the standard library, the ambiguity may cause an error or change in behavior!
[INFO] [stderr]     = note: for more information, see issue #48919 <https://github.com/rust-lang/rust/issues/48919>
[INFO] [stderr]     = note: `-W unstable-name-collisions` implied by `-W future-incompatible`
[INFO] [stderr]     = help: to override `-W future-incompatible` add `#[allow(unstable_name_collisions)]`
[INFO] [stderr] 
[INFO] [stderr] warning: a method with this name may be added to the standard library in the future
[INFO] [stderr]    --> src/demux/mp4.rs:207:52
[INFO] [stderr]     |
[INFO] [stderr] 207 |                 duration: Time::new(track.duration.saturating_cast()),
[INFO] [stderr]     |                                                    ^^^^^^^^^^^^^^^
[INFO] [stderr]     |
[INFO] [stderr]     = help: call with fully qualified syntax `saturating_cast(...)` to keep using the current method
[INFO] [stderr]     = warning: once this associated item is added to the standard library, the ambiguity may cause an error or change in behavior!
[INFO] [stderr]     = note: for more information, see issue #48919 <https://github.com/rust-lang/rust/issues/48919>
[INFO] [stderr] 
[INFO] [stderr] warning: `re_video` (lib) generated 2 warnings
[INFO] [stderr] warning: `re_video` (lib test) generated 2 warnings (2 duplicates)
[INFO] [stderr]     Finished `release` profile [optimized] target(s) in 0.32s
[INFO] [stderr]      Running unittests src/lib.rs (/opt/rustwide/target/release/deps/re_video-35668bb0a6f3431b)
[INFO] [stdout] 
[INFO] [stdout] running 41 tests
[INFO] [stdout] test av1::test::test_detect_av1_multi_frame_does_not_drift ... ok
[INFO] [stdout] test av1::test::test_detect_av1_empty_data ... ok
[INFO] [stdout] test av1::test::test_detect_av1_non_keyframe ... ok
[INFO] [stdout] test decode::ffmpeg_cli::ffmpeg::tests::test_sanitize_ffmpeg_log_message ... ok
[INFO] [stdout] test decode::ffmpeg_cli::transcode::tests::auto_for_codec_without_gpu_encoder_uses_software ... ok
[INFO] [stdout] test decode::ffmpeg_cli::transcode::tests::auto_prefers_hardware_then_falls_back_to_software ... ok
[INFO] [stdout] test decode::ffmpeg_cli::transcode::tests::av1_falls_back_to_libaom_when_svtav1_missing ... ok
[INFO] [stdout] test decode::ffmpeg_cli::transcode::tests::no_encoder_available_is_an_error ... ok
[INFO] [stdout] test decode::ffmpeg_cli::transcode::tests::no_window_adds_no_seek_args ... ok
[INFO] [stdout] test decode::tiff_decoder::tests::decodes_gray_f32_tiff ... ok
[INFO] [stdout] test decode::ffmpeg_cli::transcode::tests::vp8_carries_strict_experimental ... ok
[INFO] [stdout] test decode::ffmpeg_cli::transcode::tests::parse_encoder_names_extracts_video_encoders ... ok
[INFO] [stdout] test av1::test::test_detect_av1_keyframe_start ... ok
[INFO] [stdout] test decode::ffmpeg_cli::transcode::tests::software_specs_per_codec ... ok
[INFO] [stdout] test decode::ffmpeg_cli::version::tests::test_parse_ffmpeg_version ... ok
[INFO] [stdout] test demux::tests::test_gop_sizes_uniform ... ok
[INFO] [stdout] test decode::tiff_decoder::tests::rejects_rgb_tiff ... ok
[INFO] [stdout] test demux::tests::test_gop_sizes_with_unloaded ... ok
[INFO] [stdout] test gop_detection::tests::jpeg_rejects_segment_length_below_two ... ok
[INFO] [stdout] test gop_detection::tests::tiff_reports_dimensions_and_bit_depth ... ok
[INFO] [stdout] test h264::test::test_detect_h264_annexb_gop ... ok
[INFO] [stdout] test h265::test::test_detect_h265_annexb_gop ... ok
[INFO] [stdout] test demux::tests::test_gop_sizes_empty ... ok
[INFO] [stdout] test demux::tests::test_latest_sample_index_at_presentation_timestamp ... ok
[INFO] [stdout] test stable_index_deque::tests::test_stable_index_deque ... ok
[INFO] [stdout] test stable_index_deque::tests::test_replace_shrink ... ok
[INFO] [stdout] test stable_index_deque::tests::test_replace_with_offset ... ok
[INFO] [stdout] test h265::test::detects_cra_as_gop_start ... ok
[INFO] [stdout] test demux::tests::test_gop_sizes_varying ... ok
[INFO] [stdout] test stable_index_deque::tests::test_replace_empty_replacement ... ok
[INFO] [stdout] test decode::ffmpeg_cli::transcode::tests::windowed_transcode_is_bounded ... ok
[INFO] [stdout] test demux::tests::test_full_video_sampling_all_codecs ... FAILED
[INFO] [stdout] test decode::av1::tests::decoded_frames_report_the_sample_they_came_from ... FAILED
[INFO] [stdout] test demux::tests::test_unsupported_codec_reports_codec_not_missing_track ... FAILED
[INFO] [stdout] test stable_index_deque::tests::test_replace_grow ... ok
[INFO] [stdout] test demux::tests::test_gop_sizes_single_keyframe ... ok
[INFO] [stdout] test stable_index_deque::tests::test_replace_same_size ... ok
[INFO] [stdout] test av1::test::test_detect_av1_invalid_data ... ok
[INFO] [stdout] test transcode_options::tests::requests_transform_truth_table ... ok
[INFO] [stdout] test time::tests::test_const_round_f64 ... ok
[INFO] [stdout] test time_window::tests::inverted_and_empty_windows_are_rejected ... ok
[INFO] [stdout] 
[INFO] [stdout] failures:
[INFO] [stdout] 
[INFO] [stdout] ---- demux::tests::test_full_video_sampling_all_codecs stdout ----
[INFO] [stdout] 
[INFO] [stdout] thread 'demux::tests::test_full_video_sampling_all_codecs' (3112) panicked at src/demux/mod.rs:1531:47:
[INFO] [stdout] called `Result::unwrap()` on an `Err` value: Os { code: 2, kind: NotFound, message: "No such file or directory" }
[INFO] [stdout] stack backtrace:
[INFO] [stdout]    0:     0x6282cfbd0af1 - <<std[70759c8f55707aa4]::sys::backtrace::BacktraceLock>::print::DisplayBacktrace as core[df12db4294e9bfd3]::fmt::Display>::fmt
[INFO] [stdout]    1:     0x6282cfbe6fba - core[df12db4294e9bfd3]::fmt::write
[INFO] [stdout]    2:     0x6282cfbd555c - <alloc[2182bb758b4b3781]::vec::Vec<u8> as core[df12db4294e9bfd3]::io::write::Write>::write_fmt
[INFO] [stdout]    3:     0x6282cfbac0a6 - std[70759c8f55707aa4]::panicking::default_hook::{closure#0}
[INFO] [stdout]    4:     0x6282cfbc8c29 - std[70759c8f55707aa4]::panicking::default_hook
[INFO] [stdout]    5:     0x6282cfa53620 - test[9d35eded1c95d3be]::test_main_inner::<test[9d35eded1c95d3be]::test_main_static::{closure#0}>::{closure#0}
[INFO] [stdout]    6:     0x6282cfbc8de2 - std[70759c8f55707aa4]::panicking::panic_with_hook
[INFO] [stdout]    7:     0x6282cfbac152 - std[70759c8f55707aa4]::panicking::panic_handler::{closure#0}
[INFO] [stdout]    8:     0x6282cfba47b9 - std[70759c8f55707aa4]::sys::backtrace::__rust_end_short_backtrace::<std[70759c8f55707aa4]::panicking::panic_handler::{closure#0}, !>
[INFO] [stdout]    9:     0x6282cfbace5d - __rustc[8fa7c3cbc660c2b3]::rust_begin_unwind
[INFO] [stdout]   10:     0x6282cfbe771c - core[df12db4294e9bfd3]::panicking::panic_fmt
[INFO] [stdout]   11:     0x6282cfbe74f2 - core[df12db4294e9bfd3]::result::unwrap_failed
[INFO] [stdout]   12:     0x6282cfa3408e - re_video[c21863faea5b96dd]::demux::tests::test_full_video_sampling_all_codecs
[INFO] [stdout]   13:     0x6282cf9f7e79 - <re_video[c21863faea5b96dd]::demux::tests::test_full_video_sampling_all_codecs::{closure#0} as core[df12db4294e9bfd3]::ops::function::FnOnce<()>>::call_once
[INFO] [stdout]   14:     0x6282cfa4690b - test[9d35eded1c95d3be]::__rust_begin_short_backtrace::<core[df12db4294e9bfd3]::result::Result<(), alloc[2182bb758b4b3781]::string::String>, fn() -> core[df12db4294e9bfd3]::result::Result<(), alloc[2182bb758b4b3781]::string::String>>
[INFO] [stdout]   15:     0x6282cfa53f75 - test[9d35eded1c95d3be]::run_test::{closure#0}
[INFO] [stdout]   16:     0x6282cfa4d834 - std[70759c8f55707aa4]::sys::backtrace::__rust_begin_short_backtrace::<test[9d35eded1c95d3be]::run_test::{closure#1}, ()>
[INFO] [stdout]   17:     0x6282cfa570d2 - <std[70759c8f55707aa4]::thread::lifecycle::spawn_unchecked<test[9d35eded1c95d3be]::run_test::{closure#1}, ()>::{closure#1} as core[df12db4294e9bfd3]::ops::function::FnOnce<()>>::call_once::{shim:vtable#0}
[INFO] [stdout]   18:     0x6282cfbd0079 - <std[70759c8f55707aa4]::sys::thread::unix::Thread>::new::thread_start
[INFO] [stdout]   19:     0x73a2c6698dfa - <unknown>
[INFO] [stdout]   20:     0x73a2c672c3d4 - clone
[INFO] [stdout]   21:                0x0 - <unknown>
[INFO] [stdout] 
[INFO] [stdout] ---- decode::av1::tests::decoded_frames_report_the_sample_they_came_from stdout ----
[INFO] [stdout] 
[INFO] [stdout] thread 'decode::av1::tests::decoded_frames_report_the_sample_they_came_from' (3098) panicked at src/decode/av1.rs:431:47:
[INFO] [stdout] called `Result::unwrap()` on an `Err` value: Os { code: 2, kind: NotFound, message: "No such file or directory" }
[INFO] [stdout] stack backtrace:
[INFO] [stdout]    0:     0x6282cfbd0af1 - <<std[70759c8f55707aa4]::sys::backtrace::BacktraceLock>::print::DisplayBacktrace as core[df12db4294e9bfd3]::fmt::Display>::fmt
[INFO] [stdout]    1:     0x6282cfbe6fba - core[df12db4294e9bfd3]::fmt::write
[INFO] [stdout]    2:     0x6282cfbd555c - <alloc[2182bb758b4b3781]::vec::Vec<u8> as core[df12db4294e9bfd3]::io::write::Write>::write_fmt
[INFO] [stdout]    3:     0x6282cfbac0a6 - std[70759c8f55707aa4]::panicking::default_hook::{closure#0}
[INFO] [stdout]    4:     0x6282cfbc8c29 - std[70759c8f55707aa4]::panicking::default_hook
[INFO] [stdout]    5:     0x6282cfa53620 - test[9d35eded1c95d3be]::test_main_inner::<test[9d35eded1c95d3be]::test_main_static::{closure#0}>::{closure#0}
[INFO] [stdout]    6:     0x6282cfbc8de2 - std[70759c8f55707aa4]::panicking::panic_with_hook
[INFO] [stdout]    7:     0x6282cfbac152 - std[70759c8f55707aa4]::panicking::panic_handler::{closure#0}
[INFO] [stdout]    8:     0x6282cfba47b9 - std[70759c8f55707aa4]::sys::backtrace::__rust_end_short_backtrace::<std[70759c8f55707aa4]::panicking::panic_handler::{closure#0}, !>
[INFO] [stdout]    9:     0x6282cfbace5d - __rustc[8fa7c3cbc660c2b3]::rust_begin_unwind
[INFO] [stdout]   10:     0x6282cfbe771c - core[df12db4294e9bfd3]::panicking::panic_fmt
[INFO] [stdout]   11:     0x6282cfbe74f2 - core[df12db4294e9bfd3]::result::unwrap_failed
[INFO] [stdout]   12:     0x6282cf9ff3e4 - re_video[c21863faea5b96dd]::decode::av1::tests::decoded_frames_report_the_sample_they_came_from
[INFO] [stdout]   13:     0x6282cf9f7f19 - <re_video[c21863faea5b96dd]::decode::av1::tests::decoded_frames_report_the_sample_they_came_from::{closure#0} as core[df12db4294e9bfd3]::ops::function::FnOnce<()>>::call_once
[INFO] [stdout]   14:     0x6282cfa4690b - test[9d35eded1c95d3be]::__rust_begin_short_backtrace::<core[df12db4294e9bfd3]::result::Result<(), alloc[2182bb758b4b3781]::string::String>, fn() -> core[df12db4294e9bfd3]::result::Result<(), alloc[2182bb758b4b3781]::string::String>>
[INFO] [stdout]   15:     0x6282cfa53f75 - test[9d35eded1c95d3be]::run_test::{closure#0}
[INFO] [stdout]   16:     0x6282cfa4d834 - std[70759c8f55707aa4]::sys::backtrace::__rust_begin_short_backtrace::<test[9d35eded1c95d3be]::run_test::{closure#1}, ()>
[INFO] [stdout]   17:     0x6282cfa570d2 - <std[70759c8f55707aa4]::thread::lifecycle::spawn_unchecked<test[9d35eded1c95d3be]::run_test::{closure#1}, ()>::{closure#1} as core[df12db4294e9bfd3]::ops::function::FnOnce<()>>::call_once::{shim:vtable#0}
[INFO] [stdout]   18:     0x6282cfbd0079 - <std[70759c8f55707aa4]::sys::thread::unix::Thread>::new::thread_start
[INFO] [stdout]   19:     0x73a2c6698dfa - <unknown>
[INFO] [stdout]   20:     0x73a2c672c3d4 - clone
[INFO] [stdout]   21:                0x0 - <unknown>
[INFO] [stdout] 
[INFO] [stdout] ---- demux::tests::test_unsupported_codec_reports_codec_not_missing_track stdout ----
[INFO] [stdout] 
[INFO] [stdout] thread 'demux::tests::test_unsupported_codec_reports_codec_not_missing_track' (3119) panicked at src/demux/mod.rs:1595:87:
[INFO] [stdout] called `Result::unwrap()` on an `Err` value: Os { code: 2, kind: NotFound, message: "No such file or directory" }
[INFO] [stdout] stack backtrace:
[INFO] [stdout]    0:     0x6282cfbd0af1 - <<std[70759c8f55707aa4]::sys::backtrace::BacktraceLock>::print::DisplayBacktrace as core[df12db4294e9bfd3]::fmt::Display>::fmt
[INFO] [stdout]    1:     0x6282cfbe6fba - core[df12db4294e9bfd3]::fmt::write
[INFO] [stdout]    2:     0x6282cfbd555c - <alloc[2182bb758b4b3781]::vec::Vec<u8> as core[df12db4294e9bfd3]::io::write::Write>::write_fmt
[INFO] [stdout]    3:     0x6282cfbac0a6 - std[70759c8f55707aa4]::panicking::default_hook::{closure#0}
[INFO] [stdout]    4:     0x6282cfbc8c29 - std[70759c8f55707aa4]::panicking::default_hook
[INFO] [stdout]    5:     0x6282cfa53620 - test[9d35eded1c95d3be]::test_main_inner::<test[9d35eded1c95d3be]::test_main_static::{closure#0}>::{closure#0}
[INFO] [stdout]    6:     0x6282cfbc8de2 - std[70759c8f55707aa4]::panicking::panic_with_hook
[INFO] [stdout]    7:     0x6282cfbac152 - std[70759c8f55707aa4]::panicking::panic_handler::{closure#0}
[INFO] [stdout]    8:     0x6282cfba47b9 - std[70759c8f55707aa4]::sys::backtrace::__rust_end_short_backtrace::<std[70759c8f55707aa4]::panicking::panic_handler::{closure#0}, !>
[INFO] [stdout]    9:     0x6282cfbace5d - __rustc[8fa7c3cbc660c2b3]::rust_begin_unwind
[INFO] [stdout]   10:     0x6282cfbe771c - core[df12db4294e9bfd3]::panicking::panic_fmt
[INFO] [stdout]   11:     0x6282cfbe74f2 - core[df12db4294e9bfd3]::result::unwrap_failed
[INFO] [stdout]   12:     0x6282cfa35643 - re_video[c21863faea5b96dd]::demux::tests::test_unsupported_codec_reports_codec_not_missing_track
[INFO] [stdout]   13:     0x6282cf9f7eb9 - <re_video[c21863faea5b96dd]::demux::tests::test_unsupported_codec_reports_codec_not_missing_track::{closure#0} as core[df12db4294e9bfd3]::ops::function::FnOnce<()>>::call_once
[INFO] [stdout]   14:     0x6282cfa4690b - test[9d35eded1c95d3be]::__rust_begin_short_backtrace::<core[df12db4294e9bfd3]::result::Result<(), alloc[2182bb758b4b3781]::string::String>, fn() -> core[df12db4294e9bfd3]::result::Result<(), alloc[2182bb758b4b3781]::string::String>>
[INFO] [stdout]   15:     0x6282cfa53f75 - test[9d35eded1c95d3be]::run_test::{closure#0}
[INFO] [stdout]   16:     0x6282cfa4d834 - std[70759c8f55707aa4]::sys::backtrace::__rust_begin_short_backtrace::<test[9d35eded1c95d3be]::run_test::{closure#1}, ()>
[INFO] [stdout]   17:     0x6282cfa570d2 - <std[70759c8f55707aa4]::thread::lifecycle::spawn_unchecked<test[9d35eded1c95d3be]::run_test::{closure#1}, ()>::{closure#1} as core[df12db4294e9bfd3]::ops::function::FnOnce<()>>::call_once::{shim:vtable#0}
[INFO] [stdout]   18:     0x6282cfbd0079 - <std[70759c8f55707aa4]::sys::thread::unix::Thread>::new::thread_start
[INFO] [stdout]   19:     0x73a2c6698dfa - <unknown>
[INFO] [stdout]   20:     0x73a2c672c3d4 - clone
[INFO] [stdout]   21:                0x0 - <unknown>
[INFO] [stdout] 
[INFO] [stdout] 
[INFO] [stdout] failures:
[INFO] [stdout]     decode::av1::tests::decoded_frames_report_the_sample_they_came_from
[INFO] [stdout]     demux::tests::test_full_video_sampling_all_codecs
[INFO] [stdout]     demux::tests::test_unsupported_codec_reports_codec_not_missing_track
[INFO] [stdout] 
[INFO] [stdout] test result: FAILED. 38 passed; 3 failed; 0 ignored; 0 measured; 0 filtered out; finished in 0.01s
[INFO] [stdout] 
[INFO] [stderr] error: test failed, to rerun pass `--lib`
[INFO] running `Command { std: "docker" "inspect" "e88764920eedaec338d10d10c927e23ba965fbcda48d59aa1031501e6cf002da", kill_on_drop: false }`
[INFO] running `Command { std: "docker" "rm" "-f" "e88764920eedaec338d10d10c927e23ba965fbcda48d59aa1031501e6cf002da", kill_on_drop: false }`
[INFO] [stdout] e88764920eedaec338d10d10c927e23ba965fbcda48d59aa1031501e6cf002da
