[INFO] fetching crate re_types_builder 0.38.1...
[INFO] testing re_types_builder-0.38.1 against 1.100.0-beta.1+cargoflags=--release for beta-release-1.100-2
[INFO] extracting crate re_types_builder 0.38.1 into /workspace/builds/worker-4-tc2/source
[INFO] started tweaking crates.io crate re_types_builder 0.38.1
[INFO] finished tweaking crates.io crate re_types_builder 0.38.1
[INFO] tweaked toml for crates.io crate re_types_builder 0.38.1 written to /workspace/builds/worker-4-tc2/source/Cargo.toml
[INFO] validating manifest of crates.io crate re_types_builder 0.38.1 on toolchain 1.100.0-beta.1
[INFO] running `Command { std: CARGO_HOME="/workspace/cargo-home" RUSTUP_HOME="/workspace/rustup-home" "/workspace/cargo-home/bin/cargo" "+1.100.0-beta.1" "metadata" "--manifest-path" "Cargo.toml" "--no-deps", kill_on_drop: false }`
[INFO] crate crates.io crate re_types_builder 0.38.1 already has a lockfile, it will not be regenerated
[INFO] running `Command { std: CARGO_HOME="/workspace/cargo-home" RUSTUP_HOME="/workspace/rustup-home" "/workspace/cargo-home/bin/cargo" "+1.100.0-beta.1" "fetch" "--manifest-path" "Cargo.toml", kill_on_drop: false }`
[INFO] running `Command { std: "docker" "create" "-v" "/var/lib/crater-agent-workspace/builds/worker-4-tc2/source:/opt/rustwide/workdir:ro,Z" "-v" "/var/lib/crater-agent-workspace/builds/worker-4-tc2/target:/opt/rustwide/target:rw,Z" "-v" "/var/lib/crater-agent-workspace/cargo-home:/opt/rustwide/cargo-home:ro,Z" "-v" "/var/lib/crater-agent-workspace/rustup-home:/opt/rustwide/rustup-home:ro,Z" "-m" "1610612736" "--network" "none" "ghcr.io/rust-lang/crates-build-env/linux@sha256:77db811e55d90add9212f6832c23229e3de5f1c1f9905e8cb07319ea15df73ac" "sleep" "infinity", kill_on_drop: false }`
[INFO] [stdout] a9e17ad0bbd587a3bbb5a33db0a4da848c9071019d27b6ae513c6c242d8b8dcf
[INFO] running `Command { std: "docker" "start" "a9e17ad0bbd587a3bbb5a33db0a4da848c9071019d27b6ae513c6c242d8b8dcf", kill_on_drop: false }`
[INFO] running `Command { std: "docker" "inspect" "a9e17ad0bbd587a3bbb5a33db0a4da848c9071019d27b6ae513c6c242d8b8dcf", kill_on_drop: false }`
[INFO] running `Command { std: "docker" "exec" "-e" "SOURCE_DIR=/opt/rustwide/workdir" "-e" "CARGO_HOME=/opt/rustwide/cargo-home" "-e" "RUSTUP_HOME=/opt/rustwide/rustup-home" "-e" "CARGO_TARGET_DIR=/opt/rustwide/target" "-w" "/opt/rustwide/workdir" "--user" "0:0" "a9e17ad0bbd587a3bbb5a33db0a4da848c9071019d27b6ae513c6c242d8b8dcf" "/opt/rustwide/cargo-home/bin/cargo" "+1.100.0-beta.1" "metadata" "--no-deps" "--format-version=1", kill_on_drop: false }`
[INFO] running `Command { std: "docker" "inspect" "a9e17ad0bbd587a3bbb5a33db0a4da848c9071019d27b6ae513c6c242d8b8dcf", kill_on_drop: false }`
[INFO] running `Command { std: "docker" "exec" "-e" "SOURCE_DIR=/opt/rustwide/workdir" "-e" "CARGO_HOME=/opt/rustwide/cargo-home" "-e" "RUSTUP_HOME=/opt/rustwide/rustup-home" "-e" "CARGO_TARGET_DIR=/opt/rustwide/target" "-e" "CARGO_INCREMENTAL=0" "-e" "RUST_BACKTRACE=full" "-e" "RUSTFLAGS=--cap-lints=warn" "-e" "RUSTDOCFLAGS=--cap-lints=warn" "-w" "/opt/rustwide/workdir" "--user" "0:0" "a9e17ad0bbd587a3bbb5a33db0a4da848c9071019d27b6ae513c6c242d8b8dcf" "/opt/rustwide/cargo-home/bin/cargo" "+1.100.0-beta.1" "build" "--frozen" "--message-format=json" "--release", kill_on_drop: false }`
[INFO] [stderr]    Compiling zerocopy v0.8.55
[INFO] [stderr]    Compiling arrow-schema v58.3.0
[INFO] [stderr]    Compiling regex-syntax v0.8.11
[INFO] [stderr]    Compiling smallvec v1.15.2
[INFO] [stderr]    Compiling serde_json v1.0.151
[INFO] [stderr]    Compiling zerocopy-derive v0.8.55
[INFO] [stderr]    Compiling bytemuck_derive v1.11.0
[INFO] [stderr]    Compiling num-complex v0.4.6
[INFO] [stderr]    Compiling chrono v0.4.45
[INFO] [stderr]    Compiling serde v1.0.229
[INFO] [stderr]    Compiling num-bigint v0.4.6
[INFO] [stderr]    Compiling flatbuffers v25.12.19
[INFO] [stderr]    Compiling indexmap v2.14.0
[INFO] [stderr]    Compiling atoi v2.0.0
[INFO] [stderr]    Compiling proc-macro2 v1.0.107
[INFO] [stderr]    Compiling tracing v0.1.44
[INFO] [stderr]    Compiling tracing-log v0.2.0
[INFO] [stderr]    Compiling crossbeam-channel v0.5.15
[INFO] [stderr]    Compiling crossbeam-queue v0.3.12
[INFO] [stderr]    Compiling parking_lot_core v0.9.12
[INFO] [stderr]    Compiling nu-ansi-term v0.50.1
[INFO] [stderr]    Compiling camino v1.2.3
[INFO] [stderr]    Compiling unicode-ident v1.0.24
[INFO] [stderr]    Compiling crypto-common v0.1.6
[INFO] [stderr]    Compiling digest v0.10.7
[INFO] [stderr]    Compiling re_byte_size_derive v0.38.1
[INFO] [stderr]    Compiling itertools v0.14.0
[INFO] [stderr]    Compiling crossbeam v0.8.4
[INFO] [stderr]    Compiling itertools v0.15.0
[INFO] [stderr]    Compiling lock_api v0.4.14
[INFO] [stderr]    Compiling cargo-platform v0.3.1
[INFO] [stderr]    Compiling vec1 v1.12.1
[INFO] [stderr]    Compiling semver v1.0.28
[INFO] [stderr]    Compiling bytemuck v1.25.2
[INFO] [stderr]    Compiling parking_lot v0.12.5
[INFO] [stderr]    Compiling winnow v1.0.4
[INFO] [stderr]    Compiling prettyplease v0.3.0
[INFO] [stderr]    Compiling quote v1.0.47
[INFO] [stderr]    Compiling re_int v0.38.1
[INFO] [stderr]    Compiling convert_case v0.11.0
[INFO] [stderr]    Compiling sha2 v0.10.9
[INFO] [stderr]    Compiling strum_macros v0.26.4
[INFO] [stderr]    Compiling cargo_metadata v0.23.1
[INFO] [stderr]    Compiling toml_parser v1.1.3+spec-1.1.0
[INFO] [stderr]    Compiling syn v3.0.3
[INFO] [stderr]    Compiling jiff v0.2.35
[INFO] [stderr]    Compiling rayon-core v1.13.0
[INFO] [stderr]    Compiling regex-automata v0.4.16
[INFO] [stderr]    Compiling puffin v0.20.0
[INFO] [stderr]    Compiling toml_datetime v1.1.1+spec-1.1.0
[INFO] [stderr]    Compiling serde_spanned v1.1.1
[INFO] [stderr]    Compiling unindent v0.2.4
[INFO] [stderr]    Compiling glob v0.3.4
[INFO] [stderr]    Compiling tempfile v3.27.0
[INFO] [stderr]    Compiling strum v0.26.3
[INFO] [stderr]    Compiling toml v1.1.2+spec-1.1.0
[INFO] [stderr]    Compiling rayon v1.12.0
[INFO] [stderr]    Compiling re_tracing v0.38.1
[INFO] [stderr]    Compiling re_case v0.38.1
[INFO] [stderr]    Compiling indent v0.1.1
[INFO] [stderr]    Compiling re_error v0.38.1
[INFO] [stderr]    Compiling regex-lite v0.1.9
[INFO] [stderr]    Compiling re_build_tools v0.38.1
[INFO] [stderr]    Compiling half v2.7.1
[INFO] [stderr]    Compiling ahash v0.8.12
[INFO] [stderr]    Compiling arrow-buffer v58.3.0
[INFO] [stderr]    Compiling regex v1.13.1
[INFO] [stderr]    Compiling matchers v0.2.0
[INFO] [stderr]    Compiling tracing-subscriber v0.3.23
[INFO] [stderr]    Compiling arrow-data v58.3.0
[INFO] [stderr]    Compiling arrow-array v58.3.0
[INFO] [stderr]    Compiling re_log v0.38.1
[INFO] [stderr]    Compiling re_format v0.38.1
[INFO] [stderr]    Compiling arrow-select v58.3.0
[INFO] [stderr]    Compiling arrow-row v58.3.0
[INFO] [stderr]    Compiling arrow-arith v58.3.0
[INFO] [stderr]    Compiling arrow-ord v58.3.0
[INFO] [stderr]    Compiling arrow-string v58.3.0
[INFO] [stderr]    Compiling arrow-ipc v58.3.0
[INFO] [stderr]    Compiling arrow-cast v58.3.0
[INFO] [stderr]    Compiling arrow-json v58.3.0
[INFO] [stderr]    Compiling arrow v58.3.0
[INFO] [stderr]    Compiling re_byte_size v0.38.1
[INFO] [stderr]    Compiling re_quota_channel v0.38.1
[INFO] [stderr]    Compiling re_types_builder v0.38.1 (/opt/rustwide/workdir)
[INFO] [stderr]     Finished `release` profile [optimized] target(s) in 3m 29s
[INFO] running `Command { std: "docker" "inspect" "a9e17ad0bbd587a3bbb5a33db0a4da848c9071019d27b6ae513c6c242d8b8dcf", kill_on_drop: false }`
[INFO] running `Command { std: "docker" "exec" "-e" "SOURCE_DIR=/opt/rustwide/workdir" "-e" "CARGO_HOME=/opt/rustwide/cargo-home" "-e" "RUSTUP_HOME=/opt/rustwide/rustup-home" "-e" "CARGO_TARGET_DIR=/opt/rustwide/target" "-e" "CARGO_INCREMENTAL=0" "-e" "RUST_BACKTRACE=full" "-e" "RUSTFLAGS=--cap-lints=warn" "-e" "RUSTDOCFLAGS=--cap-lints=warn" "-w" "/opt/rustwide/workdir" "--user" "0:0" "a9e17ad0bbd587a3bbb5a33db0a4da848c9071019d27b6ae513c6c242d8b8dcf" "/opt/rustwide/cargo-home/bin/cargo" "+1.100.0-beta.1" "test" "--frozen" "--no-run" "--message-format=json" "--release", kill_on_drop: false }`
[INFO] [stderr]    Compiling console v0.16.4
[INFO] [stderr]    Compiling insta v1.48.0
[INFO] [stderr]    Compiling re_types_builder v0.38.1 (/opt/rustwide/workdir)
[INFO] [stderr]     Finished `release` profile [optimized] target(s) in 17.36s
[INFO] running `Command { std: "docker" "inspect" "a9e17ad0bbd587a3bbb5a33db0a4da848c9071019d27b6ae513c6c242d8b8dcf", kill_on_drop: false }`
[INFO] running `Command { std: "docker" "exec" "-e" "SOURCE_DIR=/opt/rustwide/workdir" "-e" "CARGO_HOME=/opt/rustwide/cargo-home" "-e" "RUSTUP_HOME=/opt/rustwide/rustup-home" "-e" "CARGO_TARGET_DIR=/opt/rustwide/target" "-e" "CARGO_INCREMENTAL=0" "-e" "RUST_BACKTRACE=full" "-e" "RUSTFLAGS=--cap-lints=warn" "-e" "RUSTDOCFLAGS=--cap-lints=warn" "-w" "/opt/rustwide/workdir" "--user" "0:0" "a9e17ad0bbd587a3bbb5a33db0a4da848c9071019d27b6ae513c6c242d8b8dcf" "/opt/rustwide/cargo-home/bin/cargo" "+1.100.0-beta.1" "test" "--frozen" "--release", kill_on_drop: false }`
[INFO] [stderr]     Finished `release` profile [optimized] target(s) in 0.20s
[INFO] [stderr]      Running unittests src/lib.rs (/opt/rustwide/target/release/build/re_types_builder/5500ab60ed30dc21/out/re_types_builder-5500ab60ed30dc21)
[INFO] [stdout] 
[INFO] [stdout] running 31 tests
[INFO] [stdout] test codegen::rust::util::test_doc_attr_unfolding ... ok
[INFO] [stdout] test docs::tests::test_translate_doclinks ... ok
[INFO] [stdout] test attributes::tests::attributes_are_namespaced_by_their_enum ... ok
[INFO] [stdout] test docs::tests::test_warns_only_for_links_in_known_rerun_packages ... ok
[INFO] [stdout] test objects::from_rust::tests::archetypes_must_declare_their_state ... ok
[INFO] [stdout] test objects::from_rust::tests::attributes_map_mechanically ... ok
[INFO] [stdout] test objects::from_rust::tests::c_style_enum ... ok
[INFO] [stdout] test attributes::tests::an_attribute_is_written_the_same_way_wherever_it_is_named ... ok
[INFO] [stdout] test objects::from_rust::tests::errors_point_at_the_offending_line ... ok
[INFO] [stdout] test objects::from_rust::tests::every_supported_data_type ... ok
[INFO] [stdout] test objects::from_rust::tests::hand_written_module_tree_files_warn ... ok
[INFO] [stdout] test objects::from_rust::tests::only_def_rs_files_are_definitions ... ok
[INFO] [stdout] test objects::from_rust::tests::package_name_comes_from_the_path ... ok
[INFO] [stdout] test objects::from_rust::tests::rejects_everything_outside_the_subset ... ok
[INFO] [stdout] test objects::from_rust::tests::rerun_type_can_be_written_as_a_path ... ok
[INFO] [stdout] test objects::from_rust::tests::state_defaults_by_kind_and_scope ... ok
[INFO] [stdout] test codegen::docs::snippets_ref::test_contains_whole_word ... ok
[INFO] [stdout] test objects::from_rust::tests::union_with_payloads_and_a_unit_variant ... ok
[INFO] [stdout] test objects::from_rust::tests::struct_with_named_fields ... ok
[INFO] [stdout] test objects::from_rust::tests::unnamed_tuple_struct_field_is_named_value ... ok
[INFO] [stdout] test docs::tests::test_docs ... ok
[INFO] [stdout] test docs::tests::test_translate_doclinks_with_field ... ok
[INFO] [stdout] test docs::tests::test_tokenize ... ok
[INFO] [stdout] test docs::tests::test_translate_relative_doclinks ... ok
[INFO] [stdout] test attributes::tests::unknown_attributes_do_not_parse ... ok
[INFO] [stdout] test objects::from_rust::tests::definitions_must_open_with_the_banner ... ok
[INFO] [stdout] test objects::from_rust::tests::doc_comments_keep_their_tags ... ok
[INFO] [stdout] test codegen::definitions::tests::the_module_tree_follows_the_definitions ... ok
[INFO] [stdout] test codegen::definitions::tests::package_module_file ... FAILED
[INFO] [stdout] test codegen::definitions::tests::crate_root_module_file ... FAILED
[INFO] [stdout] test codegen::definitions::tests::a_directory_can_hold_both_definitions_and_sub_packages ... FAILED
[INFO] [stdout] 
[INFO] [stdout] failures:
[INFO] [stdout] 
[INFO] [stdout] ---- codegen::definitions::tests::package_module_file stdout ----
[INFO] [stdout] ━━━━━━━━━━━━━━━━━━━━━━━━━━━━━━━ Snapshot Summary ━━━━━━━━━━━━━━━━━━━━━━━━━━━━━━━
[INFO] [stdout] Snapshot: package_module_file
[INFO] [stdout] Source: src/codegen/definitions/mod.rs:230
[INFO] [stdout] ────────────────────────────────────────────────────────────────────────────────
[INFO] [stdout] Expression: generated
[INFO] [stdout] ────────────────────────────────────────────────────────────────────────────────
[INFO] [stdout] -old snapshot
[INFO] [stdout] +new results
[INFO] [stdout] ────────────┬───────────────────────────────────────────────────────────────────
[INFO] [stdout]     1       │-// DO NOT EDIT! This file was auto-generated by crates/build/re_types_builder/src/codegen/definitions/mod.rs
[INFO] [stdout]           1 │+// DO NOT EDIT! This file was auto-generated by src/codegen/definitions/mod.rs
[INFO] [stdout]     2     2 │ 
[INFO] [stdout]     3     3 │ #[path = "components/position3d.def.rs"]
[INFO] [stdout]     4     4 │ mod position3d;
[INFO] [stdout]     5     5 │ #[path = "components/radius.def.rs"]
[INFO] [stdout] ────────────┴───────────────────────────────────────────────────────────────────
[INFO] [stdout] 
[INFO] [stdout] thread 'codegen::definitions::tests::package_module_file' (2125) panicked at src/codegen/definitions/mod.rs:230:9:
[INFO] [stdout] called `Result::unwrap()` on an `Err` value: Os { code: 30, kind: ReadOnlyFilesystem, message: "Read-only file system" }
[INFO] [stdout] stack backtrace:
[INFO] [stdout]    0:     0x595ed8fa1071 - <<std[617be2ca0a6fd877]::sys::backtrace::BacktraceLock>::print::DisplayBacktrace as core[a373ad73a504971]::fmt::Display>::fmt
[INFO] [stdout]    1:     0x595ed8fb875a - core[a373ad73a504971]::fmt::write
[INFO] [stdout]    2:     0x595ed8fa584c - <alloc[2e1b2a31b91974c5]::vec::Vec<u8> as core[a373ad73a504971]::io::write::Write>::write_fmt
[INFO] [stdout]    3:     0x595ed8f7a016 - std[617be2ca0a6fd877]::panicking::default_hook::{closure#0}
[INFO] [stdout]    4:     0x595ed8f97e99 - std[617be2ca0a6fd877]::panicking::default_hook
[INFO] [stdout]    5:     0x595ed8e03a60 - test[aada8e7e76ba119b]::test_main_inner::{closure#0}
[INFO] [stdout]    6:     0x595ed8f981c2 - std[617be2ca0a6fd877]::panicking::panic_with_hook
[INFO] [stdout]    7:     0x595ed8f7a0c2 - std[617be2ca0a6fd877]::panicking::panic_handler::{closure#0}
[INFO] [stdout]    8:     0x595ed8f728f9 - std[617be2ca0a6fd877]::sys::backtrace::__rust_end_short_backtrace::<std[617be2ca0a6fd877]::panicking::panic_handler::{closure#0}, !>
[INFO] [stdout]    9:     0x595ed8f7ad6d - __rustc[ea4f61d10b84890b]::rust_begin_unwind
[INFO] [stdout]   10:     0x595ed8fb8ebc - core[a373ad73a504971]::panicking::panic_fmt
[INFO] [stdout]   11:     0x595ed8fb8c92 - core[a373ad73a504971]::result::unwrap_failed
[INFO] [stdout]   12:     0x595ed8d7eaa0 - <re_types_builder[a94bb61b74b56020]::codegen::definitions::tests::package_module_file::{closure#0} as core[a373ad73a504971]::ops::function::FnOnce<()>>::call_once
[INFO] [stdout]   13:     0x595ed8df6eab - test[aada8e7e76ba119b]::__rust_begin_short_backtrace::<core[a373ad73a504971]::result::Result<(), alloc[2e1b2a31b91974c5]::string::String>, fn() -> core[a373ad73a504971]::result::Result<(), alloc[2e1b2a31b91974c5]::string::String>>
[INFO] [stdout]   14:     0x595ed8e04085 - test[aada8e7e76ba119b]::run_test::{closure#0}
[INFO] [stdout]   15:     0x595ed8dfd974 - std[617be2ca0a6fd877]::sys::backtrace::__rust_begin_short_backtrace::<test[aada8e7e76ba119b]::run_test::{closure#1}, ()>
[INFO] [stdout]   16:     0x595ed8e07112 - <std[617be2ca0a6fd877]::thread::lifecycle::spawn_unchecked<test[aada8e7e76ba119b]::run_test::{closure#1}, ()>::{closure#1} as core[a373ad73a504971]::ops::function::FnOnce<()>>::call_once::{shim:vtable#0}
[INFO] [stdout]   17:     0x595ed8fa003f - <std[617be2ca0a6fd877]::sys::thread::unix::Thread>::new::thread_start
[INFO] [stdout]   18:     0x7e4e2d184dfa - <unknown>
[INFO] [stdout]   19:     0x7e4e2d2183d4 - clone
[INFO] [stdout]   20:                0x0 - <unknown>
[INFO] [stdout] 
[INFO] [stdout] ---- codegen::definitions::tests::crate_root_module_file stdout ----
[INFO] [stdout] ━━━━━━━━━━━━━━━━━━━━━━━━━━━━━━━ Snapshot Summary ━━━━━━━━━━━━━━━━━━━━━━━━━━━━━━━
[INFO] [stdout] Snapshot: crate_root_module_file
[INFO] [stdout] Source: src/codegen/definitions/mod.rs:249
[INFO] [stdout] ────────────────────────────────────────────────────────────────────────────────
[INFO] [stdout] Expression: generated
[INFO] [stdout] ────────────────────────────────────────────────────────────────────────────────
[INFO] [stdout] -old snapshot
[INFO] [stdout] +new results
[INFO] [stdout] ────────────┬───────────────────────────────────────────────────────────────────
[INFO] [stdout]     1       │-// DO NOT EDIT! This file was auto-generated by crates/build/re_types_builder/src/codegen/definitions/mod.rs
[INFO] [stdout]           1 │+// DO NOT EDIT! This file was auto-generated by src/codegen/definitions/mod.rs
[INFO] [stdout]     2     2 │ 
[INFO] [stdout]     3     3 │ //! Rerun's type definitions.
[INFO] [stdout]     4     4 │ //!
[INFO] [stdout]     5     5 │ //! This crate is never linked into anything: rustc compiles it so that we get name resolution,
[INFO] [stdout] ────────────┴───────────────────────────────────────────────────────────────────
[INFO] [stdout] 
[INFO] [stdout] thread 'codegen::definitions::tests::crate_root_module_file' (2124) panicked at src/codegen/definitions/mod.rs:249:9:
[INFO] [stdout] called `Result::unwrap()` on an `Err` value: Os { code: 30, kind: ReadOnlyFilesystem, message: "Read-only file system" }
[INFO] [stdout] stack backtrace:
[INFO] [stdout]    0:     0x595ed8fa1071 - <<std[617be2ca0a6fd877]::sys::backtrace::BacktraceLock>::print::DisplayBacktrace as core[a373ad73a504971]::fmt::Display>::fmt
[INFO] [stdout]    1:     0x595ed8fb875a - core[a373ad73a504971]::fmt::write
[INFO] [stdout]    2:     0x595ed8fa584c - <alloc[2e1b2a31b91974c5]::vec::Vec<u8> as core[a373ad73a504971]::io::write::Write>::write_fmt
[INFO] [stdout]    3:     0x595ed8f7a016 - std[617be2ca0a6fd877]::panicking::default_hook::{closure#0}
[INFO] [stdout]    4:     0x595ed8f97e99 - std[617be2ca0a6fd877]::panicking::default_hook
[INFO] [stdout]    5:     0x595ed8e03a60 - test[aada8e7e76ba119b]::test_main_inner::{closure#0}
[INFO] [stdout]    6:     0x595ed8f981c2 - std[617be2ca0a6fd877]::panicking::panic_with_hook
[INFO] [stdout]    7:     0x595ed8f7a0c2 - std[617be2ca0a6fd877]::panicking::panic_handler::{closure#0}
[INFO] [stdout]    8:     0x595ed8f728f9 - std[617be2ca0a6fd877]::sys::backtrace::__rust_end_short_backtrace::<std[617be2ca0a6fd877]::panicking::panic_handler::{closure#0}, !>
[INFO] [stdout]    9:     0x595ed8f7ad6d - __rustc[ea4f61d10b84890b]::rust_begin_unwind
[INFO] [stdout]   10:     0x595ed8fb8ebc - core[a373ad73a504971]::panicking::panic_fmt
[INFO] [stdout]   11:     0x595ed8fb8c92 - core[a373ad73a504971]::result::unwrap_failed
[INFO] [stdout]   12:     0x595ed8d7eed0 - <re_types_builder[a94bb61b74b56020]::codegen::definitions::tests::crate_root_module_file::{closure#0} as core[a373ad73a504971]::ops::function::FnOnce<()>>::call_once
[INFO] [stdout]   13:     0x595ed8df6eab - test[aada8e7e76ba119b]::__rust_begin_short_backtrace::<core[a373ad73a504971]::result::Result<(), alloc[2e1b2a31b91974c5]::string::String>, fn() -> core[a373ad73a504971]::result::Result<(), alloc[2e1b2a31b91974c5]::string::String>>
[INFO] [stdout]   14:     0x595ed8e04085 - test[aada8e7e76ba119b]::run_test::{closure#0}
[INFO] [stdout]   15:     0x595ed8dfd974 - std[617be2ca0a6fd877]::sys::backtrace::__rust_begin_short_backtrace::<test[aada8e7e76ba119b]::run_test::{closure#1}, ()>
[INFO] [stdout]   16:     0x595ed8e07112 - <std[617be2ca0a6fd877]::thread::lifecycle::spawn_unchecked<test[aada8e7e76ba119b]::run_test::{closure#1}, ()>::{closure#1} as core[a373ad73a504971]::ops::function::FnOnce<()>>::call_once::{shim:vtable#0}
[INFO] [stdout]   17:     0x595ed8fa003f - <std[617be2ca0a6fd877]::sys::thread::unix::Thread>::new::thread_start
[INFO] [stdout]   18:     0x7e4e2d184dfa - <unknown>
[INFO] [stdout]   19:     0x7e4e2d2183d4 - clone
[INFO] [stdout]   20:                0x0 - <unknown>
[INFO] [stdout] 
[INFO] [stdout] ---- codegen::definitions::tests::a_directory_can_hold_both_definitions_and_sub_packages stdout ----
[INFO] [stdout] ━━━━━━━━━━━━━━━━━━━━━━━━━━━━━━━ Snapshot Summary ━━━━━━━━━━━━━━━━━━━━━━━━━━━━━━━
[INFO] [stdout] Snapshot: a_directory_can_hold_both_definitions_and_sub_packages
[INFO] [stdout] Source: src/codegen/definitions/mod.rs:284
[INFO] [stdout] ────────────────────────────────────────────────────────────────────────────────
[INFO] [stdout] Expression: generated
[INFO] [stdout] ────────────────────────────────────────────────────────────────────────────────
[INFO] [stdout] -old snapshot
[INFO] [stdout] +new results
[INFO] [stdout] ────────────┬───────────────────────────────────────────────────────────────────
[INFO] [stdout]     1       │-// DO NOT EDIT! This file was auto-generated by crates/build/re_types_builder/src/codegen/definitions/mod.rs
[INFO] [stdout]           1 │+// DO NOT EDIT! This file was auto-generated by src/codegen/definitions/mod.rs
[INFO] [stdout]     2     2 │ 
[INFO] [stdout]     3     3 │ pub mod archetypes;
[INFO] [stdout]     4     4 │ 
[INFO] [stdout]     5     5 │ #[path = "testing/type_zoo.def.rs"]
[INFO] [stdout] ────────────┴───────────────────────────────────────────────────────────────────
[INFO] [stdout] 
[INFO] [stdout] thread 'codegen::definitions::tests::a_directory_can_hold_both_definitions_and_sub_packages' (2123) panicked at src/codegen/definitions/mod.rs:284:9:
[INFO] [stdout] called `Result::unwrap()` on an `Err` value: Os { code: 30, kind: ReadOnlyFilesystem, message: "Read-only file system" }
[INFO] [stdout] stack backtrace:
[INFO] [stdout]    0:     0x595ed8fa1071 - <<std[617be2ca0a6fd877]::sys::backtrace::BacktraceLock>::print::DisplayBacktrace as core[a373ad73a504971]::fmt::Display>::fmt
[INFO] [stdout]    1:     0x595ed8fb875a - core[a373ad73a504971]::fmt::write
[INFO] [stdout]    2:     0x595ed8fa584c - <alloc[2e1b2a31b91974c5]::vec::Vec<u8> as core[a373ad73a504971]::io::write::Write>::write_fmt
[INFO] [stdout]    3:     0x595ed8f7a016 - std[617be2ca0a6fd877]::panicking::default_hook::{closure#0}
[INFO] [stdout]    4:     0x595ed8f97e99 - std[617be2ca0a6fd877]::panicking::default_hook
[INFO] [stdout]    5:     0x595ed8e03a60 - test[aada8e7e76ba119b]::test_main_inner::{closure#0}
[INFO] [stdout]    6:     0x595ed8f981c2 - std[617be2ca0a6fd877]::panicking::panic_with_hook
[INFO] [stdout]    7:     0x595ed8f7a0c2 - std[617be2ca0a6fd877]::panicking::panic_handler::{closure#0}
[INFO] [stdout]    8:     0x595ed8f728f9 - std[617be2ca0a6fd877]::sys::backtrace::__rust_end_short_backtrace::<std[617be2ca0a6fd877]::panicking::panic_handler::{closure#0}, !>
[INFO] [stdout]    9:     0x595ed8f7ad6d - __rustc[ea4f61d10b84890b]::rust_begin_unwind
[INFO] [stdout]   10:     0x595ed8fb8ebc - core[a373ad73a504971]::panicking::panic_fmt
[INFO] [stdout]   11:     0x595ed8fb8c92 - core[a373ad73a504971]::result::unwrap_failed
[INFO] [stdout]   12:     0x595ed8d7f950 - <re_types_builder[a94bb61b74b56020]::codegen::definitions::tests::a_directory_can_hold_both_definitions_and_sub_packages::{closure#0} as core[a373ad73a504971]::ops::function::FnOnce<()>>::call_once
[INFO] [stdout]   13:     0x595ed8df6eab - test[aada8e7e76ba119b]::__rust_begin_short_backtrace::<core[a373ad73a504971]::result::Result<(), alloc[2e1b2a31b91974c5]::string::String>, fn() -> core[a373ad73a504971]::result::Result<(), alloc[2e1b2a31b91974c5]::string::String>>
[INFO] [stdout]   14:     0x595ed8e04085 - test[aada8e7e76ba119b]::run_test::{closure#0}
[INFO] [stdout]   15:     0x595ed8dfd974 - std[617be2ca0a6fd877]::sys::backtrace::__rust_begin_short_backtrace::<test[aada8e7e76ba119b]::run_test::{closure#1}, ()>
[INFO] [stdout]   16:     0x595ed8e07112 - <std[617be2ca0a6fd877]::thread::lifecycle::spawn_unchecked<test[aada8e7e76ba119b]::run_test::{closure#1}, ()>::{closure#1} as core[a373ad73a504971]::ops::function::FnOnce<()>>::call_once::{shim:vtable#0}
[INFO] [stdout]   17:     0x595ed8fa003f - <std[617be2ca0a6fd877]::sys::thread::unix::Thread>::new::thread_start
[INFO] [stdout]   18:     0x7e4e2d184dfa - <unknown>
[INFO] [stdout]   19:     0x7e4e2d2183d4 - clone
[INFO] [stdout]   20:                0x0 - <unknown>
[INFO] [stdout] 
[INFO] [stdout] 
[INFO] [stdout] failures:
[INFO] [stdout]     codegen::definitions::tests::a_directory_can_hold_both_definitions_and_sub_packages
[INFO] [stdout]     codegen::definitions::tests::crate_root_module_file
[INFO] [stdout]     codegen::definitions::tests::package_module_file
[INFO] [stdout] 
[INFO] [stdout] test result: FAILED. 28 passed; 3 failed; 0 ignored; 0 measured; 0 filtered out; finished in 0.91s
[INFO] [stdout] 
[INFO] [stderr] error: test failed, to rerun pass `--lib`
[INFO] running `Command { std: "docker" "inspect" "a9e17ad0bbd587a3bbb5a33db0a4da848c9071019d27b6ae513c6c242d8b8dcf", kill_on_drop: false }`
[INFO] running `Command { std: "docker" "rm" "-f" "a9e17ad0bbd587a3bbb5a33db0a4da848c9071019d27b6ae513c6c242d8b8dcf", kill_on_drop: false }`
[INFO] [stdout] a9e17ad0bbd587a3bbb5a33db0a4da848c9071019d27b6ae513c6c242d8b8dcf
