[INFO] fetching crate re_query_cache 0.15.1...
[INFO] testing re_query_cache-0.15.1 against 1.100.0-beta.1+cargoflags=--release for beta-release-1.100-2
[INFO] extracting crate re_query_cache 0.15.1 into /workspace/builds/worker-7-tc2/source
[INFO] started tweaking crates.io crate re_query_cache 0.15.1
[INFO] finished tweaking crates.io crate re_query_cache 0.15.1
[INFO] tweaked toml for crates.io crate re_query_cache 0.15.1 written to /workspace/builds/worker-7-tc2/source/Cargo.toml
[INFO] validating manifest of crates.io crate re_query_cache 0.15.1 on toolchain 1.100.0-beta.1
[INFO] running `Command { std: CARGO_HOME="/workspace/cargo-home" RUSTUP_HOME="/workspace/rustup-home" "/workspace/cargo-home/bin/cargo" "+1.100.0-beta.1" "metadata" "--manifest-path" "Cargo.toml" "--no-deps", kill_on_drop: false }`
[INFO] running `Command { std: CARGO_HOME="/workspace/cargo-home" RUSTUP_HOME="/workspace/rustup-home" "/workspace/cargo-home/bin/cargo" "+1.100.0-beta.1" "generate-lockfile" "--manifest-path" "Cargo.toml", kill_on_drop: false }`
[INFO] [stderr]     Updating crates.io index
[INFO] [stderr]      Locking 361 packages to highest compatible versions
[INFO] [stderr]       Adding criterion v0.5.1 (available: v0.8.2)
[INFO] [stderr]       Adding generic-array v0.14.7 (available: v0.14.9)
[INFO] [stderr]       Adding itertools v0.12.1 (available: v0.15.0)
[INFO] [stderr]       Adding mimalloc v0.1.37 (available: v0.1.52)
[INFO] [stderr]       Adding rand v0.8.8 (available: v0.10.3)
[INFO] [stderr]       Adding re_data_store v0.15.1 (available: v0.17.0)
[INFO] [stderr]       Adding re_format v0.15.1 (available: v0.38.1)
[INFO] [stderr]       Adding re_log v0.15.1 (available: v0.38.1)
[INFO] [stderr]       Adding re_log_types v0.15.1 (available: v0.38.1)
[INFO] [stderr]       Adding re_query v0.15.1 (available: v0.38.1)
[INFO] [stderr]       Adding re_tracing v0.15.1 (available: v0.38.1)
[INFO] [stderr]       Adding re_types v0.15.1 (available: v0.27.3)
[INFO] [stderr]       Adding re_types_core v0.15.1 (available: v0.38.1)
[INFO] [stderr]       Adding similar-asserts v1.7.0 (available: v2.0.0)
[INFO] [stderr]       Adding web-time v0.2.4 (available: v1.1.0)
[INFO] [stderr]       Adding zvariant_utils v1.0.1 (available: v1.1.1)
[INFO] running `Command { std: CARGO_HOME="/workspace/cargo-home" RUSTUP_HOME="/workspace/rustup-home" "/workspace/cargo-home/bin/cargo" "+1.100.0-beta.1" "fetch" "--manifest-path" "Cargo.toml", kill_on_drop: false }`
[INFO] running `Command { std: "docker" "create" "-v" "/var/lib/crater-agent-workspace/builds/worker-7-tc2/source:/opt/rustwide/workdir:ro,Z" "-v" "/var/lib/crater-agent-workspace/builds/worker-7-tc2/target:/opt/rustwide/target:rw,Z" "-v" "/var/lib/crater-agent-workspace/cargo-home:/opt/rustwide/cargo-home:ro,Z" "-v" "/var/lib/crater-agent-workspace/rustup-home:/opt/rustwide/rustup-home:ro,Z" "-m" "1610612736" "--network" "none" "ghcr.io/rust-lang/crates-build-env/linux@sha256:77db811e55d90add9212f6832c23229e3de5f1c1f9905e8cb07319ea15df73ac" "sleep" "infinity", kill_on_drop: false }`
[INFO] [stdout] e51747e3b664a2310a76d458118765eddf4f5134a92bb3f3216c301b9ca23fce
[INFO] running `Command { std: "docker" "start" "e51747e3b664a2310a76d458118765eddf4f5134a92bb3f3216c301b9ca23fce", kill_on_drop: false }`
[INFO] running `Command { std: "docker" "inspect" "e51747e3b664a2310a76d458118765eddf4f5134a92bb3f3216c301b9ca23fce", kill_on_drop: false }`
[INFO] running `Command { std: "docker" "exec" "-e" "SOURCE_DIR=/opt/rustwide/workdir" "-e" "CARGO_HOME=/opt/rustwide/cargo-home" "-e" "RUSTUP_HOME=/opt/rustwide/rustup-home" "-e" "CARGO_TARGET_DIR=/opt/rustwide/target" "-w" "/opt/rustwide/workdir" "--user" "0:0" "e51747e3b664a2310a76d458118765eddf4f5134a92bb3f3216c301b9ca23fce" "/opt/rustwide/cargo-home/bin/cargo" "+1.100.0-beta.1" "metadata" "--no-deps" "--format-version=1", kill_on_drop: false }`
[INFO] running `Command { std: "docker" "inspect" "e51747e3b664a2310a76d458118765eddf4f5134a92bb3f3216c301b9ca23fce", kill_on_drop: false }`
[INFO] running `Command { std: "docker" "exec" "-e" "SOURCE_DIR=/opt/rustwide/workdir" "-e" "CARGO_HOME=/opt/rustwide/cargo-home" "-e" "RUSTUP_HOME=/opt/rustwide/rustup-home" "-e" "CARGO_TARGET_DIR=/opt/rustwide/target" "-e" "CARGO_INCREMENTAL=0" "-e" "RUST_BACKTRACE=full" "-e" "RUSTFLAGS=--cap-lints=warn" "-e" "RUSTDOCFLAGS=--cap-lints=warn" "-w" "/opt/rustwide/workdir" "--user" "0:0" "e51747e3b664a2310a76d458118765eddf4f5134a92bb3f3216c301b9ca23fce" "/opt/rustwide/cargo-home/bin/cargo" "+1.100.0-beta.1" "build" "--frozen" "--message-format=json" "--release", kill_on_drop: false }`
[INFO] [stderr]    Compiling smallvec v1.16.3
[INFO] [stderr]    Compiling crossbeam-utils v0.8.23
[INFO] [stderr]    Compiling either v1.19.0
[INFO] [stderr]    Compiling serde v1.0.229
[INFO] [stderr]    Compiling getrandom v0.3.4
[INFO] [stderr]    Compiling array-init-cursor v0.2.1
[INFO] [stderr]    Compiling re_arrow2 v0.17.6
[INFO] [stderr]    Compiling litrs v1.0.1
[INFO] [stderr]    Compiling memchr v2.8.3
[INFO] [stderr]    Compiling syn v3.0.9
[INFO] [stderr]    Compiling chrono v0.4.45
[INFO] [stderr]    Compiling comfy-table v7.2.2
[INFO] [stderr]    Compiling thiserror-impl v1.0.69
[INFO] [stderr]    Compiling addr2line v0.25.1
[INFO] [stderr]    Compiling getrandom v0.2.17
[INFO] [stderr]    Compiling rustc-demangle v0.1.28
[INFO] [stderr]    Compiling ahash v0.8.12
[INFO] [stderr]    Compiling planus v0.3.1
[INFO] [stderr]    Compiling web-time v0.2.4
[INFO] [stderr]    Compiling ethnum v1.5.3
[INFO] [stderr]    Compiling foreign_vec v0.1.0
[INFO] [stderr]    Compiling itertools v0.10.5
[INFO] [stderr]    Compiling hashbrown v0.14.5
[INFO] [stderr]    Compiling simdutf8 v0.1.5
[INFO] [stderr]    Compiling crossbeam-deque v0.8.8
[INFO] [stderr]    Compiling parking_lot_core v0.9.12
[INFO] [stderr]    Compiling hash_hasher v2.0.4
[INFO] [stderr]    Compiling is-terminal v0.4.17
[INFO] [stderr]    Compiling fixed v1.31.0
[INFO] [stderr]    Compiling parking_lot v0.12.5
[INFO] [stderr]    Compiling re_error v0.15.1
[INFO] [stderr]    Compiling object v0.37.3
[INFO] [stderr]    Compiling document-features v0.2.12
[INFO] [stderr]    Compiling humantime v2.4.0
[INFO] [stderr]    Compiling tracing v0.1.44
[INFO] [stderr]    Compiling time-macros v0.2.32
[INFO] [stderr]    Compiling re_string_interner v0.15.1
[INFO] [stderr]    Compiling re_tuid v0.15.1
[INFO] [stderr]    Compiling crossbeam-epoch v0.9.21
[INFO] [stderr]    Compiling env_logger v0.10.2
[INFO] [stderr]    Compiling crossbeam-channel v0.5.17
[INFO] [stderr]    Compiling crossbeam-queue v0.3.14
[INFO] [stderr]    Compiling thiserror v1.0.69
[INFO] [stderr]    Compiling half v2.7.1
[INFO] [stderr]    Compiling log-once v0.4.1
[INFO] [stderr]    Compiling similar v2.7.0
[INFO] [stderr]    Compiling console v0.15.11
[INFO] [stderr]    Compiling az v1.3.0
[INFO] [stderr]    Compiling puffin v0.19.1
[INFO] [stderr]    Compiling num_threads v0.1.8
[INFO] [stderr]    Compiling powerfmt v0.2.1
[INFO] [stderr]    Compiling deranged v0.5.9
[INFO] [stderr]    Compiling re_log v0.15.1
[INFO] [stderr]    Compiling uuid v1.28.0
[INFO] [stderr]    Compiling itertools v0.12.1
[INFO] [stderr]    Compiling crossbeam v0.8.5
[INFO] [stderr]    Compiling num-derive v0.4.2
[INFO] [stderr]    Compiling natord v1.0.9
[INFO] [stderr]    Compiling re_tracing v0.15.1
[INFO] [stderr]    Compiling clean-path v0.2.1
[INFO] [stderr]    Compiling indent v0.1.1
[INFO] [stderr]    Compiling similar-asserts v1.7.0
[INFO] [stderr]    Compiling seq-macro v0.3.6
[INFO] [stderr]    Compiling serde_derive v1.0.229
[INFO] [stderr]    Compiling bytemuck_derive v1.12.1
[INFO] [stderr]    Compiling time v0.3.55
[INFO] [stderr]    Compiling bytemuck v1.25.2
[INFO] [stderr]    Compiling backtrace v0.3.76
[INFO] [stderr]    Compiling arrow-format v0.8.1
[INFO] [stderr]    Compiling re_types_core v0.15.1
[INFO] [stderr]    Compiling re_format v0.15.1
[INFO] [stderr]    Compiling re_log_types v0.15.1
[INFO] [stderr]    Compiling re_data_store v0.15.1
[INFO] [stderr]    Compiling re_query v0.15.1
[INFO] [stderr]    Compiling re_query_cache v0.15.1 (/opt/rustwide/workdir)
[INFO] [stdout] warning: unnecessary parentheses around closure body
[INFO] [stdout]    --> src/flat_vec_deque.rs:233:33
[INFO] [stdout]     |
[INFO] [stdout] 233 |             .map(|(start, end)| (start..end))
[INFO] [stdout]     |                                 ^          ^
[INFO] [stdout]     |
[INFO] [stdout]     = note: `#[warn(unused_parens)]` (part of `#[warn(unused)]`) on by default
[INFO] [stdout] help: remove these parentheses
[INFO] [stdout]     |
[INFO] [stdout] 233 -             .map(|(start, end)| (start..end))
[INFO] [stdout] 233 +             .map(|(start, end)| start..end)
[INFO] [stdout]     |
[INFO] [stdout] 
[INFO] [stdout] 
[INFO] [stderr]     Finished `release` profile [optimized] target(s) in 1m 26s
[INFO] running `Command { std: "docker" "inspect" "e51747e3b664a2310a76d458118765eddf4f5134a92bb3f3216c301b9ca23fce", kill_on_drop: false }`
[INFO] running `Command { std: "docker" "exec" "-e" "SOURCE_DIR=/opt/rustwide/workdir" "-e" "CARGO_HOME=/opt/rustwide/cargo-home" "-e" "RUSTUP_HOME=/opt/rustwide/rustup-home" "-e" "CARGO_TARGET_DIR=/opt/rustwide/target" "-e" "CARGO_INCREMENTAL=0" "-e" "RUST_BACKTRACE=full" "-e" "RUSTFLAGS=--cap-lints=warn" "-e" "RUSTDOCFLAGS=--cap-lints=warn" "-w" "/opt/rustwide/workdir" "--user" "0:0" "e51747e3b664a2310a76d458118765eddf4f5134a92bb3f3216c301b9ca23fce" "/opt/rustwide/cargo-home/bin/cargo" "+1.100.0-beta.1" "test" "--frozen" "--no-run" "--message-format=json" "--release", kill_on_drop: false }`
[INFO] [stderr]    Compiling serde_core v1.0.229
[INFO] [stderr]    Compiling syn v3.0.9
[INFO] [stderr]    Compiling serde v1.0.229
[INFO] [stderr]    Compiling zerocopy-derive v0.8.63
[INFO] [stderr]    Compiling libc v0.2.191
[INFO] [stderr]    Compiling chrono v0.4.45
[INFO] [stderr]    Compiling object v0.37.3
[INFO] [stderr]    Compiling camino v1.2.6
[INFO] [stderr]    Compiling serde_json v1.0.154
[INFO] [stderr]    Compiling bitflags v2.13.2
[INFO] [stderr]    Compiling rustix v1.1.5
[INFO] [stderr]    Compiling re_tuid v0.15.1
[INFO] [stderr]    Compiling uuid v1.28.0
[INFO] [stderr]    Compiling error-chain v0.12.4
[INFO] [stderr]    Compiling pulldown-cmark v0.9.6
[INFO] [stderr]    Compiling linux-raw-sys v0.12.1
[INFO] [stderr]    Compiling phf_shared v0.11.3
[INFO] [stderr]    Compiling crossbeam-queue v0.3.14
[INFO] [stderr]    Compiling crossbeam-channel v0.5.17
[INFO] [stderr]    Compiling bytecount v0.6.9
[INFO] [stderr]    Compiling num-derive v0.4.2
[INFO] [stderr]    Compiling phf v0.11.3
[INFO] [stderr]    Compiling matrixmultiply v0.3.11
[INFO] [stderr]    Compiling peg-runtime v0.6.3
[INFO] [stderr]    Compiling libmimalloc-sys v0.1.49
[INFO] [stderr]    Compiling peg-macros v0.6.3
[INFO] [stderr]    Compiling mime_guess2 v2.3.1
[INFO] [stderr]    Compiling crossbeam v0.8.5
[INFO] [stderr]    Compiling cfb v0.7.3
[INFO] [stderr]    Compiling clap_builder v4.6.7
[INFO] [stderr]    Compiling num-complex v0.4.6
[INFO] [stderr]    Compiling num-integer v0.1.47
[INFO] [stderr]    Compiling peg v0.6.3
[INFO] [stderr]    Compiling criterion-plot v0.5.0
[INFO] [stderr]    Compiling rayon v1.12.0
[INFO] [stderr]    Compiling plotters v0.3.7
[INFO] [stderr]    Compiling array-init v2.1.0
[INFO] [stderr]    Compiling ndarray v0.15.6
[INFO] [stderr]    Compiling zerocopy v0.8.63
[INFO] [stderr]    Compiling clap v4.6.7
[INFO] [stderr]    Compiling infer v0.15.0
[INFO] [stderr]    Compiling semver v1.0.28
[INFO] [stderr]    Compiling getrandom v0.4.3
[INFO] [stderr]    Compiling rustc_version v0.4.1
[INFO] [stderr]    Compiling re_arrow2 v0.17.6
[INFO] [stderr]    Compiling serde_derive v1.0.229
[INFO] [stderr]    Compiling bytemuck_derive v1.12.1
[INFO] [stderr]    Compiling backtrace v0.3.76
[INFO] [stderr]    Compiling bytemuck v1.25.2
[INFO] [stderr]    Compiling tempfile v3.27.0
[INFO] [stderr]    Compiling mimalloc v0.1.37
[INFO] [stderr]    Compiling arrow-format v0.8.1
[INFO] [stderr]    Compiling tinytemplate v1.2.1
[INFO] [stderr]    Compiling cargo-platform v0.1.9
[INFO] [stderr]    Compiling cargo_metadata v0.14.2
[INFO] [stderr]    Compiling ahash v0.8.12
[INFO] [stderr]    Compiling half v2.7.1
[INFO] [stderr]    Compiling ppv-lite86 v0.2.21
[INFO] [stderr]    Compiling skeptic v0.13.7
[INFO] [stderr]    Compiling hashbrown v0.14.5
[INFO] [stderr]    Compiling re_string_interner v0.15.1
[INFO] [stderr]    Compiling rand_chacha v0.3.1
[INFO] [stderr]    Compiling rand v0.8.8
[INFO] [stderr]    Compiling fixed v1.31.0
[INFO] [stderr]    Compiling ciborium-ll v0.2.2
[INFO] [stderr]    Compiling ciborium v0.2.2
[INFO] [stderr]    Compiling ply-rs v0.1.3
[INFO] [stderr]    Compiling criterion v0.5.1
[INFO] [stderr]    Compiling re_types_core v0.15.1
[INFO] [stderr]    Compiling re_format v0.15.1
[INFO] [stderr]    Compiling re_types v0.15.1
[INFO] [stderr]    Compiling re_log_types v0.15.1
[INFO] [stderr]    Compiling re_data_store v0.15.1
[INFO] [stderr]    Compiling re_query v0.15.1
[INFO] [stderr]    Compiling re_query_cache v0.15.1 (/opt/rustwide/workdir)
[INFO] [stdout] warning: unnecessary parentheses around closure body
[INFO] [stdout]    --> src/flat_vec_deque.rs:233:33
[INFO] [stdout]     |
[INFO] [stdout] 233 |             .map(|(start, end)| (start..end))
[INFO] [stdout]     |                                 ^          ^
[INFO] [stdout]     |
[INFO] [stdout]     = note: `#[warn(unused_parens)]` (part of `#[warn(unused)]`) on by default
[INFO] [stdout] help: remove these parentheses
[INFO] [stdout]     |
[INFO] [stdout] 233 -             .map(|(start, end)| (start..end))
[INFO] [stdout] 233 +             .map(|(start, end)| start..end)
[INFO] [stdout]     |
[INFO] [stdout] 
[INFO] [stdout] 
[INFO] [stdout] warning: unnecessary parentheses around closure body
[INFO] [stdout]    --> src/flat_vec_deque.rs:233:33
[INFO] [stdout]     |
[INFO] [stdout] 233 |             .map(|(start, end)| (start..end))
[INFO] [stdout]     |                                 ^          ^
[INFO] [stdout]     |
[INFO] [stdout]     = note: `#[warn(unused_parens)]` (part of `#[warn(unused)]`) on by default
[INFO] [stdout] help: remove these parentheses
[INFO] [stdout]     |
[INFO] [stdout] 233 -             .map(|(start, end)| (start..end))
[INFO] [stdout] 233 +             .map(|(start, end)| start..end)
[INFO] [stdout]     |
[INFO] [stdout] 
[INFO] [stdout] 
[INFO] [stderr]     Finished `release` profile [optimized] target(s) in 2m 10s
[INFO] running `Command { std: "docker" "inspect" "e51747e3b664a2310a76d458118765eddf4f5134a92bb3f3216c301b9ca23fce", kill_on_drop: false }`
[INFO] running `Command { std: "docker" "exec" "-e" "SOURCE_DIR=/opt/rustwide/workdir" "-e" "CARGO_HOME=/opt/rustwide/cargo-home" "-e" "RUSTUP_HOME=/opt/rustwide/rustup-home" "-e" "CARGO_TARGET_DIR=/opt/rustwide/target" "-e" "CARGO_INCREMENTAL=0" "-e" "RUST_BACKTRACE=full" "-e" "RUSTFLAGS=--cap-lints=warn" "-e" "RUSTDOCFLAGS=--cap-lints=warn" "-w" "/opt/rustwide/workdir" "--user" "0:0" "e51747e3b664a2310a76d458118765eddf4f5134a92bb3f3216c301b9ca23fce" "/opt/rustwide/cargo-home/bin/cargo" "+1.100.0-beta.1" "test" "--frozen" "--release", kill_on_drop: false }`
[INFO] [stderr] warning: unnecessary parentheses around closure body
[INFO] [stderr]    --> src/flat_vec_deque.rs:233:33
[INFO] [stderr]     |
[INFO] [stderr] 233 |             .map(|(start, end)| (start..end))
[INFO] [stderr]     |                                 ^          ^
[INFO] [stderr]     |
[INFO] [stderr]     = note: `#[warn(unused_parens)]` (part of `#[warn(unused)]`) on by default
[INFO] [stderr] help: remove these parentheses
[INFO] [stderr]     |
[INFO] [stderr] 233 -             .map(|(start, end)| (start..end))
[INFO] [stderr] 233 +             .map(|(start, end)| start..end)
[INFO] [stderr]     |
[INFO] [stderr] 
[INFO] [stderr] warning: `re_query_cache` (lib) generated 1 warning (run `cargo fix --lib -p re_query_cache` to apply 1 suggestion)
[INFO] [stderr] warning: `re_query_cache` (lib test) generated 1 warning (1 duplicate)
[INFO] [stderr]     Finished `release` profile [optimized] target(s) in 0.42s
[INFO] [stdout] 
[INFO] [stderr]      Running unittests src/lib.rs (/opt/rustwide/target/release/build/re_query_cache/f8f5787b55b5fdff/out/re_query_cache-f8f5787b55b5fdff)
[INFO] [stdout] running 12 tests
[INFO] [stdout] test flat_vec_deque::insert ... ok
[INFO] [stdout] test flat_vec_deque::remove_range ... ok
[INFO] [stdout] test flat_vec_deque::split_off ... ok
[INFO] [stderr] error: test failed, to rerun pass `--lib`
[INFO] [stdout] test flat_vec_deque::insert_deque ... ok
[INFO] [stdout] test flat_vec_deque::insert_empty ... ok
[INFO] [stdout] test flat_vec_deque::remove_oob - should panic ... FAILED
[INFO] [stdout] test flat_vec_deque::remove_empty - should panic ... FAILED
[INFO] [stdout] test flat_vec_deque::remove ... ok
[INFO] [stdout] test flat_vec_deque::range ... ok
[INFO] [stdout] test flat_vec_deque::insert_some_and_empty ... ok
[INFO] [stdout] test flat_vec_deque::insert_many ... ok
[INFO] [stdout] test flat_vec_deque::truncate ... ok
[INFO] [stdout] 
[INFO] [stdout] failures:
[INFO] [stdout] 
[INFO] [stdout] ---- flat_vec_deque::remove_oob stdout ----
[INFO] [stdout] 
[INFO] [stdout] thread 'flat_vec_deque::remove_oob' (3254) panicked at src/flat_vec_deque.rs:224:25:
[INFO] [stdout] out of bounds access
[INFO] [stdout] stack backtrace:
[INFO] [stdout]    0:     0x5e67fe6f2c31 - <<std[617be2ca0a6fd877]::sys::backtrace::BacktraceLock>::print::DisplayBacktrace as core[a373ad73a504971]::fmt::Display>::fmt
[INFO] [stdout]    1:     0x5e67fe706b9a - core[a373ad73a504971]::fmt::write
[INFO] [stdout]    2:     0x5e67fe6f6e4c - <alloc[2e1b2a31b91974c5]::vec::Vec<u8> as core[a373ad73a504971]::io::write::Write>::write_fmt
[INFO] [stdout]    3:     0x5e67fe6cef06 - std[617be2ca0a6fd877]::panicking::default_hook::{closure#0}
[INFO] [stdout]    4:     0x5e67fe6eb139 - std[617be2ca0a6fd877]::panicking::default_hook
[INFO] [stdout]    5:     0x5e67fe660de0 - test[aada8e7e76ba119b]::test_main_inner::{closure#0}
[INFO] [stdout]    6:     0x5e67fe6eb2f2 - std[617be2ca0a6fd877]::panicking::panic_with_hook
[INFO] [stdout]    7:     0x5e67fe6cefb2 - std[617be2ca0a6fd877]::panicking::panic_handler::{closure#0}
[INFO] [stdout]    8:     0x5e67fe6c7cc9 - std[617be2ca0a6fd877]::sys::backtrace::__rust_end_short_backtrace::<std[617be2ca0a6fd877]::panicking::panic_handler::{closure#0}, !>
[INFO] [stdout]    9:     0x5e67fe6cfbbd - __rustc[ea4f61d10b84890b]::rust_begin_unwind
[INFO] [stdout]   10:     0x5e67fe7072cc - core[a373ad73a504971]::panicking::panic_fmt
[INFO] [stdout]   11:     0x5e67fe707024 - core[a373ad73a504971]::option::expect_failed
[INFO] [stdout]   12:     0x5e67fe64d11f - <re_query_cache[1618eb3322de1542]::flat_vec_deque::FlatVecDeque<i64>>::remove
[INFO] [stdout]   13:     0x5e67fe64dfc9 - <re_query_cache[1618eb3322de1542]::flat_vec_deque::remove_oob::{closure#0} as core[a373ad73a504971]::ops::function::FnOnce<()>>::call_once
[INFO] [stdout]   14:     0x5e67fe65422b - test[aada8e7e76ba119b]::__rust_begin_short_backtrace::<core[a373ad73a504971]::result::Result<(), alloc[2e1b2a31b91974c5]::string::String>, fn() -> core[a373ad73a504971]::result::Result<(), alloc[2e1b2a31b91974c5]::string::String>>
[INFO] [stdout]   15:     0x5e67fe661405 - test[aada8e7e76ba119b]::run_test::{closure#0}
[INFO] [stdout]   16:     0x5e67fe65acf4 - std[617be2ca0a6fd877]::sys::backtrace::__rust_begin_short_backtrace::<test[aada8e7e76ba119b]::run_test::{closure#1}, ()>
[INFO] [stdout]   17:     0x5e67fe664492 - <std[617be2ca0a6fd877]::thread::lifecycle::spawn_unchecked<test[aada8e7e76ba119b]::run_test::{closure#1}, ()>::{closure#1} as core[a373ad73a504971]::ops::function::FnOnce<()>>::call_once::{shim:vtable#0}
[INFO] [stdout]   18:     0x5e67fe6f245f - <std[617be2ca0a6fd877]::sys::thread::unix::Thread>::new::thread_start
[INFO] [stdout]   19:     0x7c5ed3d9fdfa - <unknown>
[INFO] [stdout]   20:     0x7c5ed3e333d4 - clone
[INFO] [stdout]   21:                0x0 - <unknown>
[INFO] [stdout] note: panic did not contain expected string
[INFO] [stdout]       panic message: "out of bounds access"
[INFO] [stdout]  expected substring: "Out of bounds access"
[INFO] [stdout] ---- flat_vec_deque::remove_empty stdout ----
[INFO] [stdout] 
[INFO] [stdout] thread 'flat_vec_deque::remove_empty' (3253) panicked at src/flat_vec_deque.rs:224:25:
[INFO] [stdout] out of bounds access
[INFO] [stdout] stack backtrace:
[INFO] [stdout]    0:     0x5e67fe6f2c31 - <<std[617be2ca0a6fd877]::sys::backtrace::BacktraceLock>::print::DisplayBacktrace as core[a373ad73a504971]::fmt::Display>::fmt
[INFO] [stdout]    1:     0x5e67fe706b9a - core[a373ad73a504971]::fmt::write
[INFO] [stdout]    2:     0x5e67fe6f6e4c - <alloc[2e1b2a31b91974c5]::vec::Vec<u8> as core[a373ad73a504971]::io::write::Write>::write_fmt
[INFO] [stdout]    3:     0x5e67fe6cef06 - std[617be2ca0a6fd877]::panicking::default_hook::{closure#0}
[INFO] [stdout]    4:     0x5e67fe6eb139 - std[617be2ca0a6fd877]::panicking::default_hook
[INFO] [stdout]    5:     0x5e67fe660de0 - test[aada8e7e76ba119b]::test_main_inner::{closure#0}
[INFO] [stdout]    6:     0x5e67fe6eb2f2 - std[617be2ca0a6fd877]::panicking::panic_with_hook
[INFO] [stdout]    7:     0x5e67fe6cefb2 - std[617be2ca0a6fd877]::panicking::panic_handler::{closure#0}
[INFO] [stdout]    8:     0x5e67fe6c7cc9 - std[617be2ca0a6fd877]::sys::backtrace::__rust_end_short_backtrace::<std[617be2ca0a6fd877]::panicking::panic_handler::{closure#0}, !>
[INFO] [stdout]    9:     0x5e67fe6cfbbd - __rustc[ea4f61d10b84890b]::rust_begin_unwind
[INFO] [stdout]   10:     0x5e67fe7072cc - core[a373ad73a504971]::panicking::panic_fmt
[INFO] [stdout]   11:     0x5e67fe707024 - core[a373ad73a504971]::option::expect_failed
[INFO] [stdout]   12:     0x5e67fe64d11f - <re_query_cache[1618eb3322de1542]::flat_vec_deque::FlatVecDeque<i64>>::remove
[INFO] [stdout]   13:     0x5e67fe64ee92 - <re_query_cache[1618eb3322de1542]::flat_vec_deque::remove_empty::{closure#0} as core[a373ad73a504971]::ops::function::FnOnce<()>>::call_once
[INFO] [stdout]   14:     0x5e67fe65422b - test[aada8e7e76ba119b]::__rust_begin_short_backtrace::<core[a373ad73a504971]::result::Result<(), alloc[2e1b2a31b91974c5]::string::String>, fn() -> core[a373ad73a504971]::result::Result<(), alloc[2e1b2a31b91974c5]::string::String>>
[INFO] [stdout]   15:     0x5e67fe661405 - test[aada8e7e76ba119b]::run_test::{closure#0}
[INFO] [stdout]   16:     0x5e67fe65acf4 - std[617be2ca0a6fd877]::sys::backtrace::__rust_begin_short_backtrace::<test[aada8e7e76ba119b]::run_test::{closure#1}, ()>
[INFO] [stdout]   17:     0x5e67fe664492 - <std[617be2ca0a6fd877]::thread::lifecycle::spawn_unchecked<test[aada8e7e76ba119b]::run_test::{closure#1}, ()>::{closure#1} as core[a373ad73a504971]::ops::function::FnOnce<()>>::call_once::{shim:vtable#0}
[INFO] [stdout]   18:     0x5e67fe6f245f - <std[617be2ca0a6fd877]::sys::thread::unix::Thread>::new::thread_start
[INFO] [stdout]   19:     0x7c5ed3d9fdfa - <unknown>
[INFO] [stdout]   20:     0x7c5ed3e333d4 - clone
[INFO] [stdout]   21:                0x0 - <unknown>
[INFO] [stdout] note: panic did not contain expected string
[INFO] [stdout]       panic message: "out of bounds access"
[INFO] [stdout]  expected substring: "Out of bounds access"
[INFO] [stdout] 
[INFO] [stdout] failures:
[INFO] [stdout]     flat_vec_deque::remove_empty
[INFO] [stdout]     flat_vec_deque::remove_oob
[INFO] [stdout] 
[INFO] [stdout] test result: FAILED. 10 passed; 2 failed; 0 ignored; 0 measured; 0 filtered out; finished in 0.01s
[INFO] [stdout] 
[INFO] running `Command { std: "docker" "inspect" "e51747e3b664a2310a76d458118765eddf4f5134a92bb3f3216c301b9ca23fce", kill_on_drop: false }`
[INFO] running `Command { std: "docker" "rm" "-f" "e51747e3b664a2310a76d458118765eddf4f5134a92bb3f3216c301b9ca23fce", kill_on_drop: false }`
[INFO] [stdout] e51747e3b664a2310a76d458118765eddf4f5134a92bb3f3216c301b9ca23fce
