[INFO] fetching crate rds2rust 0.3.0...
[INFO] testing rds2rust-0.3.0 against 1.100.0-beta.1+cargoflags=--release for beta-release-1.100-2
[INFO] extracting crate rds2rust 0.3.0 into /workspace/builds/worker-6-tc2/source
[INFO] started tweaking crates.io crate rds2rust 0.3.0
[INFO] removed 0 missing tests
[INFO] finished tweaking crates.io crate rds2rust 0.3.0
[INFO] tweaked toml for crates.io crate rds2rust 0.3.0 written to /workspace/builds/worker-6-tc2/source/Cargo.toml
[INFO] validating manifest of crates.io crate rds2rust 0.3.0 on toolchain 1.100.0-beta.1
[INFO] running `Command { std: CARGO_HOME="/workspace/cargo-home" RUSTUP_HOME="/workspace/rustup-home" "/workspace/cargo-home/bin/cargo" "+1.100.0-beta.1" "metadata" "--manifest-path" "Cargo.toml" "--no-deps", kill_on_drop: false }`
[INFO] crate crates.io crate rds2rust 0.3.0 already has a lockfile, it will not be regenerated
[INFO] running `Command { std: CARGO_HOME="/workspace/cargo-home" RUSTUP_HOME="/workspace/rustup-home" "/workspace/cargo-home/bin/cargo" "+1.100.0-beta.1" "fetch" "--manifest-path" "Cargo.toml", kill_on_drop: false }`
[INFO] running `Command { std: "docker" "create" "-v" "/var/lib/crater-agent-workspace/builds/worker-6-tc2/source:/opt/rustwide/workdir:ro,Z" "-v" "/var/lib/crater-agent-workspace/builds/worker-6-tc2/target:/opt/rustwide/target:rw,Z" "-v" "/var/lib/crater-agent-workspace/cargo-home:/opt/rustwide/cargo-home:ro,Z" "-v" "/var/lib/crater-agent-workspace/rustup-home:/opt/rustwide/rustup-home:ro,Z" "-m" "1610612736" "--network" "none" "ghcr.io/rust-lang/crates-build-env/linux@sha256:77db811e55d90add9212f6832c23229e3de5f1c1f9905e8cb07319ea15df73ac" "sleep" "infinity", kill_on_drop: false }`
[INFO] [stdout] 0f4e99d17ce2cd146267ff2342018cd70c5cdebc6bc8555dbb6c16f336131d66
[INFO] running `Command { std: "docker" "start" "0f4e99d17ce2cd146267ff2342018cd70c5cdebc6bc8555dbb6c16f336131d66", kill_on_drop: false }`
[INFO] running `Command { std: "docker" "inspect" "0f4e99d17ce2cd146267ff2342018cd70c5cdebc6bc8555dbb6c16f336131d66", kill_on_drop: false }`
[INFO] running `Command { std: "docker" "exec" "-e" "SOURCE_DIR=/opt/rustwide/workdir" "-e" "CARGO_HOME=/opt/rustwide/cargo-home" "-e" "RUSTUP_HOME=/opt/rustwide/rustup-home" "-e" "CARGO_TARGET_DIR=/opt/rustwide/target" "-w" "/opt/rustwide/workdir" "--user" "0:0" "0f4e99d17ce2cd146267ff2342018cd70c5cdebc6bc8555dbb6c16f336131d66" "/opt/rustwide/cargo-home/bin/cargo" "+1.100.0-beta.1" "metadata" "--no-deps" "--format-version=1", kill_on_drop: false }`
[INFO] running `Command { std: "docker" "inspect" "0f4e99d17ce2cd146267ff2342018cd70c5cdebc6bc8555dbb6c16f336131d66", kill_on_drop: false }`
[INFO] running `Command { std: "docker" "exec" "-e" "SOURCE_DIR=/opt/rustwide/workdir" "-e" "CARGO_HOME=/opt/rustwide/cargo-home" "-e" "RUSTUP_HOME=/opt/rustwide/rustup-home" "-e" "CARGO_TARGET_DIR=/opt/rustwide/target" "-e" "CARGO_INCREMENTAL=0" "-e" "RUST_BACKTRACE=full" "-e" "RUSTFLAGS=--cap-lints=warn" "-e" "RUSTDOCFLAGS=--cap-lints=warn" "-w" "/opt/rustwide/workdir" "--user" "0:0" "0f4e99d17ce2cd146267ff2342018cd70c5cdebc6bc8555dbb6c16f336131d66" "/opt/rustwide/cargo-home/bin/cargo" "+1.100.0-beta.1" "build" "--frozen" "--message-format=json" "--release", kill_on_drop: false }`
[INFO] [stderr]    Compiling libc v0.2.178
[INFO] [stderr]    Compiling find-msvc-tools v0.1.5
[INFO] [stderr]    Compiling proc-macro2 v1.0.103
[INFO] [stderr]    Compiling rustix v1.1.3
[INFO] [stderr]    Compiling getrandom v0.3.4
[INFO] [stderr]    Compiling serde_json v1.0.145
[INFO] [stderr]    Compiling linux-raw-sys v0.11.0
[INFO] [stderr]    Compiling simd-adler32 v0.3.7
[INFO] [stderr]    Compiling bitflags v2.10.0
[INFO] [stderr]    Compiling miniz_oxide v0.8.9
[INFO] [stderr]    Compiling hashbrown v0.16.0
[INFO] [stderr]    Compiling once_cell v1.21.3
[INFO] [stderr]    Compiling quote v1.0.41
[INFO] [stderr]    Compiling syn v2.0.108
[INFO] [stderr]    Compiling indexmap v2.12.0
[INFO] [stderr]    Compiling flate2 v1.1.5
[INFO] [stderr]    Compiling jobserver v0.1.35
[INFO] [stderr]    Compiling memmap2 v0.9.9
[INFO] [stderr]    Compiling cc v1.2.50
[INFO] [stderr]    Compiling tempfile v3.24.0
[INFO] [stderr]    Compiling liblzma-sys v0.4.8
[INFO] [stderr]    Compiling serde_derive v1.0.228
[INFO] [stderr]    Compiling thiserror-impl v2.0.17
[INFO] [stderr]    Compiling liblzma v0.4.8
[INFO] [stderr]    Compiling thiserror v2.0.17
[INFO] [stderr]    Compiling serde v1.0.228
[INFO] [stderr]    Compiling rds2rust v0.3.0 (/opt/rustwide/workdir)
[INFO] [stderr]     Finished `release` profile [optimized] target(s) in 45.45s
[INFO] running `Command { std: "docker" "inspect" "0f4e99d17ce2cd146267ff2342018cd70c5cdebc6bc8555dbb6c16f336131d66", kill_on_drop: false }`
[INFO] running `Command { std: "docker" "exec" "-e" "SOURCE_DIR=/opt/rustwide/workdir" "-e" "CARGO_HOME=/opt/rustwide/cargo-home" "-e" "RUSTUP_HOME=/opt/rustwide/rustup-home" "-e" "CARGO_TARGET_DIR=/opt/rustwide/target" "-e" "CARGO_INCREMENTAL=0" "-e" "RUST_BACKTRACE=full" "-e" "RUSTFLAGS=--cap-lints=warn" "-e" "RUSTDOCFLAGS=--cap-lints=warn" "-w" "/opt/rustwide/workdir" "--user" "0:0" "0f4e99d17ce2cd146267ff2342018cd70c5cdebc6bc8555dbb6c16f336131d66" "/opt/rustwide/cargo-home/bin/cargo" "+1.100.0-beta.1" "test" "--frozen" "--no-run" "--message-format=json" "--release", kill_on_drop: false }`
[INFO] [stderr]    Compiling syn v2.0.108
[INFO] [stderr]    Compiling wasm-bindgen-shared v0.2.106
[INFO] [stderr]    Compiling serde_json v1.0.145
[INFO] [stderr]    Compiling bumpalo v3.19.1
[INFO] [stderr]    Compiling wasm-bindgen v0.2.106
[INFO] [stderr]    Compiling unicode-ident v1.0.22
[INFO] [stderr]    Compiling num-traits v0.2.19
[INFO] [stderr]    Compiling nu-ansi-term v0.50.3
[INFO] [stderr]    Compiling oorandom v11.1.5
[INFO] [stderr]    Compiling wasm-bindgen-macro-support v0.2.106
[INFO] [stderr]    Compiling serde_derive v1.0.228
[INFO] [stderr]    Compiling thiserror-impl v2.0.17
[INFO] [stderr]    Compiling async-trait v0.1.89
[INFO] [stderr]    Compiling wasm-bindgen-test-macro v0.3.56
[INFO] [stderr]    Compiling thiserror v2.0.17
[INFO] [stderr]    Compiling wasm-bindgen-macro v0.2.106
[INFO] [stderr]    Compiling serde v1.0.228
[INFO] [stderr]    Compiling js-sys v0.3.83
[INFO] [stderr]    Compiling rds2rust v0.3.0 (/opt/rustwide/workdir)
[INFO] [stderr]    Compiling wasm-bindgen-futures v0.4.56
[INFO] [stderr]    Compiling wasm-bindgen-test v0.3.56
[INFO] [stderr]     Finished `release` profile [optimized] target(s) in 2m 04s
[INFO] running `Command { std: "docker" "inspect" "0f4e99d17ce2cd146267ff2342018cd70c5cdebc6bc8555dbb6c16f336131d66", kill_on_drop: false }`
[INFO] running `Command { std: "docker" "exec" "-e" "SOURCE_DIR=/opt/rustwide/workdir" "-e" "CARGO_HOME=/opt/rustwide/cargo-home" "-e" "RUSTUP_HOME=/opt/rustwide/rustup-home" "-e" "CARGO_TARGET_DIR=/opt/rustwide/target" "-e" "CARGO_INCREMENTAL=0" "-e" "RUST_BACKTRACE=full" "-e" "RUSTFLAGS=--cap-lints=warn" "-e" "RUSTDOCFLAGS=--cap-lints=warn" "-w" "/opt/rustwide/workdir" "--user" "0:0" "0f4e99d17ce2cd146267ff2342018cd70c5cdebc6bc8555dbb6c16f336131d66" "/opt/rustwide/cargo-home/bin/cargo" "+1.100.0-beta.1" "test" "--frozen" "--release", kill_on_drop: false }`
[INFO] [stderr]     Finished `release` profile [optimized] target(s) in 0.17s
[INFO] [stderr]      Running unittests src/lib.rs (/opt/rustwide/target/release/build/rds2rust/07bdf431bfeac9a2/out/rds2rust-07bdf431bfeac9a2)
[INFO] [stdout] 
[INFO] [stdout] running 11 tests
[INFO] [stdout] test chunk_iter::tests::iter_chunks_lazy_integer_reads_in_chunks ... ok
[INFO] [stdout] test chunk_iter::tests::iter_chunks_owned_character_respects_byte_cap ... ok
[INFO] [stdout] test parser::tests::test_invalid_magic ... ok
[INFO] [stdout] test chunk_iter::tests::read_lazy_integer_range_rejects_out_of_bounds ... ok
[INFO] [stdout] test streaming::tests::visitor_stop_terminates_traversal ... ok
[INFO] [stdout] test parser::tests::composite_values_are_not_deduplicated ... ok
[INFO] [stdout] test chunk_iter::tests::read_lazy_integer_range_reads_slice ... ok
[INFO] [stdout] test parser::tests::nesting_depth_returns_to_zero_after_parse_success_and_failure ... ok
[INFO] [stderr]      Running unittests src/bin/rds-cache-profile.rs (/opt/rustwide/target/release/build/rds2rust/27439100d0438d9e/out/rds_cache_profile-27439100d0438d9e)
[INFO] [stdout] test parser::tests::test_parse_header ... ok
[INFO] [stdout] test streaming::tests::visitor_skip_avoids_children ... ok
[INFO] [stdout] test tests::test_placeholder ... ok
[INFO] [stdout] 
[INFO] [stdout] test result: ok. 11 passed; 0 failed; 0 ignored; 0 measured; 0 filtered out; finished in 0.01s
[INFO] [stdout] 
[INFO] [stdout] 
[INFO] [stdout] running 0 tests
[INFO] [stdout] 
[INFO] [stdout] test result: ok. 0 passed; 0 failed; 0 ignored; 0 measured; 0 filtered out; finished in 0.00s
[INFO] [stdout] 
[INFO] [stderr]      Running unittests src/bin/rds-extract.rs (/opt/rustwide/target/release/build/rds2rust/7469cef4e0562568/out/rds_extract-7469cef4e0562568)
[INFO] [stderr]      Running unittests src/bin/rds-read.rs (/opt/rustwide/target/release/build/rds2rust/6abf17a0a1d9ffbc/out/rds_read-6abf17a0a1d9ffbc)
[INFO] [stdout] 
[INFO] [stdout] running 0 tests
[INFO] [stdout] 
[INFO] [stdout] test result: ok. 0 passed; 0 failed; 0 ignored; 0 measured; 0 filtered out; finished in 0.00s
[INFO] [stdout] 
[INFO] [stdout] 
[INFO] [stdout] running 0 tests
[INFO] [stdout] 
[INFO] [stdout] test result: ok. 0 passed; 0 failed; 0 ignored; 0 measured; 0 filtered out; finished in 0.00s
[INFO] [stdout] 
[INFO] [stderr]      Running tests/advanced_format_tests.rs (/opt/rustwide/target/release/build/rds2rust/ef5ef417af54109f/out/advanced_format_tests-ef5ef417af54109f)
[INFO] [stdout] 
[INFO] [stdout] running 25 tests
[INFO] [stdout] test test_compact_strings ... ok
[INFO] [stdout] test test_list_with_large_int ... ok
[INFO] [stdout] test test_custom_attributes ... ok
[INFO] [stdout] test test_multi_level_refs ... ok
[INFO] [stdout] test test_mixed_types_list ... ok
[INFO] [stdout] test test_namespace_in_list ... ok
[INFO] [stdout] test test_language_variants ... ok
[INFO] [stdout] test test_namespace_multiple_components ... ok
[INFO] [stdout] test test_all_types_attributes ... ok
[INFO] [stdout] test test_environment_chain_with_namespace ... ok
[INFO] [stdout] test test_environment_variants ... ok
[INFO] [stdout] test test_complex_pseudo_types ... ok
[INFO] [stdout] test test_pairlist_mixed ... ok
[INFO] [stdout] test test_closure_with_namespace_environment ... ok
[INFO] [stdout] test test_namespace_roundtrip ... ok
[INFO] [stdout] test test_namespace_serialization_format ... ok
[INFO] [stdout] test test_nested_char_vectors ... ok
[INFO] [stdout] test test_no_attributes ... ok
[INFO] [stdout] test test_null_variants ... ok
[INFO] [stdout] test test_package_function ... ok
[INFO] [stdout] test test_s3_rich_attributes ... ok
[INFO] [stdout] test test_string_lengths ... ok
[INFO] [stdout] test test_string_encodings ... ok
[INFO] [stdout] test test_repeated_symbol_names ... ok
[INFO] [stdout] test test_tiny_object ... ok
[INFO] [stdout] 
[INFO] [stdout] test result: ok. 25 passed; 0 failed; 0 ignored; 0 measured; 0 filtered out; finished in 0.03s
[INFO] [stdout] 
[INFO] [stderr]      Running tests/altrep_tests.rs (/opt/rustwide/target/release/build/rds2rust/86fbeb0671094146/out/altrep_tests-86fbeb0671094146)
[INFO] [stdout] 
[INFO] [stdout] running 9 tests
[INFO] [stdout] test test_altrep_matrix_dimnames ... ok
[INFO] [stdout] test test_altrep_in_list ... ok
[INFO] [stdout] test test_altrep_realseq ... ok
[INFO] [stdout] test test_altrep_intseq ... ok
[INFO] [stdout] test test_altrep_wrap_real ... ok
[INFO] [stdout] test test_regular_int_no_altrep ... ok
[INFO] [stdout] test test_altrep_matrix_real ... ok
[INFO] [stdout] test test_altrep_wrap_int ... ok
[INFO] [stderr]      Running tests/attribute_tests.rs (/opt/rustwide/target/release/build/rds2rust/ac0fd3472d0ccfc4/out/attribute_tests-ac0fd3472d0ccfc4)
[INFO] [stdout] test test_altrep_wrap_matrix ... ok
[INFO] [stdout] 
[INFO] [stdout] test result: ok. 9 passed; 0 failed; 0 ignored; 0 measured; 0 filtered out; finished in 0.02s
[INFO] [stdout] 
[INFO] [stdout] 
[INFO] [stdout] running 5 tests
[INFO] [stdout] test test_attr_at_eof_fixture ... ok
[INFO] [stdout] test test_matrix_int ... ok
[INFO] [stdout] test test_real_named ... ok
[INFO] [stdout] test test_int_named ... ok
[INFO] [stdout] test test_symbol_table_attribute_names ... ok
[INFO] [stdout] 
[INFO] [stdout] test result: ok. 5 passed; 0 failed; 0 ignored; 0 measured; 0 filtered out; finished in 0.01s
[INFO] [stdout] 
[INFO] [stderr]      Running tests/attributes_api_tests.rs (/opt/rustwide/target/release/build/rds2rust/c5d9e03e41cfa2ee/out/attributes_api_tests-c5d9e03e41cfa2ee)
[INFO] [stdout] 
[INFO] [stdout] running 12 tests
[INFO] [stdout] test test_attributes_iter ... ok
[INFO] [stdout] test test_attributes_update_existing_key ... ok
[INFO] [stdout] test test_construct_named_list ... ok
[INFO] [stdout] test test_empty_attributes_construction ... ok
[INFO] [stdout] test test_attributes_insert_and_get ... ok
[INFO] [stdout] test test_multiple_attributes_roundtrip ... ok
[INFO] [stdout] test test_attributes_new ... ok
[INFO] [stdout] test test_construct_named_integer_vector ... ok
[INFO] [stdout] test test_nested_with_attributes ... ok
[INFO] [stdout] test test_object_with_multiple_attributes ... ok
[INFO] [stdout] test test_named_list_roundtrip ... ok
[INFO] [stderr]      Running tests/basic_types_tests.rs (/opt/rustwide/target/release/build/rds2rust/b8fb2fbf0d96508d/out/basic_types_tests-b8fb2fbf0d96508d)
[INFO] [stdout] test test_named_vector_roundtrip ... ok
[INFO] [stdout] 
[INFO] [stdout] test result: ok. 12 passed; 0 failed; 0 ignored; 0 measured; 0 filtered out; finished in 0.01s
[INFO] [stdout] 
[INFO] [stdout] 
[INFO] [stdout] running 38 tests
[INFO] [stdout] test test_character_single ... ok
[INFO] [stdout] test test_character_empty ... ok
[INFO] [stdout] test test_character_roundtrip_existing ... ok
[INFO] [stdout] test test_character_roundtrip ... ok
[INFO] [stdout] test test_character_vector ... ok
[INFO] [stdout] test test_complex_roundtrip_existing ... ok
[INFO] [stdout] test test_character_with_na ... ok
[INFO] [stdout] test test_complex_single ... ok
[INFO] [stdout] test test_integer_roundtrip ... ok
[INFO] [stdout] test test_integer_roundtrip_existing ... ok
[INFO] [stdout] test test_complex_vector ... ok
[INFO] [stdout] test test_integer_single ... ok
[INFO] [stdout] test test_integer_vector ... ok
[INFO] [stdout] test test_integer_with_na ... ok
[INFO] [stdout] test test_logical_false ... ok
[INFO] [stdout] test test_logical_matrix_with_dimnames ... ok
[INFO] [stdout] test test_logical_true ... ok
[INFO] [stdout] test test_logical_matrix_attribute_order_variation ... ok
[INFO] [stdout] test test_logical_vector_with_attributes ... ok
[INFO] [stdout] test test_logical_roundtrip ... ok
[INFO] [stdout] test test_logical_roundtrip_existing ... ok
[INFO] [stdout] test test_logical_vector_empty_with_attributes ... ok
[INFO] [stdout] test test_logical_vector_na_heavy_with_attributes ... ok
[INFO] [stdout] test test_logical_vector ... ok
[INFO] [stdout] test test_raw_roundtrip_existing ... ok
[INFO] [stdout] test test_real_roundtrip_existing ... ok
[INFO] [stdout] test test_real_single ... ok
[INFO] [stdout] test test_real_vector ... ok
[INFO] [stdout] test test_real_roundtrip ... ok
[INFO] [stdout] test test_null_roundtrip ... ok
[INFO] [stdout] test test_raw_roundtrip ... ok
[INFO] [stdout] test test_raw_vector ... ok
[INFO] [stdout] test test_real_special ... ok
[INFO] [stdout] test test_null ... ok
[INFO] [stdout] test test_xz_reader ... ok
[INFO] [stdout] test test_xz_reader_without_generated_fixtures ... ok
[INFO] [stdout] test test_single_element_character_not_symbol ... ok
[INFO] [stderr]      Running tests/bytecode_tests.rs (/opt/rustwide/target/release/build/rds2rust/e59872c33780742c/out/bytecode_tests-e59872c33780742c)
[INFO] [stdout] test test_character_vs_symbol_contexts ... ok
[INFO] [stdout] 
[INFO] [stdout] test result: ok. 38 passed; 0 failed; 0 ignored; 0 measured; 0 filtered out; finished in 1.84s
[INFO] [stdout] 
[INFO] [stdout] 
[INFO] [stdout] running 7 tests
[INFO] [stdout] test test_bytecode_roundtrip ... ok
[INFO] [stdout] test test_truncated_bytecode_errors_cleanly ... ok
[INFO] [stdout] test test_uncompiled_func ... ok
[INFO] [stdout] test test_bytecode_in_list ... ok
[INFO] [stdout] test test_bytecode_func ... ok
[INFO] [stdout] test test_bytecode_reps ... ok
[INFO] [stderr]      Running tests/cli_extraction_tests.rs (/opt/rustwide/target/release/build/rds2rust/df17ef97f1c93807/out/cli_extraction_tests-df17ef97f1c93807)
[INFO] [stdout] test test_bytecode_then_trailing ... ok
[INFO] [stdout] 
[INFO] [stdout] test result: ok. 7 passed; 0 failed; 0 ignored; 0 measured; 0 filtered out; finished in 0.00s
[INFO] [stdout] 
[INFO] [stdout] 
[INFO] [stdout] running 6 tests
[INFO] [stdout] test cli_convert_no_streaming_chunked_sparse_matrix ... FAILED
[INFO] [stdout] test cli_convert_streaming_chunked_dense_matrix ... FAILED
[INFO] [stdout] test cli_convert_chunked_writes_manifest ... FAILED
[INFO] [stdout] test cli_convert_streaming_chunked_sparse_matrix ... FAILED
[INFO] [stdout] test cli_convert_streaming_chunked_writes_manifest ... FAILED
[INFO] [stderr] error: test failed, to rerun pass `--test cli_extraction_tests`
[INFO] [stdout] test cli_convert_streaming_chunked_dense_matrix_dimnames ... FAILED
[INFO] [stdout] 
[INFO] [stdout] failures:
[INFO] [stdout] 
[INFO] [stdout] ---- cli_convert_no_streaming_chunked_sparse_matrix stdout ----
[INFO] [stdout] 
[INFO] [stdout] thread 'cli_convert_no_streaming_chunked_sparse_matrix' (2598) panicked at tests/cli_extraction_tests.rs:45:5:
[INFO] [stdout] fixture missing: "tests/data/sparse_dimnames.rds"
[INFO] [stdout] stack backtrace:
[INFO] [stdout]    0:     0x56917f2342e1 - <<std[617be2ca0a6fd877]::sys::backtrace::BacktraceLock>::print::DisplayBacktrace as core[a373ad73a504971]::fmt::Display>::fmt
[INFO] [stdout]    1:     0x56917f24903a - core[a373ad73a504971]::fmt::write
[INFO] [stdout]    2:     0x56917f23894c - <alloc[2e1b2a31b91974c5]::vec::Vec<u8> as core[a373ad73a504971]::io::write::Write>::write_fmt
[INFO] [stdout]    3:     0x56917f20ee56 - std[617be2ca0a6fd877]::panicking::default_hook::{closure#0}
[INFO] [stdout]    4:     0x56917f22bef9 - std[617be2ca0a6fd877]::panicking::default_hook
[INFO] [stdout]    5:     0x56917f1c6fa0 - test[aada8e7e76ba119b]::test_main_inner::{closure#0}
[INFO] [stdout]    6:     0x56917f22c0b2 - std[617be2ca0a6fd877]::panicking::panic_with_hook
[INFO] [stdout]    7:     0x56917f20ef02 - std[617be2ca0a6fd877]::panicking::panic_handler::{closure#0}
[INFO] [stdout]    8:     0x56917f207969 - std[617be2ca0a6fd877]::sys::backtrace::__rust_end_short_backtrace::<std[617be2ca0a6fd877]::panicking::panic_handler::{closure#0}, !>
[INFO] [stdout]    9:     0x56917f20fb0d - __rustc[ea4f61d10b84890b]::rust_begin_unwind
[INFO] [stdout]   10:     0x56917f24976c - core[a373ad73a504971]::panicking::panic_fmt
[INFO] [stdout]   11:     0x56917f1b0420 - cli_extraction_tests[ddfd76e43143dbb5]::run_extract_convert
[INFO] [stdout]   12:     0x56917f1b1c4c - <cli_extraction_tests[ddfd76e43143dbb5]::cli_convert_no_streaming_chunked_sparse_matrix::{closure#0} as core[a373ad73a504971]::ops::function::FnOnce<()>>::call_once
[INFO] [stdout]   13:     0x56917f1ba3eb - test[aada8e7e76ba119b]::__rust_begin_short_backtrace::<core[a373ad73a504971]::result::Result<(), alloc[2e1b2a31b91974c5]::string::String>, fn() -> core[a373ad73a504971]::result::Result<(), alloc[2e1b2a31b91974c5]::string::String>>
[INFO] [stdout]   14:     0x56917f1c75c5 - test[aada8e7e76ba119b]::run_test::{closure#0}
[INFO] [stdout]   15:     0x56917f1c0eb4 - std[617be2ca0a6fd877]::sys::backtrace::__rust_begin_short_backtrace::<test[aada8e7e76ba119b]::run_test::{closure#1}, ()>
[INFO] [stdout]   16:     0x56917f1ca652 - <std[617be2ca0a6fd877]::thread::lifecycle::spawn_unchecked<test[aada8e7e76ba119b]::run_test::{closure#1}, ()>::{closure#1} as core[a373ad73a504971]::ops::function::FnOnce<()>>::call_once::{shim:vtable#0}
[INFO] [stdout]   17:     0x56917f2337df - <std[617be2ca0a6fd877]::sys::thread::unix::Thread>::new::thread_start
[INFO] [stdout]   18:     0x7be2453abdfa - <unknown>
[INFO] [stdout]   19:     0x7be24543f3d4 - clone
[INFO] [stdout]   20:                0x0 - <unknown>
[INFO] [stdout] 
[INFO] [stdout] ---- cli_convert_streaming_chunked_dense_matrix stdout ----
[INFO] [stdout] 
[INFO] [stdout] thread 'cli_convert_streaming_chunked_dense_matrix' (2599) panicked at tests/cli_extraction_tests.rs:45:5:
[INFO] [stdout] fixture missing: "tests/data/matrix_real.rds"
[INFO] [stdout] stack backtrace:
[INFO] [stdout]    0:     0x56917f2342e1 - <<std[617be2ca0a6fd877]::sys::backtrace::BacktraceLock>::print::DisplayBacktrace as core[a373ad73a504971]::fmt::Display>::fmt
[INFO] [stdout]    1:     0x56917f24903a - core[a373ad73a504971]::fmt::write
[INFO] [stdout]    2:     0x56917f23894c - <alloc[2e1b2a31b91974c5]::vec::Vec<u8> as core[a373ad73a504971]::io::write::Write>::write_fmt
[INFO] [stdout]    3:     0x56917f20ee56 - std[617be2ca0a6fd877]::panicking::default_hook::{closure#0}
[INFO] [stdout]    4:     0x56917f22bef9 - std[617be2ca0a6fd877]::panicking::default_hook
[INFO] [stdout]    5:     0x56917f1c6fa0 - test[aada8e7e76ba119b]::test_main_inner::{closure#0}
[INFO] [stdout]    6:     0x56917f22c0b2 - std[617be2ca0a6fd877]::panicking::panic_with_hook
[INFO] [stdout]    7:     0x56917f20ef02 - std[617be2ca0a6fd877]::panicking::panic_handler::{closure#0}
[INFO] [stdout]    8:     0x56917f207969 - std[617be2ca0a6fd877]::sys::backtrace::__rust_end_short_backtrace::<std[617be2ca0a6fd877]::panicking::panic_handler::{closure#0}, !>
[INFO] [stdout]    9:     0x56917f20fb0d - __rustc[ea4f61d10b84890b]::rust_begin_unwind
[INFO] [stdout]   10:     0x56917f24976c - core[a373ad73a504971]::panicking::panic_fmt
[INFO] [stdout]   11:     0x56917f1b0420 - cli_extraction_tests[ddfd76e43143dbb5]::run_extract_convert
[INFO] [stdout]   12:     0x56917f1b179f - <cli_extraction_tests[ddfd76e43143dbb5]::cli_convert_streaming_chunked_dense_matrix::{closure#0} as core[a373ad73a504971]::ops::function::FnOnce<()>>::call_once
[INFO] [stdout]   13:     0x56917f1ba3eb - test[aada8e7e76ba119b]::__rust_begin_short_backtrace::<core[a373ad73a504971]::result::Result<(), alloc[2e1b2a31b91974c5]::string::String>, fn() -> core[a373ad73a504971]::result::Result<(), alloc[2e1b2a31b91974c5]::string::String>>
[INFO] [stdout]   14:     0x56917f1c75c5 - test[aada8e7e76ba119b]::run_test::{closure#0}
[INFO] [stdout]   15:     0x56917f1c0eb4 - std[617be2ca0a6fd877]::sys::backtrace::__rust_begin_short_backtrace::<test[aada8e7e76ba119b]::run_test::{closure#1}, ()>
[INFO] [stdout]   16:     0x56917f1ca652 - <std[617be2ca0a6fd877]::thread::lifecycle::spawn_unchecked<test[aada8e7e76ba119b]::run_test::{closure#1}, ()>::{closure#1} as core[a373ad73a504971]::ops::function::FnOnce<()>>::call_once::{shim:vtable#0}
[INFO] [stdout]   17:     0x56917f2337df - <std[617be2ca0a6fd877]::sys::thread::unix::Thread>::new::thread_start
[INFO] [stdout]   18:     0x7be2453abdfa - <unknown>
[INFO] [stdout]   19:     0x7be24543f3d4 - clone
[INFO] [stdout]   20:                0x0 - <unknown>
[INFO] [stdout] 
[INFO] [stdout] ---- cli_convert_chunked_writes_manifest stdout ----
[INFO] [stdout] 
[INFO] [stdout] thread 'cli_convert_chunked_writes_manifest' (2597) panicked at tests/cli_extraction_tests.rs:45:5:
[INFO] [stdout] fixture missing: "tests/data/dataframe_simple.rds"
[INFO] [stdout] stack backtrace:
[INFO] [stdout]    0:     0x56917f2342e1 - <<std[617be2ca0a6fd877]::sys::backtrace::BacktraceLock>::print::DisplayBacktrace as core[a373ad73a504971]::fmt::Display>::fmt
[INFO] [stdout]    1:     0x56917f24903a - core[a373ad73a504971]::fmt::write
[INFO] [stdout]    2:     0x56917f23894c - <alloc[2e1b2a31b91974c5]::vec::Vec<u8> as core[a373ad73a504971]::io::write::Write>::write_fmt
[INFO] [stdout]    3:     0x56917f20ee56 - std[617be2ca0a6fd877]::panicking::default_hook::{closure#0}
[INFO] [stdout]    4:     0x56917f22bef9 - std[617be2ca0a6fd877]::panicking::default_hook
[INFO] [stdout]    5:     0x56917f1c6fa0 - test[aada8e7e76ba119b]::test_main_inner::{closure#0}
[INFO] [stdout]    6:     0x56917f22c0b2 - std[617be2ca0a6fd877]::panicking::panic_with_hook
[INFO] [stdout]    7:     0x56917f20ef02 - std[617be2ca0a6fd877]::panicking::panic_handler::{closure#0}
[INFO] [stdout]    8:     0x56917f207969 - std[617be2ca0a6fd877]::sys::backtrace::__rust_end_short_backtrace::<std[617be2ca0a6fd877]::panicking::panic_handler::{closure#0}, !>
[INFO] [stdout]    9:     0x56917f20fb0d - __rustc[ea4f61d10b84890b]::rust_begin_unwind
[INFO] [stdout]   10:     0x56917f24976c - core[a373ad73a504971]::panicking::panic_fmt
[INFO] [stdout]   11:     0x56917f1b0420 - cli_extraction_tests[ddfd76e43143dbb5]::run_extract_convert
[INFO] [stdout]   12:     0x56917f1b160c - <cli_extraction_tests[ddfd76e43143dbb5]::cli_convert_chunked_writes_manifest::{closure#0} as core[a373ad73a504971]::ops::function::FnOnce<()>>::call_once
[INFO] [stdout]   13:     0x56917f1ba3eb - test[aada8e7e76ba119b]::__rust_begin_short_backtrace::<core[a373ad73a504971]::result::Result<(), alloc[2e1b2a31b91974c5]::string::String>, fn() -> core[a373ad73a504971]::result::Result<(), alloc[2e1b2a31b91974c5]::string::String>>
[INFO] [stdout]   14:     0x56917f1c75c5 - test[aada8e7e76ba119b]::run_test::{closure#0}
[INFO] [stdout]   15:     0x56917f1c0eb4 - std[617be2ca0a6fd877]::sys::backtrace::__rust_begin_short_backtrace::<test[aada8e7e76ba119b]::run_test::{closure#1}, ()>
[INFO] [stdout]   16:     0x56917f1ca652 - <std[617be2ca0a6fd877]::thread::lifecycle::spawn_unchecked<test[aada8e7e76ba119b]::run_test::{closure#1}, ()>::{closure#1} as core[a373ad73a504971]::ops::function::FnOnce<()>>::call_once::{shim:vtable#0}
[INFO] [stdout]   17:     0x56917f2337df - <std[617be2ca0a6fd877]::sys::thread::unix::Thread>::new::thread_start
[INFO] [stdout]   18:     0x7be2453abdfa - <unknown>
[INFO] [stdout]   19:     0x7be24543f3d4 - clone
[INFO] [stdout]   20:                0x0 - <unknown>
[INFO] [stdout] 
[INFO] [stdout] ---- cli_convert_streaming_chunked_sparse_matrix stdout ----
[INFO] [stdout] 
[INFO] [stdout] thread 'cli_convert_streaming_chunked_sparse_matrix' (2601) panicked at tests/cli_extraction_tests.rs:45:5:
[INFO] [stdout] fixture missing: "tests/data/sparse_dimnames.rds"
[INFO] [stdout] stack backtrace:
[INFO] [stdout]    0:     0x56917f2342e1 - <<std[617be2ca0a6fd877]::sys::backtrace::BacktraceLock>::print::DisplayBacktrace as core[a373ad73a504971]::fmt::Display>::fmt
[INFO] [stdout]    1:     0x56917f24903a - core[a373ad73a504971]::fmt::write
[INFO] [stdout]    2:     0x56917f23894c - <alloc[2e1b2a31b91974c5]::vec::Vec<u8> as core[a373ad73a504971]::io::write::Write>::write_fmt
[INFO] [stdout]    3:     0x56917f20ee56 - std[617be2ca0a6fd877]::panicking::default_hook::{closure#0}
[INFO] [stdout]    4:     0x56917f22bef9 - std[617be2ca0a6fd877]::panicking::default_hook
[INFO] [stdout]    5:     0x56917f1c6fa0 - test[aada8e7e76ba119b]::test_main_inner::{closure#0}
[INFO] [stdout]    6:     0x56917f22c0b2 - std[617be2ca0a6fd877]::panicking::panic_with_hook
[INFO] [stdout]    7:     0x56917f20ef02 - std[617be2ca0a6fd877]::panicking::panic_handler::{closure#0}
[INFO] [stdout]    8:     0x56917f207969 - std[617be2ca0a6fd877]::sys::backtrace::__rust_end_short_backtrace::<std[617be2ca0a6fd877]::panicking::panic_handler::{closure#0}, !>
[INFO] [stdout]    9:     0x56917f20fb0d - __rustc[ea4f61d10b84890b]::rust_begin_unwind
[INFO] [stdout]   10:     0x56917f24976c - core[a373ad73a504971]::panicking::panic_fmt
[INFO] [stdout]   11:     0x56917f1b0420 - cli_extraction_tests[ddfd76e43143dbb5]::run_extract_convert
[INFO] [stdout]   12:     0x56917f1b192f - <cli_extraction_tests[ddfd76e43143dbb5]::cli_convert_streaming_chunked_sparse_matrix::{closure#0} as core[a373ad73a504971]::ops::function::FnOnce<()>>::call_once
[INFO] [stdout]   13:     0x56917f1ba3eb - test[aada8e7e76ba119b]::__rust_begin_short_backtrace::<core[a373ad73a504971]::result::Result<(), alloc[2e1b2a31b91974c5]::string::String>, fn() -> core[a373ad73a504971]::result::Result<(), alloc[2e1b2a31b91974c5]::string::String>>
[INFO] [stdout]   14:     0x56917f1c75c5 - test[aada8e7e76ba119b]::run_test::{closure#0}
[INFO] [stdout]   15:     0x56917f1c0eb4 - std[617be2ca0a6fd877]::sys::backtrace::__rust_begin_short_backtrace::<test[aada8e7e76ba119b]::run_test::{closure#1}, ()>
[INFO] [stdout]   16:     0x56917f1ca652 - <std[617be2ca0a6fd877]::thread::lifecycle::spawn_unchecked<test[aada8e7e76ba119b]::run_test::{closure#1}, ()>::{closure#1} as core[a373ad73a504971]::ops::function::FnOnce<()>>::call_once::{shim:vtable#0}
[INFO] [stdout]   17:     0x56917f2337df - <std[617be2ca0a6fd877]::sys::thread::unix::Thread>::new::thread_start
[INFO] [stdout]   18:     0x7be2453abdfa - <unknown>
[INFO] [stdout]   19:     0x7be24543f3d4 - clone
[INFO] [stdout]   20:                0x0 - <unknown>
[INFO] [stdout] 
[INFO] [stdout] ---- cli_convert_streaming_chunked_writes_manifest stdout ----
[INFO] [stdout] 
[INFO] [stdout] thread 'cli_convert_streaming_chunked_writes_manifest' (2602) panicked at tests/cli_extraction_tests.rs:45:5:
[INFO] [stdout] fixture missing: "tests/data/dataframe_simple.rds"
[INFO] [stdout] stack backtrace:
[INFO] [stdout]    0:     0x56917f2342e1 - <<std[617be2ca0a6fd877]::sys::backtrace::BacktraceLock>::print::DisplayBacktrace as core[a373ad73a504971]::fmt::Display>::fmt
[INFO] [stdout]    1:     0x56917f24903a - core[a373ad73a504971]::fmt::write
[INFO] [stdout]    2:     0x56917f23894c - <alloc[2e1b2a31b91974c5]::vec::Vec<u8> as core[a373ad73a504971]::io::write::Write>::write_fmt
[INFO] [stdout]    3:     0x56917f20ee56 - std[617be2ca0a6fd877]::panicking::default_hook::{closure#0}
[INFO] [stdout]    4:     0x56917f22bef9 - std[617be2ca0a6fd877]::panicking::default_hook
[INFO] [stdout]    5:     0x56917f1c6fa0 - test[aada8e7e76ba119b]::test_main_inner::{closure#0}
[INFO] [stdout]    6:     0x56917f22c0b2 - std[617be2ca0a6fd877]::panicking::panic_with_hook
[INFO] [stdout]    7:     0x56917f20ef02 - std[617be2ca0a6fd877]::panicking::panic_handler::{closure#0}
[INFO] [stdout]    8:     0x56917f207969 - std[617be2ca0a6fd877]::sys::backtrace::__rust_end_short_backtrace::<std[617be2ca0a6fd877]::panicking::panic_handler::{closure#0}, !>
[INFO] [stdout]    9:     0x56917f20fb0d - __rustc[ea4f61d10b84890b]::rust_begin_unwind
[INFO] [stdout]   10:     0x56917f24976c - core[a373ad73a504971]::panicking::panic_fmt
[INFO] [stdout]   11:     0x56917f1b0420 - cli_extraction_tests[ddfd76e43143dbb5]::run_extract_convert
[INFO] [stdout]   12:     0x56917f1b1abf - <cli_extraction_tests[ddfd76e43143dbb5]::cli_convert_streaming_chunked_writes_manifest::{closure#0} as core[a373ad73a504971]::ops::function::FnOnce<()>>::call_once
[INFO] [stdout]   13:     0x56917f1ba3eb - test[aada8e7e76ba119b]::__rust_begin_short_backtrace::<core[a373ad73a504971]::result::Result<(), alloc[2e1b2a31b91974c5]::string::String>, fn() -> core[a373ad73a504971]::result::Result<(), alloc[2e1b2a31b91974c5]::string::String>>
[INFO] [stdout]   14:     0x56917f1c75c5 - test[aada8e7e76ba119b]::run_test::{closure#0}
[INFO] [stdout]   15:     0x56917f1c0eb4 - std[617be2ca0a6fd877]::sys::backtrace::__rust_begin_short_backtrace::<test[aada8e7e76ba119b]::run_test::{closure#1}, ()>
[INFO] [stdout]   16:     0x56917f1ca652 - <std[617be2ca0a6fd877]::thread::lifecycle::spawn_unchecked<test[aada8e7e76ba119b]::run_test::{closure#1}, ()>::{closure#1} as core[a373ad73a504971]::ops::function::FnOnce<()>>::call_once::{shim:vtable#0}
[INFO] [stdout]   17:     0x56917f2337df - <std[617be2ca0a6fd877]::sys::thread::unix::Thread>::new::thread_start
[INFO] [stdout]   18:     0x7be2453abdfa - <unknown>
[INFO] [stdout]   19:     0x7be24543f3d4 - clone
[INFO] [stdout]   20:                0x0 - <unknown>
[INFO] [stdout] 
[INFO] [stdout] ---- cli_convert_streaming_chunked_dense_matrix_dimnames stdout ----
[INFO] [stdout] 
[INFO] [stdout] thread 'cli_convert_streaming_chunked_dense_matrix_dimnames' (2600) panicked at tests/cli_extraction_tests.rs:45:5:
[INFO] [stdout] fixture missing: "tests/data/matrix_dimnames.rds"
[INFO] [stdout] stack backtrace:
[INFO] [stdout]    0:     0x56917f2342e1 - <<std[617be2ca0a6fd877]::sys::backtrace::BacktraceLock>::print::DisplayBacktrace as core[a373ad73a504971]::fmt::Display>::fmt
[INFO] [stdout]    1:     0x56917f24903a - core[a373ad73a504971]::fmt::write
[INFO] [stdout]    2:     0x56917f23894c - <alloc[2e1b2a31b91974c5]::vec::Vec<u8> as core[a373ad73a504971]::io::write::Write>::write_fmt
[INFO] [stdout]    3:     0x56917f20ee56 - std[617be2ca0a6fd877]::panicking::default_hook::{closure#0}
[INFO] [stdout]    4:     0x56917f22bef9 - std[617be2ca0a6fd877]::panicking::default_hook
[INFO] [stdout]    5:     0x56917f1c6fa0 - test[aada8e7e76ba119b]::test_main_inner::{closure#0}
[INFO] [stdout]    6:     0x56917f22c0b2 - std[617be2ca0a6fd877]::panicking::panic_with_hook
[INFO] [stdout]    7:     0x56917f20ef02 - std[617be2ca0a6fd877]::panicking::panic_handler::{closure#0}
[INFO] [stdout]    8:     0x56917f207969 - std[617be2ca0a6fd877]::sys::backtrace::__rust_end_short_backtrace::<std[617be2ca0a6fd877]::panicking::panic_handler::{closure#0}, !>
[INFO] [stdout]    9:     0x56917f20fb0d - __rustc[ea4f61d10b84890b]::rust_begin_unwind
[INFO] [stdout]   10:     0x56917f24976c - core[a373ad73a504971]::panicking::panic_fmt
[INFO] [stdout]   11:     0x56917f1b0420 - cli_extraction_tests[ddfd76e43143dbb5]::run_extract_convert
[INFO] [stdout]   12:     0x56917f1b1ddf - <cli_extraction_tests[ddfd76e43143dbb5]::cli_convert_streaming_chunked_dense_matrix_dimnames::{closure#0} as core[a373ad73a504971]::ops::function::FnOnce<()>>::call_once
[INFO] [stdout]   13:     0x56917f1ba3eb - test[aada8e7e76ba119b]::__rust_begin_short_backtrace::<core[a373ad73a504971]::result::Result<(), alloc[2e1b2a31b91974c5]::string::String>, fn() -> core[a373ad73a504971]::result::Result<(), alloc[2e1b2a31b91974c5]::string::String>>
[INFO] [stdout]   14:     0x56917f1c75c5 - test[aada8e7e76ba119b]::run_test::{closure#0}
[INFO] [stdout]   15:     0x56917f1c0eb4 - std[617be2ca0a6fd877]::sys::backtrace::__rust_begin_short_backtrace::<test[aada8e7e76ba119b]::run_test::{closure#1}, ()>
[INFO] [stdout]   16:     0x56917f1ca652 - <std[617be2ca0a6fd877]::thread::lifecycle::spawn_unchecked<test[aada8e7e76ba119b]::run_test::{closure#1}, ()>::{closure#1} as core[a373ad73a504971]::ops::function::FnOnce<()>>::call_once::{shim:vtable#0}
[INFO] [stdout]   17:     0x56917f2337df - <std[617be2ca0a6fd877]::sys::thread::unix::Thread>::new::thread_start
[INFO] [stdout]   18:     0x7be2453abdfa - <unknown>
[INFO] [stdout]   19:     0x7be24543f3d4 - clone
[INFO] [stdout]   20:                0x0 - <unknown>
[INFO] [stdout] 
[INFO] [stdout] 
[INFO] [stdout] failures:
[INFO] [stdout]     cli_convert_chunked_writes_manifest
[INFO] [stdout]     cli_convert_no_streaming_chunked_sparse_matrix
[INFO] [stdout]     cli_convert_streaming_chunked_dense_matrix
[INFO] [stdout]     cli_convert_streaming_chunked_dense_matrix_dimnames
[INFO] [stdout]     cli_convert_streaming_chunked_sparse_matrix
[INFO] [stdout]     cli_convert_streaming_chunked_writes_manifest
[INFO] [stdout] 
[INFO] [stdout] test result: FAILED. 0 passed; 6 failed; 0 ignored; 0 measured; 0 filtered out; finished in 0.01s
[INFO] [stdout] 
[INFO] running `Command { std: "docker" "inspect" "0f4e99d17ce2cd146267ff2342018cd70c5cdebc6bc8555dbb6c16f336131d66", kill_on_drop: false }`
[INFO] running `Command { std: "docker" "rm" "-f" "0f4e99d17ce2cd146267ff2342018cd70c5cdebc6bc8555dbb6c16f336131d66", kill_on_drop: false }`
[INFO] [stdout] 0f4e99d17ce2cd146267ff2342018cd70c5cdebc6bc8555dbb6c16f336131d66
