[INFO] fetching crate rdrobust-core 0.1.0...
[INFO] testing rdrobust-core-0.1.0 against 1.99.0-beta.8+cargoflags=--release for beta-release-1.100-2
[INFO] extracting crate rdrobust-core 0.1.0 into /workspace/builds/worker-3-tc1/source
[INFO] started tweaking crates.io crate rdrobust-core 0.1.0
[INFO] removed 0 missing examples
[INFO] removed 0 missing tests
[INFO] finished tweaking crates.io crate rdrobust-core 0.1.0
[INFO] tweaked toml for crates.io crate rdrobust-core 0.1.0 written to /workspace/builds/worker-3-tc1/source/Cargo.toml
[INFO] validating manifest of crates.io crate rdrobust-core 0.1.0 on toolchain 1.99.0-beta.8
[INFO] running `Command { std: CARGO_HOME="/workspace/cargo-home" RUSTUP_HOME="/workspace/rustup-home" "/workspace/cargo-home/bin/cargo" "+1.99.0-beta.8" "metadata" "--manifest-path" "Cargo.toml" "--no-deps", kill_on_drop: false }`
[INFO] crate crates.io crate rdrobust-core 0.1.0 already has a lockfile, it will not be regenerated
[INFO] running `Command { std: CARGO_HOME="/workspace/cargo-home" RUSTUP_HOME="/workspace/rustup-home" "/workspace/cargo-home/bin/cargo" "+1.99.0-beta.8" "fetch" "--manifest-path" "Cargo.toml", kill_on_drop: false }`
[INFO] [stderr]     Updating crates.io index
[INFO] [stderr]  Downloading crates ...
[INFO] [stderr]   Downloaded wide v1.4.0
[INFO] [stderr]   Downloaded nalgebra-macros v0.3.0
[INFO] [stderr]   Downloaded simba v0.10.0
[INFO] [stderr]   Downloaded zerocopy-derive v0.8.49
[INFO] [stderr]   Downloaded zerocopy v0.8.49
[INFO] [stderr]   Downloaded nalgebra v0.35.0
[INFO] [stderr]   Downloaded glam v0.30.10
[INFO] [stderr]   Downloaded glam v0.33.0
[INFO] [stderr]   Downloaded glam v0.31.1
[INFO] running `Command { std: "docker" "create" "-v" "/var/lib/crater-agent-workspace/builds/worker-3-tc1/source:/opt/rustwide/workdir:ro,Z" "-v" "/var/lib/crater-agent-workspace/builds/worker-3-tc1/target:/opt/rustwide/target:rw,Z" "-v" "/var/lib/crater-agent-workspace/cargo-home:/opt/rustwide/cargo-home:ro,Z" "-v" "/var/lib/crater-agent-workspace/rustup-home:/opt/rustwide/rustup-home:ro,Z" "-m" "1610612736" "--network" "none" "ghcr.io/rust-lang/crates-build-env/linux@sha256:77db811e55d90add9212f6832c23229e3de5f1c1f9905e8cb07319ea15df73ac" "sleep" "infinity", kill_on_drop: false }`
[INFO] [stdout] 77842a588e9f22408ee305c924e3401db29348e6111dafb7c953c2c26c5810ee
[INFO] running `Command { std: "docker" "start" "77842a588e9f22408ee305c924e3401db29348e6111dafb7c953c2c26c5810ee", kill_on_drop: false }`
[INFO] running `Command { std: "docker" "inspect" "77842a588e9f22408ee305c924e3401db29348e6111dafb7c953c2c26c5810ee", kill_on_drop: false }`
[INFO] running `Command { std: "docker" "exec" "-e" "SOURCE_DIR=/opt/rustwide/workdir" "-e" "CARGO_HOME=/opt/rustwide/cargo-home" "-e" "RUSTUP_HOME=/opt/rustwide/rustup-home" "-e" "CARGO_TARGET_DIR=/opt/rustwide/target" "-w" "/opt/rustwide/workdir" "--user" "0:0" "77842a588e9f22408ee305c924e3401db29348e6111dafb7c953c2c26c5810ee" "/opt/rustwide/cargo-home/bin/cargo" "+1.99.0-beta.8" "metadata" "--no-deps" "--format-version=1", kill_on_drop: false }`
[INFO] running `Command { std: "docker" "inspect" "77842a588e9f22408ee305c924e3401db29348e6111dafb7c953c2c26c5810ee", kill_on_drop: false }`
[INFO] running `Command { std: "docker" "exec" "-e" "SOURCE_DIR=/opt/rustwide/workdir" "-e" "CARGO_HOME=/opt/rustwide/cargo-home" "-e" "RUSTUP_HOME=/opt/rustwide/rustup-home" "-e" "CARGO_TARGET_DIR=/opt/rustwide/target" "-e" "CARGO_INCREMENTAL=0" "-e" "RUST_BACKTRACE=full" "-e" "RUSTFLAGS=--cap-lints=warn" "-e" "RUSTDOCFLAGS=--cap-lints=warn" "-w" "/opt/rustwide/workdir" "--user" "0:0" "77842a588e9f22408ee305c924e3401db29348e6111dafb7c953c2c26c5810ee" "/opt/rustwide/cargo-home/bin/cargo" "+1.99.0-beta.8" "build" "--frozen" "--message-format=json" "--release", kill_on_drop: false }`
[INFO] [stderr]    Compiling bytemuck v1.25.0
[INFO] [stderr]    Compiling matrixmultiply v0.3.10
[INFO] [stderr]    Compiling approx v0.5.1
[INFO] [stderr]    Compiling either v1.16.0
[INFO] [stderr]    Compiling typenum v1.20.0
[INFO] [stderr]    Compiling num-rational v0.4.2
[INFO] [stderr]    Compiling nalgebra-macros v0.3.0
[INFO] [stderr]    Compiling safe_arch v1.0.0
[INFO] [stderr]    Compiling rayon v1.12.0
[INFO] [stderr]    Compiling wide v1.4.0
[INFO] [stderr]    Compiling simba v0.10.0
[INFO] [stderr]    Compiling nalgebra v0.35.0
[INFO] [stderr]    Compiling rdrobust-core v0.1.0 (/opt/rustwide/workdir)
[INFO] [stderr]     Finished `release` profile [optimized] target(s) in 29.15s
[INFO] running `Command { std: "docker" "inspect" "77842a588e9f22408ee305c924e3401db29348e6111dafb7c953c2c26c5810ee", kill_on_drop: false }`
[INFO] running `Command { std: "docker" "exec" "-e" "SOURCE_DIR=/opt/rustwide/workdir" "-e" "CARGO_HOME=/opt/rustwide/cargo-home" "-e" "RUSTUP_HOME=/opt/rustwide/rustup-home" "-e" "CARGO_TARGET_DIR=/opt/rustwide/target" "-e" "CARGO_INCREMENTAL=0" "-e" "RUST_BACKTRACE=full" "-e" "RUSTFLAGS=--cap-lints=warn" "-e" "RUSTDOCFLAGS=--cap-lints=warn" "-w" "/opt/rustwide/workdir" "--user" "0:0" "77842a588e9f22408ee305c924e3401db29348e6111dafb7c953c2c26c5810ee" "/opt/rustwide/cargo-home/bin/cargo" "+1.99.0-beta.8" "test" "--frozen" "--no-run" "--message-format=json" "--release", kill_on_drop: false }`
[INFO] [stderr]    Compiling zerocopy v0.8.49
[INFO] [stderr]    Compiling zerocopy-derive v0.8.49
[INFO] [stderr]    Compiling serde_derive v1.0.228
[INFO] [stderr]    Compiling serde_json v1.0.150
[INFO] [stderr]    Compiling cc v1.2.62
[INFO] [stderr]    Compiling approx v0.5.1
[INFO] [stderr]    Compiling num-integer v0.1.46
[INFO] [stderr]    Compiling num-complex v0.4.6
[INFO] [stderr]    Compiling plotters-backend v0.3.7
[INFO] [stderr]    Compiling ciborium-io v0.2.2
[INFO] [stderr]    Compiling regex-syntax v0.8.10
[INFO] [stderr]    Compiling clap_builder v4.6.0
[INFO] [stderr]    Compiling itertools v0.13.0
[INFO] [stderr]    Compiling cast v0.3.0
[INFO] [stderr]    Compiling rayon v1.12.0
[INFO] [stderr]    Compiling page_size v0.6.0
[INFO] [stderr]    Compiling anes v0.1.6
[INFO] [stderr]    Compiling oorandom v11.1.5
[INFO] [stderr]    Compiling plotters-svg v0.3.7
[INFO] [stderr]    Compiling plotters v0.3.7
[INFO] [stderr]    Compiling num-rational v0.4.2
[INFO] [stderr]    Compiling alloca v0.4.0
[INFO] [stderr]    Compiling simba v0.10.0
[INFO] [stderr]    Compiling criterion-plot v0.8.2
[INFO] [stderr]    Compiling regex-automata v0.4.14
[INFO] [stderr]    Compiling serde v1.0.228
[INFO] [stderr]    Compiling clap v4.6.1
[INFO] [stderr]    Compiling tinytemplate v1.2.1
[INFO] [stderr]    Compiling regex v1.12.3
[INFO] [stderr]    Compiling nalgebra v0.35.0
[INFO] [stderr]    Compiling half v2.7.1
[INFO] [stderr]    Compiling ciborium-ll v0.2.2
[INFO] [stderr]    Compiling ciborium v0.2.2
[INFO] [stderr]    Compiling criterion v0.8.2
[INFO] [stderr]    Compiling rdrobust-core v0.1.0 (/opt/rustwide/workdir)
[INFO] [stderr]     Finished `release` profile [optimized] target(s) in 1m 11s
[INFO] running `Command { std: "docker" "inspect" "77842a588e9f22408ee305c924e3401db29348e6111dafb7c953c2c26c5810ee", kill_on_drop: false }`
[INFO] running `Command { std: "docker" "exec" "-e" "SOURCE_DIR=/opt/rustwide/workdir" "-e" "CARGO_HOME=/opt/rustwide/cargo-home" "-e" "RUSTUP_HOME=/opt/rustwide/rustup-home" "-e" "CARGO_TARGET_DIR=/opt/rustwide/target" "-e" "CARGO_INCREMENTAL=0" "-e" "RUST_BACKTRACE=full" "-e" "RUSTFLAGS=--cap-lints=warn" "-e" "RUSTDOCFLAGS=--cap-lints=warn" "-w" "/opt/rustwide/workdir" "--user" "0:0" "77842a588e9f22408ee305c924e3401db29348e6111dafb7c953c2c26c5810ee" "/opt/rustwide/cargo-home/bin/cargo" "+1.99.0-beta.8" "test" "--frozen" "--release", kill_on_drop: false }`
[INFO] [stderr]     Finished `release` profile [optimized] target(s) in 0.09s
[INFO] [stderr]      Running unittests src/lib.rs (/opt/rustwide/target/release/deps/rdrobust_core-490367081e5a9287)
[INFO] [stdout] 
[INFO] [stdout] running 16 tests
[INFO] [stdout] test tests::kernel_variants_are_distinct ... ok
[INFO] [stdout] test kernel::tests::bandwidth_scales_weights ... ok
[INFO] [stdout] test bw::tests::rate_depends_on_order ... ok
[INFO] [stdout] test tests::vce_carries_order ... ok
[INFO] [stdout] test bwselect::tests::quantile_type2_even_n_averages ... ok
[INFO] [stdout] test kernel::tests::epanechnikov_matches_closed_form ... ok
[INFO] [stdout] test kernel::tests::triangular_matches_closed_form ... ok
[INFO] [stdout] test kernel::tests::uniform_is_inclusive_at_boundary ... ok
[INFO] [stdout] test linalg::tests::qr_xx_inv_inverts_well_conditioned_gram ... ok
[INFO] [stdout] test linalg::tests::vander_built_by_successive_mult ... ok
[INFO] [stderr]      Running tests/bw_parity.rs (/opt/rustwide/target/release/deps/bw_parity-5f5fb6cd0d845023)
[INFO] [stdout] test linalg::tests::vander_degree_zero_is_intercept ... ok
[INFO] [stdout] test linalg::tests::ginv_satisfies_moore_penrose_on_singular ... ok
[INFO] [stdout] test stats::tests::qnorm_inverts_pnorm ... ok
[INFO] [stdout] test stats::tests::pnorm_known_values ... ok
[INFO] [stdout] test bwselect::tests::median3_picks_middle ... ok
[INFO] [stdout] test batch::tests::batch_equals_serial ... ok
[INFO] [stdout] 
[INFO] [stdout] test result: ok. 16 passed; 0 failed; 0 ignored; 0 measured; 0 filtered out; finished in 0.01s
[INFO] [stdout] 
[INFO] [stdout] 
[INFO] [stdout] running 1 test
[INFO] [stderr] error: test failed, to rerun pass `--test bw_parity`
[INFO] [stdout] test rdrobust_bw_matches_r ... FAILED
[INFO] [stdout] 
[INFO] [stdout] failures:
[INFO] [stdout] 
[INFO] [stdout] ---- rdrobust_bw_matches_r stdout ----
[INFO] [stdout] 
[INFO] [stdout] thread 'rdrobust_bw_matches_r' (1459) panicked at tests/bw_parity.rs:85:81:
[INFO] [stdout] called `Result::unwrap()` on an `Err` value: Os { code: 2, kind: NotFound, message: "No such file or directory" }
[INFO] [stdout] stack backtrace:
[INFO] [stdout]    0:     0x59ad227fce51 - <<std[70759c8f55707aa4]::sys::backtrace::BacktraceLock>::print::DisplayBacktrace as core[df12db4294e9bfd3]::fmt::Display>::fmt
[INFO] [stdout]    1:     0x59ad228119da - core[df12db4294e9bfd3]::fmt::write
[INFO] [stdout]    2:     0x59ad228012ec - <alloc[2182bb758b4b3781]::vec::Vec<u8> as core[df12db4294e9bfd3]::io::write::Write>::write_fmt
[INFO] [stdout]    3:     0x59ad227d8f46 - std[70759c8f55707aa4]::panicking::default_hook::{closure#0}
[INFO] [stdout]    4:     0x59ad227f5249 - std[70759c8f55707aa4]::panicking::default_hook
[INFO] [stdout]    5:     0x59ad22764180 - test[9d35eded1c95d3be]::test_main_inner::<test[9d35eded1c95d3be]::test_main_static::{closure#0}>::{closure#0}
[INFO] [stdout]    6:     0x59ad227f5402 - std[70759c8f55707aa4]::panicking::panic_with_hook
[INFO] [stdout]    7:     0x59ad227d8ff2 - std[70759c8f55707aa4]::panicking::panic_handler::{closure#0}
[INFO] [stdout]    8:     0x59ad227d1be9 - std[70759c8f55707aa4]::sys::backtrace::__rust_end_short_backtrace::<std[70759c8f55707aa4]::panicking::panic_handler::{closure#0}, !>
[INFO] [stdout]    9:     0x59ad227d9bed - __rustc[8fa7c3cbc660c2b3]::rust_begin_unwind
[INFO] [stdout]   10:     0x59ad2281210c - core[df12db4294e9bfd3]::panicking::panic_fmt
[INFO] [stdout]   11:     0x59ad22811ee2 - core[df12db4294e9bfd3]::result::unwrap_failed
[INFO] [stdout]   12:     0x59ad22751bcb - <bw_parity[4b0ee01c21cfbcad]::rdrobust_bw_matches_r::{closure#0} as core[df12db4294e9bfd3]::ops::function::FnOnce<()>>::call_once
[INFO] [stdout]   13:     0x59ad2275746b - test[9d35eded1c95d3be]::__rust_begin_short_backtrace::<core[df12db4294e9bfd3]::result::Result<(), alloc[2182bb758b4b3781]::string::String>, fn() -> core[df12db4294e9bfd3]::result::Result<(), alloc[2182bb758b4b3781]::string::String>>
[INFO] [stdout]   14:     0x59ad22764ad5 - test[9d35eded1c95d3be]::run_test::{closure#0}
[INFO] [stdout]   15:     0x59ad2275e394 - std[70759c8f55707aa4]::sys::backtrace::__rust_begin_short_backtrace::<test[9d35eded1c95d3be]::run_test::{closure#1}, ()>
[INFO] [stdout]   16:     0x59ad22767c32 - <std[70759c8f55707aa4]::thread::lifecycle::spawn_unchecked<test[9d35eded1c95d3be]::run_test::{closure#1}, ()>::{closure#1} as core[df12db4294e9bfd3]::ops::function::FnOnce<()>>::call_once::{shim:vtable#0}
[INFO] [stdout]   17:     0x59ad227fc3b9 - <std[70759c8f55707aa4]::sys::thread::unix::Thread>::new::thread_start
[INFO] [stdout]   18:     0x7a76ac40fdfa - <unknown>
[INFO] [stdout]   19:     0x7a76ac4a33d4 - clone
[INFO] [stdout]   20:                0x0 - <unknown>
[INFO] [stdout] 
[INFO] [stdout] 
[INFO] [stdout] failures:
[INFO] [stdout]     rdrobust_bw_matches_r
[INFO] [stdout] 
[INFO] [stdout] test result: FAILED. 0 passed; 1 failed; 0 ignored; 0 measured; 0 filtered out; finished in 0.00s
[INFO] [stdout] 
[INFO] running `Command { std: "docker" "inspect" "77842a588e9f22408ee305c924e3401db29348e6111dafb7c953c2c26c5810ee", kill_on_drop: false }`
[INFO] running `Command { std: "docker" "rm" "-f" "77842a588e9f22408ee305c924e3401db29348e6111dafb7c953c2c26c5810ee", kill_on_drop: false }`
[INFO] [stdout] 77842a588e9f22408ee305c924e3401db29348e6111dafb7c953c2c26c5810ee
