[INFO] fetching crate rdftk_iri 0.4.1...
[INFO] testing rdftk_iri-0.4.1 against 1.99.0-beta.8+cargoflags=--release for beta-release-1.100-2
[INFO] extracting crate rdftk_iri 0.4.1 into /workspace/builds/worker-6-tc1/source
[INFO] started tweaking crates.io crate rdftk_iri 0.4.1
[INFO] removed 0 missing tests
[INFO] finished tweaking crates.io crate rdftk_iri 0.4.1
[INFO] tweaked toml for crates.io crate rdftk_iri 0.4.1 written to /workspace/builds/worker-6-tc1/source/Cargo.toml
[INFO] validating manifest of crates.io crate rdftk_iri 0.4.1 on toolchain 1.99.0-beta.8
[INFO] running `Command { std: CARGO_HOME="/workspace/cargo-home" RUSTUP_HOME="/workspace/rustup-home" "/workspace/cargo-home/bin/cargo" "+1.99.0-beta.8" "metadata" "--manifest-path" "Cargo.toml" "--no-deps", kill_on_drop: false }`
[INFO] crate crates.io crate rdftk_iri 0.4.1 already has a lockfile, it will not be regenerated
[INFO] running `Command { std: CARGO_HOME="/workspace/cargo-home" RUSTUP_HOME="/workspace/rustup-home" "/workspace/cargo-home/bin/cargo" "+1.99.0-beta.8" "fetch" "--manifest-path" "Cargo.toml", kill_on_drop: false }`
[INFO] [stderr]  Downloading crates ...
[INFO] [stderr]   Downloaded wasm-bindgen-test v0.3.72
[INFO] [stderr]   Downloaded bimap v0.6.3
[INFO] [stderr]   Downloaded wasm-bindgen-futures v0.4.72
[INFO] [stderr]   Downloaded wasm-bindgen-test-macro v0.3.72
[INFO] [stderr]   Downloaded wasm-bindgen-test-shared v0.2.122
[INFO] [stderr]   Downloaded indexmap v2.11.4
[INFO] running `Command { std: "docker" "create" "-v" "/var/lib/crater-agent-workspace/builds/worker-6-tc1/source:/opt/rustwide/workdir:ro,Z" "-v" "/var/lib/crater-agent-workspace/builds/worker-6-tc1/target:/opt/rustwide/target:rw,Z" "-v" "/var/lib/crater-agent-workspace/cargo-home:/opt/rustwide/cargo-home:ro,Z" "-v" "/var/lib/crater-agent-workspace/rustup-home:/opt/rustwide/rustup-home:ro,Z" "-m" "1610612736" "--network" "none" "ghcr.io/rust-lang/crates-build-env/linux@sha256:77db811e55d90add9212f6832c23229e3de5f1c1f9905e8cb07319ea15df73ac" "sleep" "infinity", kill_on_drop: false }`
[INFO] [stdout] 708570f5da98cdd752cf3c2285902341c71f2b9ec9cd1307bc507fe0f4ebce33
[INFO] running `Command { std: "docker" "start" "708570f5da98cdd752cf3c2285902341c71f2b9ec9cd1307bc507fe0f4ebce33", kill_on_drop: false }`
[INFO] running `Command { std: "docker" "inspect" "708570f5da98cdd752cf3c2285902341c71f2b9ec9cd1307bc507fe0f4ebce33", kill_on_drop: false }`
[INFO] running `Command { std: "docker" "exec" "-e" "SOURCE_DIR=/opt/rustwide/workdir" "-e" "CARGO_HOME=/opt/rustwide/cargo-home" "-e" "RUSTUP_HOME=/opt/rustwide/rustup-home" "-e" "CARGO_TARGET_DIR=/opt/rustwide/target" "-w" "/opt/rustwide/workdir" "--user" "0:0" "708570f5da98cdd752cf3c2285902341c71f2b9ec9cd1307bc507fe0f4ebce33" "/opt/rustwide/cargo-home/bin/cargo" "+1.99.0-beta.8" "metadata" "--no-deps" "--format-version=1", kill_on_drop: false }`
[INFO] running `Command { std: "docker" "inspect" "708570f5da98cdd752cf3c2285902341c71f2b9ec9cd1307bc507fe0f4ebce33", kill_on_drop: false }`
[INFO] running `Command { std: "docker" "exec" "-e" "SOURCE_DIR=/opt/rustwide/workdir" "-e" "CARGO_HOME=/opt/rustwide/cargo-home" "-e" "RUSTUP_HOME=/opt/rustwide/rustup-home" "-e" "CARGO_TARGET_DIR=/opt/rustwide/target" "-e" "CARGO_INCREMENTAL=0" "-e" "RUST_BACKTRACE=full" "-e" "RUSTFLAGS=--cap-lints=warn" "-e" "RUSTDOCFLAGS=--cap-lints=warn" "-w" "/opt/rustwide/workdir" "--user" "0:0" "708570f5da98cdd752cf3c2285902341c71f2b9ec9cd1307bc507fe0f4ebce33" "/opt/rustwide/cargo-home/bin/cargo" "+1.99.0-beta.8" "build" "--frozen" "--message-format=json" "--release", kill_on_drop: false }`
[INFO] [stderr]    Compiling syn v2.0.117
[INFO] [stderr]    Compiling smallvec v1.15.1
[INFO] [stderr]    Compiling libc v0.2.186
[INFO] [stderr]    Compiling thiserror v2.0.18
[INFO] [stderr]    Compiling percent-encoding v2.3.2
[INFO] [stderr]    Compiling form_urlencoded v1.2.2
[INFO] [stderr]    Compiling getrandom v0.4.2
[INFO] [stderr]    Compiling uuid v1.23.2
[INFO] [stderr]    Compiling synstructure v0.13.2
[INFO] [stderr]    Compiling zerovec-derive v0.11.3
[INFO] [stderr]    Compiling displaydoc v0.2.6
[INFO] [stderr]    Compiling serde_derive v1.0.228
[INFO] [stderr]    Compiling thiserror-impl v2.0.18
[INFO] [stderr]    Compiling strum_macros v0.28.0
[INFO] [stderr]    Compiling zerofrom-derive v0.1.7
[INFO] [stderr]    Compiling yoke-derive v0.8.2
[INFO] [stderr]    Compiling zerofrom v0.1.8
[INFO] [stderr]    Compiling yoke v0.8.2
[INFO] [stderr]    Compiling zerotrie v0.2.4
[INFO] [stderr]    Compiling zerovec v0.11.6
[INFO] [stderr]    Compiling strum v0.28.0
[INFO] [stderr]    Compiling tinystr v0.8.3
[INFO] [stderr]    Compiling potential_utf v0.1.5
[INFO] [stderr]    Compiling icu_collections v2.2.0
[INFO] [stderr]    Compiling icu_locale_core v2.2.0
[INFO] [stderr]    Compiling serde v1.0.228
[INFO] [stderr]    Compiling bimap v0.6.3
[INFO] [stderr]    Compiling icu_provider v2.2.0
[INFO] [stderr]    Compiling icu_properties v2.2.0
[INFO] [stderr]    Compiling icu_normalizer v2.2.0
[INFO] [stderr]    Compiling idna_adapter v1.2.2
[INFO] [stderr]    Compiling idna v1.1.0
[INFO] [stderr]    Compiling url v2.5.8
[INFO] [stderr]    Compiling rdftk_iri v0.4.1 (/opt/rustwide/workdir)
[INFO] [stderr]     Finished `release` profile [optimized] target(s) in 31.02s
[INFO] running `Command { std: "docker" "inspect" "708570f5da98cdd752cf3c2285902341c71f2b9ec9cd1307bc507fe0f4ebce33", kill_on_drop: false }`
[INFO] running `Command { std: "docker" "exec" "-e" "SOURCE_DIR=/opt/rustwide/workdir" "-e" "CARGO_HOME=/opt/rustwide/cargo-home" "-e" "RUSTUP_HOME=/opt/rustwide/rustup-home" "-e" "CARGO_TARGET_DIR=/opt/rustwide/target" "-e" "CARGO_INCREMENTAL=0" "-e" "RUST_BACKTRACE=full" "-e" "RUSTFLAGS=--cap-lints=warn" "-e" "RUSTDOCFLAGS=--cap-lints=warn" "-w" "/opt/rustwide/workdir" "--user" "0:0" "708570f5da98cdd752cf3c2285902341c71f2b9ec9cd1307bc507fe0f4ebce33" "/opt/rustwide/cargo-home/bin/cargo" "+1.99.0-beta.8" "test" "--frozen" "--no-run" "--message-format=json" "--release", kill_on_drop: false }`
[INFO] [stderr]    Compiling zerocopy v0.8.50
[INFO] [stderr]    Compiling rand_core v0.9.5
[INFO] [stderr]    Compiling rustix v1.1.4
[INFO] [stderr]    Compiling wait-timeout v0.2.1
[INFO] [stderr]    Compiling bit-vec v0.8.0
[INFO] [stderr]    Compiling uuid v1.23.2
[INFO] [stderr]    Compiling unarray v0.1.4
[INFO] [stderr]    Compiling memchr v2.8.1
[INFO] [stderr]    Compiling rand v0.9.4
[INFO] [stderr]    Compiling rand_xorshift v0.4.0
[INFO] [stderr]    Compiling bit-set v0.8.0
[INFO] [stderr]    Compiling rdftk_iri v0.4.1 (/opt/rustwide/workdir)
[INFO] [stderr]    Compiling serde_json v1.0.150
[INFO] [stderr]    Compiling tempfile v3.27.0
[INFO] [stderr]    Compiling rusty-fork v0.3.1
[INFO] [stderr]    Compiling ppv-lite86 v0.2.21
[INFO] [stderr]    Compiling rand_chacha v0.9.0
[INFO] [stderr]    Compiling proptest v1.11.0
[INFO] [stderr]     Finished `release` profile [optimized] target(s) in 35.62s
[INFO] running `Command { std: "docker" "inspect" "708570f5da98cdd752cf3c2285902341c71f2b9ec9cd1307bc507fe0f4ebce33", kill_on_drop: false }`
[INFO] running `Command { std: "docker" "exec" "-e" "SOURCE_DIR=/opt/rustwide/workdir" "-e" "CARGO_HOME=/opt/rustwide/cargo-home" "-e" "RUSTUP_HOME=/opt/rustwide/rustup-home" "-e" "CARGO_TARGET_DIR=/opt/rustwide/target" "-e" "CARGO_INCREMENTAL=0" "-e" "RUST_BACKTRACE=full" "-e" "RUSTFLAGS=--cap-lints=warn" "-e" "RUSTDOCFLAGS=--cap-lints=warn" "-w" "/opt/rustwide/workdir" "--user" "0:0" "708570f5da98cdd752cf3c2285902341c71f2b9ec9cd1307bc507fe0f4ebce33" "/opt/rustwide/cargo-home/bin/cargo" "+1.99.0-beta.8" "test" "--frozen" "--release", kill_on_drop: false }`
[INFO] [stderr]     Finished `release` profile [optimized] target(s) in 0.13s
[INFO] [stderr]      Running unittests src/lib.rs (/opt/rustwide/target/release/deps/rdftk_iri-5634f3e722587880)
[INFO] [stderr]      Running tests/compress.rs (/opt/rustwide/target/release/deps/compress-1315e2e7ea608510)
[INFO] [stdout] 
[INFO] [stdout] running 0 tests
[INFO] [stdout] 
[INFO] [stdout] test result: ok. 0 passed; 0 failed; 0 ignored; 0 measured; 0 filtered out; finished in 0.00s
[INFO] [stdout] 
[INFO] [stdout] 
[INFO] [stdout] running 1 test
[INFO] [stderr]      Running tests/coverage.rs (/opt/rustwide/target/release/deps/coverage-ef719d3c7c824332)
[INFO] [stdout] test test_owlapi_example_section_3p7 ... ok
[INFO] [stdout] 
[INFO] [stdout] test result: ok. 1 passed; 0 failed; 0 ignored; 0 measured; 0 filtered out; finished in 0.00s
[INFO] [stdout] 
[INFO] [stdout] 
[INFO] [stdout] running 21 tests
[INFO] [stdout] test iri_extra_split_and_make_name_negative ... ok
[INFO] [stdout] test iri_extra_fragment_helpers ... ok
[INFO] [stdout] test iri_extra_genid_format ... ok
[INFO] [stdout] test error_from_conversions ... ok
[INFO] [stdout] test iri_extra_with_new_path ... ok
[INFO] [stdout] test local_name_conversions ... ok
[INFO] [stdout] test iri_ref_from_variants ... ok
[INFO] [stdout] test name_new_unchecked_passes_through ... ok
[INFO] [stdout] test name_from_str_error_branches ... ok
[INFO] [stdout] test name_helpers ... ok
[INFO] [stdout] test namespace_from_str_error_branches ... ok
[INFO] [stdout] test prefix_map_display_contains_mapping ... ok
[INFO] [stdout] test namespace_new_unchecked_appends_colon ... ok
[INFO] [stdout] test prefix_map_compress_returns_none_for_non_namespace_iri ... ok
[INFO] [stdout] test namespace_qualify_round_trip ... ok
[INFO] [stdout] test vocabulary_constants_are_well_formed ... ok
[INFO] [stdout] test prefix_map_empty_and_iterators ... FAILED
[INFO] [stdout] test vocabulary_accessors ... ok
[INFO] [stdout] test namespace_helpers ... ok
[INFO] [stdout] test prefix_map_insert_vocabulary_and_remove_clear ... FAILED
[INFO] [stdout] test prefixed_name_display ... ok
[INFO] [stdout] 
[INFO] [stdout] failures:
[INFO] [stdout] 
[INFO] [stdout] ---- prefix_map_empty_and_iterators stdout ----
[INFO] [stdout] 
[INFO] [stdout] thread 'prefix_map_empty_and_iterators' (1088) panicked at tests/coverage.rs:222:5:
[INFO] [stdout] assertion failed: map.is_empty()
[INFO] [stdout] stack backtrace:
[INFO] [stdout]    0:     0x596d99c6a011 - <<std[70759c8f55707aa4]::sys::backtrace::BacktraceLock>::print::DisplayBacktrace as core[df12db4294e9bfd3]::fmt::Display>::fmt
[INFO] [stdout]    1:     0x596d99c7e59a - core[df12db4294e9bfd3]::fmt::write
[INFO] [stdout]    2:     0x596d99c6e4ac - <alloc[2182bb758b4b3781]::vec::Vec<u8> as core[df12db4294e9bfd3]::io::write::Write>::write_fmt
[INFO] [stdout]    3:     0x596d99c46606 - std[70759c8f55707aa4]::panicking::default_hook::{closure#0}
[INFO] [stdout]    4:     0x596d99c62779 - std[70759c8f55707aa4]::panicking::default_hook
[INFO] [stdout]    5:     0x596d99bdaff0 - test[9d35eded1c95d3be]::test_main_inner::<test[9d35eded1c95d3be]::test_main_static::{closure#0}>::{closure#0}
[INFO] [stdout]    6:     0x596d99c62932 - std[70759c8f55707aa4]::panicking::panic_with_hook
[INFO] [stdout]    7:     0x596d99c466e4 - std[70759c8f55707aa4]::panicking::panic_handler::{closure#0}
[INFO] [stdout]    8:     0x596d99c3f439 - std[70759c8f55707aa4]::sys::backtrace::__rust_end_short_backtrace::<std[70759c8f55707aa4]::panicking::panic_handler::{closure#0}, !>
[INFO] [stdout]    9:     0x596d99c472ad - __rustc[8fa7c3cbc660c2b3]::rust_begin_unwind
[INFO] [stdout]   10:     0x596d99c7eccc - core[df12db4294e9bfd3]::panicking::panic_fmt
[INFO] [stdout]   11:     0x596d99c7ec92 - core[df12db4294e9bfd3]::panicking::panic
[INFO] [stdout]   12:     0x596d99bcac43 - <coverage[703b6149d59596b5]::prefix_map_empty_and_iterators::{closure#0} as core[df12db4294e9bfd3]::ops::function::FnOnce<()>>::call_once
[INFO] [stdout]   13:     0x596d99bce2db - test[9d35eded1c95d3be]::__rust_begin_short_backtrace::<core[df12db4294e9bfd3]::result::Result<(), alloc[2182bb758b4b3781]::string::String>, fn() -> core[df12db4294e9bfd3]::result::Result<(), alloc[2182bb758b4b3781]::string::String>>
[INFO] [stdout]   14:     0x596d99bdb945 - test[9d35eded1c95d3be]::run_test::{closure#0}
[INFO] [stdout]   15:     0x596d99bd5204 - std[70759c8f55707aa4]::sys::backtrace::__rust_begin_short_backtrace::<test[9d35eded1c95d3be]::run_test::{closure#1}, ()>
[INFO] [stdout]   16:     0x596d99bdeaa2 - <std[70759c8f55707aa4]::thread::lifecycle::spawn_unchecked<test[9d35eded1c95d3be]::run_test::{closure#1}, ()>::{closure#1} as core[df12db4294e9bfd3]::ops::function::FnOnce<()>>::call_once::{shim:vtable#0}
[INFO] [stdout]   17:     0x596d99c698e9 - <std[70759c8f55707aa4]::sys::thread::unix::Thread>::new::thread_start
[INFO] [stdout]   18:     0x702aa5689dfa - <unknown>
[INFO] [stdout]   19:     0x702aa571d3d4 - clone
[INFO] [stdout]   20:                0x0 - <unknown>
[INFO] [stdout] 
[INFO] [stdout] ---- prefix_map_insert_vocabulary_and_remove_clear stdout ----
[INFO] [stdout] 
[INFO] [stdout] thread 'prefix_map_insert_vocabulary_and_remove_clear' (1089) panicked at tests/coverage.rs:241:5:
[INFO] [stdout] assertion `left == right` failed
[INFO] [stdout]   left: 4
[INFO] [stdout]  right: 1
[INFO] [stdout] stack backtrace:
[INFO] [stdout]    0:     0x596d99c6a011 - <<std[70759c8f55707aa4]::sys::backtrace::BacktraceLock>::print::DisplayBacktrace as core[df12db4294e9bfd3]::fmt::Display>::fmt
[INFO] [stdout]    1:     0x596d99c7e59a - core[df12db4294e9bfd3]::fmt::write
[INFO] [stdout]    2:     0x596d99c6e4ac - <alloc[2182bb758b4b3781]::vec::Vec<u8> as core[df12db4294e9bfd3]::io::write::Write>::write_fmt
[INFO] [stdout]    3:     0x596d99c46606 - std[70759c8f55707aa4]::panicking::default_hook::{closure#0}
[INFO] [stdout]    4:     0x596d99c62779 - std[70759c8f55707aa4]::panicking::default_hook
[INFO] [stdout]    5:     0x596d99bdaff0 - test[9d35eded1c95d3be]::test_main_inner::<test[9d35eded1c95d3be]::test_main_static::{closure#0}>::{closure#0}
[INFO] [stdout]    6:     0x596d99c62932 - std[70759c8f55707aa4]::panicking::panic_with_hook
[INFO] [stdout]    7:     0x596d99c466b2 - std[70759c8f55707aa4]::panicking::panic_handler::{closure#0}
[INFO] [stdout]    8:     0x596d99c3f439 - std[70759c8f55707aa4]::sys::backtrace::__rust_end_short_backtrace::<std[70759c8f55707aa4]::panicking::panic_handler::{closure#0}, !>
[INFO] [stdout]    9:     0x596d99c472ad - __rustc[8fa7c3cbc660c2b3]::rust_begin_unwind
[INFO] [stdout]   10:     0x596d99c7eccc - core[df12db4294e9bfd3]::panicking::panic_fmt
[INFO] [stdout]   11:     0x596d99c7ebe3 - core[df12db4294e9bfd3]::panicking::assert_failed_inner
[INFO] [stdout]   12:     0x596d99c7b1f8 - core[df12db4294e9bfd3]::panicking::assert_failed::<usize, usize>
[INFO] [stdout]   13:     0x596d99bcc4a6 - <coverage[703b6149d59596b5]::prefix_map_insert_vocabulary_and_remove_clear::{closure#0} as core[df12db4294e9bfd3]::ops::function::FnOnce<()>>::call_once
[INFO] [stdout]   14:     0x596d99bce2db - test[9d35eded1c95d3be]::__rust_begin_short_backtrace::<core[df12db4294e9bfd3]::result::Result<(), alloc[2182bb758b4b3781]::string::String>, fn() -> core[df12db4294e9bfd3]::result::Result<(), alloc[2182bb758b4b3781]::string::String>>
[INFO] [stdout]   15:     0x596d99bdb945 - test[9d35eded1c95d3be]::run_test::{closure#0}
[INFO] [stdout]   16:     0x596d99bd5204 - std[70759c8f55707aa4]::sys::backtrace::__rust_begin_short_backtrace::<test[9d35eded1c95d3be]::run_test::{closure#1}, ()>
[INFO] [stdout]   17:     0x596d99bdeaa2 - <std[70759c8f55707aa4]::thread::lifecycle::spawn_unchecked<test[9d35eded1c95d3be]::run_test::{closure#1}, ()>::{closure#1} as core[df12db4294e9bfd3]::ops::function::FnOnce<()>>::call_once::{shim:vtable#0}
[INFO] [stdout]   18:     0x596d99c698e9 - <std[70759c8f55707aa4]::sys::thread::unix::Thread>::new::thread_start
[INFO] [stdout]   19:     0x702aa5689dfa - <unknown>
[INFO] [stdout]   20:     0x702aa571d3d4 - clone
[INFO] [stdout]   21:                0x0 - <unknown>
[INFO] [stdout] 
[INFO] [stdout] 
[INFO] [stdout] failures:
[INFO] [stdout]     prefix_map_empty_and_iterators
[INFO] [stdout]     prefix_map_insert_vocabulary_and_remove_clear
[INFO] [stdout] 
[INFO] [stdout] test result: FAILED. 19 passed; 2 failed; 0 ignored; 0 measured; 0 filtered out; finished in 0.01s
[INFO] [stdout] 
[INFO] [stderr] error: test failed, to rerun pass `--test coverage`
[INFO] running `Command { std: "docker" "inspect" "708570f5da98cdd752cf3c2285902341c71f2b9ec9cd1307bc507fe0f4ebce33", kill_on_drop: false }`
[INFO] running `Command { std: "docker" "rm" "-f" "708570f5da98cdd752cf3c2285902341c71f2b9ec9cd1307bc507fe0f4ebce33", kill_on_drop: false }`
[INFO] [stdout] 708570f5da98cdd752cf3c2285902341c71f2b9ec9cd1307bc507fe0f4ebce33
