[INFO] fetching crate rdfsplitter 1.0.0...
[INFO] testing rdfsplitter-1.0.0 against 1.99.0-beta.8+cargoflags=--release for beta-release-1.100-2
[INFO] extracting crate rdfsplitter 1.0.0 into /workspace/builds/worker-2-tc1/source
[INFO] started tweaking crates.io crate rdfsplitter 1.0.0
[INFO] removed 0 missing tests
[INFO] finished tweaking crates.io crate rdfsplitter 1.0.0
[INFO] tweaked toml for crates.io crate rdfsplitter 1.0.0 written to /workspace/builds/worker-2-tc1/source/Cargo.toml
[INFO] validating manifest of crates.io crate rdfsplitter 1.0.0 on toolchain 1.99.0-beta.8
[INFO] running `Command { std: CARGO_HOME="/workspace/cargo-home" RUSTUP_HOME="/workspace/rustup-home" "/workspace/cargo-home/bin/cargo" "+1.99.0-beta.8" "metadata" "--manifest-path" "Cargo.toml" "--no-deps", kill_on_drop: false }`
[INFO] crate crates.io crate rdfsplitter 1.0.0 already has a lockfile, it will not be regenerated
[INFO] running `Command { std: CARGO_HOME="/workspace/cargo-home" RUSTUP_HOME="/workspace/rustup-home" "/workspace/cargo-home/bin/cargo" "+1.99.0-beta.8" "fetch" "--manifest-path" "Cargo.toml", kill_on_drop: false }`
[INFO] [stderr]     Updating crates.io index
[INFO] [stderr]  Downloading crates ...
[INFO] [stderr]   Downloaded oxiri v0.2.11
[INFO] [stderr]   Downloaded rio_xml v0.8.5
[INFO] [stderr]   Downloaded rio_api v0.8.5
[INFO] [stderr]   Downloaded difflib v0.4.0
[INFO] [stderr]   Downloaded float-cmp v0.10.0
[INFO] [stderr]   Downloaded normalize-line-endings v0.3.0
[INFO] [stderr]   Downloaded env_filter v1.0.0
[INFO] [stderr]   Downloaded oxilangtag v0.1.5
[INFO] [stderr]   Downloaded termtree v0.5.1
[INFO] [stderr]   Downloaded predicates-core v1.0.10
[INFO] [stderr]   Downloaded predicates-tree v1.0.13
[INFO] [stderr]   Downloaded tempfile v3.25.0
[INFO] [stderr]   Downloaded env_logger v0.11.9
[INFO] [stderr]   Downloaded predicates v3.1.4
[INFO] [stderr]   Downloaded rio_turtle v0.8.5
[INFO] [stderr]   Downloaded assert_cmd v2.1.2
[INFO] [stderr]   Downloaded portable-atomic-util v0.2.5
[INFO] [stderr]   Downloaded jiff-static v0.2.20
[INFO] [stderr]   Downloaded quick-xml v0.36.2
[INFO] [stderr]   Downloaded bstr v1.12.1
[INFO] [stderr]   Downloaded jiff v0.2.20
[INFO] running `Command { std: "docker" "create" "-v" "/var/lib/crater-agent-workspace/builds/worker-2-tc1/source:/opt/rustwide/workdir:ro,Z" "-v" "/var/lib/crater-agent-workspace/builds/worker-2-tc1/target:/opt/rustwide/target:rw,Z" "-v" "/var/lib/crater-agent-workspace/cargo-home:/opt/rustwide/cargo-home:ro,Z" "-v" "/var/lib/crater-agent-workspace/rustup-home:/opt/rustwide/rustup-home:ro,Z" "-m" "1610612736" "--network" "none" "ghcr.io/rust-lang/crates-build-env/linux@sha256:77db811e55d90add9212f6832c23229e3de5f1c1f9905e8cb07319ea15df73ac" "sleep" "infinity", kill_on_drop: false }`
[INFO] [stdout] 24d88e6792f804d6f3a165c1c6f19fb82f99c754eec4d600553521a4809d7152
[INFO] running `Command { std: "docker" "start" "24d88e6792f804d6f3a165c1c6f19fb82f99c754eec4d600553521a4809d7152", kill_on_drop: false }`
[INFO] running `Command { std: "docker" "inspect" "24d88e6792f804d6f3a165c1c6f19fb82f99c754eec4d600553521a4809d7152", kill_on_drop: false }`
[INFO] running `Command { std: "docker" "exec" "-e" "SOURCE_DIR=/opt/rustwide/workdir" "-e" "CARGO_HOME=/opt/rustwide/cargo-home" "-e" "RUSTUP_HOME=/opt/rustwide/rustup-home" "-e" "CARGO_TARGET_DIR=/opt/rustwide/target" "-w" "/opt/rustwide/workdir" "--user" "0:0" "24d88e6792f804d6f3a165c1c6f19fb82f99c754eec4d600553521a4809d7152" "/opt/rustwide/cargo-home/bin/cargo" "+1.99.0-beta.8" "metadata" "--no-deps" "--format-version=1", kill_on_drop: false }`
[INFO] running `Command { std: "docker" "inspect" "24d88e6792f804d6f3a165c1c6f19fb82f99c754eec4d600553521a4809d7152", kill_on_drop: false }`
[INFO] running `Command { std: "docker" "exec" "-e" "SOURCE_DIR=/opt/rustwide/workdir" "-e" "CARGO_HOME=/opt/rustwide/cargo-home" "-e" "RUSTUP_HOME=/opt/rustwide/rustup-home" "-e" "CARGO_TARGET_DIR=/opt/rustwide/target" "-e" "CARGO_INCREMENTAL=0" "-e" "RUST_BACKTRACE=full" "-e" "RUSTFLAGS=--cap-lints=warn" "-e" "RUSTDOCFLAGS=--cap-lints=warn" "-w" "/opt/rustwide/workdir" "--user" "0:0" "24d88e6792f804d6f3a165c1c6f19fb82f99c754eec4d600553521a4809d7152" "/opt/rustwide/cargo-home/bin/cargo" "+1.99.0-beta.8" "build" "--frozen" "--message-format=json" "--release", kill_on_drop: false }`
[INFO] [stderr]    Compiling memchr v2.8.0
[INFO] [stderr]    Compiling quote v1.0.44
[INFO] [stderr]    Compiling utf8parse v0.2.2
[INFO] [stderr]    Compiling anstyle v1.0.13
[INFO] [stderr]    Compiling is_terminal_polyfill v1.70.2
[INFO] [stderr]    Compiling regex-syntax v0.8.9
[INFO] [stderr]    Compiling colorchoice v1.0.4
[INFO] [stderr]    Compiling anstyle-query v1.1.5
[INFO] [stderr]    Compiling anstyle-parse v0.2.7
[INFO] [stderr]    Compiling zmij v1.0.21
[INFO] [stderr]    Compiling serde_core v1.0.228
[INFO] [stderr]    Compiling thiserror v2.0.18
[INFO] [stderr]    Compiling rio_api v0.8.5
[INFO] [stderr]    Compiling oxilangtag v0.1.5
[INFO] [stderr]    Compiling anstream v0.6.21
[INFO] [stderr]    Compiling anyhow v1.0.102
[INFO] [stderr]    Compiling syn v2.0.117
[INFO] [stderr]    Compiling log v0.4.29
[INFO] [stderr]    Compiling serde_json v1.0.149
[INFO] [stderr]    Compiling strsim v0.11.1
[INFO] [stderr]    Compiling clap_lex v1.0.0
[INFO] [stderr]    Compiling oxiri v0.2.11
[INFO] [stderr]    Compiling clap_builder v4.5.60
[INFO] [stderr]    Compiling aho-corasick v1.1.4
[INFO] [stderr]    Compiling quick-xml v0.36.2
[INFO] [stderr]    Compiling itoa v1.0.17
[INFO] [stderr]    Compiling jiff v0.2.20
[INFO] [stderr]    Compiling rio_xml v0.8.5
[INFO] [stderr]    Compiling regex-automata v0.4.14
[INFO] [stderr]    Compiling rio_turtle v0.8.5
[INFO] [stderr]    Compiling glob v0.3.3
[INFO] [stderr]    Compiling clap_derive v4.5.55
[INFO] [stderr]    Compiling thiserror-impl v2.0.18
[INFO] [stderr]    Compiling regex v1.12.3
[INFO] [stderr]    Compiling env_filter v1.0.0
[INFO] [stderr]    Compiling env_logger v0.11.9
[INFO] [stderr]    Compiling clap v4.5.60
[INFO] [stderr]    Compiling rdfsplitter v1.0.0 (/opt/rustwide/workdir)
[INFO] [stderr]     Finished `release` profile [optimized] target(s) in 1m 34s
[INFO] running `Command { std: "docker" "inspect" "24d88e6792f804d6f3a165c1c6f19fb82f99c754eec4d600553521a4809d7152", kill_on_drop: false }`
[INFO] running `Command { std: "docker" "exec" "-e" "SOURCE_DIR=/opt/rustwide/workdir" "-e" "CARGO_HOME=/opt/rustwide/cargo-home" "-e" "RUSTUP_HOME=/opt/rustwide/rustup-home" "-e" "CARGO_TARGET_DIR=/opt/rustwide/target" "-e" "CARGO_INCREMENTAL=0" "-e" "RUST_BACKTRACE=full" "-e" "RUSTFLAGS=--cap-lints=warn" "-e" "RUSTDOCFLAGS=--cap-lints=warn" "-w" "/opt/rustwide/workdir" "--user" "0:0" "24d88e6792f804d6f3a165c1c6f19fb82f99c754eec4d600553521a4809d7152" "/opt/rustwide/cargo-home/bin/cargo" "+1.99.0-beta.8" "test" "--frozen" "--no-run" "--message-format=json" "--release", kill_on_drop: false }`
[INFO] [stderr]    Compiling regex-syntax v0.8.9
[INFO] [stderr]    Compiling autocfg v1.5.0
[INFO] [stderr]    Compiling libc v0.2.182
[INFO] [stderr]    Compiling getrandom v0.4.1
[INFO] [stderr]    Compiling predicates-core v1.0.10
[INFO] [stderr]    Compiling rustix v1.1.4
[INFO] [stderr]    Compiling termtree v0.5.1
[INFO] [stderr]    Compiling normalize-line-endings v0.3.0
[INFO] [stderr]    Compiling difflib v0.4.0
[INFO] [stderr]    Compiling assert_cmd v2.1.2
[INFO] [stderr]    Compiling linux-raw-sys v0.12.1
[INFO] [stderr]    Compiling bitflags v2.11.0
[INFO] [stderr]    Compiling predicates-tree v1.0.13
[INFO] [stderr]    Compiling fastrand v2.3.0
[INFO] [stderr]    Compiling num-traits v0.2.19
[INFO] [stderr]    Compiling once_cell v1.21.3
[INFO] [stderr]    Compiling float-cmp v0.10.0
[INFO] [stderr]    Compiling wait-timeout v0.2.1
[INFO] [stderr]    Compiling tempfile v3.25.0
[INFO] [stderr]    Compiling regex-automata v0.4.14
[INFO] [stderr]    Compiling regex v1.12.3
[INFO] [stderr]    Compiling bstr v1.12.1
[INFO] [stderr]    Compiling env_filter v1.0.0
[INFO] [stderr]    Compiling predicates v3.1.4
[INFO] [stderr]    Compiling env_logger v0.11.9
[INFO] [stderr]    Compiling rdfsplitter v1.0.0 (/opt/rustwide/workdir)
[INFO] [stderr]     Finished `release` profile [optimized] target(s) in 58.27s
[INFO] running `Command { std: "docker" "inspect" "24d88e6792f804d6f3a165c1c6f19fb82f99c754eec4d600553521a4809d7152", kill_on_drop: false }`
[INFO] running `Command { std: "docker" "exec" "-e" "SOURCE_DIR=/opt/rustwide/workdir" "-e" "CARGO_HOME=/opt/rustwide/cargo-home" "-e" "RUSTUP_HOME=/opt/rustwide/rustup-home" "-e" "CARGO_TARGET_DIR=/opt/rustwide/target" "-e" "CARGO_INCREMENTAL=0" "-e" "RUST_BACKTRACE=full" "-e" "RUSTFLAGS=--cap-lints=warn" "-e" "RUSTDOCFLAGS=--cap-lints=warn" "-w" "/opt/rustwide/workdir" "--user" "0:0" "24d88e6792f804d6f3a165c1c6f19fb82f99c754eec4d600553521a4809d7152" "/opt/rustwide/cargo-home/bin/cargo" "+1.99.0-beta.8" "test" "--frozen" "--release", kill_on_drop: false }`
[INFO] [stderr]     Finished `release` profile [optimized] target(s) in 0.13s
[INFO] [stderr]      Running unittests src/main.rs (/opt/rustwide/target/release/deps/rdfsplitter-5fbbe196552b7041)
[INFO] [stdout] 
[INFO] [stdout] running 5 tests
[INFO] [stdout] test format::tests::extension_roundtrips_through_from_path ... ok
[INFO] [stdout] test format::tests::detect_format_from_all_supported_extensions ... ok
[INFO] [stdout] test format::tests::detect_format_is_case_insensitive ... ok
[INFO] [stdout] test format::tests::label_is_non_empty_for_all_variants ... ok
[INFO] [stdout] test format::tests::unknown_extension_returns_none ... ok
[INFO] [stdout] 
[INFO] [stdout] test result: ok. 5 passed; 0 failed; 0 ignored; 0 measured; 0 filtered out; finished in 0.00s
[INFO] [stdout] 
[INFO] [stderr]      Running tests/integration.rs (/opt/rustwide/target/release/deps/integration-58023140a658f6ac)
[INFO] [stdout] 
[INFO] [stdout] running 29 tests
[INFO] [stdout] test help_exits_success ... ok
[INFO] [stdout] test chunk_size_and_file_count_are_mutually_exclusive ... ok
[INFO] [stdout] test multiple_input_files_all_split ... FAILED
[INFO] [stdout] test jsonld_chunk_size_produces_correct_file_count ... FAILED
[INFO] [stdout] test glob_star_nt_matches_all_nt_fixtures ... FAILED
[INFO] [stdout] test no_force_fails_when_output_file_already_exists ... FAILED
[INFO] [stdout] test no_force_fails_when_output_directory_is_missing ... ok
[INFO] [stdout] test nq_chunk_size_produces_correct_file_count ... FAILED
[INFO] [stdout] test nt_file_count_single_file ... FAILED
[INFO] [stdout] test force_overwrites_existing_output_files ... FAILED
[INFO] [stdout] test force_creates_missing_output_directory ... FAILED
[INFO] [stdout] test nt_chunk_size_produces_correct_file_count ... FAILED
[INFO] [stdout] test nt_file_count_produces_correct_file_count ... FAILED
[INFO] [stdout] test nonexistent_input_file_exits_with_failure ... ok
[INFO] [stdout] test jsonld_output_files_have_jsonld_extension ... FAILED
[INFO] [stdout] test nt_output_files_have_nt_extension ... FAILED
[INFO] [stdout] test nq_output_files_have_nq_extension ... FAILED
[INFO] [stdout] test recursive_finds_nt_files_in_subdirectory ... FAILED
[INFO] [stdout] test trig_chunk_size_produces_correct_file_count ... FAILED
[INFO] [stdout] test nt_output_files_named_with_stem_and_index ... FAILED
[INFO] [stdout] test nt_first_chunk_has_correct_triple_count ... FAILED
[INFO] [stdout] test ttl_output_files_have_ttl_extension ... FAILED
[INFO] [stdout] test version_exits_success ... ok
[INFO] [stdout] test rdf_chunk_size_produces_correct_file_count ... FAILED
[INFO] [stdout] test nt_last_chunk_contains_remainder ... FAILED
[INFO] [stdout] test ttl_chunk_size_produces_correct_file_count ... FAILED
[INFO] [stdout] test verbose_flag_prints_debug_info ... FAILED
[INFO] [stdout] test rdf_output_files_have_rdf_extension ... FAILED
[INFO] [stdout] test without_recursive_flag_subdir_is_not_walked ... FAILED
[INFO] [stdout] 
[INFO] [stdout] failures:
[INFO] [stdout] 
[INFO] [stdout] ---- multiple_input_files_all_split stdout ----
[INFO] [stdout] 
[INFO] [stdout] thread 'multiple_input_files_all_split' (1474) panicked at /rustc/dfb0accb7f508ae8be965d8629557221c889dd98/library/core/src/ops/function.rs:250:5:
[INFO] [stdout] Unexpected failure.
[INFO] [stdout] code=1
[INFO] [stdout] stderr=``````
[INFO] [stdout] [WARN ] No files matched pattern \'/opt/rustwide/workdir/tests/fixtures/small.nt\'
[INFO] [stdout] [WARN ] No files matched pattern \'/opt/rustwide/workdir/tests/fixtures/small.ttl\'
[INFO] [stdout] [ERROR] RDF parse error: No input files found. Check your patterns or paths.
[INFO] [stdout] ```
[INFO] [stdout] ```
[INFO] [stdout] command=`"/opt/rustwide/target/release/rdfsplitter" "/opt/rustwide/workdir/tests/fixtures/small.nt" "/opt/rustwide/workdir/tests/fixtures/small.ttl" "-n" "5" "-o" "/tmp/.tmpD5c0DS" "-f"`
[INFO] [stdout] code=1
[INFO] [stdout] stdout=""
[INFO] [stdout] stderr=```
[INFO] [stdout] [WARN ] No files matched pattern \'/opt/rustwide/workdir/tests/fixtures/small.nt\'
[INFO] [stdout] [WARN ] No files matched pattern \'/opt/rustwide/workdir/tests/fixtures/small.ttl\'
[INFO] [stdout] [ERROR] RDF parse error: No input files found. Check your patterns or paths.
[INFO] [stdout] ```
[INFO] [stdout] 
[INFO] [stdout] 
[INFO] [stdout] stack backtrace:
[INFO] [stdout]    0:     0x60639654f2f1 - <<std[70759c8f55707aa4]::sys::backtrace::BacktraceLock>::print::DisplayBacktrace as core[df12db4294e9bfd3]::fmt::Display>::fmt
[INFO] [stdout]    1:     0x6063965658ba - core[df12db4294e9bfd3]::fmt::write
[INFO] [stdout]    2:     0x606396554e4c - <alloc[2182bb758b4b3781]::vec::Vec<u8> as core[df12db4294e9bfd3]::io::write::Write>::write_fmt
[INFO] [stdout]    3:     0x606396529946 - std[70759c8f55707aa4]::panicking::default_hook::{closure#0}
[INFO] [stdout]    4:     0x606396546c89 - std[70759c8f55707aa4]::panicking::default_hook
[INFO] [stdout]    5:     0x6063964d21f0 - test[9d35eded1c95d3be]::test_main_inner::<test[9d35eded1c95d3be]::test_main_static::{closure#0}>::{closure#0}
[INFO] [stdout]    6:     0x606396546e42 - std[70759c8f55707aa4]::panicking::panic_with_hook
[INFO] [stdout]    7:     0x6063965299f2 - std[70759c8f55707aa4]::panicking::panic_handler::{closure#0}
[INFO] [stdout]    8:     0x606396522429 - std[70759c8f55707aa4]::sys::backtrace::__rust_end_short_backtrace::<std[70759c8f55707aa4]::panicking::panic_handler::{closure#0}, !>
[INFO] [stdout]    9:     0x60639652a5ed - __rustc[8fa7c3cbc660c2b3]::rust_begin_unwind
[INFO] [stdout]   10:     0x60639656606c - core[df12db4294e9bfd3]::panicking::panic_fmt
[INFO] [stdout]   11:     0x606396507b83 - <assert_cmd[6bbba99e40e81f80]::assert::AssertError>::panic::<assert_cmd[6bbba99e40e81f80]::assert::Assert>
[INFO] [stdout]   12:     0x6063965082c6 - <assert_cmd[6bbba99e40e81f80]::assert::Assert>::success
[INFO] [stdout]   13:     0x6063964be25e - <integration[abb66efbdf56ce11]::multiple_input_files_all_split::{closure#0} as core[df12db4294e9bfd3]::ops::function::FnOnce<()>>::call_once
[INFO] [stdout]   14:     0x6063964c54db - test[9d35eded1c95d3be]::__rust_begin_short_backtrace::<core[df12db4294e9bfd3]::result::Result<(), alloc[2182bb758b4b3781]::string::String>, fn() -> core[df12db4294e9bfd3]::result::Result<(), alloc[2182bb758b4b3781]::string::String>>
[INFO] [stdout]   15:     0x6063964d2b45 - test[9d35eded1c95d3be]::run_test::{closure#0}
[INFO] [stdout]   16:     0x6063964cc404 - std[70759c8f55707aa4]::sys::backtrace::__rust_begin_short_backtrace::<test[9d35eded1c95d3be]::run_test::{closure#1}, ()>
[INFO] [stdout]   17:     0x6063964d5ca2 - <std[70759c8f55707aa4]::thread::lifecycle::spawn_unchecked<test[9d35eded1c95d3be]::run_test::{closure#1}, ()>::{closure#1} as core[df12db4294e9bfd3]::ops::function::FnOnce<()>>::call_once::{shim:vtable#0}
[INFO] [stdout]   18:     0x60639654e7d9 - <std[70759c8f55707aa4]::sys::thread::unix::Thread>::new::thread_start
[INFO] [stdout]   19:     0x75dd2c1b0dfa - <unknown>
[INFO] [stdout]   20:     0x75dd2c2443d4 - clone
[INFO] [stdout]   21:                0x0 - <unknown>
[INFO] [stdout] 
[INFO] [stdout] ---- jsonld_chunk_size_produces_correct_file_count stdout ----
[INFO] [stdout] 
[INFO] [stdout] thread 'jsonld_chunk_size_produces_correct_file_count' (1472) panicked at /rustc/dfb0accb7f508ae8be965d8629557221c889dd98/library/core/src/ops/function.rs:250:5:
[INFO] [stdout] Unexpected failure.
[INFO] [stdout] code=1
[INFO] [stdout] stderr=``````
[INFO] [stdout] [WARN ] No files matched pattern \'/opt/rustwide/workdir/tests/fixtures/small.jsonld\'
[INFO] [stdout] [ERROR] RDF parse error: No input files found. Check your patterns or paths.
[INFO] [stdout] ```
[INFO] [stdout] ```
[INFO] [stdout] command=`"/opt/rustwide/target/release/rdfsplitter" "/opt/rustwide/workdir/tests/fixtures/small.jsonld" "-n" "3" "-o" "/tmp/.tmpvvVgkA" "-f"`
[INFO] [stdout] code=1
[INFO] [stdout] stdout=""
[INFO] [stdout] stderr=```
[INFO] [stdout] [WARN ] No files matched pattern \'/opt/rustwide/workdir/tests/fixtures/small.jsonld\'
[INFO] [stdout] [ERROR] RDF parse error: No input files found. Check your patterns or paths.
[INFO] [stdout] ```
[INFO] [stdout] 
[INFO] [stdout] 
[INFO] [stdout] stack backtrace:
[INFO] [stdout]    0:     0x60639654f2f1 - <<std[70759c8f55707aa4]::sys::backtrace::BacktraceLock>::print::DisplayBacktrace as core[df12db4294e9bfd3]::fmt::Display>::fmt
[INFO] [stdout]    1:     0x6063965658ba - core[df12db4294e9bfd3]::fmt::write
[INFO] [stdout]    2:     0x606396554e4c - <alloc[2182bb758b4b3781]::vec::Vec<u8> as core[df12db4294e9bfd3]::io::write::Write>::write_fmt
[INFO] [stdout]    3:     0x606396529946 - std[70759c8f55707aa4]::panicking::default_hook::{closure#0}
[INFO] [stdout]    4:     0x606396546c89 - std[70759c8f55707aa4]::panicking::default_hook
[INFO] [stdout]    5:     0x6063964d21f0 - test[9d35eded1c95d3be]::test_main_inner::<test[9d35eded1c95d3be]::test_main_static::{closure#0}>::{closure#0}
[INFO] [stdout]    6:     0x606396546e42 - std[70759c8f55707aa4]::panicking::panic_with_hook
[INFO] [stdout]    7:     0x6063965299f2 - std[70759c8f55707aa4]::panicking::panic_handler::{closure#0}
[INFO] [stdout]    8:     0x606396522429 - std[70759c8f55707aa4]::sys::backtrace::__rust_end_short_backtrace::<std[70759c8f55707aa4]::panicking::panic_handler::{closure#0}, !>
[INFO] [stdout]    9:     0x60639652a5ed - __rustc[8fa7c3cbc660c2b3]::rust_begin_unwind
[INFO] [stdout]   10:     0x60639656606c - core[df12db4294e9bfd3]::panicking::panic_fmt
[INFO] [stdout]   11:     0x606396507b83 - <assert_cmd[6bbba99e40e81f80]::assert::AssertError>::panic::<assert_cmd[6bbba99e40e81f80]::assert::Assert>
[INFO] [stdout]   12:     0x6063965082c6 - <assert_cmd[6bbba99e40e81f80]::assert::Assert>::success
[INFO] [stdout]   13:     0x6063964c4491 - <integration[abb66efbdf56ce11]::jsonld_chunk_size_produces_correct_file_count::{closure#0} as core[df12db4294e9bfd3]::ops::function::FnOnce<()>>::call_once
[INFO] [stdout]   14:     0x6063964c54db - test[9d35eded1c95d3be]::__rust_begin_short_backtrace::<core[df12db4294e9bfd3]::result::Result<(), alloc[2182bb758b4b3781]::string::String>, fn() -> core[df12db4294e9bfd3]::result::Result<(), alloc[2182bb758b4b3781]::string::String>>
[INFO] [stdout]   15:     0x6063964d2b45 - test[9d35eded1c95d3be]::run_test::{closure#0}
[INFO] [stdout]   16:     0x6063964cc404 - std[70759c8f55707aa4]::sys::backtrace::__rust_begin_short_backtrace::<test[9d35eded1c95d3be]::run_test::{closure#1}, ()>
[INFO] [stdout]   17:     0x6063964d5ca2 - <std[70759c8f55707aa4]::thread::lifecycle::spawn_unchecked<test[9d35eded1c95d3be]::run_test::{closure#1}, ()>::{closure#1} as core[df12db4294e9bfd3]::ops::function::FnOnce<()>>::call_once::{shim:vtable#0}
[INFO] [stdout]   18:     0x60639654e7d9 - <std[70759c8f55707aa4]::sys::thread::unix::Thread>::new::thread_start
[INFO] [stdout]   19:     0x75dd2c1b0dfa - <unknown>
[INFO] [stdout]   20:     0x75dd2c2443d4 - clone
[INFO] [stdout]   21:                0x0 - <unknown>
[INFO] [stdout] 
[INFO] [stdout] ---- glob_star_nt_matches_all_nt_fixtures stdout ----
[INFO] [stdout] 
[INFO] [stdout] thread 'glob_star_nt_matches_all_nt_fixtures' (1470) panicked at /rustc/dfb0accb7f508ae8be965d8629557221c889dd98/library/core/src/ops/function.rs:250:5:
[INFO] [stdout] Unexpected failure.
[INFO] [stdout] code=1
[INFO] [stdout] stderr=``````
[INFO] [stdout] [WARN ] No files matched pattern \'/opt/rustwide/workdir/tests/fixtures/*.nt\'
[INFO] [stdout] [ERROR] RDF parse error: No input files found. Check your patterns or paths.
[INFO] [stdout] ```
[INFO] [stdout] ```
[INFO] [stdout] command=`"/opt/rustwide/target/release/rdfsplitter" "/opt/rustwide/workdir/tests/fixtures/*.nt" "-n" "100" "-o" "/tmp/.tmpteEqKK" "-f"`
[INFO] [stdout] code=1
[INFO] [stdout] stdout=""
[INFO] [stdout] stderr=```
[INFO] [stdout] [WARN ] No files matched pattern \'/opt/rustwide/workdir/tests/fixtures/*.nt\'
[INFO] [stdout] [ERROR] RDF parse error: No input files found. Check your patterns or paths.
[INFO] [stdout] ```
[INFO] [stdout] 
[INFO] [stdout] 
[INFO] [stdout] stack backtrace:
[INFO] [stdout]    0:     0x60639654f2f1 - <<std[70759c8f55707aa4]::sys::backtrace::BacktraceLock>::print::DisplayBacktrace as core[df12db4294e9bfd3]::fmt::Display>::fmt
[INFO] [stdout]    1:     0x6063965658ba - core[df12db4294e9bfd3]::fmt::write
[INFO] [stdout]    2:     0x606396554e4c - <alloc[2182bb758b4b3781]::vec::Vec<u8> as core[df12db4294e9bfd3]::io::write::Write>::write_fmt
[INFO] [stdout]    3:     0x606396529946 - std[70759c8f55707aa4]::panicking::default_hook::{closure#0}
[INFO] [stdout]    4:     0x606396546c89 - std[70759c8f55707aa4]::panicking::default_hook
[INFO] [stdout]    5:     0x6063964d21f0 - test[9d35eded1c95d3be]::test_main_inner::<test[9d35eded1c95d3be]::test_main_static::{closure#0}>::{closure#0}
[INFO] [stdout]    6:     0x606396546e42 - std[70759c8f55707aa4]::panicking::panic_with_hook
[INFO] [stdout]    7:     0x6063965299f2 - std[70759c8f55707aa4]::panicking::panic_handler::{closure#0}
[INFO] [stdout]    8:     0x606396522429 - std[70759c8f55707aa4]::sys::backtrace::__rust_end_short_backtrace::<std[70759c8f55707aa4]::panicking::panic_handler::{closure#0}, !>
[INFO] [stdout]    9:     0x60639652a5ed - __rustc[8fa7c3cbc660c2b3]::rust_begin_unwind
[INFO] [stdout]   10:     0x60639656606c - core[df12db4294e9bfd3]::panicking::panic_fmt
[INFO] [stdout]   11:     0x606396507b83 - <assert_cmd[6bbba99e40e81f80]::assert::AssertError>::panic::<assert_cmd[6bbba99e40e81f80]::assert::Assert>
[INFO] [stdout]   12:     0x6063965082c6 - <assert_cmd[6bbba99e40e81f80]::assert::Assert>::success
[INFO] [stdout]   13:     0x6063964c0492 - <integration[abb66efbdf56ce11]::glob_star_nt_matches_all_nt_fixtures::{closure#0} as core[df12db4294e9bfd3]::ops::function::FnOnce<()>>::call_once
[INFO] [stdout]   14:     0x6063964c54db - test[9d35eded1c95d3be]::__rust_begin_short_backtrace::<core[df12db4294e9bfd3]::result::Result<(), alloc[2182bb758b4b3781]::string::String>, fn() -> core[df12db4294e9bfd3]::result::Result<(), alloc[2182bb758b4b3781]::string::String>>
[INFO] [stdout]   15:     0x6063964d2b45 - test[9d35eded1c95d3be]::run_test::{closure#0}
[INFO] [stdout]   16:     0x6063964cc404 - std[70759c8f55707aa4]::sys::backtrace::__rust_begin_short_backtrace::<test[9d35eded1c95d3be]::run_test::{closure#1}, ()>
[INFO] [stdout]   17:     0x6063964d5ca2 - <std[70759c8f55707aa4]::thread::lifecycle::spawn_unchecked<test[9d35eded1c95d3be]::run_test::{closure#1}, ()>::{closure#1} as core[df12db4294e9bfd3]::ops::function::FnOnce<()>>::call_once::{shim:vtable#0}
[INFO] [stdout]   18:     0x60639654e7d9 - <std[70759c8f55707aa4]::sys::thread::unix::Thread>::new::thread_start
[INFO] [stdout]   19:     0x75dd2c1b0dfa - <unknown>
[INFO] [stdout]   20:     0x75dd2c2443d4 - clone
[INFO] [stdout]   21:                0x0 - <unknown>
[INFO] [stdout] 
[INFO] [stdout] ---- no_force_fails_when_output_file_already_exists stdout ----
[INFO] [stdout] 
[INFO] [stdout] thread 'no_force_fails_when_output_file_already_exists' (1489) panicked at /rustc/dfb0accb7f508ae8be965d8629557221c889dd98/library/core/src/ops/function.rs:250:5:
[INFO] [stdout] Unexpected failure.
[INFO] [stdout] code=1
[INFO] [stdout] stderr=``````
[INFO] [stdout] [WARN ] No files matched pattern \'/opt/rustwide/workdir/tests/fixtures/small.nt\'
[INFO] [stdout] [ERROR] RDF parse error: No input files found. Check your patterns or paths.
[INFO] [stdout] ```
[INFO] [stdout] ```
[INFO] [stdout] command=`"/opt/rustwide/target/release/rdfsplitter" "/opt/rustwide/workdir/tests/fixtures/small.nt" "-n" "10" "-o" "/tmp/.tmpgl45ZC" "-f"`
[INFO] [stdout] code=1
[INFO] [stdout] stdout=""
[INFO] [stdout] stderr=```
[INFO] [stdout] [WARN ] No files matched pattern \'/opt/rustwide/workdir/tests/fixtures/small.nt\'
[INFO] [stdout] [ERROR] RDF parse error: No input files found. Check your patterns or paths.
[INFO] [stdout] ```
[INFO] [stdout] 
[INFO] [stdout] 
[INFO] [stdout] stack backtrace:
[INFO] [stdout]    0:     0x60639654f2f1 - <<std[70759c8f55707aa4]::sys::backtrace::BacktraceLock>::print::DisplayBacktrace as core[df12db4294e9bfd3]::fmt::Display>::fmt
[INFO] [stdout]    1:     0x6063965658ba - core[df12db4294e9bfd3]::fmt::write
[INFO] [stdout]    2:     0x606396554e4c - <alloc[2182bb758b4b3781]::vec::Vec<u8> as core[df12db4294e9bfd3]::io::write::Write>::write_fmt
[INFO] [stdout]    3:     0x606396529946 - std[70759c8f55707aa4]::panicking::default_hook::{closure#0}
[INFO] [stdout]    4:     0x606396546c89 - std[70759c8f55707aa4]::panicking::default_hook
[INFO] [stdout]    5:     0x6063964d21f0 - test[9d35eded1c95d3be]::test_main_inner::<test[9d35eded1c95d3be]::test_main_static::{closure#0}>::{closure#0}
[INFO] [stdout]    6:     0x606396546e42 - std[70759c8f55707aa4]::panicking::panic_with_hook
[INFO] [stdout]    7:     0x6063965299f2 - std[70759c8f55707aa4]::panicking::panic_handler::{closure#0}
[INFO] [stdout]    8:     0x606396522429 - std[70759c8f55707aa4]::sys::backtrace::__rust_end_short_backtrace::<std[70759c8f55707aa4]::panicking::panic_handler::{closure#0}, !>
[INFO] [stdout]    9:     0x60639652a5ed - __rustc[8fa7c3cbc660c2b3]::rust_begin_unwind
[INFO] [stdout]   10:     0x60639656606c - core[df12db4294e9bfd3]::panicking::panic_fmt
[INFO] [stdout]   11:     0x606396507b83 - <assert_cmd[6bbba99e40e81f80]::assert::AssertError>::panic::<assert_cmd[6bbba99e40e81f80]::assert::Assert>
[INFO] [stdout]   12:     0x6063965082c6 - <assert_cmd[6bbba99e40e81f80]::assert::Assert>::success
[INFO] [stdout]   13:     0x6063964c4859 - <integration[abb66efbdf56ce11]::no_force_fails_when_output_file_already_exists::{closure#0} as core[df12db4294e9bfd3]::ops::function::FnOnce<()>>::call_once
[INFO] [stdout]   14:     0x6063964c54db - test[9d35eded1c95d3be]::__rust_begin_short_backtrace::<core[df12db4294e9bfd3]::result::Result<(), alloc[2182bb758b4b3781]::string::String>, fn() -> core[df12db4294e9bfd3]::result::Result<(), alloc[2182bb758b4b3781]::string::String>>
[INFO] [stdout]   15:     0x6063964d2b45 - test[9d35eded1c95d3be]::run_test::{closure#0}
[INFO] [stdout]   16:     0x6063964cc404 - std[70759c8f55707aa4]::sys::backtrace::__rust_begin_short_backtrace::<test[9d35eded1c95d3be]::run_test::{closure#1}, ()>
[INFO] [stdout]   17:     0x6063964d5ca2 - <std[70759c8f55707aa4]::thread::lifecycle::spawn_unchecked<test[9d35eded1c95d3be]::run_test::{closure#1}, ()>::{closure#1} as core[df12db4294e9bfd3]::ops::function::FnOnce<()>>::call_once::{shim:vtable#0}
[INFO] [stdout]   18:     0x60639654e7d9 - <std[70759c8f55707aa4]::sys::thread::unix::Thread>::new::thread_start
[INFO] [stdout]   19:     0x75dd2c1b0dfa - <unknown>
[INFO] [stdout]   20:     0x75dd2c2443d4 - clone
[INFO] [stdout]   21:                0x0 - <unknown>
[INFO] [stdout] 
[INFO] [stdout] ---- nq_chunk_size_produces_correct_file_count stdout ----
[INFO] [stdout] 
[INFO] [stdout] thread 'nq_chunk_size_produces_correct_file_count' (1506) panicked at /rustc/dfb0accb7f508ae8be965d8629557221c889dd98/library/core/src/ops/function.rs:250:5:
[INFO] [stdout] Unexpected failure.
[INFO] [stdout] code=1
[INFO] [stdout] stderr=``````
[INFO] [stdout] [WARN ] No files matched pattern \'/opt/rustwide/workdir/tests/fixtures/small.nq\'
[INFO] [stdout] [ERROR] RDF parse error: No input files found. Check your patterns or paths.
[INFO] [stdout] ```
[INFO] [stdout] ```
[INFO] [stdout] command=`"/opt/rustwide/target/release/rdfsplitter" "/opt/rustwide/workdir/tests/fixtures/small.nq" "-n" "3" "-o" "/tmp/.tmpID9qRc" "-f"`
[INFO] [stdout] code=1
[INFO] [stdout] stdout=""
[INFO] [stdout] stderr=```
[INFO] [stdout] [WARN ] No files matched pattern \'/opt/rustwide/workdir/tests/fixtures/small.nq\'
[INFO] [stdout] [ERROR] RDF parse error: No input files found. Check your patterns or paths.
[INFO] [stdout] ```
[INFO] [stdout] 
[INFO] [stdout] 
[INFO] [stdout] stack backtrace:
[INFO] [stdout]    0:     0x60639654f2f1 - <<std[70759c8f55707aa4]::sys::backtrace::BacktraceLock>::print::DisplayBacktrace as core[df12db4294e9bfd3]::fmt::Display>::fmt
[INFO] [stdout]    1:     0x6063965658ba - core[df12db4294e9bfd3]::fmt::write
[INFO] [stdout]    2:     0x606396554e4c - <alloc[2182bb758b4b3781]::vec::Vec<u8> as core[df12db4294e9bfd3]::io::write::Write>::write_fmt
[INFO] [stdout]    3:     0x606396529946 - std[70759c8f55707aa4]::panicking::default_hook::{closure#0}
[INFO] [stdout]    4:     0x606396546c89 - std[70759c8f55707aa4]::panicking::default_hook
[INFO] [stdout]    5:     0x6063964d21f0 - test[9d35eded1c95d3be]::test_main_inner::<test[9d35eded1c95d3be]::test_main_static::{closure#0}>::{closure#0}
[INFO] [stdout]    6:     0x606396546e42 - std[70759c8f55707aa4]::panicking::panic_with_hook
[INFO] [stdout]    7:     0x6063965299f2 - std[70759c8f55707aa4]::panicking::panic_handler::{closure#0}
[INFO] [stdout]    8:     0x606396522429 - std[70759c8f55707aa4]::sys::backtrace::__rust_end_short_backtrace::<std[70759c8f55707aa4]::panicking::panic_handler::{closure#0}, !>
[INFO] [stdout]    9:     0x60639652a5ed - __rustc[8fa7c3cbc660c2b3]::rust_begin_unwind
[INFO] [stdout]   10:     0x60639656606c - core[df12db4294e9bfd3]::panicking::panic_fmt
[INFO] [stdout]   11:     0x606396507b83 - <assert_cmd[6bbba99e40e81f80]::assert::AssertError>::panic::<assert_cmd[6bbba99e40e81f80]::assert::Assert>
[INFO] [stdout]   12:     0x6063965082c6 - <assert_cmd[6bbba99e40e81f80]::assert::Assert>::success
[INFO] [stdout]   13:     0x6063964c24b1 - <integration[abb66efbdf56ce11]::nq_chunk_size_produces_correct_file_count::{closure#0} as core[df12db4294e9bfd3]::ops::function::FnOnce<()>>::call_once
[INFO] [stdout]   14:     0x6063964c54db - test[9d35eded1c95d3be]::__rust_begin_short_backtrace::<core[df12db4294e9bfd3]::result::Result<(), alloc[2182bb758b4b3781]::string::String>, fn() -> core[df12db4294e9bfd3]::result::Result<(), alloc[2182bb758b4b3781]::string::String>>
[INFO] [stdout]   15:     0x6063964d2b45 - test[9d35eded1c95d3be]::run_test::{closure#0}
[INFO] [stdout]   16:     0x6063964cc404 - std[70759c8f55707aa4]::sys::backtrace::__rust_begin_short_backtrace::<test[9d35eded1c95d3be]::run_test::{closure#1}, ()>
[INFO] [stdout]   17:     0x6063964d5ca2 - <std[70759c8f55707aa4]::thread::lifecycle::spawn_unchecked<test[9d35eded1c95d3be]::run_test::{closure#1}, ()>::{closure#1} as core[df12db4294e9bfd3]::ops::function::FnOnce<()>>::call_once::{shim:vtable#0}
[INFO] [stdout]   18:     0x60639654e7d9 - <std[70759c8f55707aa4]::sys::thread::unix::Thread>::new::thread_start
[INFO] [stdout]   19:     0x75dd2c1b0dfa - <unknown>
[INFO] [stdout]   20:     0x75dd2c2443d4 - clone
[INFO] [stdout]   21:                0x0 - <unknown>
[INFO] [stdout] 
[INFO] [stdout] ---- nt_file_count_single_file stdout ----
[INFO] [stdout] 
[INFO] [stdout] thread 'nt_file_count_single_file' (1518) panicked at /rustc/dfb0accb7f508ae8be965d8629557221c889dd98/library/core/src/ops/function.rs:250:5:
[INFO] [stdout] Unexpected failure.
[INFO] [stdout] code=1
[INFO] [stdout] stderr=``````
[INFO] [stdout] [WARN ] No files matched pattern \'/opt/rustwide/workdir/tests/fixtures/small.nt\'
[INFO] [stdout] [ERROR] RDF parse error: No input files found. Check your patterns or paths.
[INFO] [stdout] ```
[INFO] [stdout] ```
[INFO] [stdout] command=`"/opt/rustwide/target/release/rdfsplitter" "/opt/rustwide/workdir/tests/fixtures/small.nt" "-c" "1" "-o" "/tmp/.tmpTNIv41" "-f"`
[INFO] [stdout] code=1
[INFO] [stdout] stdout=""
[INFO] [stdout] stderr=```
[INFO] [stdout] [WARN ] No files matched pattern \'/opt/rustwide/workdir/tests/fixtures/small.nt\'
[INFO] [stdout] [ERROR] RDF parse error: No input files found. Check your patterns or paths.
[INFO] [stdout] ```
[INFO] [stdout] 
[INFO] [stdout] 
[INFO] [stdout] stack backtrace:
[INFO] [stdout]    0:     0x60639654f2f1 - <<std[70759c8f55707aa4]::sys::backtrace::BacktraceLock>::print::DisplayBacktrace as core[df12db4294e9bfd3]::fmt::Display>::fmt
[INFO] [stdout]    1:     0x6063965658ba - core[df12db4294e9bfd3]::fmt::write
[INFO] [stdout]    2:     0x606396554e4c - <alloc[2182bb758b4b3781]::vec::Vec<u8> as core[df12db4294e9bfd3]::io::write::Write>::write_fmt
[INFO] [stdout]    3:     0x606396529946 - std[70759c8f55707aa4]::panicking::default_hook::{closure#0}
[INFO] [stdout]    4:     0x606396546c89 - std[70759c8f55707aa4]::panicking::default_hook
[INFO] [stdout]    5:     0x6063964d21f0 - test[9d35eded1c95d3be]::test_main_inner::<test[9d35eded1c95d3be]::test_main_static::{closure#0}>::{closure#0}
[INFO] [stdout]    6:     0x606396546e42 - std[70759c8f55707aa4]::panicking::panic_with_hook
[INFO] [stdout]    7:     0x6063965299f2 - std[70759c8f55707aa4]::panicking::panic_handler::{closure#0}
[INFO] [stdout]    8:     0x606396522429 - std[70759c8f55707aa4]::sys::backtrace::__rust_end_short_backtrace::<std[70759c8f55707aa4]::panicking::panic_handler::{closure#0}, !>
[INFO] [stdout]    9:     0x60639652a5ed - __rustc[8fa7c3cbc660c2b3]::rust_begin_unwind
[INFO] [stdout]   10:     0x60639656606c - core[df12db4294e9bfd3]::panicking::panic_fmt
[INFO] [stdout]   11:     0x606396507b83 - <assert_cmd[6bbba99e40e81f80]::assert::AssertError>::panic::<assert_cmd[6bbba99e40e81f80]::assert::Assert>
[INFO] [stdout]   12:     0x6063965082c6 - <assert_cmd[6bbba99e40e81f80]::assert::Assert>::success
[INFO] [stdout]   13:     0x6063964bde31 - <integration[abb66efbdf56ce11]::nt_file_count_single_file::{closure#0} as core[df12db4294e9bfd3]::ops::function::FnOnce<()>>::call_once
[INFO] [stdout]   14:     0x6063964c54db - test[9d35eded1c95d3be]::__rust_begin_short_backtrace::<core[df12db4294e9bfd3]::result::Result<(), alloc[2182bb758b4b3781]::string::String>, fn() -> core[df12db4294e9bfd3]::result::Result<(), alloc[2182bb758b4b3781]::string::String>>
[INFO] [stdout]   15:     0x6063964d2b45 - test[9d35eded1c95d3be]::run_test::{closure#0}
[INFO] [stdout]   16:     0x6063964cc404 - std[70759c8f55707aa4]::sys::backtrace::__rust_begin_short_backtrace::<test[9d35eded1c95d3be]::run_test::{closure#1}, ()>
[INFO] [stdout]   17:     0x6063964d5ca2 - <std[70759c8f55707aa4]::thread::lifecycle::spawn_unchecked<test[9d35eded1c95d3be]::run_test::{closure#1}, ()>::{closure#1} as core[df12db4294e9bfd3]::ops::function::FnOnce<()>>::call_once::{shim:vtable#0}
[INFO] [stdout]   18:     0x60639654e7d9 - <std[70759c8f55707aa4]::sys::thread::unix::Thread>::new::thread_start
[INFO] [stdout]   19:     0x75dd2c1b0dfa - <unknown>
[INFO] [stdout]   20:     0x75dd2c2443d4 - clone
[INFO] [stdout]   21:                0x0 - <unknown>
[INFO] [stdout] 
[INFO] [stdout] ---- force_overwrites_existing_output_files stdout ----
[INFO] [stdout] 
[INFO] [stdout] thread 'force_overwrites_existing_output_files' (1469) panicked at /rustc/dfb0accb7f508ae8be965d8629557221c889dd98/library/core/src/ops/function.rs:250:5:
[INFO] [stdout] Unexpected failure.
[INFO] [stdout] code=1
[INFO] [stdout] stderr=``````
[INFO] [stdout] [WARN ] No files matched pattern \'/opt/rustwide/workdir/tests/fixtures/small.nt\'
[INFO] [stdout] [ERROR] RDF parse error: No input files found. Check your patterns or paths.
[INFO] [stdout] ```
[INFO] [stdout] ```
[INFO] [stdout] command=`"/opt/rustwide/target/release/rdfsplitter" "/opt/rustwide/workdir/tests/fixtures/small.nt" "-n" "10" "-o" "/tmp/.tmpzHiw5N" "-f"`
[INFO] [stdout] code=1
[INFO] [stdout] stdout=""
[INFO] [stdout] stderr=```
[INFO] [stdout] [WARN ] No files matched pattern \'/opt/rustwide/workdir/tests/fixtures/small.nt\'
[INFO] [stdout] [ERROR] RDF parse error: No input files found. Check your patterns or paths.
[INFO] [stdout] ```
[INFO] [stdout] 
[INFO] [stdout] 
[INFO] [stdout] stack backtrace:
[INFO] [stdout]    0:     0x60639654f2f1 - <<std[70759c8f55707aa4]::sys::backtrace::BacktraceLock>::print::DisplayBacktrace as core[df12db4294e9bfd3]::fmt::Display>::fmt
[INFO] [stdout]    1:     0x6063965658ba - core[df12db4294e9bfd3]::fmt::write
[INFO] [stdout]    2:     0x606396554e4c - <alloc[2182bb758b4b3781]::vec::Vec<u8> as core[df12db4294e9bfd3]::io::write::Write>::write_fmt
[INFO] [stdout]    3:     0x606396529946 - std[70759c8f55707aa4]::panicking::default_hook::{closure#0}
[INFO] [stdout]    4:     0x606396546c89 - std[70759c8f55707aa4]::panicking::default_hook
[INFO] [stdout]    5:     0x6063964d21f0 - test[9d35eded1c95d3be]::test_main_inner::<test[9d35eded1c95d3be]::test_main_static::{closure#0}>::{closure#0}
[INFO] [stdout]    6:     0x606396546e42 - std[70759c8f55707aa4]::panicking::panic_with_hook
[INFO] [stdout]    7:     0x6063965299f2 - std[70759c8f55707aa4]::panicking::panic_handler::{closure#0}
[INFO] [stdout]    8:     0x606396522429 - std[70759c8f55707aa4]::sys::backtrace::__rust_end_short_backtrace::<std[70759c8f55707aa4]::panicking::panic_handler::{closure#0}, !>
[INFO] [stdout]    9:     0x60639652a5ed - __rustc[8fa7c3cbc660c2b3]::rust_begin_unwind
[INFO] [stdout]   10:     0x60639656606c - core[df12db4294e9bfd3]::panicking::panic_fmt
[INFO] [stdout]   11:     0x606396507b83 - <assert_cmd[6bbba99e40e81f80]::assert::AssertError>::panic::<assert_cmd[6bbba99e40e81f80]::assert::Assert>
[INFO] [stdout]   12:     0x6063965082c6 - <assert_cmd[6bbba99e40e81f80]::assert::Assert>::success
[INFO] [stdout]   13:     0x6063964c0d39 - <integration[abb66efbdf56ce11]::force_overwrites_existing_output_files::{closure#0} as core[df12db4294e9bfd3]::ops::function::FnOnce<()>>::call_once
[INFO] [stdout]   14:     0x6063964c54db - test[9d35eded1c95d3be]::__rust_begin_short_backtrace::<core[df12db4294e9bfd3]::result::Result<(), alloc[2182bb758b4b3781]::string::String>, fn() -> core[df12db4294e9bfd3]::result::Result<(), alloc[2182bb758b4b3781]::string::String>>
[INFO] [stdout]   15:     0x6063964d2b45 - test[9d35eded1c95d3be]::run_test::{closure#0}
[INFO] [stdout]   16:     0x6063964cc404 - std[70759c8f55707aa4]::sys::backtrace::__rust_begin_short_backtrace::<test[9d35eded1c95d3be]::run_test::{closure#1}, ()>
[INFO] [stdout]   17:     0x6063964d5ca2 - <std[70759c8f55707aa4]::thread::lifecycle::spawn_unchecked<test[9d35eded1c95d3be]::run_test::{closure#1}, ()>::{closure#1} as core[df12db4294e9bfd3]::ops::function::FnOnce<()>>::call_once::{shim:vtable#0}
[INFO] [stdout]   18:     0x60639654e7d9 - <std[70759c8f55707aa4]::sys::thread::unix::Thread>::new::thread_start
[INFO] [stdout]   19:     0x75dd2c1b0dfa - <unknown>
[INFO] [stdout]   20:     0x75dd2c2443d4 - clone
[INFO] [stdout]   21:                0x0 - <unknown>
[INFO] [stdout] 
[INFO] [stdout] ---- force_creates_missing_output_directory stdout ----
[INFO] [stdout] 
[INFO] [stdout] thread 'force_creates_missing_output_directory' (1468) panicked at /rustc/dfb0accb7f508ae8be965d8629557221c889dd98/library/core/src/ops/function.rs:250:5:
[INFO] [stdout] Unexpected failure.
[INFO] [stdout] code=1
[INFO] [stdout] stderr=``````
[INFO] [stdout] [WARN ] No files matched pattern \'/opt/rustwide/workdir/tests/fixtures/small.nt\'
[INFO] [stdout] [ERROR] RDF parse error: No input files found. Check your patterns or paths.
[INFO] [stdout] ```
[INFO] [stdout] ```
[INFO] [stdout] command=`"/opt/rustwide/target/release/rdfsplitter" "/opt/rustwide/workdir/tests/fixtures/small.nt" "-n" "10" "-o" "/tmp/.tmpOv5V88/brand_new_dir" "-f"`
[INFO] [stdout] code=1
[INFO] [stdout] stdout=""
[INFO] [stdout] stderr=```
[INFO] [stdout] [WARN ] No files matched pattern \'/opt/rustwide/workdir/tests/fixtures/small.nt\'
[INFO] [stdout] [ERROR] RDF parse error: No input files found. Check your patterns or paths.
[INFO] [stdout] ```
[INFO] [stdout] 
[INFO] [stdout] 
[INFO] [stdout] stack backtrace:
[INFO] [stdout]    0:     0x60639654f2f1 - <<std[70759c8f55707aa4]::sys::backtrace::BacktraceLock>::print::DisplayBacktrace as core[df12db4294e9bfd3]::fmt::Display>::fmt
[INFO] [stdout]    1:     0x6063965658ba - core[df12db4294e9bfd3]::fmt::write
[INFO] [stdout]    2:     0x606396554e4c - <alloc[2182bb758b4b3781]::vec::Vec<u8> as core[df12db4294e9bfd3]::io::write::Write>::write_fmt
[INFO] [stdout]    3:     0x606396529946 - std[70759c8f55707aa4]::panicking::default_hook::{closure#0}
[INFO] [stdout]    4:     0x606396546c89 - std[70759c8f55707aa4]::panicking::default_hook
[INFO] [stdout]    5:     0x6063964d21f0 - test[9d35eded1c95d3be]::test_main_inner::<test[9d35eded1c95d3be]::test_main_static::{closure#0}>::{closure#0}
[INFO] [stdout]    6:     0x606396546e42 - std[70759c8f55707aa4]::panicking::panic_with_hook
[INFO] [stdout]    7:     0x6063965299f2 - std[70759c8f55707aa4]::panicking::panic_handler::{closure#0}
[INFO] [stdout]    8:     0x606396522429 - std[70759c8f55707aa4]::sys::backtrace::__rust_end_short_backtrace::<std[70759c8f55707aa4]::panicking::panic_handler::{closure#0}, !>
[INFO] [stdout]    9:     0x60639652a5ed - __rustc[8fa7c3cbc660c2b3]::rust_begin_unwind
[INFO] [stdout]   10:     0x60639656606c - core[df12db4294e9bfd3]::panicking::panic_fmt
[INFO] [stdout]   11:     0x606396507b83 - <assert_cmd[6bbba99e40e81f80]::assert::AssertError>::panic::<assert_cmd[6bbba99e40e81f80]::assert::Assert>
[INFO] [stdout]   12:     0x6063965082c6 - <assert_cmd[6bbba99e40e81f80]::assert::Assert>::success
[INFO] [stdout]   13:     0x6063964c091f - <integration[abb66efbdf56ce11]::force_creates_missing_output_directory::{closure#0} as core[df12db4294e9bfd3]::ops::function::FnOnce<()>>::call_once
[INFO] [stdout]   14:     0x6063964c54db - test[9d35eded1c95d3be]::__rust_begin_short_backtrace::<core[df12db4294e9bfd3]::result::Result<(), alloc[2182bb758b4b3781]::string::String>, fn() -> core[df12db4294e9bfd3]::result::Result<(), alloc[2182bb758b4b3781]::string::String>>
[INFO] [stdout]   15:     0x6063964d2b45 - test[9d35eded1c95d3be]::run_test::{closure#0}
[INFO] [stdout]   16:     0x6063964cc404 - std[70759c8f55707aa4]::sys::backtrace::__rust_begin_short_backtrace::<test[9d35eded1c95d3be]::run_test::{closure#1}, ()>
[INFO] [stdout]   17:     0x6063964d5ca2 - <std[70759c8f55707aa4]::thread::lifecycle::spawn_unchecked<test[9d35eded1c95d3be]::run_test::{closure#1}, ()>::{closure#1} as core[df12db4294e9bfd3]::ops::function::FnOnce<()>>::call_once::{shim:vtable#0}
[INFO] [stdout]   18:     0x60639654e7d9 - <std[70759c8f55707aa4]::sys::thread::unix::Thread>::new::thread_start
[INFO] [stdout]   19:     0x75dd2c1b0dfa - <unknown>
[INFO] [stdout]   20:     0x75dd2c2443d4 - clone
[INFO] [stdout]   21:                0x0 - <unknown>
[INFO] [stdout] 
[INFO] [stdout] ---- nt_chunk_size_produces_correct_file_count stdout ----
[INFO] [stdout] 
[INFO] [stdout] thread 'nt_chunk_size_produces_correct_file_count' (1511) panicked at /rustc/dfb0accb7f508ae8be965d8629557221c889dd98/library/core/src/ops/function.rs:250:5:
[INFO] [stdout] Unexpected failure.
[INFO] [stdout] code=1
[INFO] [stdout] stderr=``````
[INFO] [stderr] error: test failed, to rerun pass `--test integration`
[INFO] [stdout] [WARN ] No files matched pattern \'/opt/rustwide/workdir/tests/fixtures/small.nt\'
[INFO] [stdout] [ERROR] RDF parse error: No input files found. Check your patterns or paths.
[INFO] [stdout] ```
[INFO] [stdout] ```
[INFO] [stdout] command=`"/opt/rustwide/target/release/rdfsplitter" "/opt/rustwide/workdir/tests/fixtures/small.nt" "-n" "3" "-o" "/tmp/.tmpUf49pt" "-f"`
[INFO] [stdout] code=1
[INFO] [stdout] stdout=""
[INFO] [stdout] stderr=```
[INFO] [stdout] [WARN ] No files matched pattern \'/opt/rustwide/workdir/tests/fixtures/small.nt\'
[INFO] [stdout] [ERROR] RDF parse error: No input files found. Check your patterns or paths.
[INFO] [stdout] ```
[INFO] [stdout] 
[INFO] [stdout] 
[INFO] [stdout] stack backtrace:
[INFO] [stdout]    0:     0x60639654f2f1 - <<std[70759c8f55707aa4]::sys::backtrace::BacktraceLock>::print::DisplayBacktrace as core[df12db4294e9bfd3]::fmt::Display>::fmt
[INFO] [stdout]    1:     0x6063965658ba - core[df12db4294e9bfd3]::fmt::write
[INFO] [stdout]    2:     0x606396554e4c - <alloc[2182bb758b4b3781]::vec::Vec<u8> as core[df12db4294e9bfd3]::io::write::Write>::write_fmt
[INFO] [stdout]    3:     0x606396529946 - std[70759c8f55707aa4]::panicking::default_hook::{closure#0}
[INFO] [stdout]    4:     0x606396546c89 - std[70759c8f55707aa4]::panicking::default_hook
[INFO] [stdout]    5:     0x6063964d21f0 - test[9d35eded1c95d3be]::test_main_inner::<test[9d35eded1c95d3be]::test_main_static::{closure#0}>::{closure#0}
[INFO] [stdout]    6:     0x606396546e42 - std[70759c8f55707aa4]::panicking::panic_with_hook
[INFO] [stdout]    7:     0x6063965299f2 - std[70759c8f55707aa4]::panicking::panic_handler::{closure#0}
[INFO] [stdout]    8:     0x606396522429 - std[70759c8f55707aa4]::sys::backtrace::__rust_end_short_backtrace::<std[70759c8f55707aa4]::panicking::panic_handler::{closure#0}, !>
[INFO] [stdout]    9:     0x60639652a5ed - __rustc[8fa7c3cbc660c2b3]::rust_begin_unwind
[INFO] [stdout]   10:     0x60639656606c - core[df12db4294e9bfd3]::panicking::panic_fmt
[INFO] [stdout]   11:     0x606396507b83 - <assert_cmd[6bbba99e40e81f80]::assert::AssertError>::panic::<assert_cmd[6bbba99e40e81f80]::assert::Assert>
[INFO] [stdout]   12:     0x6063965082c6 - <assert_cmd[6bbba99e40e81f80]::assert::Assert>::success
[INFO] [stdout]   13:     0x6063964c2871 - <integration[abb66efbdf56ce11]::nt_chunk_size_produces_correct_file_count::{closure#0} as core[df12db4294e9bfd3]::ops::function::FnOnce<()>>::call_once
[INFO] [stdout]   14:     0x6063964c54db - test[9d35eded1c95d3be]::__rust_begin_short_backtrace::<core[df12db4294e9bfd3]::result::Result<(), alloc[2182bb758b4b3781]::string::String>, fn() -> core[df12db4294e9bfd3]::result::Result<(), alloc[2182bb758b4b3781]::string::String>>
[INFO] [stdout]   15:     0x6063964d2b45 - test[9d35eded1c95d3be]::run_test::{closure#0}
[INFO] [stdout]   16:     0x6063964cc404 - std[70759c8f55707aa4]::sys::backtrace::__rust_begin_short_backtrace::<test[9d35eded1c95d3be]::run_test::{closure#1}, ()>
[INFO] [stdout]   17:     0x6063964d5ca2 - <std[70759c8f55707aa4]::thread::lifecycle::spawn_unchecked<test[9d35eded1c95d3be]::run_test::{closure#1}, ()>::{closure#1} as core[df12db4294e9bfd3]::ops::function::FnOnce<()>>::call_once::{shim:vtable#0}
[INFO] [stdout]   18:     0x60639654e7d9 - <std[70759c8f55707aa4]::sys::thread::unix::Thread>::new::thread_start
[INFO] [stdout]   19:     0x75dd2c1b0dfa - <unknown>
[INFO] [stdout]   20:     0x75dd2c2443d4 - clone
[INFO] [stdout]   21:                0x0 - <unknown>
[INFO] [stdout] 
[INFO] [stdout] ---- nt_file_count_produces_correct_file_count stdout ----
[INFO] [stdout] 
[INFO] [stdout] thread 'nt_file_count_produces_correct_file_count' (1513) panicked at /rustc/dfb0accb7f508ae8be965d8629557221c889dd98/library/core/src/ops/function.rs:250:5:
[INFO] [stdout] Unexpected failure.
[INFO] [stdout] code=1
[INFO] [stdout] stderr=``````
[INFO] [stdout] [WARN ] No files matched pattern \'/opt/rustwide/workdir/tests/fixtures/small.nt\'
[INFO] [stdout] [ERROR] RDF parse error: No input files found. Check your patterns or paths.
[INFO] [stdout] ```
[INFO] [stdout] ```
[INFO] [stdout] command=`"/opt/rustwide/target/release/rdfsplitter" "/opt/rustwide/workdir/tests/fixtures/small.nt" "-c" "2" "-o" "/tmp/.tmporAPnm" "-f"`
[INFO] [stdout] code=1
[INFO] [stdout] stdout=""
[INFO] [stdout] stderr=```
[INFO] [stdout] [WARN ] No files matched pattern \'/opt/rustwide/workdir/tests/fixtures/small.nt\'
[INFO] [stdout] [ERROR] RDF parse error: No input files found. Check your patterns or paths.
[INFO] [stdout] ```
[INFO] [stdout] 
[INFO] [stdout] 
[INFO] [stdout] stack backtrace:
[INFO] [stdout]    0:     0x60639654f2f1 - <<std[70759c8f55707aa4]::sys::backtrace::BacktraceLock>::print::DisplayBacktrace as core[df12db4294e9bfd3]::fmt::Display>::fmt
[INFO] [stdout]    1:     0x6063965658ba - core[df12db4294e9bfd3]::fmt::write
[INFO] [stdout]    2:     0x606396554e4c - <alloc[2182bb758b4b3781]::vec::Vec<u8> as core[df12db4294e9bfd3]::io::write::Write>::write_fmt
[INFO] [stdout]    3:     0x606396529946 - std[70759c8f55707aa4]::panicking::default_hook::{closure#0}
[INFO] [stdout]    4:     0x606396546c89 - std[70759c8f55707aa4]::panicking::default_hook
[INFO] [stdout]    5:     0x6063964d21f0 - test[9d35eded1c95d3be]::test_main_inner::<test[9d35eded1c95d3be]::test_main_static::{closure#0}>::{closure#0}
[INFO] [stdout]    6:     0x606396546e42 - std[70759c8f55707aa4]::panicking::panic_with_hook
[INFO] [stdout]    7:     0x6063965299f2 - std[70759c8f55707aa4]::panicking::panic_handler::{closure#0}
[INFO] [stdout]    8:     0x606396522429 - std[70759c8f55707aa4]::sys::backtrace::__rust_end_short_backtrace::<std[70759c8f55707aa4]::panicking::panic_handler::{closure#0}, !>
[INFO] [stdout]    9:     0x60639652a5ed - __rustc[8fa7c3cbc660c2b3]::rust_begin_unwind
[INFO] [stdout]   10:     0x60639656606c - core[df12db4294e9bfd3]::panicking::panic_fmt
[INFO] [stdout]   11:     0x606396507b83 - <assert_cmd[6bbba99e40e81f80]::assert::AssertError>::panic::<assert_cmd[6bbba99e40e81f80]::assert::Assert>
[INFO] [stdout]   12:     0x6063965082c6 - <assert_cmd[6bbba99e40e81f80]::assert::Assert>::success
[INFO] [stdout]   13:     0x6063964c2c31 - <integration[abb66efbdf56ce11]::nt_file_count_produces_correct_file_count::{closure#0} as core[df12db4294e9bfd3]::ops::function::FnOnce<()>>::call_once
[INFO] [stdout]   14:     0x6063964c54db - test[9d35eded1c95d3be]::__rust_begin_short_backtrace::<core[df12db4294e9bfd3]::result::Result<(), alloc[2182bb758b4b3781]::string::String>, fn() -> core[df12db4294e9bfd3]::result::Result<(), alloc[2182bb758b4b3781]::string::String>>
[INFO] [stdout]   15:     0x6063964d2b45 - test[9d35eded1c95d3be]::run_test::{closure#0}
[INFO] [stdout]   16:     0x6063964cc404 - std[70759c8f55707aa4]::sys::backtrace::__rust_begin_short_backtrace::<test[9d35eded1c95d3be]::run_test::{closure#1}, ()>
[INFO] [stdout]   17:     0x6063964d5ca2 - <std[70759c8f55707aa4]::thread::lifecycle::spawn_unchecked<test[9d35eded1c95d3be]::run_test::{closure#1}, ()>::{closure#1} as core[df12db4294e9bfd3]::ops::function::FnOnce<()>>::call_once::{shim:vtable#0}
[INFO] [stdout]   18:     0x60639654e7d9 - <std[70759c8f55707aa4]::sys::thread::unix::Thread>::new::thread_start
[INFO] [stdout]   19:     0x75dd2c1b0dfa - <unknown>
[INFO] [stdout]   20:     0x75dd2c2443d4 - clone
[INFO] [stdout]   21:                0x0 - <unknown>
[INFO] [stdout] 
[INFO] [stdout] ---- jsonld_output_files_have_jsonld_extension stdout ----
[INFO] [stdout] 
[INFO] [stdout] thread 'jsonld_output_files_have_jsonld_extension' (1473) panicked at /rustc/dfb0accb7f508ae8be965d8629557221c889dd98/library/core/src/ops/function.rs:250:5:
[INFO] [stdout] Unexpected failure.
[INFO] [stdout] code=1
[INFO] [stdout] stderr=``````
[INFO] [stdout] [WARN ] No files matched pattern \'/opt/rustwide/workdir/tests/fixtures/small.jsonld\'
[INFO] [stdout] [ERROR] RDF parse error: No input files found. Check your patterns or paths.
[INFO] [stdout] ```
[INFO] [stdout] ```
[INFO] [stdout] command=`"/opt/rustwide/target/release/rdfsplitter" "/opt/rustwide/workdir/tests/fixtures/small.jsonld" "-n" "10" "-o" "/tmp/.tmpYwRDjP" "-f"`
[INFO] [stdout] code=1
[INFO] [stdout] stdout=""
[INFO] [stdout] stderr=```
[INFO] [stdout] [WARN ] No files matched pattern \'/opt/rustwide/workdir/tests/fixtures/small.jsonld\'
[INFO] [stdout] [ERROR] RDF parse error: No input files found. Check your patterns or paths.
[INFO] [stdout] ```
[INFO] [stdout] 
[INFO] [stdout] 
[INFO] [stdout] stack backtrace:
[INFO] [stdout]    0:     0x60639654f2f1 - <<std[70759c8f55707aa4]::sys::backtrace::BacktraceLock>::print::DisplayBacktrace as core[df12db4294e9bfd3]::fmt::Display>::fmt
[INFO] [stdout]    1:     0x6063965658ba - core[df12db4294e9bfd3]::fmt::write
[INFO] [stdout]    2:     0x606396554e4c - <alloc[2182bb758b4b3781]::vec::Vec<u8> as core[df12db4294e9bfd3]::io::write::Write>::write_fmt
[INFO] [stdout]    3:     0x606396529946 - std[70759c8f55707aa4]::panicking::default_hook::{closure#0}
[INFO] [stdout]    4:     0x606396546c89 - std[70759c8f55707aa4]::panicking::default_hook
[INFO] [stdout]    5:     0x6063964d21f0 - test[9d35eded1c95d3be]::test_main_inner::<test[9d35eded1c95d3be]::test_main_static::{closure#0}>::{closure#0}
[INFO] [stdout]    6:     0x606396546e42 - std[70759c8f55707aa4]::panicking::panic_with_hook
[INFO] [stdout]    7:     0x6063965299f2 - std[70759c8f55707aa4]::panicking::panic_handler::{closure#0}
[INFO] [stdout]    8:     0x606396522429 - std[70759c8f55707aa4]::sys::backtrace::__rust_end_short_backtrace::<std[70759c8f55707aa4]::panicking::panic_handler::{closure#0}, !>
[INFO] [stdout]    9:     0x60639652a5ed - __rustc[8fa7c3cbc660c2b3]::rust_begin_unwind
[INFO] [stdout]   10:     0x60639656606c - core[df12db4294e9bfd3]::panicking::panic_fmt
[INFO] [stdout]   11:     0x606396507b83 - <assert_cmd[6bbba99e40e81f80]::assert::AssertError>::panic::<assert_cmd[6bbba99e40e81f80]::assert::Assert>
[INFO] [stdout]   12:     0x6063965082c6 - <assert_cmd[6bbba99e40e81f80]::assert::Assert>::success
[INFO] [stdout]   13:     0x6063964c1ce2 - <integration[abb66efbdf56ce11]::jsonld_output_files_have_jsonld_extension::{closure#0} as core[df12db4294e9bfd3]::ops::function::FnOnce<()>>::call_once
[INFO] [stdout]   14:     0x6063964c54db - test[9d35eded1c95d3be]::__rust_begin_short_backtrace::<core[df12db4294e9bfd3]::result::Result<(), alloc[2182bb758b4b3781]::string::String>, fn() -> core[df12db4294e9bfd3]::result::Result<(), alloc[2182bb758b4b3781]::string::String>>
[INFO] [stdout]   15:     0x6063964d2b45 - test[9d35eded1c95d3be]::run_test::{closure#0}
[INFO] [stdout]   16:     0x6063964cc404 - std[70759c8f55707aa4]::sys::backtrace::__rust_begin_short_backtrace::<test[9d35eded1c95d3be]::run_test::{closure#1}, ()>
[INFO] [stdout]   17:     0x6063964d5ca2 - <std[70759c8f55707aa4]::thread::lifecycle::spawn_unchecked<test[9d35eded1c95d3be]::run_test::{closure#1}, ()>::{closure#1} as core[df12db4294e9bfd3]::ops::function::FnOnce<()>>::call_once::{shim:vtable#0}
[INFO] [stdout]   18:     0x60639654e7d9 - <std[70759c8f55707aa4]::sys::thread::unix::Thread>::new::thread_start
[INFO] [stdout]   19:     0x75dd2c1b0dfa - <unknown>
[INFO] [stdout]   20:     0x75dd2c2443d4 - clone
[INFO] [stdout]   21:                0x0 - <unknown>
[INFO] [stdout] 
[INFO] [stdout] ---- nt_output_files_have_nt_extension stdout ----
[INFO] [stdout] 
[INFO] [stdout] thread 'nt_output_files_have_nt_extension' (1534) panicked at /rustc/dfb0accb7f508ae8be965d8629557221c889dd98/library/core/src/ops/function.rs:250:5:
[INFO] [stdout] Unexpected failure.
[INFO] [stdout] code=1
[INFO] [stdout] stderr=``````
[INFO] [stdout] [WARN ] No files matched pattern \'/opt/rustwide/workdir/tests/fixtures/small.nt\'
[INFO] [stdout] [ERROR] RDF parse error: No input files found. Check your patterns or paths.
[INFO] [stdout] ```
[INFO] [stdout] ```
[INFO] [stdout] command=`"/opt/rustwide/target/release/rdfsplitter" "/opt/rustwide/workdir/tests/fixtures/small.nt" "-n" "10" "-o" "/tmp/.tmpwx1I6T" "-f"`
[INFO] [stdout] code=1
[INFO] [stdout] stdout=""
[INFO] [stdout] stderr=```
[INFO] [stdout] [WARN ] No files matched pattern \'/opt/rustwide/workdir/tests/fixtures/small.nt\'
[INFO] [stdout] [ERROR] RDF parse error: No input files found. Check your patterns or paths.
[INFO] [stdout] ```
[INFO] [stdout] 
[INFO] [stdout] 
[INFO] [stdout] stack backtrace:
[INFO] [stdout]    0:     0x60639654f2f1 - <<std[70759c8f55707aa4]::sys::backtrace::BacktraceLock>::print::DisplayBacktrace as core[df12db4294e9bfd3]::fmt::Display>::fmt
[INFO] [stdout]    1:     0x6063965658ba - core[df12db4294e9bfd3]::fmt::write
[INFO] [stdout]    2:     0x606396554e4c - <alloc[2182bb758b4b3781]::vec::Vec<u8> as core[df12db4294e9bfd3]::io::write::Write>::write_fmt
[INFO] [stdout]    3:     0x606396529946 - std[70759c8f55707aa4]::panicking::default_hook::{closure#0}
[INFO] [stdout]    4:     0x606396546c89 - std[70759c8f55707aa4]::panicking::default_hook
[INFO] [stdout]    5:     0x6063964d21f0 - test[9d35eded1c95d3be]::test_main_inner::<test[9d35eded1c95d3be]::test_main_static::{closure#0}>::{closure#0}
[INFO] [stdout]    6:     0x606396546e42 - std[70759c8f55707aa4]::panicking::panic_with_hook
[INFO] [stdout]    7:     0x6063965299f2 - std[70759c8f55707aa4]::panicking::panic_handler::{closure#0}
[INFO] [stdout]    8:     0x606396522429 - std[70759c8f55707aa4]::sys::backtrace::__rust_end_short_backtrace::<std[70759c8f55707aa4]::panicking::panic_handler::{closure#0}, !>
[INFO] [stdout]    9:     0x60639652a5ed - __rustc[8fa7c3cbc660c2b3]::rust_begin_unwind
[INFO] [stdout]   10:     0x60639656606c - core[df12db4294e9bfd3]::panicking::panic_fmt
[INFO] [stdout]   11:     0x606396507b83 - <assert_cmd[6bbba99e40e81f80]::assert::AssertError>::panic::<assert_cmd[6bbba99e40e81f80]::assert::Assert>
[INFO] [stdout]   12:     0x6063965082c6 - <assert_cmd[6bbba99e40e81f80]::assert::Assert>::success
[INFO] [stdout]   13:     0x6063964bf602 - <integration[abb66efbdf56ce11]::nt_output_files_have_nt_extension::{closure#0} as core[df12db4294e9bfd3]::ops::function::FnOnce<()>>::call_once
[INFO] [stdout]   14:     0x6063964c54db - test[9d35eded1c95d3be]::__rust_begin_short_backtrace::<core[df12db4294e9bfd3]::result::Result<(), alloc[2182bb758b4b3781]::string::String>, fn() -> core[df12db4294e9bfd3]::result::Result<(), alloc[2182bb758b4b3781]::string::String>>
[INFO] [stdout]   15:     0x6063964d2b45 - test[9d35eded1c95d3be]::run_test::{closure#0}
[INFO] [stdout]   16:     0x6063964cc404 - std[70759c8f55707aa4]::sys::backtrace::__rust_begin_short_backtrace::<test[9d35eded1c95d3be]::run_test::{closure#1}, ()>
[INFO] [stdout]   17:     0x6063964d5ca2 - <std[70759c8f55707aa4]::thread::lifecycle::spawn_unchecked<test[9d35eded1c95d3be]::run_test::{closure#1}, ()>::{closure#1} as core[df12db4294e9bfd3]::ops::function::FnOnce<()>>::call_once::{shim:vtable#0}
[INFO] [stdout]   18:     0x60639654e7d9 - <std[70759c8f55707aa4]::sys::thread::unix::Thread>::new::thread_start
[INFO] [stdout]   19:     0x75dd2c1b0dfa - <unknown>
[INFO] [stdout]   20:     0x75dd2c2443d4 - clone
[INFO] [stdout]   21:                0x0 - <unknown>
[INFO] [stdout] 
[INFO] [stdout] ---- nq_output_files_have_nq_extension stdout ----
[INFO] [stdout] 
[INFO] [stdout] thread 'nq_output_files_have_nq_extension' (1510) panicked at /rustc/dfb0accb7f508ae8be965d8629557221c889dd98/library/core/src/ops/function.rs:250:5:
[INFO] [stdout] Unexpected failure.
[INFO] [stdout] code=1
[INFO] [stdout] stderr=``````
[INFO] [stdout] [WARN ] No files matched pattern \'/opt/rustwide/workdir/tests/fixtures/small.nq\'
[INFO] [stdout] [ERROR] RDF parse error: No input files found. Check your patterns or paths.
[INFO] [stdout] ```
[INFO] [stdout] ```
[INFO] [stdout] command=`"/opt/rustwide/target/release/rdfsplitter" "/opt/rustwide/workdir/tests/fixtures/small.nq" "-n" "10" "-o" "/tmp/.tmpi2rprB" "-f"`
[INFO] [stdout] code=1
[INFO] [stdout] stdout=""
[INFO] [stdout] stderr=```
[INFO] [stdout] [WARN ] No files matched pattern \'/opt/rustwide/workdir/tests/fixtures/small.nq\'
[INFO] [stdout] [ERROR] RDF parse error: No input files found. Check your patterns or paths.
[INFO] [stdout] ```
[INFO] [stdout] 
[INFO] [stdout] 
[INFO] [stdout] stack backtrace:
[INFO] [stdout]    0:     0x60639654f2f1 - <<std[70759c8f55707aa4]::sys::backtrace::BacktraceLock>::print::DisplayBacktrace as core[df12db4294e9bfd3]::fmt::Display>::fmt
[INFO] [stdout]    1:     0x6063965658ba - core[df12db4294e9bfd3]::fmt::write
[INFO] [stdout]    2:     0x606396554e4c - <alloc[2182bb758b4b3781]::vec::Vec<u8> as core[df12db4294e9bfd3]::io::write::Write>::write_fmt
[INFO] [stdout]    3:     0x606396529946 - std[70759c8f55707aa4]::panicking::default_hook::{closure#0}
[INFO] [stdout]    4:     0x606396546c89 - std[70759c8f55707aa4]::panicking::default_hook
[INFO] [stdout]    5:     0x6063964d21f0 - test[9d35eded1c95d3be]::test_main_inner::<test[9d35eded1c95d3be]::test_main_static::{closure#0}>::{closure#0}
[INFO] [stdout]    6:     0x606396546e42 - std[70759c8f55707aa4]::panicking::panic_with_hook
[INFO] [stdout]    7:     0x6063965299f2 - std[70759c8f55707aa4]::panicking::panic_handler::{closure#0}
[INFO] [stdout]    8:     0x606396522429 - std[70759c8f55707aa4]::sys::backtrace::__rust_end_short_backtrace::<std[70759c8f55707aa4]::panicking::panic_handler::{closure#0}, !>
[INFO] [stdout]    9:     0x60639652a5ed - __rustc[8fa7c3cbc660c2b3]::rust_begin_unwind
[INFO] [stdout]   10:     0x60639656606c - core[df12db4294e9bfd3]::panicking::panic_fmt
[INFO] [stdout]   11:     0x606396507b83 - <assert_cmd[6bbba99e40e81f80]::assert::AssertError>::panic::<assert_cmd[6bbba99e40e81f80]::assert::Assert>
[INFO] [stdout]   12:     0x6063965082c6 - <assert_cmd[6bbba99e40e81f80]::assert::Assert>::success
[INFO] [stdout]   13:     0x6063964bf112 - <integration[abb66efbdf56ce11]::nq_output_files_have_nq_extension::{closure#0} as core[df12db4294e9bfd3]::ops::function::FnOnce<()>>::call_once
[INFO] [stdout]   14:     0x6063964c54db - test[9d35eded1c95d3be]::__rust_begin_short_backtrace::<core[df12db4294e9bfd3]::result::Result<(), alloc[2182bb758b4b3781]::string::String>, fn() -> core[df12db4294e9bfd3]::result::Result<(), alloc[2182bb758b4b3781]::string::String>>
[INFO] [stdout]   15:     0x6063964d2b45 - test[9d35eded1c95d3be]::run_test::{closure#0}
[INFO] [stdout]   16:     0x6063964cc404 - std[70759c8f55707aa4]::sys::backtrace::__rust_begin_short_backtrace::<test[9d35eded1c95d3be]::run_test::{closure#1}, ()>
[INFO] [stdout]   17:     0x6063964d5ca2 - <std[70759c8f55707aa4]::thread::lifecycle::spawn_unchecked<test[9d35eded1c95d3be]::run_test::{closure#1}, ()>::{closure#1} as core[df12db4294e9bfd3]::ops::function::FnOnce<()>>::call_once::{shim:vtable#0}
[INFO] [stdout]   18:     0x60639654e7d9 - <std[70759c8f55707aa4]::sys::thread::unix::Thread>::new::thread_start
[INFO] [stdout]   19:     0x75dd2c1b0dfa - <unknown>
[INFO] [stdout]   20:     0x75dd2c2443d4 - clone
[INFO] [stdout]   21:                0x0 - <unknown>
[INFO] [stdout] 
[INFO] [stdout] ---- recursive_finds_nt_files_in_subdirectory stdout ----
[INFO] [stdout] 
[INFO] [stdout] thread 'recursive_finds_nt_files_in_subdirectory' (1543) panicked at /rustc/dfb0accb7f508ae8be965d8629557221c889dd98/library/core/src/ops/function.rs:250:5:
[INFO] [stdout] Unexpected failure.
[INFO] [stdout] code=1
[INFO] [stdout] stderr=``````
[INFO] [stdout] [WARN ] No files matched pattern \'/opt/rustwide/workdir/tests/fixtures\'
[INFO] [stdout] [ERROR] RDF parse error: No input files found. Check your patterns or paths.
[INFO] [stdout] ```
[INFO] [stdout] ```
[INFO] [stdout] command=`"/opt/rustwide/target/release/rdfsplitter" "/opt/rustwide/workdir/tests/fixtures" "-r" "-n" "100" "-o" "/tmp/.tmp9GkP8E" "-f"`
[INFO] [stdout] code=1
[INFO] [stdout] stdout=""
[INFO] [stdout] stderr=```
[INFO] [stdout] [WARN ] No files matched pattern \'/opt/rustwide/workdir/tests/fixtures\'
[INFO] [stdout] [ERROR] RDF parse error: No input files found. Check your patterns or paths.
[INFO] [stdout] ```
[INFO] [stdout] 
[INFO] [stdout] 
[INFO] [stdout] stack backtrace:
[INFO] [stdout]    0:     0x60639654f2f1 - <<std[70759c8f55707aa4]::sys::backtrace::BacktraceLock>::print::DisplayBacktrace as core[df12db4294e9bfd3]::fmt::Display>::fmt
[INFO] [stdout]    1:     0x6063965658ba - core[df12db4294e9bfd3]::fmt::write
[INFO] [stdout]    2:     0x606396554e4c - <alloc[2182bb758b4b3781]::vec::Vec<u8> as core[df12db4294e9bfd3]::io::write::Write>::write_fmt
[INFO] [stdout]    3:     0x606396529946 - std[70759c8f55707aa4]::panicking::default_hook::{closure#0}
[INFO] [stdout]    4:     0x606396546c89 - std[70759c8f55707aa4]::panicking::default_hook
[INFO] [stdout]    5:     0x6063964d21f0 - test[9d35eded1c95d3be]::test_main_inner::<test[9d35eded1c95d3be]::test_main_static::{closure#0}>::{closure#0}
[INFO] [stdout]    6:     0x606396546e42 - std[70759c8f55707aa4]::panicking::panic_with_hook
[INFO] [stdout]    7:     0x6063965299f2 - std[70759c8f55707aa4]::panicking::panic_handler::{closure#0}
[INFO] [stdout]    8:     0x606396522429 - std[70759c8f55707aa4]::sys::backtrace::__rust_end_short_backtrace::<std[70759c8f55707aa4]::panicking::panic_handler::{closure#0}, !>
[INFO] [stdout]    9:     0x60639652a5ed - __rustc[8fa7c3cbc660c2b3]::rust_begin_unwind
[INFO] [stdout]   10:     0x60639656606c - core[df12db4294e9bfd3]::panicking::panic_fmt
[INFO] [stdout]   11:     0x606396507b83 - <assert_cmd[6bbba99e40e81f80]::assert::AssertError>::panic::<assert_cmd[6bbba99e40e81f80]::assert::Assert>
[INFO] [stdout]   12:     0x6063965082c6 - <assert_cmd[6bbba99e40e81f80]::assert::Assert>::success
[INFO] [stdout]   13:     0x6063964c1855 - <integration[abb66efbdf56ce11]::recursive_finds_nt_files_in_subdirectory::{closure#0} as core[df12db4294e9bfd3]::ops::function::FnOnce<()>>::call_once
[INFO] [stdout]   14:     0x6063964c54db - test[9d35eded1c95d3be]::__rust_begin_short_backtrace::<core[df12db4294e9bfd3]::result::Result<(), alloc[2182bb758b4b3781]::string::String>, fn() -> core[df12db4294e9bfd3]::result::Result<(), alloc[2182bb758b4b3781]::string::String>>
[INFO] [stdout]   15:     0x6063964d2b45 - test[9d35eded1c95d3be]::run_test::{closure#0}
[INFO] [stdout]   16:     0x6063964cc404 - std[70759c8f55707aa4]::sys::backtrace::__rust_begin_short_backtrace::<test[9d35eded1c95d3be]::run_test::{closure#1}, ()>
[INFO] [stdout]   17:     0x6063964d5ca2 - <std[70759c8f55707aa4]::thread::lifecycle::spawn_unchecked<test[9d35eded1c95d3be]::run_test::{closure#1}, ()>::{closure#1} as core[df12db4294e9bfd3]::ops::function::FnOnce<()>>::call_once::{shim:vtable#0}
[INFO] [stdout]   18:     0x60639654e7d9 - <std[70759c8f55707aa4]::sys::thread::unix::Thread>::new::thread_start
[INFO] [stdout]   19:     0x75dd2c1b0dfa - <unknown>
[INFO] [stdout]   20:     0x75dd2c2443d4 - clone
[INFO] [stdout]   21:                0x0 - <unknown>
[INFO] [stdout] 
[INFO] [stdout] ---- trig_chunk_size_produces_correct_file_count stdout ----
[INFO] [stdout] 
[INFO] [stdout] thread 'trig_chunk_size_produces_correct_file_count' (1545) panicked at /rustc/dfb0accb7f508ae8be965d8629557221c889dd98/library/core/src/ops/function.rs:250:5:
[INFO] [stdout] Unexpected failure.
[INFO] [stdout] code=1
[INFO] [stdout] stderr=``````
[INFO] [stdout] [WARN ] No files matched pattern \'/opt/rustwide/workdir/tests/fixtures/small.trig\'
[INFO] [stdout] [ERROR] RDF parse error: No input files found. Check your patterns or paths.
[INFO] [stdout] ```
[INFO] [stdout] ```
[INFO] [stdout] command=`"/opt/rustwide/target/release/rdfsplitter" "/opt/rustwide/workdir/tests/fixtures/small.trig" "-n" "3" "-o" "/tmp/.tmpw03V6u" "-f"`
[INFO] [stdout] code=1
[INFO] [stdout] stdout=""
[INFO] [stdout] stderr=```
[INFO] [stdout] [WARN ] No files matched pattern \'/opt/rustwide/workdir/tests/fixtures/small.trig\'
[INFO] [stdout] [ERROR] RDF parse error: No input files found. Check your patterns or paths.
[INFO] [stdout] ```
[INFO] [stdout] 
[INFO] [stdout] 
[INFO] [stdout] stack backtrace:
[INFO] [stdout]    0:     0x60639654f2f1 - <<std[70759c8f55707aa4]::sys::backtrace::BacktraceLock>::print::DisplayBacktrace as core[df12db4294e9bfd3]::fmt::Display>::fmt
[INFO] [stdout]    1:     0x6063965658ba - core[df12db4294e9bfd3]::fmt::write
[INFO] [stdout]    2:     0x606396554e4c - <alloc[2182bb758b4b3781]::vec::Vec<u8> as core[df12db4294e9bfd3]::io::write::Write>::write_fmt
[INFO] [stdout]    3:     0x606396529946 - std[70759c8f55707aa4]::panicking::default_hook::{closure#0}
[INFO] [stdout]    4:     0x606396546c89 - std[70759c8f55707aa4]::panicking::default_hook
[INFO] [stdout]    5:     0x6063964d21f0 - test[9d35eded1c95d3be]::test_main_inner::<test[9d35eded1c95d3be]::test_main_static::{closure#0}>::{closure#0}
[INFO] [stdout]    6:     0x606396546e42 - std[70759c8f55707aa4]::panicking::panic_with_hook
[INFO] [stdout]    7:     0x6063965299f2 - std[70759c8f55707aa4]::panicking::panic_handler::{closure#0}
[INFO] [stdout]    8:     0x606396522429 - std[70759c8f55707aa4]::sys::backtrace::__rust_end_short_backtrace::<std[70759c8f55707aa4]::panicking::panic_handler::{closure#0}, !>
[INFO] [stdout]    9:     0x60639652a5ed - __rustc[8fa7c3cbc660c2b3]::rust_begin_unwind
[INFO] [stdout]   10:     0x60639656606c - core[df12db4294e9bfd3]::panicking::panic_fmt
[INFO] [stdout]   11:     0x606396507b83 - <assert_cmd[6bbba99e40e81f80]::assert::AssertError>::panic::<assert_cmd[6bbba99e40e81f80]::assert::Assert>
[INFO] [stdout]   12:     0x6063965082c6 - <assert_cmd[6bbba99e40e81f80]::assert::Assert>::success
[INFO] [stdout]   13:     0x6063964c3cb1 - <integration[abb66efbdf56ce11]::trig_chunk_size_produces_correct_file_count::{closure#0} as core[df12db4294e9bfd3]::ops::function::FnOnce<()>>::call_once
[INFO] [stdout]   14:     0x6063964c54db - test[9d35eded1c95d3be]::__rust_begin_short_backtrace::<core[df12db4294e9bfd3]::result::Result<(), alloc[2182bb758b4b3781]::string::String>, fn() -> core[df12db4294e9bfd3]::result::Result<(), alloc[2182bb758b4b3781]::string::String>>
[INFO] [stdout]   15:     0x6063964d2b45 - test[9d35eded1c95d3be]::run_test::{closure#0}
[INFO] [stdout]   16:     0x6063964cc404 - std[70759c8f55707aa4]::sys::backtrace::__rust_begin_short_backtrace::<test[9d35eded1c95d3be]::run_test::{closure#1}, ()>
[INFO] [stdout]   17:     0x6063964d5ca2 - <std[70759c8f55707aa4]::thread::lifecycle::spawn_unchecked<test[9d35eded1c95d3be]::run_test::{closure#1}, ()>::{closure#1} as core[df12db4294e9bfd3]::ops::function::FnOnce<()>>::call_once::{shim:vtable#0}
[INFO] [stdout]   18:     0x60639654e7d9 - <std[70759c8f55707aa4]::sys::thread::unix::Thread>::new::thread_start
[INFO] [stdout]   19:     0x75dd2c1b0dfa - <unknown>
[INFO] [stdout]   20:     0x75dd2c2443d4 - clone
[INFO] [stdout]   21:                0x0 - <unknown>
[INFO] [stdout] 
[INFO] [stdout] ---- nt_output_files_named_with_stem_and_index stdout ----
[INFO] [stdout] 
[INFO] [stdout] thread 'nt_output_files_named_with_stem_and_index' (1535) panicked at /rustc/dfb0accb7f508ae8be965d8629557221c889dd98/library/core/src/ops/function.rs:250:5:
[INFO] [stdout] Unexpected failure.
[INFO] [stdout] code=1
[INFO] [stdout] stderr=``````
[INFO] [stdout] [WARN ] No files matched pattern \'/opt/rustwide/workdir/tests/fixtures/small.nt\'
[INFO] [stdout] [ERROR] RDF parse error: No input files found. Check your patterns or paths.
[INFO] [stdout] ```
[INFO] [stdout] ```
[INFO] [stdout] command=`"/opt/rustwide/target/release/rdfsplitter" "/opt/rustwide/workdir/tests/fixtures/small.nt" "-n" "5" "-o" "/tmp/.tmpf2as4x" "-f"`
[INFO] [stdout] code=1
[INFO] [stdout] stdout=""
[INFO] [stdout] stderr=```
[INFO] [stdout] [WARN ] No files matched pattern \'/opt/rustwide/workdir/tests/fixtures/small.nt\'
[INFO] [stdout] [ERROR] RDF parse error: No input files found. Check your patterns or paths.
[INFO] [stdout] ```
[INFO] [stdout] 
[INFO] [stdout] 
[INFO] [stdout] stack backtrace:
[INFO] [stdout]    0:     0x60639654f2f1 - <<std[70759c8f55707aa4]::sys::backtrace::BacktraceLock>::print::DisplayBacktrace as core[df12db4294e9bfd3]::fmt::Display>::fmt
[INFO] [stdout]    1:     0x6063965658ba - core[df12db4294e9bfd3]::fmt::write
[INFO] [stdout]    2:     0x606396554e4c - <alloc[2182bb758b4b3781]::vec::Vec<u8> as core[df12db4294e9bfd3]::io::write::Write>::write_fmt
[INFO] [stdout]    3:     0x606396529946 - std[70759c8f55707aa4]::panicking::default_hook::{closure#0}
[INFO] [stdout]    4:     0x606396546c89 - std[70759c8f55707aa4]::panicking::default_hook
[INFO] [stdout]    5:     0x6063964d21f0 - test[9d35eded1c95d3be]::test_main_inner::<test[9d35eded1c95d3be]::test_main_static::{closure#0}>::{closure#0}
[INFO] [stdout]    6:     0x606396546e42 - std[70759c8f55707aa4]::panicking::panic_with_hook
[INFO] [stdout]    7:     0x6063965299f2 - std[70759c8f55707aa4]::panicking::panic_handler::{closure#0}
[INFO] [stdout]    8:     0x606396522429 - std[70759c8f55707aa4]::sys::backtrace::__rust_end_short_backtrace::<std[70759c8f55707aa4]::panicking::panic_handler::{closure#0}, !>
[INFO] [stdout]    9:     0x60639652a5ed - __rustc[8fa7c3cbc660c2b3]::rust_begin_unwind
[INFO] [stdout]   10:     0x60639656606c - core[df12db4294e9bfd3]::panicking::panic_fmt
[INFO] [stdout]   11:     0x606396507b83 - <assert_cmd[6bbba99e40e81f80]::assert::AssertError>::panic::<assert_cmd[6bbba99e40e81f80]::assert::Assert>
[INFO] [stdout]   12:     0x6063965082c6 - <assert_cmd[6bbba99e40e81f80]::assert::Assert>::success
[INFO] [stdout]   13:     0x6063964c2ff4 - <integration[abb66efbdf56ce11]::nt_output_files_named_with_stem_and_index::{closure#0} as core[df12db4294e9bfd3]::ops::function::FnOnce<()>>::call_once
[INFO] [stdout]   14:     0x6063964c54db - test[9d35eded1c95d3be]::__rust_begin_short_backtrace::<core[df12db4294e9bfd3]::result::Result<(), alloc[2182bb758b4b3781]::string::String>, fn() -> core[df12db4294e9bfd3]::result::Result<(), alloc[2182bb758b4b3781]::string::String>>
[INFO] [stdout]   15:     0x6063964d2b45 - test[9d35eded1c95d3be]::run_test::{closure#0}
[INFO] [stdout]   16:     0x6063964cc404 - std[70759c8f55707aa4]::sys::backtrace::__rust_begin_short_backtrace::<test[9d35eded1c95d3be]::run_test::{closure#1}, ()>
[INFO] [stdout]   17:     0x6063964d5ca2 - <std[70759c8f55707aa4]::thread::lifecycle::spawn_unchecked<test[9d35eded1c95d3be]::run_test::{closure#1}, ()>::{closure#1} as core[df12db4294e9bfd3]::ops::function::FnOnce<()>>::call_once::{shim:vtable#0}
[INFO] [stdout]   18:     0x60639654e7d9 - <std[70759c8f55707aa4]::sys::thread::unix::Thread>::new::thread_start
[INFO] [stdout]   19:     0x75dd2c1b0dfa - <unknown>
[INFO] [stdout]   20:     0x75dd2c2443d4 - clone
[INFO] [stdout]   21:                0x0 - <unknown>
[INFO] [stdout] 
[INFO] [stdout] ---- nt_first_chunk_has_correct_triple_count stdout ----
[INFO] [stdout] 
[INFO] [stdout] thread 'nt_first_chunk_has_correct_triple_count' (1531) panicked at /rustc/dfb0accb7f508ae8be965d8629557221c889dd98/library/core/src/ops/function.rs:250:5:
[INFO] [stdout] Unexpected failure.
[INFO] [stdout] code=1
[INFO] [stdout] stderr=``````
[INFO] [stdout] [WARN ] No files matched pattern \'/opt/rustwide/workdir/tests/fixtures/small.nt\'
[INFO] [stdout] [ERROR] RDF parse error: No input files found. Check your patterns or paths.
[INFO] [stdout] ```
[INFO] [stdout] ```
[INFO] [stdout] command=`"/opt/rustwide/target/release/rdfsplitter" "/opt/rustwide/workdir/tests/fixtures/small.nt" "-n" "4" "-o" "/tmp/.tmpAPlKCV" "-f"`
[INFO] [stdout] code=1
[INFO] [stdout] stdout=""
[INFO] [stdout] stderr=```
[INFO] [stdout] [WARN ] No files matched pattern \'/opt/rustwide/workdir/tests/fixtures/small.nt\'
[INFO] [stdout] [ERROR] RDF parse error: No input files found. Check your patterns or paths.
[INFO] [stdout] ```
[INFO] [stdout] 
[INFO] [stdout] 
[INFO] [stdout] stack backtrace:
[INFO] [stdout]    0:     0x60639654f2f1 - <<std[70759c8f55707aa4]::sys::backtrace::BacktraceLock>::print::DisplayBacktrace as core[df12db4294e9bfd3]::fmt::Display>::fmt
[INFO] [stdout]    1:     0x6063965658ba - core[df12db4294e9bfd3]::fmt::write
[INFO] [stdout]    2:     0x606396554e4c - <alloc[2182bb758b4b3781]::vec::Vec<u8> as core[df12db4294e9bfd3]::io::write::Write>::write_fmt
[INFO] [stdout]    3:     0x606396529946 - std[70759c8f55707aa4]::panicking::default_hook::{closure#0}
[INFO] [stdout]    4:     0x606396546c89 - std[70759c8f55707aa4]::panicking::default_hook
[INFO] [stdout]    5:     0x6063964d21f0 - test[9d35eded1c95d3be]::test_main_inner::<test[9d35eded1c95d3be]::test_main_static::{closure#0}>::{closure#0}
[INFO] [stdout]    6:     0x606396546e42 - std[70759c8f55707aa4]::panicking::panic_with_hook
[INFO] [stdout]    7:     0x6063965299f2 - std[70759c8f55707aa4]::panicking::panic_handler::{closure#0}
[INFO] [stdout]    8:     0x606396522429 - std[70759c8f55707aa4]::sys::backtrace::__rust_end_short_backtrace::<std[70759c8f55707aa4]::panicking::panic_handler::{closure#0}, !>
[INFO] [stdout]    9:     0x60639652a5ed - __rustc[8fa7c3cbc660c2b3]::rust_begin_unwind
[INFO] [stdout]   10:     0x60639656606c - core[df12db4294e9bfd3]::panicking::panic_fmt
[INFO] [stdout]   11:     0x606396507b83 - <assert_cmd[6bbba99e40e81f80]::assert::AssertError>::panic::<assert_cmd[6bbba99e40e81f80]::assert::Assert>
[INFO] [stdout]   12:     0x6063965082c6 - <assert_cmd[6bbba99e40e81f80]::assert::Assert>::success
[INFO] [stdout]   13:     0x6063964c1315 - <integration[abb66efbdf56ce11]::nt_first_chunk_has_correct_triple_count::{closure#0} as core[df12db4294e9bfd3]::ops::function::FnOnce<()>>::call_once
[INFO] [stdout]   14:     0x6063964c54db - test[9d35eded1c95d3be]::__rust_begin_short_backtrace::<core[df12db4294e9bfd3]::result::Result<(), alloc[2182bb758b4b3781]::string::String>, fn() -> core[df12db4294e9bfd3]::result::Result<(), alloc[2182bb758b4b3781]::string::String>>
[INFO] [stdout]   15:     0x6063964d2b45 - test[9d35eded1c95d3be]::run_test::{closure#0}
[INFO] [stdout]   16:     0x6063964cc404 - std[70759c8f55707aa4]::sys::backtrace::__rust_begin_short_backtrace::<test[9d35eded1c95d3be]::run_test::{closure#1}, ()>
[INFO] [stdout]   17:     0x6063964d5ca2 - <std[70759c8f55707aa4]::thread::lifecycle::spawn_unchecked<test[9d35eded1c95d3be]::run_test::{closure#1}, ()>::{closure#1} as core[df12db4294e9bfd3]::ops::function::FnOnce<()>>::call_once::{shim:vtable#0}
[INFO] [stdout]   18:     0x60639654e7d9 - <std[70759c8f55707aa4]::sys::thread::unix::Thread>::new::thread_start
[INFO] [stdout]   19:     0x75dd2c1b0dfa - <unknown>
[INFO] [stdout]   20:     0x75dd2c2443d4 - clone
[INFO] [stdout]   21:                0x0 - <unknown>
[INFO] [stdout] 
[INFO] [stdout] ---- ttl_output_files_have_ttl_extension stdout ----
[INFO] [stdout] 
[INFO] [stdout] thread 'ttl_output_files_have_ttl_extension' (1563) panicked at /rustc/dfb0accb7f508ae8be965d8629557221c889dd98/library/core/src/ops/function.rs:250:5:
[INFO] [stdout] Unexpected failure.
[INFO] [stdout] code=1
[INFO] [stdout] stderr=``````
[INFO] [stdout] [WARN ] No files matched pattern \'/opt/rustwide/workdir/tests/fixtures/small.ttl\'
[INFO] [stdout] [ERROR] RDF parse error: No input files found. Check your patterns or paths.
[INFO] [stdout] ```
[INFO] [stdout] ```
[INFO] [stdout] command=`"/opt/rustwide/target/release/rdfsplitter" "/opt/rustwide/workdir/tests/fixtures/small.ttl" "-n" "10" "-o" "/tmp/.tmpG0j7Nu" "-f"`
[INFO] [stdout] code=1
[INFO] [stdout] stdout=""
[INFO] [stdout] stderr=```
[INFO] [stdout] [WARN ] No files matched pattern \'/opt/rustwide/workdir/tests/fixtures/small.ttl\'
[INFO] [stdout] [ERROR] RDF parse error: No input files found. Check your patterns or paths.
[INFO] [stdout] ```
[INFO] [stdout] 
[INFO] [stdout] 
[INFO] [stdout] stack backtrace:
[INFO] [stdout]    0:     0x60639654f2f1 - <<std[70759c8f55707aa4]::sys::backtrace::BacktraceLock>::print::DisplayBacktrace as core[df12db4294e9bfd3]::fmt::Display>::fmt
[INFO] [stdout]    1:     0x6063965658ba - core[df12db4294e9bfd3]::fmt::write
[INFO] [stdout]    2:     0x606396554e4c - <alloc[2182bb758b4b3781]::vec::Vec<u8> as core[df12db4294e9bfd3]::io::write::Write>::write_fmt
[INFO] [stdout]    3:     0x606396529946 - std[70759c8f55707aa4]::panicking::default_hook::{closure#0}
[INFO] [stdout]    4:     0x606396546c89 - std[70759c8f55707aa4]::panicking::default_hook
[INFO] [stdout]    5:     0x6063964d21f0 - test[9d35eded1c95d3be]::test_main_inner::<test[9d35eded1c95d3be]::test_main_static::{closure#0}>::{closure#0}
[INFO] [stdout]    6:     0x606396546e42 - std[70759c8f55707aa4]::panicking::panic_with_hook
[INFO] [stdout]    7:     0x6063965299f2 - std[70759c8f55707aa4]::panicking::panic_handler::{closure#0}
[INFO] [stdout]    8:     0x606396522429 - std[70759c8f55707aa4]::sys::backtrace::__rust_end_short_backtrace::<std[70759c8f55707aa4]::panicking::panic_handler::{closure#0}, !>
[INFO] [stdout]    9:     0x60639652a5ed - __rustc[8fa7c3cbc660c2b3]::rust_begin_unwind
[INFO] [stdout]   10:     0x60639656606c - core[df12db4294e9bfd3]::panicking::panic_fmt
[INFO] [stdout]   11:     0x606396507b83 - <assert_cmd[6bbba99e40e81f80]::assert::AssertError>::panic::<assert_cmd[6bbba99e40e81f80]::assert::Assert>
[INFO] [stdout]   12:     0x6063965082c6 - <assert_cmd[6bbba99e40e81f80]::assert::Assert>::success
[INFO] [stdout]   13:     0x6063964bfff2 - <integration[abb66efbdf56ce11]::ttl_output_files_have_ttl_extension::{closure#0} as core[df12db4294e9bfd3]::ops::function::FnOnce<()>>::call_once
[INFO] [stdout]   14:     0x6063964c54db - test[9d35eded1c95d3be]::__rust_begin_short_backtrace::<core[df12db4294e9bfd3]::result::Result<(), alloc[2182bb758b4b3781]::string::String>, fn() -> core[df12db4294e9bfd3]::result::Result<(), alloc[2182bb758b4b3781]::string::String>>
[INFO] [stdout]   15:     0x6063964d2b45 - test[9d35eded1c95d3be]::run_test::{closure#0}
[INFO] [stdout]   16:     0x6063964cc404 - std[70759c8f55707aa4]::sys::backtrace::__rust_begin_short_backtrace::<test[9d35eded1c95d3be]::run_test::{closure#1}, ()>
[INFO] [stdout]   17:     0x6063964d5ca2 - <std[70759c8f55707aa4]::thread::lifecycle::spawn_unchecked<test[9d35eded1c95d3be]::run_test::{closure#1}, ()>::{closure#1} as core[df12db4294e9bfd3]::ops::function::FnOnce<()>>::call_once::{shim:vtable#0}
[INFO] [stdout]   18:     0x60639654e7d9 - <std[70759c8f55707aa4]::sys::thread::unix::Thread>::new::thread_start
[INFO] [stdout]   19:     0x75dd2c1b0dfa - <unknown>
[INFO] [stdout]   20:     0x75dd2c2443d4 - clone
[INFO] [stdout]   21:                0x0 - <unknown>
[INFO] [stdout] 
[INFO] [stdout] ---- rdf_chunk_size_produces_correct_file_count stdout ----
[INFO] [stdout] 
[INFO] [stdout] thread 'rdf_chunk_size_produces_correct_file_count' (1536) panicked at /rustc/dfb0accb7f508ae8be965d8629557221c889dd98/library/core/src/ops/function.rs:250:5:
[INFO] [stdout] Unexpected failure.
[INFO] [stdout] code=1
[INFO] [stdout] stderr=``````
[INFO] [stdout] [WARN ] No files matched pattern \'/opt/rustwide/workdir/tests/fixtures/small.rdf\'
[INFO] [stdout] [ERROR] RDF parse error: No input files found. Check your patterns or paths.
[INFO] [stdout] ```
[INFO] [stdout] ```
[INFO] [stdout] command=`"/opt/rustwide/target/release/rdfsplitter" "/opt/rustwide/workdir/tests/fixtures/small.rdf" "-n" "3" "-o" "/tmp/.tmpiPOmWF" "-f"`
[INFO] [stdout] code=1
[INFO] [stdout] stdout=""
[INFO] [stdout] stderr=```
[INFO] [stdout] [WARN ] No files matched pattern \'/opt/rustwide/workdir/tests/fixtures/small.rdf\'
[INFO] [stdout] [ERROR] RDF parse error: No input files found. Check your patterns or paths.
[INFO] [stdout] ```
[INFO] [stdout] 
[INFO] [stdout] 
[INFO] [stdout] stack backtrace:
[INFO] [stdout]    0:     0x60639654f2f1 - <<std[70759c8f55707aa4]::sys::backtrace::BacktraceLock>::print::DisplayBacktrace as core[df12db4294e9bfd3]::fmt::Display>::fmt
[INFO] [stdout]    1:     0x6063965658ba - core[df12db4294e9bfd3]::fmt::write
[INFO] [stdout]    2:     0x606396554e4c - <alloc[2182bb758b4b3781]::vec::Vec<u8> as core[df12db4294e9bfd3]::io::write::Write>::write_fmt
[INFO] [stdout]    3:     0x606396529946 - std[70759c8f55707aa4]::panicking::default_hook::{closure#0}
[INFO] [stdout]    4:     0x606396546c89 - std[70759c8f55707aa4]::panicking::default_hook
[INFO] [stdout]    5:     0x6063964d21f0 - test[9d35eded1c95d3be]::test_main_inner::<test[9d35eded1c95d3be]::test_main_static::{closure#0}>::{closure#0}
[INFO] [stdout]    6:     0x606396546e42 - std[70759c8f55707aa4]::panicking::panic_with_hook
[INFO] [stdout]    7:     0x6063965299f2 - std[70759c8f55707aa4]::panicking::panic_handler::{closure#0}
[INFO] [stdout]    8:     0x606396522429 - std[70759c8f55707aa4]::sys::backtrace::__rust_end_short_backtrace::<std[70759c8f55707aa4]::panicking::panic_handler::{closure#0}, !>
[INFO] [stdout]    9:     0x60639652a5ed - __rustc[8fa7c3cbc660c2b3]::rust_begin_unwind
[INFO] [stdout]   10:     0x60639656606c - core[df12db4294e9bfd3]::panicking::panic_fmt
[INFO] [stdout]   11:     0x606396507b83 - <assert_cmd[6bbba99e40e81f80]::assert::AssertError>::panic::<assert_cmd[6bbba99e40e81f80]::assert::Assert>
[INFO] [stdout]   12:     0x6063965082c6 - <assert_cmd[6bbba99e40e81f80]::assert::Assert>::success
[INFO] [stdout]   13:     0x6063964c3531 - <integration[abb66efbdf56ce11]::rdf_chunk_size_produces_correct_file_count::{closure#0} as core[df12db4294e9bfd3]::ops::function::FnOnce<()>>::call_once
[INFO] [stdout]   14:     0x6063964c54db - test[9d35eded1c95d3be]::__rust_begin_short_backtrace::<core[df12db4294e9bfd3]::result::Result<(), alloc[2182bb758b4b3781]::string::String>, fn() -> core[df12db4294e9bfd3]::result::Result<(), alloc[2182bb758b4b3781]::string::String>>
[INFO] [stdout]   15:     0x6063964d2b45 - test[9d35eded1c95d3be]::run_test::{closure#0}
[INFO] [stdout]   16:     0x6063964cc404 - std[70759c8f55707aa4]::sys::backtrace::__rust_begin_short_backtrace::<test[9d35eded1c95d3be]::run_test::{closure#1}, ()>
[INFO] [stdout]   17:     0x6063964d5ca2 - <std[70759c8f55707aa4]::thread::lifecycle::spawn_unchecked<test[9d35eded1c95d3be]::run_test::{closure#1}, ()>::{closure#1} as core[df12db4294e9bfd3]::ops::function::FnOnce<()>>::call_once::{shim:vtable#0}
[INFO] [stdout]   18:     0x60639654e7d9 - <std[70759c8f55707aa4]::sys::thread::unix::Thread>::new::thread_start
[INFO] [stdout]   19:     0x75dd2c1b0dfa - <unknown>
[INFO] [stdout]   20:     0x75dd2c2443d4 - clone
[INFO] [stdout]   21:                0x0 - <unknown>
[INFO] [stdout] 
[INFO] [stdout] ---- nt_last_chunk_contains_remainder stdout ----
[INFO] [stdout] 
[INFO] [stdout] thread 'nt_last_chunk_contains_remainder' (1532) panicked at /rustc/dfb0accb7f508ae8be965d8629557221c889dd98/library/core/src/ops/function.rs:250:5:
[INFO] [stdout] Unexpected failure.
[INFO] [stdout] code=1
[INFO] [stdout] stderr=``````
[INFO] [stdout] [WARN ] No files matched pattern \'/opt/rustwide/workdir/tests/fixtures/small.nt\'
[INFO] [stdout] [ERROR] RDF parse error: No input files found. Check your patterns or paths.
[INFO] [stdout] ```
[INFO] [stdout] ```
[INFO] [stdout] command=`"/opt/rustwide/target/release/rdfsplitter" "/opt/rustwide/workdir/tests/fixtures/small.nt" "-n" "3" "-o" "/tmp/.tmp37NGhM" "-f"`
[INFO] [stdout] code=1
[INFO] [stdout] stdout=""
[INFO] [stdout] stderr=```
[INFO] [stdout] [WARN ] No files matched pattern \'/opt/rustwide/workdir/tests/fixtures/small.nt\'
[INFO] [stdout] [ERROR] RDF parse error: No input files found. Check your patterns or paths.
[INFO] [stdout] ```
[INFO] [stdout] 
[INFO] [stdout] 
[INFO] [stdout] stack backtrace:
[INFO] [stdout]    0:     0x60639654f2f1 - <<std[70759c8f55707aa4]::sys::backtrace::BacktraceLock>::print::DisplayBacktrace as core[df12db4294e9bfd3]::fmt::Display>::fmt
[INFO] [stdout]    1:     0x6063965658ba - core[df12db4294e9bfd3]::fmt::write
[INFO] [stdout]    2:     0x606396554e4c - <alloc[2182bb758b4b3781]::vec::Vec<u8> as core[df12db4294e9bfd3]::io::write::Write>::write_fmt
[INFO] [stdout]    3:     0x606396529946 - std[70759c8f55707aa4]::panicking::default_hook::{closure#0}
[INFO] [stdout]    4:     0x606396546c89 - std[70759c8f55707aa4]::panicking::default_hook
[INFO] [stdout]    5:     0x6063964d21f0 - test[9d35eded1c95d3be]::test_main_inner::<test[9d35eded1c95d3be]::test_main_static::{closure#0}>::{closure#0}
[INFO] [stdout]    6:     0x606396546e42 - std[70759c8f55707aa4]::panicking::panic_with_hook
[INFO] [stdout]    7:     0x6063965299f2 - std[70759c8f55707aa4]::panicking::panic_handler::{closure#0}
[INFO] [stdout]    8:     0x606396522429 - std[70759c8f55707aa4]::sys::backtrace::__rust_end_short_backtrace::<std[70759c8f55707aa4]::panicking::panic_handler::{closure#0}, !>
[INFO] [stdout]    9:     0x60639652a5ed - __rustc[8fa7c3cbc660c2b3]::rust_begin_unwind
[INFO] [stdout]   10:     0x60639656606c - core[df12db4294e9bfd3]::panicking::panic_fmt
[INFO] [stdout]   11:     0x606396507b83 - <assert_cmd[6bbba99e40e81f80]::assert::AssertError>::panic::<assert_cmd[6bbba99e40e81f80]::assert::Assert>
[INFO] [stdout]   12:     0x6063965082c6 - <assert_cmd[6bbba99e40e81f80]::assert::Assert>::success
[INFO] [stdout]   13:     0x6063964beba5 - <integration[abb66efbdf56ce11]::nt_last_chunk_contains_remainder::{closure#0} as core[df12db4294e9bfd3]::ops::function::FnOnce<()>>::call_once
[INFO] [stdout]   14:     0x6063964c54db - test[9d35eded1c95d3be]::__rust_begin_short_backtrace::<core[df12db4294e9bfd3]::result::Result<(), alloc[2182bb758b4b3781]::string::String>, fn() -> core[df12db4294e9bfd3]::result::Result<(), alloc[2182bb758b4b3781]::string::String>>
[INFO] [stdout]   15:     0x6063964d2b45 - test[9d35eded1c95d3be]::run_test::{closure#0}
[INFO] [stdout]   16:     0x6063964cc404 - std[70759c8f55707aa4]::sys::backtrace::__rust_begin_short_backtrace::<test[9d35eded1c95d3be]::run_test::{closure#1}, ()>
[INFO] [stdout]   17:     0x6063964d5ca2 - <std[70759c8f55707aa4]::thread::lifecycle::spawn_unchecked<test[9d35eded1c95d3be]::run_test::{closure#1}, ()>::{closure#1} as core[df12db4294e9bfd3]::ops::function::FnOnce<()>>::call_once::{shim:vtable#0}
[INFO] [stdout]   18:     0x60639654e7d9 - <std[70759c8f55707aa4]::sys::thread::unix::Thread>::new::thread_start
[INFO] [stdout]   19:     0x75dd2c1b0dfa - <unknown>
[INFO] [stdout]   20:     0x75dd2c2443d4 - clone
[INFO] [stdout]   21:                0x0 - <unknown>
[INFO] [stdout] 
[INFO] [stdout] ---- ttl_chunk_size_produces_correct_file_count stdout ----
[INFO] [stdout] 
[INFO] [stdout] thread 'ttl_chunk_size_produces_correct_file_count' (1557) panicked at /rustc/dfb0accb7f508ae8be965d8629557221c889dd98/library/core/src/ops/function.rs:250:5:
[INFO] [stdout] Unexpected failure.
[INFO] [stdout] code=1
[INFO] [stdout] stderr=``````
[INFO] [stdout] [WARN ] No files matched pattern \'/opt/rustwide/workdir/tests/fixtures/small.ttl\'
[INFO] [stdout] [ERROR] RDF parse error: No input files found. Check your patterns or paths.
[INFO] [stdout] ```
[INFO] [stdout] ```
[INFO] [stdout] command=`"/opt/rustwide/target/release/rdfsplitter" "/opt/rustwide/workdir/tests/fixtures/small.ttl" "-n" "3" "-o" "/tmp/.tmpYevjaP" "-f"`
[INFO] [stdout] code=1
[INFO] [stdout] stdout=""
[INFO] [stdout] stderr=```
[INFO] [stdout] [WARN ] No files matched pattern \'/opt/rustwide/workdir/tests/fixtures/small.ttl\'
[INFO] [stdout] [ERROR] RDF parse error: No input files found. Check your patterns or paths.
[INFO] [stdout] ```
[INFO] [stdout] 
[INFO] [stdout] 
[INFO] [stdout] stack backtrace:
[INFO] [stdout]    0:     0x60639654f2f1 - <<std[70759c8f55707aa4]::sys::backtrace::BacktraceLock>::print::DisplayBacktrace as core[df12db4294e9bfd3]::fmt::Display>::fmt
[INFO] [stdout]    1:     0x6063965658ba - core[df12db4294e9bfd3]::fmt::write
[INFO] [stdout]    2:     0x606396554e4c - <alloc[2182bb758b4b3781]::vec::Vec<u8> as core[df12db4294e9bfd3]::io::write::Write>::write_fmt
[INFO] [stdout]    3:     0x606396529946 - std[70759c8f55707aa4]::panicking::default_hook::{closure#0}
[INFO] [stdout]    4:     0x606396546c89 - std[70759c8f55707aa4]::panicking::default_hook
[INFO] [stdout]    5:     0x6063964d21f0 - test[9d35eded1c95d3be]::test_main_inner::<test[9d35eded1c95d3be]::test_main_static::{closure#0}>::{closure#0}
[INFO] [stdout]    6:     0x606396546e42 - std[70759c8f55707aa4]::panicking::panic_with_hook
[INFO] [stdout]    7:     0x6063965299f2 - std[70759c8f55707aa4]::panicking::panic_handler::{closure#0}
[INFO] [stdout]    8:     0x606396522429 - std[70759c8f55707aa4]::sys::backtrace::__rust_end_short_backtrace::<std[70759c8f55707aa4]::panicking::panic_handler::{closure#0}, !>
[INFO] [stdout]    9:     0x60639652a5ed - __rustc[8fa7c3cbc660c2b3]::rust_begin_unwind
[INFO] [stdout]   10:     0x60639656606c - core[df12db4294e9bfd3]::panicking::panic_fmt
[INFO] [stdout]   11:     0x606396507b83 - <assert_cmd[6bbba99e40e81f80]::assert::AssertError>::panic::<assert_cmd[6bbba99e40e81f80]::assert::Assert>
[INFO] [stdout]   12:     0x6063965082c6 - <assert_cmd[6bbba99e40e81f80]::assert::Assert>::success
[INFO] [stdout]   13:     0x6063964c38f1 - <integration[abb66efbdf56ce11]::ttl_chunk_size_produces_correct_file_count::{closure#0} as core[df12db4294e9bfd3]::ops::function::FnOnce<()>>::call_once
[INFO] [stdout]   14:     0x6063964c54db - test[9d35eded1c95d3be]::__rust_begin_short_backtrace::<core[df12db4294e9bfd3]::result::Result<(), alloc[2182bb758b4b3781]::string::String>, fn() -> core[df12db4294e9bfd3]::result::Result<(), alloc[2182bb758b4b3781]::string::String>>
[INFO] [stdout]   15:     0x6063964d2b45 - test[9d35eded1c95d3be]::run_test::{closure#0}
[INFO] [stdout]   16:     0x6063964cc404 - std[70759c8f55707aa4]::sys::backtrace::__rust_begin_short_backtrace::<test[9d35eded1c95d3be]::run_test::{closure#1}, ()>
[INFO] [stdout]   17:     0x6063964d5ca2 - <std[70759c8f55707aa4]::thread::lifecycle::spawn_unchecked<test[9d35eded1c95d3be]::run_test::{closure#1}, ()>::{closure#1} as core[df12db4294e9bfd3]::ops::function::FnOnce<()>>::call_once::{shim:vtable#0}
[INFO] [stdout]   18:     0x60639654e7d9 - <std[70759c8f55707aa4]::sys::thread::unix::Thread>::new::thread_start
[INFO] [stdout]   19:     0x75dd2c1b0dfa - <unknown>
[INFO] [stdout]   20:     0x75dd2c2443d4 - clone
[INFO] [stdout]   21:                0x0 - <unknown>
[INFO] [stdout] 
[INFO] [stdout] ---- verbose_flag_prints_debug_info stdout ----
[INFO] [stdout] 
[INFO] [stdout] thread 'verbose_flag_prints_debug_info' (1565) panicked at /rustc/dfb0accb7f508ae8be965d8629557221c889dd98/library/core/src/ops/function.rs:250:5:
[INFO] [stdout] Unexpected failure.
[INFO] [stdout] code=1
[INFO] [stdout] stderr=``````
[INFO] [stdout] [WARN ] No files matched pattern \'/opt/rustwide/workdir/tests/fixtures/small.nt\'
[INFO] [stdout] [ERROR] RDF parse error: No input files found. Check your patterns or paths.
[INFO] [stdout] ```
[INFO] [stdout] ```
[INFO] [stdout] command=`"/opt/rustwide/target/release/rdfsplitter" "/opt/rustwide/workdir/tests/fixtures/small.nt" "-n" "10" "-o" "/tmp/.tmp5aBsTT" "-f" "-v"`
[INFO] [stdout] code=1
[INFO] [stdout] stdout=""
[INFO] [stdout] stderr=```
[INFO] [stdout] [WARN ] No files matched pattern \'/opt/rustwide/workdir/tests/fixtures/small.nt\'
[INFO] [stdout] [ERROR] RDF parse error: No input files found. Check your patterns or paths.
[INFO] [stdout] ```
[INFO] [stdout] 
[INFO] [stdout] 
[INFO] [stdout] stack backtrace:
[INFO] [stdout]    0:     0x60639654f2f1 - <<std[70759c8f55707aa4]::sys::backtrace::BacktraceLock>::print::DisplayBacktrace as core[df12db4294e9bfd3]::fmt::Display>::fmt
[INFO] [stdout]    1:     0x6063965658ba - core[df12db4294e9bfd3]::fmt::write
[INFO] [stdout]    2:     0x606396554e4c - <alloc[2182bb758b4b3781]::vec::Vec<u8> as core[df12db4294e9bfd3]::io::write::Write>::write_fmt
[INFO] [stdout]    3:     0x606396529946 - std[70759c8f55707aa4]::panicking::default_hook::{closure#0}
[INFO] [stdout]    4:     0x606396546c89 - std[70759c8f55707aa4]::panicking::default_hook
[INFO] [stdout]    5:     0x6063964d21f0 - test[9d35eded1c95d3be]::test_main_inner::<test[9d35eded1c95d3be]::test_main_static::{closure#0}>::{closure#0}
[INFO] [stdout]    6:     0x606396546e42 - std[70759c8f55707aa4]::panicking::panic_with_hook
[INFO] [stdout]    7:     0x6063965299f2 - std[70759c8f55707aa4]::panicking::panic_handler::{closure#0}
[INFO] [stdout]    8:     0x606396522429 - std[70759c8f55707aa4]::sys::backtrace::__rust_end_short_backtrace::<std[70759c8f55707aa4]::panicking::panic_handler::{closure#0}, !>
[INFO] [stdout]    9:     0x60639652a5ed - __rustc[8fa7c3cbc660c2b3]::rust_begin_unwind
[INFO] [stdout]   10:     0x60639656606c - core[df12db4294e9bfd3]::panicking::panic_fmt
[INFO] [stdout]   11:     0x606396507b83 - <assert_cmd[6bbba99e40e81f80]::assert::AssertError>::panic::<assert_cmd[6bbba99e40e81f80]::assert::Assert>
[INFO] [stdout]   12:     0x6063965082c6 - <assert_cmd[6bbba99e40e81f80]::assert::Assert>::success
[INFO] [stdout]   13:     0x6063964be67b - <integration[abb66efbdf56ce11]::verbose_flag_prints_debug_info::{closure#0} as core[df12db4294e9bfd3]::ops::function::FnOnce<()>>::call_once
[INFO] [stdout]   14:     0x6063964c54db - test[9d35eded1c95d3be]::__rust_begin_short_backtrace::<core[df12db4294e9bfd3]::result::Result<(), alloc[2182bb758b4b3781]::string::String>, fn() -> core[df12db4294e9bfd3]::result::Result<(), alloc[2182bb758b4b3781]::string::String>>
[INFO] [stdout]   15:     0x6063964d2b45 - test[9d35eded1c95d3be]::run_test::{closure#0}
[INFO] [stdout]   16:     0x6063964cc404 - std[70759c8f55707aa4]::sys::backtrace::__rust_begin_short_backtrace::<test[9d35eded1c95d3be]::run_test::{closure#1}, ()>
[INFO] [stdout]   17:     0x6063964d5ca2 - <std[70759c8f55707aa4]::thread::lifecycle::spawn_unchecked<test[9d35eded1c95d3be]::run_test::{closure#1}, ()>::{closure#1} as core[df12db4294e9bfd3]::ops::function::FnOnce<()>>::call_once::{shim:vtable#0}
[INFO] [stdout]   18:     0x60639654e7d9 - <std[70759c8f55707aa4]::sys::thread::unix::Thread>::new::thread_start
[INFO] [stdout]   19:     0x75dd2c1b0dfa - <unknown>
[INFO] [stdout]   20:     0x75dd2c2443d4 - clone
[INFO] [stdout]   21:                0x0 - <unknown>
[INFO] [stdout] 
[INFO] [stdout] ---- rdf_output_files_have_rdf_extension stdout ----
[INFO] [stdout] 
[INFO] [stdout] thread 'rdf_output_files_have_rdf_extension' (1537) panicked at /rustc/dfb0accb7f508ae8be965d8629557221c889dd98/library/core/src/ops/function.rs:250:5:
[INFO] [stdout] Unexpected failure.
[INFO] [stdout] code=1
[INFO] [stdout] stderr=``````
[INFO] [stdout] [WARN ] No files matched pattern \'/opt/rustwide/workdir/tests/fixtures/small.rdf\'
[INFO] [stdout] [ERROR] RDF parse error: No input files found. Check your patterns or paths.
[INFO] [stdout] ```
[INFO] [stdout] ```
[INFO] [stdout] command=`"/opt/rustwide/target/release/rdfsplitter" "/opt/rustwide/workdir/tests/fixtures/small.rdf" "-n" "10" "-o" "/tmp/.tmp9zIS0K" "-f"`
[INFO] [stdout] code=1
[INFO] [stdout] stdout=""
[INFO] [stdout] stderr=```
[INFO] [stdout] [WARN ] No files matched pattern \'/opt/rustwide/workdir/tests/fixtures/small.rdf\'
[INFO] [stdout] [ERROR] RDF parse error: No input files found. Check your patterns or paths.
[INFO] [stdout] ```
[INFO] [stdout] 
[INFO] [stdout] 
[INFO] [stdout] stack backtrace:
[INFO] [stdout]    0:     0x60639654f2f1 - <<std[70759c8f55707aa4]::sys::backtrace::BacktraceLock>::print::DisplayBacktrace as core[df12db4294e9bfd3]::fmt::Display>::fmt
[INFO] [stdout]    1:     0x6063965658ba - core[df12db4294e9bfd3]::fmt::write
[INFO] [stdout]    2:     0x606396554e4c - <alloc[2182bb758b4b3781]::vec::Vec<u8> as core[df12db4294e9bfd3]::io::write::Write>::write_fmt
[INFO] [stdout]    3:     0x606396529946 - std[70759c8f55707aa4]::panicking::default_hook::{closure#0}
[INFO] [stdout]    4:     0x606396546c89 - std[70759c8f55707aa4]::panicking::default_hook
[INFO] [stdout]    5:     0x6063964d21f0 - test[9d35eded1c95d3be]::test_main_inner::<test[9d35eded1c95d3be]::test_main_static::{closure#0}>::{closure#0}
[INFO] [stdout]    6:     0x606396546e42 - std[70759c8f55707aa4]::panicking::panic_with_hook
[INFO] [stdout]    7:     0x6063965299f2 - std[70759c8f55707aa4]::panicking::panic_handler::{closure#0}
[INFO] [stdout]    8:     0x606396522429 - std[70759c8f55707aa4]::sys::backtrace::__rust_end_short_backtrace::<std[70759c8f55707aa4]::panicking::panic_handler::{closure#0}, !>
[INFO] [stdout]    9:     0x60639652a5ed - __rustc[8fa7c3cbc660c2b3]::rust_begin_unwind
[INFO] [stdout]   10:     0x60639656606c - core[df12db4294e9bfd3]::panicking::panic_fmt
[INFO] [stdout]   11:     0x606396507b83 - <assert_cmd[6bbba99e40e81f80]::assert::AssertError>::panic::<assert_cmd[6bbba99e40e81f80]::assert::Assert>
[INFO] [stdout]   12:     0x6063965082c6 - <assert_cmd[6bbba99e40e81f80]::assert::Assert>::success
[INFO] [stdout]   13:     0x6063964bfb12 - <integration[abb66efbdf56ce11]::rdf_output_files_have_rdf_extension::{closure#0} as core[df12db4294e9bfd3]::ops::function::FnOnce<()>>::call_once
[INFO] [stdout]   14:     0x6063964c54db - test[9d35eded1c95d3be]::__rust_begin_short_backtrace::<core[df12db4294e9bfd3]::result::Result<(), alloc[2182bb758b4b3781]::string::String>, fn() -> core[df12db4294e9bfd3]::result::Result<(), alloc[2182bb758b4b3781]::string::String>>
[INFO] [stdout]   15:     0x6063964d2b45 - test[9d35eded1c95d3be]::run_test::{closure#0}
[INFO] [stdout]   16:     0x6063964cc404 - std[70759c8f55707aa4]::sys::backtrace::__rust_begin_short_backtrace::<test[9d35eded1c95d3be]::run_test::{closure#1}, ()>
[INFO] [stdout]   17:     0x6063964d5ca2 - <std[70759c8f55707aa4]::thread::lifecycle::spawn_unchecked<test[9d35eded1c95d3be]::run_test::{closure#1}, ()>::{closure#1} as core[df12db4294e9bfd3]::ops::function::FnOnce<()>>::call_once::{shim:vtable#0}
[INFO] [stdout]   18:     0x60639654e7d9 - <std[70759c8f55707aa4]::sys::thread::unix::Thread>::new::thread_start
[INFO] [stdout]   19:     0x75dd2c1b0dfa - <unknown>
[INFO] [stdout]   20:     0x75dd2c2443d4 - clone
[INFO] [stdout]   21:                0x0 - <unknown>
[INFO] [stdout] 
[INFO] [stdout] ---- without_recursive_flag_subdir_is_not_walked stdout ----
[INFO] [stdout] 
[INFO] [stdout] thread 'without_recursive_flag_subdir_is_not_walked' (1577) panicked at /rustc/dfb0accb7f508ae8be965d8629557221c889dd98/library/core/src/ops/function.rs:250:5:
[INFO] [stdout] Unexpected failure.
[INFO] [stdout] code=1
[INFO] [stdout] stderr=``````
[INFO] [stdout] [WARN ] No files matched pattern \'/opt/rustwide/workdir/tests/fixtures\'
[INFO] [stdout] [ERROR] RDF parse error: No input files found. Check your patterns or paths.
[INFO] [stdout] ```
[INFO] [stdout] ```
[INFO] [stdout] command=`"/opt/rustwide/target/release/rdfsplitter" "/opt/rustwide/workdir/tests/fixtures" "-n" "100" "-o" "/tmp/.tmpHuo3JC" "-f"`
[INFO] [stdout] code=1
[INFO] [stdout] stdout=""
[INFO] [stdout] stderr=```
[INFO] [stdout] [WARN ] No files matched pattern \'/opt/rustwide/workdir/tests/fixtures\'
[INFO] [stdout] [ERROR] RDF parse error: No input files found. Check your patterns or paths.
[INFO] [stdout] ```
[INFO] [stdout] 
[INFO] [stdout] 
[INFO] [stdout] stack backtrace:
[INFO] [stdout]    0:     0x60639654f2f1 - <<std[70759c8f55707aa4]::sys::backtrace::BacktraceLock>::print::DisplayBacktrace as core[df12db4294e9bfd3]::fmt::Display>::fmt
[INFO] [stdout]    1:     0x6063965658ba - core[df12db4294e9bfd3]::fmt::write
[INFO] [stdout]    2:     0x606396554e4c - <alloc[2182bb758b4b3781]::vec::Vec<u8> as core[df12db4294e9bfd3]::io::write::Write>::write_fmt
[INFO] [stdout]    3:     0x606396529946 - std[70759c8f55707aa4]::panicking::default_hook::{closure#0}
[INFO] [stdout]    4:     0x606396546c89 - std[70759c8f55707aa4]::panicking::default_hook
[INFO] [stdout]    5:     0x6063964d21f0 - test[9d35eded1c95d3be]::test_main_inner::<test[9d35eded1c95d3be]::test_main_static::{closure#0}>::{closure#0}
[INFO] [stdout]    6:     0x606396546e42 - std[70759c8f55707aa4]::panicking::panic_with_hook
[INFO] [stdout]    7:     0x6063965299f2 - std[70759c8f55707aa4]::panicking::panic_handler::{closure#0}
[INFO] [stdout]    8:     0x606396522429 - std[70759c8f55707aa4]::sys::backtrace::__rust_end_short_backtrace::<std[70759c8f55707aa4]::panicking::panic_handler::{closure#0}, !>
[INFO] [stdout]    9:     0x60639652a5ed - __rustc[8fa7c3cbc660c2b3]::rust_begin_unwind
[INFO] [stdout]   10:     0x60639656606c - core[df12db4294e9bfd3]::panicking::panic_fmt
[INFO] [stdout]   11:     0x606396507b83 - <assert_cmd[6bbba99e40e81f80]::assert::AssertError>::panic::<assert_cmd[6bbba99e40e81f80]::assert::Assert>
[INFO] [stdout]   12:     0x6063965082c6 - <assert_cmd[6bbba99e40e81f80]::assert::Assert>::success
[INFO] [stdout]   13:     0x6063964c402e - <integration[abb66efbdf56ce11]::without_recursive_flag_subdir_is_not_walked::{closure#0} as core[df12db4294e9bfd3]::ops::function::FnOnce<()>>::call_once
[INFO] [stdout]   14:     0x6063964c54db - test[9d35eded1c95d3be]::__rust_begin_short_backtrace::<core[df12db4294e9bfd3]::result::Result<(), alloc[2182bb758b4b3781]::string::String>, fn() -> core[df12db4294e9bfd3]::result::Result<(), alloc[2182bb758b4b3781]::string::String>>
[INFO] [stdout]   15:     0x6063964d2b45 - test[9d35eded1c95d3be]::run_test::{closure#0}
[INFO] [stdout]   16:     0x6063964cc404 - std[70759c8f55707aa4]::sys::backtrace::__rust_begin_short_backtrace::<test[9d35eded1c95d3be]::run_test::{closure#1}, ()>
[INFO] [stdout]   17:     0x6063964d5ca2 - <std[70759c8f55707aa4]::thread::lifecycle::spawn_unchecked<test[9d35eded1c95d3be]::run_test::{closure#1}, ()>::{closure#1} as core[df12db4294e9bfd3]::ops::function::FnOnce<()>>::call_once::{shim:vtable#0}
[INFO] [stdout]   18:     0x60639654e7d9 - <std[70759c8f55707aa4]::sys::thread::unix::Thread>::new::thread_start
[INFO] [stdout]   19:     0x75dd2c1b0dfa - <unknown>
[INFO] [stdout]   20:     0x75dd2c2443d4 - clone
[INFO] [stdout]   21:                0x0 - <unknown>
[INFO] [stdout] 
[INFO] [stdout] 
[INFO] [stdout] failures:
[INFO] [stdout]     force_creates_missing_output_directory
[INFO] [stdout]     force_overwrites_existing_output_files
[INFO] [stdout]     glob_star_nt_matches_all_nt_fixtures
[INFO] [stdout]     jsonld_chunk_size_produces_correct_file_count
[INFO] [stdout]     jsonld_output_files_have_jsonld_extension
[INFO] [stdout]     multiple_input_files_all_split
[INFO] [stdout]     no_force_fails_when_output_file_already_exists
[INFO] [stdout]     nq_chunk_size_produces_correct_file_count
[INFO] [stdout]     nq_output_files_have_nq_extension
[INFO] [stdout]     nt_chunk_size_produces_correct_file_count
[INFO] [stdout]     nt_file_count_produces_correct_file_count
[INFO] [stdout]     nt_file_count_single_file
[INFO] [stdout]     nt_first_chunk_has_correct_triple_count
[INFO] [stdout]     nt_last_chunk_contains_remainder
[INFO] [stdout]     nt_output_files_have_nt_extension
[INFO] [stdout]     nt_output_files_named_with_stem_and_index
[INFO] [stdout]     rdf_chunk_size_produces_correct_file_count
[INFO] [stdout]     rdf_output_files_have_rdf_extension
[INFO] [stdout]     recursive_finds_nt_files_in_subdirectory
[INFO] [stdout]     trig_chunk_size_produces_correct_file_count
[INFO] [stdout]     ttl_chunk_size_produces_correct_file_count
[INFO] [stdout]     ttl_output_files_have_ttl_extension
[INFO] [stdout]     verbose_flag_prints_debug_info
[INFO] [stdout]     without_recursive_flag_subdir_is_not_walked
[INFO] [stdout] 
[INFO] [stdout] test result: FAILED. 5 passed; 24 failed; 0 ignored; 0 measured; 0 filtered out; finished in 0.04s
[INFO] [stdout] 
[INFO] running `Command { std: "docker" "inspect" "24d88e6792f804d6f3a165c1c6f19fb82f99c754eec4d600553521a4809d7152", kill_on_drop: false }`
[INFO] running `Command { std: "docker" "rm" "-f" "24d88e6792f804d6f3a165c1c6f19fb82f99c754eec4d600553521a4809d7152", kill_on_drop: false }`
[INFO] [stdout] 24d88e6792f804d6f3a165c1c6f19fb82f99c754eec4d600553521a4809d7152
