[INFO] fetching crate rdfc-rust-runner 0.3.1...
[INFO] testing rdfc-rust-runner-0.3.1 against 1.100.0-beta.1+cargoflags=--release for beta-release-1.100-2
[INFO] extracting crate rdfc-rust-runner 0.3.1 into /workspace/builds/worker-5-tc2/source
[INFO] started tweaking crates.io crate rdfc-rust-runner 0.3.1
[INFO] removed 0 missing tests
[INFO] finished tweaking crates.io crate rdfc-rust-runner 0.3.1
[INFO] tweaked toml for crates.io crate rdfc-rust-runner 0.3.1 written to /workspace/builds/worker-5-tc2/source/Cargo.toml
[INFO] validating manifest of crates.io crate rdfc-rust-runner 0.3.1 on toolchain 1.100.0-beta.1
[INFO] running `Command { std: CARGO_HOME="/workspace/cargo-home" RUSTUP_HOME="/workspace/rustup-home" "/workspace/cargo-home/bin/cargo" "+1.100.0-beta.1" "metadata" "--manifest-path" "Cargo.toml" "--no-deps", kill_on_drop: false }`
[INFO] crate crates.io crate rdfc-rust-runner 0.3.1 already has a lockfile, it will not be regenerated
[INFO] running `Command { std: CARGO_HOME="/workspace/cargo-home" RUSTUP_HOME="/workspace/rustup-home" "/workspace/cargo-home/bin/cargo" "+1.100.0-beta.1" "fetch" "--manifest-path" "Cargo.toml", kill_on_drop: false }`
[INFO] running `Command { std: "docker" "create" "-v" "/var/lib/crater-agent-workspace/builds/worker-5-tc2/source:/opt/rustwide/workdir:ro,Z" "-v" "/var/lib/crater-agent-workspace/builds/worker-5-tc2/target:/opt/rustwide/target:rw,Z" "-v" "/var/lib/crater-agent-workspace/cargo-home:/opt/rustwide/cargo-home:ro,Z" "-v" "/var/lib/crater-agent-workspace/rustup-home:/opt/rustwide/rustup-home:ro,Z" "-m" "1610612736" "--network" "none" "ghcr.io/rust-lang/crates-build-env/linux@sha256:77db811e55d90add9212f6832c23229e3de5f1c1f9905e8cb07319ea15df73ac" "sleep" "infinity", kill_on_drop: false }`
[INFO] [stdout] 002a57a7c8aad025073ec35a332d4df726feb1b95885589f43beb3188d58d104
[INFO] running `Command { std: "docker" "start" "002a57a7c8aad025073ec35a332d4df726feb1b95885589f43beb3188d58d104", kill_on_drop: false }`
[INFO] running `Command { std: "docker" "inspect" "002a57a7c8aad025073ec35a332d4df726feb1b95885589f43beb3188d58d104", kill_on_drop: false }`
[INFO] running `Command { std: "docker" "exec" "-e" "SOURCE_DIR=/opt/rustwide/workdir" "-e" "CARGO_HOME=/opt/rustwide/cargo-home" "-e" "RUSTUP_HOME=/opt/rustwide/rustup-home" "-e" "CARGO_TARGET_DIR=/opt/rustwide/target" "-w" "/opt/rustwide/workdir" "--user" "0:0" "002a57a7c8aad025073ec35a332d4df726feb1b95885589f43beb3188d58d104" "/opt/rustwide/cargo-home/bin/cargo" "+1.100.0-beta.1" "metadata" "--no-deps" "--format-version=1", kill_on_drop: false }`
[INFO] running `Command { std: "docker" "inspect" "002a57a7c8aad025073ec35a332d4df726feb1b95885589f43beb3188d58d104", kill_on_drop: false }`
[INFO] running `Command { std: "docker" "exec" "-e" "SOURCE_DIR=/opt/rustwide/workdir" "-e" "CARGO_HOME=/opt/rustwide/cargo-home" "-e" "RUSTUP_HOME=/opt/rustwide/rustup-home" "-e" "CARGO_TARGET_DIR=/opt/rustwide/target" "-e" "CARGO_INCREMENTAL=0" "-e" "RUST_BACKTRACE=full" "-e" "RUSTFLAGS=--cap-lints=warn" "-e" "RUSTDOCFLAGS=--cap-lints=warn" "-w" "/opt/rustwide/workdir" "--user" "0:0" "002a57a7c8aad025073ec35a332d4df726feb1b95885589f43beb3188d58d104" "/opt/rustwide/cargo-home/bin/cargo" "+1.100.0-beta.1" "build" "--frozen" "--message-format=json" "--release", kill_on_drop: false }`
[INFO] [stderr]    Compiling anyhow v1.0.103
[INFO] [stderr]    Compiling tracing-core v0.1.36
[INFO] [stderr]    Compiling either v1.16.0
[INFO] [stderr]    Compiling http-body v1.0.1
[INFO] [stderr]    Compiling syn v2.0.118
[INFO] [stderr]    Compiling mio v1.2.1
[INFO] [stderr]    Compiling socket2 v0.6.4
[INFO] [stderr]    Compiling cc v1.2.66
[INFO] [stderr]    Compiling rustix v1.1.4
[INFO] [stderr]    Compiling prettyplease v0.2.37
[INFO] [stderr]    Compiling rustls v0.23.41
[INFO] [stderr]    Compiling core_extensions v1.5.4
[INFO] [stderr]    Compiling regex-syntax v0.8.11
[INFO] [stderr]    Compiling bytes v1.12.1
[INFO] [stderr]    Compiling bitflags v2.13.0
[INFO] [stderr]    Compiling getrandom v0.4.3
[INFO] [stderr]    Compiling syn v1.0.109
[INFO] [stderr]    Compiling getrandom v0.2.17
[INFO] [stderr]    Compiling core_extensions_proc_macros v1.5.4
[INFO] [stderr]    Compiling serde_json v1.0.150
[INFO] [stderr]    Compiling itertools v0.14.0
[INFO] [stderr]    Compiling fastrand v2.4.1
[INFO] [stderr]    Compiling fixedbitset v0.5.7
[INFO] [stderr]    Compiling tstr_proc_macros v0.2.2
[INFO] [stderr]    Compiling rand_core v0.6.4
[INFO] [stderr]    Compiling abi_stable_shared v0.11.0
[INFO] [stderr]    Compiling petgraph v0.7.1
[INFO] [stderr]    Compiling hybrid-array v0.4.13
[INFO] [stderr]    Compiling http-body-util v0.1.3
[INFO] [stderr]    Compiling linkme-impl v0.3.36
[INFO] [stderr]    Compiling typewit v1.15.2
[INFO] [stderr]    Compiling tstr v0.2.4
[INFO] [stderr]    Compiling log v0.4.33
[INFO] [stderr]    Compiling typed-arena v2.0.2
[INFO] [stderr]    Compiling multimap v0.10.1
[INFO] [stderr]    Compiling repr_offset v0.2.2
[INFO] [stderr]    Compiling crossbeam-channel v0.5.16
[INFO] [stderr]    Compiling rand_chacha v0.3.1
[INFO] [stderr]    Compiling const_panic v0.2.15
[INFO] [stderr]    Compiling cmake v0.1.58
[INFO] [stderr]    Compiling indexmap v1.9.3
[INFO] [stderr]    Compiling generational-arena v0.2.9
[INFO] [stderr]    Compiling linkme v0.3.36
[INFO] [stderr]    Compiling regex-automata v0.4.14
[INFO] [stderr]    Compiling crypto-common v0.2.2
[INFO] [stderr]    Compiling block-buffer v0.12.1
[INFO] [stderr]    Compiling rand v0.8.6
[INFO] [stderr]    Compiling dirs-sys v0.5.0
[INFO] [stderr]    Compiling tracing-log v0.2.0
[INFO] [stderr]    Compiling socket2 v0.5.10
[INFO] [stderr]    Compiling aws-lc-sys v0.42.0
[INFO] [stderr]    Compiling nu-ansi-term v0.50.3
[INFO] [stderr]    Compiling dirs v6.0.0
[INFO] [stderr]    Compiling digest v0.11.3
[INFO] [stderr]    Compiling sha2 v0.11.0
[INFO] [stderr]    Compiling tempfile v3.27.0
[INFO] [stderr]    Compiling regex v1.12.4
[INFO] [stderr]    Compiling matchers v0.2.0
[INFO] [stderr]    Compiling as_derive_utils v0.11.0
[INFO] [stderr]    Compiling synstructure v0.13.2
[INFO] [stderr]    Compiling abi_stable_derive v0.11.3
[INFO] [stderr]    Compiling zerofrom-derive v0.1.7
[INFO] [stderr]    Compiling tokio-macros v2.7.0
[INFO] [stderr]    Compiling yoke-derive v0.8.2
[INFO] [stderr]    Compiling futures-macro v0.3.32
[INFO] [stderr]    Compiling zerovec-derive v0.11.3
[INFO] [stderr]    Compiling displaydoc v0.2.6
[INFO] [stderr]    Compiling tracing-attributes v0.1.31
[INFO] [stderr]    Compiling prost-derive v0.13.5
[INFO] [stderr]    Compiling serde_derive v1.0.228
[INFO] [stderr]    Compiling async-trait v0.1.89
[INFO] [stderr]    Compiling tokio v1.52.3
[INFO] [stderr]    Compiling pin-project-internal v1.1.13
[INFO] [stderr]    Compiling async-stream-impl v0.3.6
[INFO] [stderr]    Compiling futures-util v0.3.32
[INFO] [stderr]    Compiling async-stream v0.3.6
[INFO] [stderr]    Compiling zerofrom v0.1.8
[INFO] [stderr]    Compiling yoke v0.8.3
[INFO] [stderr]    Compiling tracing v0.1.44
[INFO] [stderr]    Compiling pin-project v1.1.13
[INFO] [stderr]    Compiling zerovec v0.11.6
[INFO] [stderr]    Compiling zerotrie v0.2.4
[INFO] [stderr]    Compiling tracing-subscriber v0.3.23
[INFO] [stderr]    Compiling prost v0.13.5
[INFO] [stderr]    Compiling tinystr v0.8.3
[INFO] [stderr]    Compiling potential_utf v0.1.5
[INFO] [stderr]    Compiling icu_collections v2.2.0
[INFO] [stderr]    Compiling icu_locale_core v2.2.0
[INFO] [stderr]    Compiling prost-types v0.13.5
[INFO] [stderr]    Compiling icu_provider v2.2.0
[INFO] [stderr]    Compiling icu_properties v2.2.0
[INFO] [stderr]    Compiling serde v1.0.228
[INFO] [stderr]    Compiling icu_normalizer v2.2.0
[INFO] [stderr]    Compiling futures-executor v0.3.32
[INFO] [stderr]    Compiling prost-build v0.13.5
[INFO] [stderr]    Compiling axum-core v0.4.5
[INFO] [stderr]    Compiling tonic-build v0.12.3
[INFO] [stderr]    Compiling futures v0.3.32
[INFO] [stderr]    Compiling abi_stable v0.11.3
[INFO] [stderr]    Compiling idna_adapter v1.2.2
[INFO] [stderr]    Compiling idna v1.1.0
[INFO] [stderr]    Compiling rdfc-rust-runner v0.3.1 (/opt/rustwide/workdir)
[INFO] [stderr]    Compiling url v2.5.8
[INFO] [stderr]    Compiling tokio-util v0.7.18
[INFO] [stderr]    Compiling tower v0.5.3
[INFO] [stderr]    Compiling tokio-stream v0.1.18
[INFO] [stderr]    Compiling axum v0.7.9
[INFO] [stderr]    Compiling tower-http v0.6.11
[INFO] [stderr]    Compiling h2 v0.4.15
[INFO] [stderr]    Compiling tower v0.4.13
[INFO] [stderr]    Compiling hyper v1.10.1
[INFO] [stderr]    Compiling hyper-util v0.1.20
[INFO] [stderr]    Compiling async-ffi v0.5.0
[INFO] [stderr]    Compiling rdfc-processor-sdk v0.3.0
[INFO] [stderr]    Compiling hyper-timeout v0.5.2
[INFO] [stderr]    Compiling tonic v0.12.3
[INFO] [stderr]    Compiling aws-lc-rs v1.17.1
[INFO] [stderr]    Compiling rustls-webpki v0.103.13
[INFO] [stderr]    Compiling tokio-rustls v0.26.4
[INFO] [stderr]    Compiling rustls-platform-verifier v0.7.0
[INFO] [stderr]    Compiling hyper-rustls v0.27.9
[INFO] [stderr]    Compiling reqwest v0.13.4
[INFO] [stderr] warning: unused dependency `prost-types`
[INFO] [stderr]   --> Cargo.toml:33:15
[INFO] [stderr]    |
[INFO] [stderr] 33 | [dependencies.prost-types]
[INFO] [stderr]    |               ^^^^^^^^^^^^
[INFO] [stderr]    |
[INFO] [stderr]    = note: `cargo::unused_dependencies` is set to `warn` by default
[INFO] [stderr] help: consider removing the dependency on `prost-types`
[INFO] [stderr] warning: `rdfc-rust-runner` (manifest) generated 1 warning
[INFO] [stderr]     Finished `release` profile [optimized] target(s) in 2m 45s
[INFO] running `Command { std: "docker" "inspect" "002a57a7c8aad025073ec35a332d4df726feb1b95885589f43beb3188d58d104", kill_on_drop: false }`
[INFO] running `Command { std: "docker" "exec" "-e" "SOURCE_DIR=/opt/rustwide/workdir" "-e" "CARGO_HOME=/opt/rustwide/cargo-home" "-e" "RUSTUP_HOME=/opt/rustwide/rustup-home" "-e" "CARGO_TARGET_DIR=/opt/rustwide/target" "-e" "CARGO_INCREMENTAL=0" "-e" "RUST_BACKTRACE=full" "-e" "RUSTFLAGS=--cap-lints=warn" "-e" "RUSTDOCFLAGS=--cap-lints=warn" "-w" "/opt/rustwide/workdir" "--user" "0:0" "002a57a7c8aad025073ec35a332d4df726feb1b95885589f43beb3188d58d104" "/opt/rustwide/cargo-home/bin/cargo" "+1.100.0-beta.1" "test" "--frozen" "--no-run" "--message-format=json" "--release", kill_on_drop: false }`
[INFO] [stderr]    Compiling tokio v1.52.3
[INFO] [stderr]    Compiling tokio-util v0.7.18
[INFO] [stderr]    Compiling tower v0.5.3
[INFO] [stderr]    Compiling tokio-rustls v0.26.4
[INFO] [stderr]    Compiling tokio-stream v0.1.18
[INFO] [stderr]    Compiling rdfc-processor-sdk v0.3.0
[INFO] [stderr]    Compiling tokio-test v0.4.5
[INFO] [stderr]    Compiling h2 v0.4.15
[INFO] [stderr]    Compiling tower v0.4.13
[INFO] [stderr]    Compiling axum v0.7.9
[INFO] [stderr]    Compiling tower-http v0.6.11
[INFO] [stderr]    Compiling hyper v1.10.1
[INFO] [stderr]    Compiling hyper-util v0.1.20
[INFO] [stderr]    Compiling hyper-timeout v0.5.2
[INFO] [stderr]    Compiling hyper-rustls v0.27.9
[INFO] [stderr]    Compiling tonic v0.12.3
[INFO] [stderr]    Compiling reqwest v0.13.4
[INFO] [stderr]    Compiling rdfc-rust-runner v0.3.1 (/opt/rustwide/workdir)
[INFO] [stderr] warning: unused dependency `prost-types`
[INFO] [stderr]   --> Cargo.toml:33:15
[INFO] [stderr]    |
[INFO] [stderr] 33 | [dependencies.prost-types]
[INFO] [stderr]    |               ^^^^^^^^^^^^
[INFO] [stderr]    |
[INFO] [stderr]    = note: `cargo::unused_dependencies` is set to `warn` by default
[INFO] [stderr] help: consider removing the dependency on `prost-types`
[INFO] [stderr] warning: `rdfc-rust-runner` (manifest) generated 1 warning
[INFO] [stderr]     Finished `release` profile [optimized] target(s) in 53.83s
[INFO] running `Command { std: "docker" "inspect" "002a57a7c8aad025073ec35a332d4df726feb1b95885589f43beb3188d58d104", kill_on_drop: false }`
[INFO] running `Command { std: "docker" "exec" "-e" "SOURCE_DIR=/opt/rustwide/workdir" "-e" "CARGO_HOME=/opt/rustwide/cargo-home" "-e" "RUSTUP_HOME=/opt/rustwide/rustup-home" "-e" "CARGO_TARGET_DIR=/opt/rustwide/target" "-e" "CARGO_INCREMENTAL=0" "-e" "RUST_BACKTRACE=full" "-e" "RUSTFLAGS=--cap-lints=warn" "-e" "RUSTDOCFLAGS=--cap-lints=warn" "-w" "/opt/rustwide/workdir" "--user" "0:0" "002a57a7c8aad025073ec35a332d4df726feb1b95885589f43beb3188d58d104" "/opt/rustwide/cargo-home/bin/cargo" "+1.100.0-beta.1" "test" "--frozen" "--release", kill_on_drop: false }`
[INFO] [stderr] warning: unused dependency `prost-types`
[INFO] [stderr]   --> Cargo.toml:33:15
[INFO] [stderr]    |
[INFO] [stderr] 33 | [dependencies.prost-types]
[INFO] [stderr]    |               ^^^^^^^^^^^^
[INFO] [stderr]    |
[INFO] [stderr]    = note: `cargo::unused_dependencies` is set to `warn` by default
[INFO] [stderr] help: consider removing the dependency on `prost-types`
[INFO] [stderr] warning: `rdfc-rust-runner` (manifest) generated 1 warning
[INFO] [stderr]     Finished `release` profile [optimized] target(s) in 0.87s
[INFO] [stderr]      Running unittests src/lib.rs (/opt/rustwide/target/release/build/rdfc-rust-runner/5e83911495a52517/out/rdfc_rust_runner-5e83911495a52517)
[INFO] [stdout] 
[INFO] [stdout] running 7 tests
[INFO] [stdout] test channel::tests::reader_returns_none_on_close ... ok
[INFO] [stdout] test channel::tests::reader_delivers_message_and_acks ... ok
[INFO] [stdout] test runner::tests::array_property_mixing_channels_with_other_values_only_extracts_channels ... ok
[INFO] [stdout] test runner::tests::extracts_singular_reader_and_writer ... ok
[INFO] [stdout] test channel::tests::writer_close_sends_close_message ... ok
[INFO] [stdout] test runner::tests::extracts_every_reader_in_a_multi_valued_array_property ... ok
[INFO] [stderr]      Running unittests src/main.rs (/opt/rustwide/target/release/build/rdfc-rust-runner/c2bae1ee40cdba91/out/rust_runner-c2bae1ee40cdba91)
[INFO] [stdout] test channel::tests::writer_sends_message_and_resolves_on_ack ... ok
[INFO] [stdout] 
[INFO] [stdout] test result: ok. 7 passed; 0 failed; 0 ignored; 0 measured; 0 filtered out; finished in 0.01s
[INFO] [stdout] 
[INFO] [stdout] 
[INFO] [stdout] running 0 tests
[INFO] [stdout] 
[INFO] [stdout] test result: ok. 0 passed; 0 failed; 0 ignored; 0 measured; 0 filtered out; finished in 0.00s
[INFO] [stdout] 
[INFO] [stderr]      Running tests/integration_test.rs (/opt/rustwide/target/release/build/rdfc-rust-runner/5717fea0efa0dc3d/out/integration_test-5717fea0efa0dc3d)
[INFO] [stdout] 
[INFO] [stdout] running 1 test
[INFO] [stderr] error: package ID specification `rdfc-processor-send` did not match any packages
[INFO] [stderr] 
[INFO] [stderr] help: a package with a similar name exists: `rdfc-processor-sdk`
[INFO] [stdout] test runner_full_lifecycle ... FAILED
[INFO] [stderr] error: test failed, to rerun pass `--test integration_test`
[INFO] [stdout] 
[INFO] [stdout] failures:
[INFO] [stdout] 
[INFO] [stdout] ---- runner_full_lifecycle stdout ----
[INFO] [stdout] 
[INFO] [stdout] thread 'runner_full_lifecycle' (4249) panicked at tests/integration_test.rs:160:5:
[INFO] [stdout] cargo build failed for 'rdfc-processor-send'
[INFO] [stdout] stack backtrace:
[INFO] [stdout]    0:     0x5bdb2d927cb1 - <<std[617be2ca0a6fd877]::sys::backtrace::BacktraceLock>::print::DisplayBacktrace as core[a373ad73a504971]::fmt::Display>::fmt
[INFO] [stdout]    1:     0x5bdb2d93f18a - core[a373ad73a504971]::fmt::write
[INFO] [stdout]    2:     0x5bdb2d92d4ec - <alloc[2e1b2a31b91974c5]::vec::Vec<u8> as core[a373ad73a504971]::io::write::Write>::write_fmt
[INFO] [stdout]    3:     0x5bdb2d900b66 - std[617be2ca0a6fd877]::panicking::default_hook::{closure#0}
[INFO] [stdout]    4:     0x5bdb2d91f049 - std[617be2ca0a6fd877]::panicking::default_hook
[INFO] [stdout]    5:     0x5bdb2d3f3770 - test[aada8e7e76ba119b]::test_main_inner::{closure#0}
[INFO] [stdout]    6:     0x5bdb2d91f372 - std[617be2ca0a6fd877]::panicking::panic_with_hook
[INFO] [stdout]    7:     0x5bdb2d900c12 - std[617be2ca0a6fd877]::panicking::panic_handler::{closure#0}
[INFO] [stdout]    8:     0x5bdb2d8f9099 - std[617be2ca0a6fd877]::sys::backtrace::__rust_end_short_backtrace::<std[617be2ca0a6fd877]::panicking::panic_handler::{closure#0}, !>
[INFO] [stdout]    9:     0x5bdb2d901c0d - __rustc[ea4f61d10b84890b]::rust_begin_unwind
[INFO] [stdout]   10:     0x5bdb2d93f8ec - core[a373ad73a504971]::panicking::panic_fmt
[INFO] [stdout]   11:     0x5bdb2d3a9caa - integration_test[23ebe35968edbb9d]::build_processor_so
[INFO] [stdout]   12:     0x5bdb2d3a7346 - integration_test[23ebe35968edbb9d]::runner_full_lifecycle::{closure#0}
[INFO] [stdout]   13:     0x5bdb2d3cb613 - <tokio[8935ed81bb1a580f]::runtime::scheduler::current_thread::Context>::enter::<core[a373ad73a504971]::task::poll::Poll<()>, <tokio[8935ed81bb1a580f]::runtime::scheduler::current_thread::CoreGuard>::block_on<core[a373ad73a504971]::pin::Pin<&mut core[a373ad73a504971]::pin::Pin<&mut dyn core[a373ad73a504971]::future::future::Future<Output = ()>>>>::{closure#0}::{closure#0}>
[INFO] [stdout]   14:     0x5bdb2d39824c - <tokio[8935ed81bb1a580f]::runtime::context::scoped::Scoped<tokio[8935ed81bb1a580f]::runtime::scheduler::Context>>::set::<<tokio[8935ed81bb1a580f]::runtime::scheduler::current_thread::CoreGuard>::enter<<tokio[8935ed81bb1a580f]::runtime::scheduler::current_thread::CoreGuard>::block_on<core[a373ad73a504971]::pin::Pin<&mut core[a373ad73a504971]::pin::Pin<&mut dyn core[a373ad73a504971]::future::future::Future<Output = ()>>>>::{closure#0}, core[a373ad73a504971]::option::Option<()>>::{closure#0}, (alloc[2e1b2a31b91974c5]::boxed::Box<tokio[8935ed81bb1a580f]::runtime::scheduler::current_thread::Core>, core[a373ad73a504971]::option::Option<()>)>
[INFO] [stdout]   15:     0x5bdb2d3cc157 - <tokio[8935ed81bb1a580f]::runtime::scheduler::current_thread::CoreGuard>::block_on::<core[a373ad73a504971]::pin::Pin<&mut core[a373ad73a504971]::pin::Pin<&mut dyn core[a373ad73a504971]::future::future::Future<Output = ()>>>>
[INFO] [stdout]   16:     0x5bdb2d39d19d - tokio[8935ed81bb1a580f]::runtime::context::runtime::enter_runtime::<<tokio[8935ed81bb1a580f]::runtime::scheduler::current_thread::CurrentThread>::block_on<core[a373ad73a504971]::pin::Pin<&mut dyn core[a373ad73a504971]::future::future::Future<Output = ()>>>::{closure#0}, ()>
[INFO] [stdout]   17:     0x5bdb2d3adc25 - <tokio[8935ed81bb1a580f]::runtime::runtime::Runtime>::block_on::<core[a373ad73a504971]::pin::Pin<&mut dyn core[a373ad73a504971]::future::future::Future<Output = ()>>>
[INFO] [stdout]   18:     0x5bdb2d3ad97e - <integration_test[23ebe35968edbb9d]::runner_full_lifecycle::{closure#0} as core[a373ad73a504971]::ops::function::FnOnce<()>>::call_once
[INFO] [stdout]   19:     0x5bdb2d3e6bbb - test[aada8e7e76ba119b]::__rust_begin_short_backtrace::<core[a373ad73a504971]::result::Result<(), alloc[2e1b2a31b91974c5]::string::String>, fn() -> core[a373ad73a504971]::result::Result<(), alloc[2e1b2a31b91974c5]::string::String>>
[INFO] [stdout]   20:     0x5bdb2d3f3d95 - test[aada8e7e76ba119b]::run_test::{closure#0}
[INFO] [stdout]   21:     0x5bdb2d3ed684 - std[617be2ca0a6fd877]::sys::backtrace::__rust_begin_short_backtrace::<test[aada8e7e76ba119b]::run_test::{closure#1}, ()>
[INFO] [stdout]   22:     0x5bdb2d3f6e22 - <std[617be2ca0a6fd877]::thread::lifecycle::spawn_unchecked<test[aada8e7e76ba119b]::run_test::{closure#1}, ()>::{closure#1} as core[a373ad73a504971]::ops::function::FnOnce<()>>::call_once::{shim:vtable#0}
[INFO] [stdout]   23:     0x5bdb2d926f7f - <std[617be2ca0a6fd877]::sys::thread::unix::Thread>::new::thread_start
[INFO] [stdout]   24:     0x7beebc36ddfa - <unknown>
[INFO] [stdout]   25:     0x7beebc4013d4 - clone
[INFO] [stdout]   26:                0x0 - <unknown>
[INFO] [stdout] 
[INFO] [stdout] 
[INFO] [stdout] failures:
[INFO] [stdout]     runner_full_lifecycle
[INFO] [stdout] 
[INFO] [stdout] test result: FAILED. 0 passed; 1 failed; 0 ignored; 0 measured; 0 filtered out; finished in 0.28s
[INFO] [stdout] 
[INFO] running `Command { std: "docker" "inspect" "002a57a7c8aad025073ec35a332d4df726feb1b95885589f43beb3188d58d104", kill_on_drop: false }`
[INFO] running `Command { std: "docker" "rm" "-f" "002a57a7c8aad025073ec35a332d4df726feb1b95885589f43beb3188d58d104", kill_on_drop: false }`
[INFO] [stdout] 002a57a7c8aad025073ec35a332d4df726feb1b95885589f43beb3188d58d104
