[INFO] fetching crate rdap_client 0.2.0...
[INFO] testing rdap_client-0.2.0 against 1.100.0-beta.1+cargoflags=--release for beta-release-1.100-2
[INFO] extracting crate rdap_client 0.2.0 into /workspace/builds/worker-6-tc2/source
[INFO] started tweaking crates.io crate rdap_client 0.2.0
[INFO] finished tweaking crates.io crate rdap_client 0.2.0
[INFO] tweaked toml for crates.io crate rdap_client 0.2.0 written to /workspace/builds/worker-6-tc2/source/Cargo.toml
[INFO] validating manifest of crates.io crate rdap_client 0.2.0 on toolchain 1.100.0-beta.1
[INFO] running `Command { std: CARGO_HOME="/workspace/cargo-home" RUSTUP_HOME="/workspace/rustup-home" "/workspace/cargo-home/bin/cargo" "+1.100.0-beta.1" "metadata" "--manifest-path" "Cargo.toml" "--no-deps", kill_on_drop: false }`
[INFO] running `Command { std: CARGO_HOME="/workspace/cargo-home" RUSTUP_HOME="/workspace/rustup-home" "/workspace/cargo-home/bin/cargo" "+1.100.0-beta.1" "generate-lockfile" "--manifest-path" "Cargo.toml", kill_on_drop: false }`
[INFO] [stderr]     Updating crates.io index
[INFO] [stderr]      Locking 210 packages to highest compatible versions
[INFO] [stderr]       Adding criterion v0.3.6 (available: v0.8.2)
[INFO] [stderr]       Adding reqwest v0.11.27 (available: v0.13.5)
[INFO] running `Command { std: CARGO_HOME="/workspace/cargo-home" RUSTUP_HOME="/workspace/rustup-home" "/workspace/cargo-home/bin/cargo" "+1.100.0-beta.1" "fetch" "--manifest-path" "Cargo.toml", kill_on_drop: false }`
[INFO] [stderr] warning: `package.homepage` is redundant with `package.repository`
[INFO] [stderr]   --> Cargo.toml:48:12
[INFO] [stderr]    |
[INFO] [stderr] 48 | homepage = "https://github.com/JakubOnderka/rdap_client"
[INFO] [stderr]    |            ^^^^^^^^^^^^^^^^^^^^^^^^^^^^^^^^^^^^^^^^^^^^^
[INFO] [stderr] ...
[INFO] [stderr] 53 | repository = "https://github.com/JakubOnderka/rdap_client"
[INFO] [stderr]    |              ---------------------------------------------
[INFO] [stderr]    |
[INFO] [stderr]    = note: `cargo::redundant_homepage` is set to `warn` by default
[INFO] [stderr] help: consider removing `package.homepage`
[INFO] [stderr] warning: `rdap_client` (manifest) generated 1 warning
[INFO] running `Command { std: "docker" "create" "-v" "/var/lib/crater-agent-workspace/builds/worker-6-tc2/source:/opt/rustwide/workdir:ro,Z" "-v" "/var/lib/crater-agent-workspace/builds/worker-6-tc2/target:/opt/rustwide/target:rw,Z" "-v" "/var/lib/crater-agent-workspace/cargo-home:/opt/rustwide/cargo-home:ro,Z" "-v" "/var/lib/crater-agent-workspace/rustup-home:/opt/rustwide/rustup-home:ro,Z" "-m" "1610612736" "--network" "none" "ghcr.io/rust-lang/crates-build-env/linux@sha256:77db811e55d90add9212f6832c23229e3de5f1c1f9905e8cb07319ea15df73ac" "sleep" "infinity", kill_on_drop: false }`
[INFO] [stdout] f7ba6680599cc6854cc670c5c5dd2e8d9665dfb831f0ffdc30b7eedfc0681ae7
[INFO] running `Command { std: "docker" "start" "f7ba6680599cc6854cc670c5c5dd2e8d9665dfb831f0ffdc30b7eedfc0681ae7", kill_on_drop: false }`
[INFO] running `Command { std: "docker" "inspect" "f7ba6680599cc6854cc670c5c5dd2e8d9665dfb831f0ffdc30b7eedfc0681ae7", kill_on_drop: false }`
[INFO] running `Command { std: "docker" "exec" "-e" "SOURCE_DIR=/opt/rustwide/workdir" "-e" "CARGO_HOME=/opt/rustwide/cargo-home" "-e" "RUSTUP_HOME=/opt/rustwide/rustup-home" "-e" "CARGO_TARGET_DIR=/opt/rustwide/target" "-w" "/opt/rustwide/workdir" "--user" "0:0" "f7ba6680599cc6854cc670c5c5dd2e8d9665dfb831f0ffdc30b7eedfc0681ae7" "/opt/rustwide/cargo-home/bin/cargo" "+1.100.0-beta.1" "metadata" "--no-deps" "--format-version=1", kill_on_drop: false }`
[INFO] running `Command { std: "docker" "inspect" "f7ba6680599cc6854cc670c5c5dd2e8d9665dfb831f0ffdc30b7eedfc0681ae7", kill_on_drop: false }`
[INFO] running `Command { std: "docker" "exec" "-e" "SOURCE_DIR=/opt/rustwide/workdir" "-e" "CARGO_HOME=/opt/rustwide/cargo-home" "-e" "RUSTUP_HOME=/opt/rustwide/rustup-home" "-e" "CARGO_TARGET_DIR=/opt/rustwide/target" "-e" "CARGO_INCREMENTAL=0" "-e" "RUST_BACKTRACE=full" "-e" "RUSTFLAGS=--cap-lints=warn" "-e" "RUSTDOCFLAGS=--cap-lints=warn" "-w" "/opt/rustwide/workdir" "--user" "0:0" "f7ba6680599cc6854cc670c5c5dd2e8d9665dfb831f0ffdc30b7eedfc0681ae7" "/opt/rustwide/cargo-home/bin/cargo" "+1.100.0-beta.1" "build" "--frozen" "--message-format=json" "--release", kill_on_drop: false }`
[INFO] [stderr] warning: `package.homepage` is redundant with `package.repository`
[INFO] [stderr]   --> Cargo.toml:48:12
[INFO] [stderr]    |
[INFO] [stderr] 48 | homepage = "https://github.com/JakubOnderka/rdap_client"
[INFO] [stderr]    |            ^^^^^^^^^^^^^^^^^^^^^^^^^^^^^^^^^^^^^^^^^^^^^
[INFO] [stderr] ...
[INFO] [stderr] 53 | repository = "https://github.com/JakubOnderka/rdap_client"
[INFO] [stderr]    |              ---------------------------------------------
[INFO] [stderr]    |
[INFO] [stderr]    = note: `cargo::redundant_homepage` is set to `warn` by default
[INFO] [stderr] help: consider removing `package.homepage`
[INFO] [stderr] warning: `rdap_client` (manifest) generated 1 warning
[INFO] [stderr]    Compiling mio v1.2.4
[INFO] [stderr]    Compiling socket2 v0.6.5
[INFO] [stderr]    Compiling syn v2.0.119
[INFO] [stderr]    Compiling synstructure v0.14.0
[INFO] [stderr]    Compiling zerovec-derive v0.11.6
[INFO] [stderr]    Compiling displaydoc v0.2.7
[INFO] [stderr]    Compiling futures-macro v0.3.34
[INFO] [stderr]    Compiling serde_derive v1.0.229
[INFO] [stderr]    Compiling openssl-sys v0.9.117
[INFO] [stderr]    Compiling compression-core v0.4.34
[INFO] [stderr]    Compiling serde_json v1.0.154
[INFO] [stderr]    Compiling ip_network_table-deps-treebitmap v0.5.0
[INFO] [stderr]    Compiling compression-codecs v0.4.46
[INFO] [stderr]    Compiling futures-util v0.3.34
[INFO] [stderr]    Compiling tokio v1.53.3
[INFO] [stderr]    Compiling zerofrom-derive v0.1.8
[INFO] [stderr]    Compiling yoke-derive v0.8.4
[INFO] [stderr]    Compiling zerofrom v0.1.8
[INFO] [stderr]    Compiling yoke v0.8.3
[INFO] [stderr]    Compiling zerovec v0.11.8
[INFO] [stderr]    Compiling zerotrie v0.2.5
[INFO] [stderr]    Compiling tinystr v0.8.4
[INFO] [stderr]    Compiling potential_utf v0.1.6
[INFO] [stderr]    Compiling icu_locale_core v2.3.0
[INFO] [stderr]    Compiling icu_collections v2.3.0
[INFO] [stderr]    Compiling serde v1.0.229
[INFO] [stderr]    Compiling icu_provider v2.3.1
[INFO] [stderr]    Compiling icu_normalizer v2.3.0
[INFO] [stderr]    Compiling icu_properties v2.3.0
[INFO] [stderr]    Compiling openssl-macros v0.1.1
[INFO] [stderr]    Compiling serde_urlencoded v0.7.1
[INFO] [stderr]    Compiling ip_network v0.4.1
[INFO] [stderr]    Compiling chrono v0.4.45
[INFO] [stderr]    Compiling openssl v0.10.81
[INFO] [stderr]    Compiling futures-executor v0.3.34
[INFO] [stderr]    Compiling futures v0.3.34
[INFO] [stderr]    Compiling ip_network_table v0.2.0
[INFO] [stderr]    Compiling idna_adapter v1.2.2
[INFO] [stderr]    Compiling idna v1.1.0
[INFO] [stderr]    Compiling tokio-util v0.7.20
[INFO] [stderr]    Compiling async-compression v0.4.51
[INFO] [stderr]    Compiling h2 v0.3.27
[INFO] [stderr]    Compiling url v2.5.8
[INFO] [stderr]    Compiling native-tls v0.2.18
[INFO] [stderr]    Compiling tokio-native-tls v0.3.1
[INFO] [stderr]    Compiling hyper v0.14.32
[INFO] [stderr]    Compiling hyper-tls v0.5.0
[INFO] [stderr]    Compiling reqwest v0.11.27
[INFO] [stderr]    Compiling rdap_client v0.2.0 (/opt/rustwide/workdir)
[INFO] [stdout] warning: use of deprecated method `chrono::TimeZone::datetime_from_str`: use `DateTime::parse_from_str` or `NaiveDateTime::parse_from_str` with `and_utc()` or `and_local_timezone()` instead
[INFO] [stdout]   --> src/parser.rs:41:21
[INFO] [stdout]    |
[INFO] [stdout] 41 |                 Utc.datetime_from_str(&string, "%Y-%m-%dT%H:%M:%S")
[INFO] [stdout]    |                     ^^^^^^^^^^^^^^^^^
[INFO] [stdout]    |
[INFO] [stdout]    = note: `#[warn(deprecated)]` on by default
[INFO] [stdout] 
[INFO] [stdout] 
[INFO] [stdout] warning: use of deprecated method `chrono::TimeZone::datetime_from_str`: use `DateTime::parse_from_str` or `NaiveDateTime::parse_from_str` with `and_utc()` or `and_local_timezone()` instead
[INFO] [stdout]   --> src/parser.rs:45:21
[INFO] [stdout]    |
[INFO] [stdout] 45 |                 Utc.datetime_from_str(&string, "%Y-%m-%d %H:%M:%S")
[INFO] [stdout]    |                     ^^^^^^^^^^^^^^^^^
[INFO] [stdout] 
[INFO] [stdout] 
[INFO] [stdout] warning: field `0` is never read
[INFO] [stdout]    --> src/parser.rs:937:36
[INFO] [stdout]     |
[INFO] [stdout] 937 | pub struct BootstrapServiceRfc8521(Vec<String>, Vec<String>, Vec<String>);
[INFO] [stdout]     |            ----------------------- ^^^^^^^^^^^
[INFO] [stdout]     |            |
[INFO] [stdout]     |            field in this struct
[INFO] [stdout]     |
[INFO] [stdout]     = note: `BootstrapServiceRfc8521` has a derived impl for the trait `Debug`, but this is intentionally ignored during dead code analysis
[INFO] [stdout]     = note: `#[warn(dead_code)]` (part of `#[warn(unused)]`) on by default
[INFO] [stdout] help: consider changing the field to be of unit type to suppress this warning while preserving the field numbering, or remove the field
[INFO] [stdout]     |
[INFO] [stdout] 937 - pub struct BootstrapServiceRfc8521(Vec<String>, Vec<String>, Vec<String>);
[INFO] [stdout] 937 + pub struct BootstrapServiceRfc8521((), Vec<String>, Vec<String>);
[INFO] [stdout]     |
[INFO] [stdout] 
[INFO] [stdout] 
[INFO] [stderr]     Finished `release` profile [optimized] target(s) in 47.76s
[INFO] running `Command { std: "docker" "inspect" "f7ba6680599cc6854cc670c5c5dd2e8d9665dfb831f0ffdc30b7eedfc0681ae7", kill_on_drop: false }`
[INFO] running `Command { std: "docker" "exec" "-e" "SOURCE_DIR=/opt/rustwide/workdir" "-e" "CARGO_HOME=/opt/rustwide/cargo-home" "-e" "RUSTUP_HOME=/opt/rustwide/rustup-home" "-e" "CARGO_TARGET_DIR=/opt/rustwide/target" "-e" "CARGO_INCREMENTAL=0" "-e" "RUST_BACKTRACE=full" "-e" "RUSTFLAGS=--cap-lints=warn" "-e" "RUSTDOCFLAGS=--cap-lints=warn" "-w" "/opt/rustwide/workdir" "--user" "0:0" "f7ba6680599cc6854cc670c5c5dd2e8d9665dfb831f0ffdc30b7eedfc0681ae7" "/opt/rustwide/cargo-home/bin/cargo" "+1.100.0-beta.1" "test" "--frozen" "--no-run" "--message-format=json" "--release", kill_on_drop: false }`
[INFO] [stderr] warning: `package.homepage` is redundant with `package.repository`
[INFO] [stderr]   --> Cargo.toml:48:12
[INFO] [stderr]    |
[INFO] [stderr] 48 | homepage = "https://github.com/JakubOnderka/rdap_client"
[INFO] [stderr]    |            ^^^^^^^^^^^^^^^^^^^^^^^^^^^^^^^^^^^^^^^^^^^^^
[INFO] [stderr] ...
[INFO] [stderr] 53 | repository = "https://github.com/JakubOnderka/rdap_client"
[INFO] [stderr]    |              ---------------------------------------------
[INFO] [stderr]    |
[INFO] [stderr]    = note: `cargo::redundant_homepage` is set to `warn` by default
[INFO] [stderr] help: consider removing `package.homepage`
[INFO] [stderr] warning: `rdap_client` (manifest) generated 1 warning
[INFO] [stderr]    Compiling csv-core v0.1.13
[INFO] [stderr]    Compiling half v1.8.3
[INFO] [stderr]    Compiling criterion-plot v0.4.5
[INFO] [stderr]    Compiling tinytemplate v1.2.1
[INFO] [stderr]    Compiling clap v2.34.0
[INFO] [stdout] warning: use of deprecated method `chrono::TimeZone::datetime_from_str`: use `DateTime::parse_from_str` or `NaiveDateTime::parse_from_str` with `and_utc()` or `and_local_timezone()` instead
[INFO] [stdout]   --> src/parser.rs:41:21
[INFO] [stdout]    |
[INFO] [stdout] 41 |                 Utc.datetime_from_str(&string, "%Y-%m-%dT%H:%M:%S")
[INFO] [stdout]    |                     ^^^^^^^^^^^^^^^^^
[INFO] [stdout]    |
[INFO] [stdout]    = note: `#[warn(deprecated)]` on by default
[INFO] [stdout] 
[INFO] [stdout] 
[INFO] [stdout] warning: use of deprecated method `chrono::TimeZone::datetime_from_str`: use `DateTime::parse_from_str` or `NaiveDateTime::parse_from_str` with `and_utc()` or `and_local_timezone()` instead
[INFO] [stdout]   --> src/parser.rs:45:21
[INFO] [stdout]    |
[INFO] [stdout] 45 |                 Utc.datetime_from_str(&string, "%Y-%m-%d %H:%M:%S")
[INFO] [stdout]    |                     ^^^^^^^^^^^^^^^^^
[INFO] [stdout] 
[INFO] [stdout] 
[INFO] [stdout] warning: field `0` is never read
[INFO] [stdout]    --> src/parser.rs:937:36
[INFO] [stdout]     |
[INFO] [stdout] 937 | pub struct BootstrapServiceRfc8521(Vec<String>, Vec<String>, Vec<String>);
[INFO] [stdout]     |            ----------------------- ^^^^^^^^^^^
[INFO] [stdout]     |            |
[INFO] [stdout]     |            field in this struct
[INFO] [stdout]     |
[INFO] [stdout]     = note: `BootstrapServiceRfc8521` has a derived impl for the trait `Debug`, but this is intentionally ignored during dead code analysis
[INFO] [stdout]     = note: `#[warn(dead_code)]` (part of `#[warn(unused)]`) on by default
[INFO] [stdout] help: consider changing the field to be of unit type to suppress this warning while preserving the field numbering, or remove the field
[INFO] [stdout]     |
[INFO] [stdout] 937 - pub struct BootstrapServiceRfc8521(Vec<String>, Vec<String>, Vec<String>);
[INFO] [stdout] 937 + pub struct BootstrapServiceRfc8521((), Vec<String>, Vec<String>);
[INFO] [stdout]     |
[INFO] [stdout] 
[INFO] [stdout] 
[INFO] [stderr]    Compiling csv v1.4.0
[INFO] [stderr]    Compiling serde_cbor v0.11.2
[INFO] [stderr]    Compiling criterion v0.3.6
[INFO] [stderr]    Compiling rdap_client v0.2.0 (/opt/rustwide/workdir)
[INFO] [stdout] warning: use of deprecated constant `std::u32::MAX`: replaced by the `MAX` associated constant on this type
[INFO] [stdout]    --> src/bootstrap.rs:390:36
[INFO] [stdout]     |
[INFO] [stdout] 390 |         assert!(asn.find(std::u32::MAX).is_none());
[INFO] [stdout]     |                                    ^^^
[INFO] [stdout]     |
[INFO] [stdout]     = note: `#[warn(deprecated)]` on by default
[INFO] [stdout] 
[INFO] [stdout] 
[INFO] [stdout] warning: use of deprecated method `chrono::TimeZone::datetime_from_str`: use `DateTime::parse_from_str` or `NaiveDateTime::parse_from_str` with `and_utc()` or `and_local_timezone()` instead
[INFO] [stdout]   --> src/parser.rs:41:21
[INFO] [stdout]    |
[INFO] [stdout] 41 |                 Utc.datetime_from_str(&string, "%Y-%m-%dT%H:%M:%S")
[INFO] [stdout]    |                     ^^^^^^^^^^^^^^^^^
[INFO] [stdout] 
[INFO] [stdout] 
[INFO] [stdout] warning: use of deprecated method `chrono::TimeZone::datetime_from_str`: use `DateTime::parse_from_str` or `NaiveDateTime::parse_from_str` with `and_utc()` or `and_local_timezone()` instead
[INFO] [stdout]   --> src/parser.rs:45:21
[INFO] [stdout]    |
[INFO] [stdout] 45 |                 Utc.datetime_from_str(&string, "%Y-%m-%d %H:%M:%S")
[INFO] [stdout]    |                     ^^^^^^^^^^^^^^^^^
[INFO] [stdout] 
[INFO] [stdout] 
[INFO] [stdout] warning: field `0` is never read
[INFO] [stdout]    --> src/parser.rs:937:36
[INFO] [stdout]     |
[INFO] [stdout] 937 | pub struct BootstrapServiceRfc8521(Vec<String>, Vec<String>, Vec<String>);
[INFO] [stdout]     |            ----------------------- ^^^^^^^^^^^
[INFO] [stdout]     |            |
[INFO] [stdout]     |            field in this struct
[INFO] [stdout]     |
[INFO] [stdout]     = note: `BootstrapServiceRfc8521` has a derived impl for the trait `Debug`, but this is intentionally ignored during dead code analysis
[INFO] [stdout]     = note: `#[warn(dead_code)]` (part of `#[warn(unused)]`) on by default
[INFO] [stdout] help: consider changing the field to be of unit type to suppress this warning while preserving the field numbering, or remove the field
[INFO] [stdout]     |
[INFO] [stdout] 937 - pub struct BootstrapServiceRfc8521(Vec<String>, Vec<String>, Vec<String>);
[INFO] [stdout] 937 + pub struct BootstrapServiceRfc8521((), Vec<String>, Vec<String>);
[INFO] [stdout]     |
[INFO] [stdout] 
[INFO] [stdout] 
[INFO] [stderr]     Finished `release` profile [optimized] target(s) in 38.62s
[INFO] running `Command { std: "docker" "inspect" "f7ba6680599cc6854cc670c5c5dd2e8d9665dfb831f0ffdc30b7eedfc0681ae7", kill_on_drop: false }`
[INFO] running `Command { std: "docker" "exec" "-e" "SOURCE_DIR=/opt/rustwide/workdir" "-e" "CARGO_HOME=/opt/rustwide/cargo-home" "-e" "RUSTUP_HOME=/opt/rustwide/rustup-home" "-e" "CARGO_TARGET_DIR=/opt/rustwide/target" "-e" "CARGO_INCREMENTAL=0" "-e" "RUST_BACKTRACE=full" "-e" "RUSTFLAGS=--cap-lints=warn" "-e" "RUSTDOCFLAGS=--cap-lints=warn" "-w" "/opt/rustwide/workdir" "--user" "0:0" "f7ba6680599cc6854cc670c5c5dd2e8d9665dfb831f0ffdc30b7eedfc0681ae7" "/opt/rustwide/cargo-home/bin/cargo" "+1.100.0-beta.1" "test" "--frozen" "--release", kill_on_drop: false }`
[INFO] [stderr] warning: `package.homepage` is redundant with `package.repository`
[INFO] [stderr]   --> Cargo.toml:48:12
[INFO] [stderr]    |
[INFO] [stderr] 48 | homepage = "https://github.com/JakubOnderka/rdap_client"
[INFO] [stderr]    |            ^^^^^^^^^^^^^^^^^^^^^^^^^^^^^^^^^^^^^^^^^^^^^
[INFO] [stderr] ...
[INFO] [stderr] 53 | repository = "https://github.com/JakubOnderka/rdap_client"
[INFO] [stderr]    |              ---------------------------------------------
[INFO] [stderr]    |
[INFO] [stderr]    = note: `cargo::redundant_homepage` is set to `warn` by default
[INFO] [stderr] help: consider removing `package.homepage`
[INFO] [stderr] warning: `rdap_client` (manifest) generated 1 warning
[INFO] [stderr] warning: use of deprecated method `chrono::TimeZone::datetime_from_str`: use `DateTime::parse_from_str` or `NaiveDateTime::parse_from_str` with `and_utc()` or `and_local_timezone()` instead
[INFO] [stderr]   --> src/parser.rs:41:21
[INFO] [stderr]    |
[INFO] [stderr] 41 |                 Utc.datetime_from_str(&string, "%Y-%m-%dT%H:%M:%S")
[INFO] [stderr]    |                     ^^^^^^^^^^^^^^^^^
[INFO] [stderr]    |
[INFO] [stderr]    = note: `#[warn(deprecated)]` on by default
[INFO] [stderr] 
[INFO] [stderr] warning: use of deprecated method `chrono::TimeZone::datetime_from_str`: use `DateTime::parse_from_str` or `NaiveDateTime::parse_from_str` with `and_utc()` or `and_local_timezone()` instead
[INFO] [stderr]   --> src/parser.rs:45:21
[INFO] [stderr]    |
[INFO] [stderr] 45 |                 Utc.datetime_from_str(&string, "%Y-%m-%d %H:%M:%S")
[INFO] [stderr]    |                     ^^^^^^^^^^^^^^^^^
[INFO] [stderr] 
[INFO] [stderr] warning: field `0` is never read
[INFO] [stderr]    --> src/parser.rs:937:36
[INFO] [stderr]     |
[INFO] [stderr] 937 | pub struct BootstrapServiceRfc8521(Vec<String>, Vec<String>, Vec<String>);
[INFO] [stderr]     |            ----------------------- ^^^^^^^^^^^
[INFO] [stderr]     |            |
[INFO] [stderr]     |            field in this struct
[INFO] [stderr]     |
[INFO] [stderr]     = note: `BootstrapServiceRfc8521` has a derived impl for the trait `Debug`, but this is intentionally ignored during dead code analysis
[INFO] [stderr]     = note: `#[warn(dead_code)]` (part of `#[warn(unused)]`) on by default
[INFO] [stderr] help: consider changing the field to be of unit type to suppress this warning while preserving the field numbering, or remove the field
[INFO] [stderr]     |
[INFO] [stderr] 937 - pub struct BootstrapServiceRfc8521(Vec<String>, Vec<String>, Vec<String>);
[INFO] [stderr] 937 + pub struct BootstrapServiceRfc8521((), Vec<String>, Vec<String>);
[INFO] [stderr]     |
[INFO] [stderr] 
[INFO] [stderr] warning: `rdap_client` (lib) generated 3 warnings
[INFO] [stderr] warning: use of deprecated constant `std::u32::MAX`: replaced by the `MAX` associated constant on this type
[INFO] [stderr]    --> src/bootstrap.rs:390:36
[INFO] [stderr]     |
[INFO] [stderr] 390 |         assert!(asn.find(std::u32::MAX).is_none());
[INFO] [stderr]     |                                    ^^^
[INFO] [stderr]     |
[INFO] [stderr]     = note: `#[warn(deprecated)]` on by default
[INFO] [stderr] 
[INFO] [stderr] warning: use of deprecated method `chrono::TimeZone::datetime_from_str`: use `DateTime::parse_from_str` or `NaiveDateTime::parse_from_str` with `and_utc()` or `and_local_timezone()` instead
[INFO] [stderr]   --> src/parser.rs:41:21
[INFO] [stderr]    |
[INFO] [stderr] 41 |                 Utc.datetime_from_str(&string, "%Y-%m-%dT%H:%M:%S")
[INFO] [stderr]    |                     ^^^^^^^^^^^^^^^^^
[INFO] [stderr] 
[INFO] [stderr] warning: `rdap_client` (lib test) generated 4 warnings (2 duplicates)
[INFO] [stderr]     Finished `release` profile [optimized] target(s) in 0.19s
[INFO] [stdout] 
[INFO] [stderr]      Running unittests src/lib.rs (/opt/rustwide/target/release/build/rdap_client/b79a1239f3947ff0/out/rdap_client-b79a1239f3947ff0)
[INFO] [stdout] running 52 tests
[INFO] [stdout] test bootstrap::tests::test_send_sync ... ok
[INFO] [stdout] test bootstrap::tests::test_asn ... FAILED
[INFO] [stdout] test bootstrap::tests::test_bootstrap ... FAILED
[INFO] [stdout] test bootstrap::tests::test_dns ... FAILED
[INFO] [stdout] test parser::tests::test_country_code_serialize_deserialize ... ok
[INFO] [stdout] test bootstrap::tests::test_ip ... FAILED
[INFO] [stdout] test bootstrap::tests::test_object_tags ... FAILED
[INFO] [stdout] test parser::tests::test_event_date_normal_format ... ok
[INFO] [stdout] test parser::tests::parse_vcard_multiple_values ... ok
[INFO] [stdout] test parser::tests::test_county_code ... ok
[INFO] [stdout] test parser::tests::test_event_date_weird_format_vol2 ... ok
[INFO] [stdout] test parser::tests::test_parse_bootstrap_ipv4 ... FAILED
[INFO] [stdout] test parser::tests::test_event_date_weird_format_vol3 ... ok
[INFO] [stdout] test parser::tests::test_notices_or_remarks ... ok
[INFO] [stdout] test parser::tests::test_parse_autnum_apnic_as4608 ... FAILED
[INFO] [stdout] test parser::tests::test_parse_autnum_arin_as256 ... FAILED
[INFO] [stdout] test parser::tests::test_parse_arin_originas0_network_search_results ... FAILED
[INFO] [stdout] test parser::tests::test_event_date_weird_format ... ok
[INFO] [stdout] test parser::tests::test_parse_domain_23 ... FAILED
[INFO] [stdout] test parser::tests::test_parse_autnum_ripe_as1234 ... FAILED
[INFO] [stdout] test parser::tests::test_parse_domain_24 ... FAILED
[INFO] [stdout] test parser::tests::test_event_date_normal_format_with_timezone ... ok
[INFO] [stdout] test parser::tests::test_normalize_enum ... ok
[INFO] [stdout] test parser::tests::test_parse_bootstrap_asn ... FAILED
[INFO] [stdout] test parser::tests::test_parse_entity_15 ... FAILED
[INFO] [stdout] test parser::tests::test_parse_autnum_27 ... FAILED
[INFO] [stdout] test parser::tests::test_parse_bootstrap_ipv6 ... FAILED
[INFO] [stdout] test parser::tests::test_parse_domain_fred ... FAILED
[INFO] [stdout] test parser::tests::test_parse_error_apnic_400 ... FAILED
[INFO] [stdout] test parser::tests::test_parse_error_ripe_404 ... FAILED
[INFO] [stdout] test parser::tests::test_parse_bootstrap_dns ... FAILED
[INFO] [stdout] test parser::tests::test_parse_autnum_lacnic_as27648 ... FAILED
[INFO] [stdout] test parser::tests::test_parse_autnum_afrinic_as36864 ... FAILED
[INFO] [stdout] test parser::tests::test_parse_entity_17 ... FAILED
[INFO] [stdout] test parser::tests::test_parse_entity_ripe ... FAILED
[INFO] [stdout] test parser::tests::test_parse_entity_fred ... FAILED
[INFO] [stdout] test parser::tests::test_parse_bootstrap_object_tags ... FAILED
[INFO] [stdout] test parser::tests::test_parse_error_28 ... FAILED
[INFO] [stdout] test parser::tests::test_parse_domain_ripe_reverse ... FAILED
[INFO] [stdout] test tests::test_send_sync ... ok
[INFO] [stdout] test parser::tests::test_parse_ip_network_afrinic ... FAILED
[INFO] [stdout] test parser::tests::test_parse_nameserver_18 ... FAILED
[INFO] [stdout] test parser::tests::test_parse_ip_network_arin_3_3_3_3 ... FAILED
[INFO] [stdout] test parser::tests::test_parse_ip_network_lacnic ... FAILED
[INFO] [stdout] test parser::tests::test_parse_ip_network_ripe_193_0_0_0 ... FAILED
[INFO] [stdout] test parser::tests::test_parse_nameserver_19 ... FAILED
[INFO] [stdout] test parser::tests::test_parse_nameserver_20 ... FAILED
[INFO] [stderr] error: test failed, to rerun pass `--lib`
[INFO] [stdout] test parser::tests::test_parse_ip_network_26 ... FAILED
[INFO] [stdout] test parser::tests::test_parse_error_29 ... FAILED
[INFO] [stdout] test parser::tests::test_parse_ip_network_br ... FAILED
[INFO] [stdout] test parser::tests::test_parse_nameserver_fred ... FAILED
[INFO] [stdout] test parser::tests::test_parse_ip_network_apnic_1_1_1_1 ... FAILED
[INFO] [stdout] 
[INFO] [stdout] failures:
[INFO] [stdout] 
[INFO] [stdout] ---- bootstrap::tests::test_asn stdout ----
[INFO] [stdout] 
[INFO] [stdout] thread 'bootstrap::tests::test_asn' (1193) panicked at src/bootstrap.rs:381:72:
[INFO] [stdout] called `Result::unwrap()` on an `Err` value: Os { code: 2, kind: NotFound, message: "No such file or directory" }
[INFO] [stdout] stack backtrace:
[INFO] [stdout]    0:     0x6235febeb681 - <<std[617be2ca0a6fd877]::sys::backtrace::BacktraceLock>::print::DisplayBacktrace as core[a373ad73a504971]::fmt::Display>::fmt
[INFO] [stdout]    1:     0x6235fec011fa - core[a373ad73a504971]::fmt::write
[INFO] [stdout]    2:     0x6235febef94c - <alloc[2e1b2a31b91974c5]::vec::Vec<u8> as core[a373ad73a504971]::io::write::Write>::write_fmt
[INFO] [stdout]    3:     0x6235febc7ae6 - std[617be2ca0a6fd877]::panicking::default_hook::{closure#0}
[INFO] [stdout]    4:     0x6235febe3d19 - std[617be2ca0a6fd877]::panicking::default_hook
[INFO] [stdout]    5:     0x6235feb711a0 - test[aada8e7e76ba119b]::test_main_inner::{closure#0}
[INFO] [stdout]    6:     0x6235febe3ed2 - std[617be2ca0a6fd877]::panicking::panic_with_hook
[INFO] [stdout]    7:     0x6235febc7b92 - std[617be2ca0a6fd877]::panicking::panic_handler::{closure#0}
[INFO] [stdout]    8:     0x6235febc0879 - std[617be2ca0a6fd877]::sys::backtrace::__rust_end_short_backtrace::<std[617be2ca0a6fd877]::panicking::panic_handler::{closure#0}, !>
[INFO] [stdout]    9:     0x6235febc879d - __rustc[ea4f61d10b84890b]::rust_begin_unwind
[INFO] [stdout]   10:     0x6235fec0192c - core[a373ad73a504971]::panicking::panic_fmt
[INFO] [stdout]   11:     0x6235fec01702 - core[a373ad73a504971]::result::unwrap_failed
[INFO] [stdout]   12:     0x6235feb5ff35 - rdap_client[82cdc4e1da94b623]::bootstrap::tests::parse::<rdap_client[82cdc4e1da94b623]::parser::Bootstrap<rdap_client[82cdc4e1da94b623]::parser::BootstrapServiceRfc7484>>
[INFO] [stdout]   13:     0x6235feb61d4d - <rdap_client[82cdc4e1da94b623]::bootstrap::tests::test_asn::{closure#0} as core[a373ad73a504971]::ops::function::FnOnce<()>>::call_once
[INFO] [stdout]   14:     0x6235feb645eb - test[aada8e7e76ba119b]::__rust_begin_short_backtrace::<core[a373ad73a504971]::result::Result<(), alloc[2e1b2a31b91974c5]::string::String>, fn() -> core[a373ad73a504971]::result::Result<(), alloc[2e1b2a31b91974c5]::string::String>>
[INFO] [stdout]   15:     0x6235feb717c5 - test[aada8e7e76ba119b]::run_test::{closure#0}
[INFO] [stdout]   16:     0x6235feb6b0b4 - std[617be2ca0a6fd877]::sys::backtrace::__rust_begin_short_backtrace::<test[aada8e7e76ba119b]::run_test::{closure#1}, ()>
[INFO] [stdout]   17:     0x6235feb74852 - <std[617be2ca0a6fd877]::thread::lifecycle::spawn_unchecked<test[aada8e7e76ba119b]::run_test::{closure#1}, ()>::{closure#1} as core[a373ad73a504971]::ops::function::FnOnce<()>>::call_once::{shim:vtable#0}
[INFO] [stdout]   18:     0x6235febeaedf - <std[617be2ca0a6fd877]::sys::thread::unix::Thread>::new::thread_start
[INFO] [stdout]   19:     0x768b73b46dfa - <unknown>
[INFO] [stdout]   20:     0x768b73bda3d4 - clone
[INFO] [stdout]   21:                0x0 - <unknown>
[INFO] [stdout] 
[INFO] [stdout] ---- bootstrap::tests::test_bootstrap stdout ----
[INFO] [stdout] 
[INFO] [stdout] thread 'bootstrap::tests::test_bootstrap' (1194) panicked at src/bootstrap.rs:381:72:
[INFO] [stdout] called `Result::unwrap()` on an `Err` value: Os { code: 2, kind: NotFound, message: "No such file or directory" }
[INFO] [stdout] stack backtrace:
[INFO] [stdout]    0:     0x6235febeb681 - <<std[617be2ca0a6fd877]::sys::backtrace::BacktraceLock>::print::DisplayBacktrace as core[a373ad73a504971]::fmt::Display>::fmt
[INFO] [stdout]    1:     0x6235fec011fa - core[a373ad73a504971]::fmt::write
[INFO] [stdout]    2:     0x6235febef94c - <alloc[2e1b2a31b91974c5]::vec::Vec<u8> as core[a373ad73a504971]::io::write::Write>::write_fmt
[INFO] [stdout]    3:     0x6235febc7ae6 - std[617be2ca0a6fd877]::panicking::default_hook::{closure#0}
[INFO] [stdout]    4:     0x6235febe3d19 - std[617be2ca0a6fd877]::panicking::default_hook
[INFO] [stdout]    5:     0x6235feb711a0 - test[aada8e7e76ba119b]::test_main_inner::{closure#0}
[INFO] [stdout]    6:     0x6235febe3ed2 - std[617be2ca0a6fd877]::panicking::panic_with_hook
[INFO] [stdout]    7:     0x6235febc7b92 - std[617be2ca0a6fd877]::panicking::panic_handler::{closure#0}
[INFO] [stdout]    8:     0x6235febc0879 - std[617be2ca0a6fd877]::sys::backtrace::__rust_end_short_backtrace::<std[617be2ca0a6fd877]::panicking::panic_handler::{closure#0}, !>
[INFO] [stdout]    9:     0x6235febc879d - __rustc[ea4f61d10b84890b]::rust_begin_unwind
[INFO] [stdout]   10:     0x6235fec0192c - core[a373ad73a504971]::panicking::panic_fmt
[INFO] [stdout]   11:     0x6235fec01702 - core[a373ad73a504971]::result::unwrap_failed
[INFO] [stdout]   12:     0x6235feb5ff35 - rdap_client[82cdc4e1da94b623]::bootstrap::tests::parse::<rdap_client[82cdc4e1da94b623]::parser::Bootstrap<rdap_client[82cdc4e1da94b623]::parser::BootstrapServiceRfc7484>>
[INFO] [stdout]   13:     0x6235feb60d8d - <rdap_client[82cdc4e1da94b623]::bootstrap::tests::test_bootstrap::{closure#0} as core[a373ad73a504971]::ops::function::FnOnce<()>>::call_once
[INFO] [stdout]   14:     0x6235feb645eb - test[aada8e7e76ba119b]::__rust_begin_short_backtrace::<core[a373ad73a504971]::result::Result<(), alloc[2e1b2a31b91974c5]::string::String>, fn() -> core[a373ad73a504971]::result::Result<(), alloc[2e1b2a31b91974c5]::string::String>>
[INFO] [stdout]   15:     0x6235feb717c5 - test[aada8e7e76ba119b]::run_test::{closure#0}
[INFO] [stdout]   16:     0x6235feb6b0b4 - std[617be2ca0a6fd877]::sys::backtrace::__rust_begin_short_backtrace::<test[aada8e7e76ba119b]::run_test::{closure#1}, ()>
[INFO] [stdout]   17:     0x6235feb74852 - <std[617be2ca0a6fd877]::thread::lifecycle::spawn_unchecked<test[aada8e7e76ba119b]::run_test::{closure#1}, ()>::{closure#1} as core[a373ad73a504971]::ops::function::FnOnce<()>>::call_once::{shim:vtable#0}
[INFO] [stdout]   18:     0x6235febeaedf - <std[617be2ca0a6fd877]::sys::thread::unix::Thread>::new::thread_start
[INFO] [stdout]   19:     0x768b73b46dfa - <unknown>
[INFO] [stdout]   20:     0x768b73bda3d4 - clone
[INFO] [stdout]   21:                0x0 - <unknown>
[INFO] [stdout] 
[INFO] [stdout] ---- bootstrap::tests::test_dns stdout ----
[INFO] [stdout] 
[INFO] [stdout] thread 'bootstrap::tests::test_dns' (1195) panicked at src/bootstrap.rs:381:72:
[INFO] [stdout] called `Result::unwrap()` on an `Err` value: Os { code: 2, kind: NotFound, message: "No such file or directory" }
[INFO] [stdout] stack backtrace:
[INFO] [stdout]    0:     0x6235febeb681 - <<std[617be2ca0a6fd877]::sys::backtrace::BacktraceLock>::print::DisplayBacktrace as core[a373ad73a504971]::fmt::Display>::fmt
[INFO] [stdout]    1:     0x6235fec011fa - core[a373ad73a504971]::fmt::write
[INFO] [stdout]    2:     0x6235febef94c - <alloc[2e1b2a31b91974c5]::vec::Vec<u8> as core[a373ad73a504971]::io::write::Write>::write_fmt
[INFO] [stdout]    3:     0x6235febc7ae6 - std[617be2ca0a6fd877]::panicking::default_hook::{closure#0}
[INFO] [stdout]    4:     0x6235febe3d19 - std[617be2ca0a6fd877]::panicking::default_hook
[INFO] [stdout]    5:     0x6235feb711a0 - test[aada8e7e76ba119b]::test_main_inner::{closure#0}
[INFO] [stdout]    6:     0x6235febe3ed2 - std[617be2ca0a6fd877]::panicking::panic_with_hook
[INFO] [stdout]    7:     0x6235febc7b92 - std[617be2ca0a6fd877]::panicking::panic_handler::{closure#0}
[INFO] [stdout]    8:     0x6235febc0879 - std[617be2ca0a6fd877]::sys::backtrace::__rust_end_short_backtrace::<std[617be2ca0a6fd877]::panicking::panic_handler::{closure#0}, !>
[INFO] [stdout]    9:     0x6235febc879d - __rustc[ea4f61d10b84890b]::rust_begin_unwind
[INFO] [stdout]   10:     0x6235fec0192c - core[a373ad73a504971]::panicking::panic_fmt
[INFO] [stdout]   11:     0x6235fec01702 - core[a373ad73a504971]::result::unwrap_failed
[INFO] [stdout]   12:     0x6235feb5ff35 - rdap_client[82cdc4e1da94b623]::bootstrap::tests::parse::<rdap_client[82cdc4e1da94b623]::parser::Bootstrap<rdap_client[82cdc4e1da94b623]::parser::BootstrapServiceRfc7484>>
[INFO] [stdout]   13:     0x6235feb628bd - <rdap_client[82cdc4e1da94b623]::bootstrap::tests::test_dns::{closure#0} as core[a373ad73a504971]::ops::function::FnOnce<()>>::call_once
[INFO] [stdout]   14:     0x6235feb645eb - test[aada8e7e76ba119b]::__rust_begin_short_backtrace::<core[a373ad73a504971]::result::Result<(), alloc[2e1b2a31b91974c5]::string::String>, fn() -> core[a373ad73a504971]::result::Result<(), alloc[2e1b2a31b91974c5]::string::String>>
[INFO] [stdout]   15:     0x6235feb717c5 - test[aada8e7e76ba119b]::run_test::{closure#0}
[INFO] [stdout]   16:     0x6235feb6b0b4 - std[617be2ca0a6fd877]::sys::backtrace::__rust_begin_short_backtrace::<test[aada8e7e76ba119b]::run_test::{closure#1}, ()>
[INFO] [stdout]   17:     0x6235feb74852 - <std[617be2ca0a6fd877]::thread::lifecycle::spawn_unchecked<test[aada8e7e76ba119b]::run_test::{closure#1}, ()>::{closure#1} as core[a373ad73a504971]::ops::function::FnOnce<()>>::call_once::{shim:vtable#0}
[INFO] [stdout]   18:     0x6235febeaedf - <std[617be2ca0a6fd877]::sys::thread::unix::Thread>::new::thread_start
[INFO] [stdout]   19:     0x768b73b46dfa - <unknown>
[INFO] [stdout]   20:     0x768b73bda3d4 - clone
[INFO] [stdout]   21:                0x0 - <unknown>
[INFO] [stdout] 
[INFO] [stdout] ---- bootstrap::tests::test_ip stdout ----
[INFO] [stdout] 
[INFO] [stdout] thread 'bootstrap::tests::test_ip' (1196) panicked at src/bootstrap.rs:381:72:
[INFO] [stdout] called `Result::unwrap()` on an `Err` value: Os { code: 2, kind: NotFound, message: "No such file or directory" }
[INFO] [stdout] stack backtrace:
[INFO] [stdout]    0:     0x6235febeb681 - <<std[617be2ca0a6fd877]::sys::backtrace::BacktraceLock>::print::DisplayBacktrace as core[a373ad73a504971]::fmt::Display>::fmt
[INFO] [stdout]    1:     0x6235fec011fa - core[a373ad73a504971]::fmt::write
[INFO] [stdout]    2:     0x6235febef94c - <alloc[2e1b2a31b91974c5]::vec::Vec<u8> as core[a373ad73a504971]::io::write::Write>::write_fmt
[INFO] [stdout]    3:     0x6235febc7ae6 - std[617be2ca0a6fd877]::panicking::default_hook::{closure#0}
[INFO] [stdout]    4:     0x6235febe3d19 - std[617be2ca0a6fd877]::panicking::default_hook
[INFO] [stdout]    5:     0x6235feb711a0 - test[aada8e7e76ba119b]::test_main_inner::{closure#0}
[INFO] [stdout]    6:     0x6235febe3ed2 - std[617be2ca0a6fd877]::panicking::panic_with_hook
[INFO] [stdout]    7:     0x6235febc7b92 - std[617be2ca0a6fd877]::panicking::panic_handler::{closure#0}
[INFO] [stdout]    8:     0x6235febc0879 - std[617be2ca0a6fd877]::sys::backtrace::__rust_end_short_backtrace::<std[617be2ca0a6fd877]::panicking::panic_handler::{closure#0}, !>
[INFO] [stdout]    9:     0x6235febc879d - __rustc[ea4f61d10b84890b]::rust_begin_unwind
[INFO] [stdout]   10:     0x6235fec0192c - core[a373ad73a504971]::panicking::panic_fmt
[INFO] [stdout]   11:     0x6235fec01702 - core[a373ad73a504971]::result::unwrap_failed
[INFO] [stdout]   12:     0x6235feb5ff35 - rdap_client[82cdc4e1da94b623]::bootstrap::tests::parse::<rdap_client[82cdc4e1da94b623]::parser::Bootstrap<rdap_client[82cdc4e1da94b623]::parser::BootstrapServiceRfc7484>>
[INFO] [stdout]   13:     0x6235feb61806 - <rdap_client[82cdc4e1da94b623]::bootstrap::tests::test_ip::{closure#0} as core[a373ad73a504971]::ops::function::FnOnce<()>>::call_once
[INFO] [stdout]   14:     0x6235feb645eb - test[aada8e7e76ba119b]::__rust_begin_short_backtrace::<core[a373ad73a504971]::result::Result<(), alloc[2e1b2a31b91974c5]::string::String>, fn() -> core[a373ad73a504971]::result::Result<(), alloc[2e1b2a31b91974c5]::string::String>>
[INFO] [stdout]   15:     0x6235feb717c5 - test[aada8e7e76ba119b]::run_test::{closure#0}
[INFO] [stdout]   16:     0x6235feb6b0b4 - std[617be2ca0a6fd877]::sys::backtrace::__rust_begin_short_backtrace::<test[aada8e7e76ba119b]::run_test::{closure#1}, ()>
[INFO] [stdout]   17:     0x6235feb74852 - <std[617be2ca0a6fd877]::thread::lifecycle::spawn_unchecked<test[aada8e7e76ba119b]::run_test::{closure#1}, ()>::{closure#1} as core[a373ad73a504971]::ops::function::FnOnce<()>>::call_once::{shim:vtable#0}
[INFO] [stdout]   18:     0x6235febeaedf - <std[617be2ca0a6fd877]::sys::thread::unix::Thread>::new::thread_start
[INFO] [stdout]   19:     0x768b73b46dfa - <unknown>
[INFO] [stdout]   20:     0x768b73bda3d4 - clone
[INFO] [stdout]   21:                0x0 - <unknown>
[INFO] [stdout] 
[INFO] [stdout] ---- bootstrap::tests::test_object_tags stdout ----
[INFO] [stdout] 
[INFO] [stdout] thread 'bootstrap::tests::test_object_tags' (1197) panicked at src/bootstrap.rs:381:72:
[INFO] [stdout] called `Result::unwrap()` on an `Err` value: Os { code: 2, kind: NotFound, message: "No such file or directory" }
[INFO] [stdout] stack backtrace:
[INFO] [stdout]    0:     0x6235febeb681 - <<std[617be2ca0a6fd877]::sys::backtrace::BacktraceLock>::print::DisplayBacktrace as core[a373ad73a504971]::fmt::Display>::fmt
[INFO] [stdout]    1:     0x6235fec011fa - core[a373ad73a504971]::fmt::write
[INFO] [stdout]    2:     0x6235febef94c - <alloc[2e1b2a31b91974c5]::vec::Vec<u8> as core[a373ad73a504971]::io::write::Write>::write_fmt
[INFO] [stdout]    3:     0x6235febc7ae6 - std[617be2ca0a6fd877]::panicking::default_hook::{closure#0}
[INFO] [stdout]    4:     0x6235febe3d19 - std[617be2ca0a6fd877]::panicking::default_hook
[INFO] [stdout]    5:     0x6235feb711a0 - test[aada8e7e76ba119b]::test_main_inner::{closure#0}
[INFO] [stdout]    6:     0x6235febe3ed2 - std[617be2ca0a6fd877]::panicking::panic_with_hook
[INFO] [stdout]    7:     0x6235febc7b92 - std[617be2ca0a6fd877]::panicking::panic_handler::{closure#0}
[INFO] [stdout]    8:     0x6235febc0879 - std[617be2ca0a6fd877]::sys::backtrace::__rust_end_short_backtrace::<std[617be2ca0a6fd877]::panicking::panic_handler::{closure#0}, !>
[INFO] [stdout]    9:     0x6235febc879d - __rustc[ea4f61d10b84890b]::rust_begin_unwind
[INFO] [stdout]   10:     0x6235fec0192c - core[a373ad73a504971]::panicking::panic_fmt
[INFO] [stdout]   11:     0x6235fec01702 - core[a373ad73a504971]::result::unwrap_failed
[INFO] [stdout]   12:     0x6235feb60110 - rdap_client[82cdc4e1da94b623]::bootstrap::tests::parse::<rdap_client[82cdc4e1da94b623]::parser::Bootstrap<rdap_client[82cdc4e1da94b623]::parser::BootstrapServiceRfc8521>>
[INFO] [stdout]   13:     0x6235feb6135f - <rdap_client[82cdc4e1da94b623]::bootstrap::tests::test_object_tags::{closure#0} as core[a373ad73a504971]::ops::function::FnOnce<()>>::call_once
[INFO] [stdout]   14:     0x6235feb645eb - test[aada8e7e76ba119b]::__rust_begin_short_backtrace::<core[a373ad73a504971]::result::Result<(), alloc[2e1b2a31b91974c5]::string::String>, fn() -> core[a373ad73a504971]::result::Result<(), alloc[2e1b2a31b91974c5]::string::String>>
[INFO] [stdout]   15:     0x6235feb717c5 - test[aada8e7e76ba119b]::run_test::{closure#0}
[INFO] [stdout]   16:     0x6235feb6b0b4 - std[617be2ca0a6fd877]::sys::backtrace::__rust_begin_short_backtrace::<test[aada8e7e76ba119b]::run_test::{closure#1}, ()>
[INFO] [stdout]   17:     0x6235feb74852 - <std[617be2ca0a6fd877]::thread::lifecycle::spawn_unchecked<test[aada8e7e76ba119b]::run_test::{closure#1}, ()>::{closure#1} as core[a373ad73a504971]::ops::function::FnOnce<()>>::call_once::{shim:vtable#0}
[INFO] [stdout]   18:     0x6235febeaedf - <std[617be2ca0a6fd877]::sys::thread::unix::Thread>::new::thread_start
[INFO] [stdout]   19:     0x768b73b46dfa - <unknown>
[INFO] [stdout]   20:     0x768b73bda3d4 - clone
[INFO] [stdout]   21:                0x0 - <unknown>
[INFO] [stdout] 
[INFO] [stdout] ---- parser::tests::test_parse_bootstrap_ipv4 stdout ----
[INFO] [stdout] 
[INFO] [stdout] thread 'parser::tests::test_parse_bootstrap_ipv4' (1218) panicked at src/parser.rs:1070:62:
[INFO] [stdout] called `Result::unwrap()` on an `Err` value: Os { code: 2, kind: NotFound, message: "No such file or directory" }
[INFO] [stdout] stack backtrace:
[INFO] [stdout]    0:     0x6235febeb681 - <<std[617be2ca0a6fd877]::sys::backtrace::BacktraceLock>::print::DisplayBacktrace as core[a373ad73a504971]::fmt::Display>::fmt
[INFO] [stdout]    1:     0x6235fec011fa - core[a373ad73a504971]::fmt::write
[INFO] [stdout]    2:     0x6235febef94c - <alloc[2e1b2a31b91974c5]::vec::Vec<u8> as core[a373ad73a504971]::io::write::Write>::write_fmt
[INFO] [stdout]    3:     0x6235febc7ae6 - std[617be2ca0a6fd877]::panicking::default_hook::{closure#0}
[INFO] [stdout]    4:     0x6235febe3d19 - std[617be2ca0a6fd877]::panicking::default_hook
[INFO] [stdout]    5:     0x6235feb711a0 - test[aada8e7e76ba119b]::test_main_inner::{closure#0}
[INFO] [stdout]    6:     0x6235febe3ed2 - std[617be2ca0a6fd877]::panicking::panic_with_hook
[INFO] [stdout]    7:     0x6235febc7b92 - std[617be2ca0a6fd877]::panicking::panic_handler::{closure#0}
[INFO] [stdout]    8:     0x6235febc0879 - std[617be2ca0a6fd877]::sys::backtrace::__rust_end_short_backtrace::<std[617be2ca0a6fd877]::panicking::panic_handler::{closure#0}, !>
[INFO] [stdout]    9:     0x6235febc879d - __rustc[ea4f61d10b84890b]::rust_begin_unwind
[INFO] [stdout]   10:     0x6235fec0192c - core[a373ad73a504971]::panicking::panic_fmt
[INFO] [stdout]   11:     0x6235fec01702 - core[a373ad73a504971]::result::unwrap_failed
[INFO] [stdout]   12:     0x6235feb3fbd5 - rdap_client[82cdc4e1da94b623]::parser::tests::deserialize::<rdap_client[82cdc4e1da94b623]::parser::Bootstrap<rdap_client[82cdc4e1da94b623]::parser::BootstrapServiceRfc7484>>
[INFO] [stdout]   13:     0x6235feb4424e - <rdap_client[82cdc4e1da94b623]::parser::tests::test_parse_bootstrap_ipv4::{closure#0} as core[a373ad73a504971]::ops::function::FnOnce<()>>::call_once
[INFO] [stdout]   14:     0x6235feb645eb - test[aada8e7e76ba119b]::__rust_begin_short_backtrace::<core[a373ad73a504971]::result::Result<(), alloc[2e1b2a31b91974c5]::string::String>, fn() -> core[a373ad73a504971]::result::Result<(), alloc[2e1b2a31b91974c5]::string::String>>
[INFO] [stdout]   15:     0x6235feb717c5 - test[aada8e7e76ba119b]::run_test::{closure#0}
[INFO] [stdout]   16:     0x6235feb6b0b4 - std[617be2ca0a6fd877]::sys::backtrace::__rust_begin_short_backtrace::<test[aada8e7e76ba119b]::run_test::{closure#1}, ()>
[INFO] [stdout]   17:     0x6235feb74852 - <std[617be2ca0a6fd877]::thread::lifecycle::spawn_unchecked<test[aada8e7e76ba119b]::run_test::{closure#1}, ()>::{closure#1} as core[a373ad73a504971]::ops::function::FnOnce<()>>::call_once::{shim:vtable#0}
[INFO] [stdout]   18:     0x6235febeaedf - <std[617be2ca0a6fd877]::sys::thread::unix::Thread>::new::thread_start
[INFO] [stdout]   19:     0x768b73b46dfa - <unknown>
[INFO] [stdout]   20:     0x768b73bda3d4 - clone
[INFO] [stdout]   21:                0x0 - <unknown>
[INFO] [stdout] 
[INFO] [stdout] ---- parser::tests::test_parse_autnum_apnic_as4608 stdout ----
[INFO] [stdout] 
[INFO] [stdout] thread 'parser::tests::test_parse_autnum_apnic_as4608' (1212) panicked at src/parser.rs:1070:62:
[INFO] [stdout] called `Result::unwrap()` on an `Err` value: Os { code: 2, kind: NotFound, message: "No such file or directory" }
[INFO] [stdout] stack backtrace:
[INFO] [stdout]    0:     0x6235febeb681 - <<std[617be2ca0a6fd877]::sys::backtrace::BacktraceLock>::print::DisplayBacktrace as core[a373ad73a504971]::fmt::Display>::fmt
[INFO] [stdout]    1:     0x6235fec011fa - core[a373ad73a504971]::fmt::write
[INFO] [stdout]    2:     0x6235febef94c - <alloc[2e1b2a31b91974c5]::vec::Vec<u8> as core[a373ad73a504971]::io::write::Write>::write_fmt
[INFO] [stdout]    3:     0x6235febc7ae6 - std[617be2ca0a6fd877]::panicking::default_hook::{closure#0}
[INFO] [stdout]    4:     0x6235febe3d19 - std[617be2ca0a6fd877]::panicking::default_hook
[INFO] [stdout]    5:     0x6235feb711a0 - test[aada8e7e76ba119b]::test_main_inner::{closure#0}
[INFO] [stdout]    6:     0x6235febe3ed2 - std[617be2ca0a6fd877]::panicking::panic_with_hook
[INFO] [stdout]    7:     0x6235febc7b92 - std[617be2ca0a6fd877]::panicking::panic_handler::{closure#0}
[INFO] [stdout]    8:     0x6235febc0879 - std[617be2ca0a6fd877]::sys::backtrace::__rust_end_short_backtrace::<std[617be2ca0a6fd877]::panicking::panic_handler::{closure#0}, !>
[INFO] [stdout]    9:     0x6235febc879d - __rustc[ea4f61d10b84890b]::rust_begin_unwind
[INFO] [stdout]   10:     0x6235fec0192c - core[a373ad73a504971]::panicking::panic_fmt
[INFO] [stdout]   11:     0x6235fec01702 - core[a373ad73a504971]::result::unwrap_failed
[INFO] [stdout]   12:     0x6235feb40515 - rdap_client[82cdc4e1da94b623]::parser::tests::deserialize_and_serialize::<rdap_client[82cdc4e1da94b623]::parser::AutNum>
[INFO] [stdout]   13:     0x6235feb44fff - <rdap_client[82cdc4e1da94b623]::parser::tests::test_parse_autnum_apnic_as4608::{closure#0} as core[a373ad73a504971]::ops::function::FnOnce<()>>::call_once
[INFO] [stdout]   14:     0x6235feb645eb - test[aada8e7e76ba119b]::__rust_begin_short_backtrace::<core[a373ad73a504971]::result::Result<(), alloc[2e1b2a31b91974c5]::string::String>, fn() -> core[a373ad73a504971]::result::Result<(), alloc[2e1b2a31b91974c5]::string::String>>
[INFO] [stdout]   15:     0x6235feb717c5 - test[aada8e7e76ba119b]::run_test::{closure#0}
[INFO] [stdout]   16:     0x6235feb6b0b4 - std[617be2ca0a6fd877]::sys::backtrace::__rust_begin_short_backtrace::<test[aada8e7e76ba119b]::run_test::{closure#1}, ()>
[INFO] [stdout]   17:     0x6235feb74852 - <std[617be2ca0a6fd877]::thread::lifecycle::spawn_unchecked<test[aada8e7e76ba119b]::run_test::{closure#1}, ()>::{closure#1} as core[a373ad73a504971]::ops::function::FnOnce<()>>::call_once::{shim:vtable#0}
[INFO] [stdout]   18:     0x6235febeaedf - <std[617be2ca0a6fd877]::sys::thread::unix::Thread>::new::thread_start
[INFO] [stdout]   19:     0x768b73b46dfa - <unknown>
[INFO] [stdout]   20:     0x768b73bda3d4 - clone
[INFO] [stdout]   21:                0x0 - <unknown>
[INFO] [stdout] 
[INFO] [stdout] ---- parser::tests::test_parse_autnum_arin_as256 stdout ----
[INFO] [stdout] 
[INFO] [stdout] thread 'parser::tests::test_parse_autnum_arin_as256' (1213) panicked at src/parser.rs:1070:62:
[INFO] [stdout] called `Result::unwrap()` on an `Err` value: Os { code: 2, kind: NotFound, message: "No such file or directory" }
[INFO] [stdout] stack backtrace:
[INFO] [stdout]    0:     0x6235febeb681 - <<std[617be2ca0a6fd877]::sys::backtrace::BacktraceLock>::print::DisplayBacktrace as core[a373ad73a504971]::fmt::Display>::fmt
[INFO] [stdout]    1:     0x6235fec011fa - core[a373ad73a504971]::fmt::write
[INFO] [stdout]    2:     0x6235febef94c - <alloc[2e1b2a31b91974c5]::vec::Vec<u8> as core[a373ad73a504971]::io::write::Write>::write_fmt
[INFO] [stdout]    3:     0x6235febc7ae6 - std[617be2ca0a6fd877]::panicking::default_hook::{closure#0}
[INFO] [stdout]    4:     0x6235febe3d19 - std[617be2ca0a6fd877]::panicking::default_hook
[INFO] [stdout]    5:     0x6235feb711a0 - test[aada8e7e76ba119b]::test_main_inner::{closure#0}
[INFO] [stdout]    6:     0x6235febe3ed2 - std[617be2ca0a6fd877]::panicking::panic_with_hook
[INFO] [stdout]    7:     0x6235febc7b92 - std[617be2ca0a6fd877]::panicking::panic_handler::{closure#0}
[INFO] [stdout]    8:     0x6235febc0879 - std[617be2ca0a6fd877]::sys::backtrace::__rust_end_short_backtrace::<std[617be2ca0a6fd877]::panicking::panic_handler::{closure#0}, !>
[INFO] [stdout]    9:     0x6235febc879d - __rustc[ea4f61d10b84890b]::rust_begin_unwind
[INFO] [stdout]   10:     0x6235fec0192c - core[a373ad73a504971]::panicking::panic_fmt
[INFO] [stdout]   11:     0x6235fec01702 - core[a373ad73a504971]::result::unwrap_failed
[INFO] [stdout]   12:     0x6235feb40515 - rdap_client[82cdc4e1da94b623]::parser::tests::deserialize_and_serialize::<rdap_client[82cdc4e1da94b623]::parser::AutNum>
[INFO] [stdout]   13:     0x6235feb44bcf - <rdap_client[82cdc4e1da94b623]::parser::tests::test_parse_autnum_arin_as256::{closure#0} as core[a373ad73a504971]::ops::function::FnOnce<()>>::call_once
[INFO] [stdout]   14:     0x6235feb645eb - test[aada8e7e76ba119b]::__rust_begin_short_backtrace::<core[a373ad73a504971]::result::Result<(), alloc[2e1b2a31b91974c5]::string::String>, fn() -> core[a373ad73a504971]::result::Result<(), alloc[2e1b2a31b91974c5]::string::String>>
[INFO] [stdout]   15:     0x6235feb717c5 - test[aada8e7e76ba119b]::run_test::{closure#0}
[INFO] [stdout]   16:     0x6235feb6b0b4 - std[617be2ca0a6fd877]::sys::backtrace::__rust_begin_short_backtrace::<test[aada8e7e76ba119b]::run_test::{closure#1}, ()>
[INFO] [stdout]   17:     0x6235feb74852 - <std[617be2ca0a6fd877]::thread::lifecycle::spawn_unchecked<test[aada8e7e76ba119b]::run_test::{closure#1}, ()>::{closure#1} as core[a373ad73a504971]::ops::function::FnOnce<()>>::call_once::{shim:vtable#0}
[INFO] [stdout]   18:     0x6235febeaedf - <std[617be2ca0a6fd877]::sys::thread::unix::Thread>::new::thread_start
[INFO] [stdout]   19:     0x768b73b46dfa - <unknown>
[INFO] [stdout]   20:     0x768b73bda3d4 - clone
[INFO] [stdout]   21:                0x0 - <unknown>
[INFO] [stdout] 
[INFO] [stdout] ---- parser::tests::test_parse_arin_originas0_network_search_results stdout ----
[INFO] [stdout] 
[INFO] [stdout] thread 'parser::tests::test_parse_arin_originas0_network_search_results' (1209) panicked at src/parser.rs:1070:62:
[INFO] [stdout] called `Result::unwrap()` on an `Err` value: Os { code: 2, kind: NotFound, message: "No such file or directory" }
[INFO] [stdout] stack backtrace:
[INFO] [stdout]    0:     0x6235febeb681 - <<std[617be2ca0a6fd877]::sys::backtrace::BacktraceLock>::print::DisplayBacktrace as core[a373ad73a504971]::fmt::Display>::fmt
[INFO] [stdout]    1:     0x6235fec011fa - core[a373ad73a504971]::fmt::write
[INFO] [stdout]    2:     0x6235febef94c - <alloc[2e1b2a31b91974c5]::vec::Vec<u8> as core[a373ad73a504971]::io::write::Write>::write_fmt
[INFO] [stdout]    3:     0x6235febc7ae6 - std[617be2ca0a6fd877]::panicking::default_hook::{closure#0}
[INFO] [stdout]    4:     0x6235febe3d19 - std[617be2ca0a6fd877]::panicking::default_hook
[INFO] [stdout]    5:     0x6235feb711a0 - test[aada8e7e76ba119b]::test_main_inner::{closure#0}
[INFO] [stdout]    6:     0x6235febe3ed2 - std[617be2ca0a6fd877]::panicking::panic_with_hook
[INFO] [stdout]    7:     0x6235febc7b92 - std[617be2ca0a6fd877]::panicking::panic_handler::{closure#0}
[INFO] [stdout]    8:     0x6235febc0879 - std[617be2ca0a6fd877]::sys::backtrace::__rust_end_short_backtrace::<std[617be2ca0a6fd877]::panicking::panic_handler::{closure#0}, !>
[INFO] [stdout]    9:     0x6235febc879d - __rustc[ea4f61d10b84890b]::rust_begin_unwind
[INFO] [stdout]   10:     0x6235fec0192c - core[a373ad73a504971]::panicking::panic_fmt
[INFO] [stdout]   11:     0x6235fec01702 - core[a373ad73a504971]::result::unwrap_failed
[INFO] [stdout]   12:     0x6235feb468d9 - <rdap_client[82cdc4e1da94b623]::parser::tests::test_parse_arin_originas0_network_search_results::{closure#0} as core[a373ad73a504971]::ops::function::FnOnce<()>>::call_once
[INFO] [stdout]   13:     0x6235feb645eb - test[aada8e7e76ba119b]::__rust_begin_short_backtrace::<core[a373ad73a504971]::result::Result<(), alloc[2e1b2a31b91974c5]::string::String>, fn() -> core[a373ad73a504971]::result::Result<(), alloc[2e1b2a31b91974c5]::string::String>>
[INFO] [stdout]   14:     0x6235feb717c5 - test[aada8e7e76ba119b]::run_test::{closure#0}
[INFO] [stdout]   15:     0x6235feb6b0b4 - std[617be2ca0a6fd877]::sys::backtrace::__rust_begin_short_backtrace::<test[aada8e7e76ba119b]::run_test::{closure#1}, ()>
[INFO] [stdout]   16:     0x6235feb74852 - <std[617be2ca0a6fd877]::thread::lifecycle::spawn_unchecked<test[aada8e7e76ba119b]::run_test::{closure#1}, ()>::{closure#1} as core[a373ad73a504971]::ops::function::FnOnce<()>>::call_once::{shim:vtable#0}
[INFO] [stdout]   17:     0x6235febeaedf - <std[617be2ca0a6fd877]::sys::thread::unix::Thread>::new::thread_start
[INFO] [stdout]   18:     0x768b73b46dfa - <unknown>
[INFO] [stdout]   19:     0x768b73bda3d4 - clone
[INFO] [stdout]   20:                0x0 - <unknown>
[INFO] [stdout] 
[INFO] [stdout] ---- parser::tests::test_parse_domain_23 stdout ----
[INFO] [stdout] 
[INFO] [stdout] thread 'parser::tests::test_parse_domain_23' (1221) panicked at src/parser.rs:1070:62:
[INFO] [stdout] called `Result::unwrap()` on an `Err` value: Os { code: 2, kind: NotFound, message: "No such file or directory" }
[INFO] [stdout] stack backtrace:
[INFO] [stdout]    0:     0x6235febeb681 - <<std[617be2ca0a6fd877]::sys::backtrace::BacktraceLock>::print::DisplayBacktrace as core[a373ad73a504971]::fmt::Display>::fmt
[INFO] [stdout]    1:     0x6235fec011fa - core[a373ad73a504971]::fmt::write
[INFO] [stdout]    2:     0x6235febef94c - <alloc[2e1b2a31b91974c5]::vec::Vec<u8> as core[a373ad73a504971]::io::write::Write>::write_fmt
[INFO] [stdout]    3:     0x6235febc7ae6 - std[617be2ca0a6fd877]::panicking::default_hook::{closure#0}
[INFO] [stdout]    4:     0x6235febe3d19 - std[617be2ca0a6fd877]::panicking::default_hook
[INFO] [stdout]    5:     0x6235feb711a0 - test[aada8e7e76ba119b]::test_main_inner::{closure#0}
[INFO] [stdout]    6:     0x6235febe3ed2 - std[617be2ca0a6fd877]::panicking::panic_with_hook
[INFO] [stdout]    7:     0x6235febc7b92 - std[617be2ca0a6fd877]::panicking::panic_handler::{closure#0}
[INFO] [stdout]    8:     0x6235febc0879 - std[617be2ca0a6fd877]::sys::backtrace::__rust_end_short_backtrace::<std[617be2ca0a6fd877]::panicking::panic_handler::{closure#0}, !>
[INFO] [stdout]    9:     0x6235febc879d - __rustc[ea4f61d10b84890b]::rust_begin_unwind
[INFO] [stdout]   10:     0x6235fec0192c - core[a373ad73a504971]::panicking::panic_fmt
[INFO] [stdout]   11:     0x6235fec01702 - core[a373ad73a504971]::result::unwrap_failed
[INFO] [stdout]   12:     0x6235feb40835 - rdap_client[82cdc4e1da94b623]::parser::tests::deserialize_and_serialize::<rdap_client[82cdc4e1da94b623]::parser::Domain>
[INFO] [stdout]   13:     0x6235feb41847 - <rdap_client[82cdc4e1da94b623]::parser::tests::test_parse_domain_23::{closure#0} as core[a373ad73a504971]::ops::function::FnOnce<()>>::call_once
[INFO] [stdout]   14:     0x6235feb645eb - test[aada8e7e76ba119b]::__rust_begin_short_backtrace::<core[a373ad73a504971]::result::Result<(), alloc[2e1b2a31b91974c5]::string::String>, fn() -> core[a373ad73a504971]::result::Result<(), alloc[2e1b2a31b91974c5]::string::String>>
[INFO] [stdout]   15:     0x6235feb717c5 - test[aada8e7e76ba119b]::run_test::{closure#0}
[INFO] [stdout]   16:     0x6235feb6b0b4 - std[617be2ca0a6fd877]::sys::backtrace::__rust_begin_short_backtrace::<test[aada8e7e76ba119b]::run_test::{closure#1}, ()>
[INFO] [stdout]   17:     0x6235feb74852 - <std[617be2ca0a6fd877]::thread::lifecycle::spawn_unchecked<test[aada8e7e76ba119b]::run_test::{closure#1}, ()>::{closure#1} as core[a373ad73a504971]::ops::function::FnOnce<()>>::call_once::{shim:vtable#0}
[INFO] [stdout]   18:     0x6235febeaedf - <std[617be2ca0a6fd877]::sys::thread::unix::Thread>::new::thread_start
[INFO] [stdout]   19:     0x768b73b46dfa - <unknown>
[INFO] [stdout]   20:     0x768b73bda3d4 - clone
[INFO] [stdout]   21:                0x0 - <unknown>
[INFO] [stdout] 
[INFO] [stdout] ---- parser::tests::test_parse_autnum_ripe_as1234 stdout ----
[INFO] [stdout] 
[INFO] [stdout] thread 'parser::tests::test_parse_autnum_ripe_as1234' (1215) panicked at src/parser.rs:1070:62:
[INFO] [stdout] called `Result::unwrap()` on an `Err` value: Os { code: 2, kind: NotFound, message: "No such file or directory" }
[INFO] [stdout] stack backtrace:
[INFO] [stdout]    0:     0x6235febeb681 - <<std[617be2ca0a6fd877]::sys::backtrace::BacktraceLock>::print::DisplayBacktrace as core[a373ad73a504971]::fmt::Display>::fmt
[INFO] [stdout]    1:     0x6235fec011fa - core[a373ad73a504971]::fmt::write
[INFO] [stdout]    2:     0x6235febef94c - <alloc[2e1b2a31b91974c5]::vec::Vec<u8> as core[a373ad73a504971]::io::write::Write>::write_fmt
[INFO] [stdout]    3:     0x6235febc7ae6 - std[617be2ca0a6fd877]::panicking::default_hook::{closure#0}
[INFO] [stdout]    4:     0x6235febe3d19 - std[617be2ca0a6fd877]::panicking::default_hook
[INFO] [stdout]    5:     0x6235feb711a0 - test[aada8e7e76ba119b]::test_main_inner::{closure#0}
[INFO] [stdout]    6:     0x6235febe3ed2 - std[617be2ca0a6fd877]::panicking::panic_with_hook
[INFO] [stdout]    7:     0x6235febc7b92 - std[617be2ca0a6fd877]::panicking::panic_handler::{closure#0}
[INFO] [stdout]    8:     0x6235febc0879 - std[617be2ca0a6fd877]::sys::backtrace::__rust_end_short_backtrace::<std[617be2ca0a6fd877]::panicking::panic_handler::{closure#0}, !>
[INFO] [stdout]    9:     0x6235febc879d - __rustc[ea4f61d10b84890b]::rust_begin_unwind
[INFO] [stdout]   10:     0x6235fec0192c - core[a373ad73a504971]::panicking::panic_fmt
[INFO] [stdout]   11:     0x6235fec01702 - core[a373ad73a504971]::result::unwrap_failed
[INFO] [stdout]   12:     0x6235feb40515 - rdap_client[82cdc4e1da94b623]::parser::tests::deserialize_and_serialize::<rdap_client[82cdc4e1da94b623]::parser::AutNum>
[INFO] [stdout]   13:     0x6235feb44ebf - <rdap_client[82cdc4e1da94b623]::parser::tests::test_parse_autnum_ripe_as1234::{closure#0} as core[a373ad73a504971]::ops::function::FnOnce<()>>::call_once
[INFO] [stdout]   14:     0x6235feb645eb - test[aada8e7e76ba119b]::__rust_begin_short_backtrace::<core[a373ad73a504971]::result::Result<(), alloc[2e1b2a31b91974c5]::string::String>, fn() -> core[a373ad73a504971]::result::Result<(), alloc[2e1b2a31b91974c5]::string::String>>
[INFO] [stdout]   15:     0x6235feb717c5 - test[aada8e7e76ba119b]::run_test::{closure#0}
[INFO] [stdout]   16:     0x6235feb6b0b4 - std[617be2ca0a6fd877]::sys::backtrace::__rust_begin_short_backtrace::<test[aada8e7e76ba119b]::run_test::{closure#1}, ()>
[INFO] [stdout]   17:     0x6235feb74852 - <std[617be2ca0a6fd877]::thread::lifecycle::spawn_unchecked<test[aada8e7e76ba119b]::run_test::{closure#1}, ()>::{closure#1} as core[a373ad73a504971]::ops::function::FnOnce<()>>::call_once::{shim:vtable#0}
[INFO] [stdout]   18:     0x6235febeaedf - <std[617be2ca0a6fd877]::sys::thread::unix::Thread>::new::thread_start
[INFO] [stdout]   19:     0x768b73b46dfa - <unknown>
[INFO] [stdout]   20:     0x768b73bda3d4 - clone
[INFO] [stdout]   21:                0x0 - <unknown>
[INFO] [stdout] 
[INFO] [stdout] ---- parser::tests::test_parse_domain_24 stdout ----
[INFO] [stdout] 
[INFO] [stdout] thread 'parser::tests::test_parse_domain_24' (1222) panicked at src/parser.rs:1070:62:
[INFO] [stdout] called `Result::unwrap()` on an `Err` value: Os { code: 2, kind: NotFound, message: "No such file or directory" }
[INFO] [stdout] stack backtrace:
[INFO] [stdout]    0:     0x6235febeb681 - <<std[617be2ca0a6fd877]::sys::backtrace::BacktraceLock>::print::DisplayBacktrace as core[a373ad73a504971]::fmt::Display>::fmt
[INFO] [stdout]    1:     0x6235fec011fa - core[a373ad73a504971]::fmt::write
[INFO] [stdout]    2:     0x6235febef94c - <alloc[2e1b2a31b91974c5]::vec::Vec<u8> as core[a373ad73a504971]::io::write::Write>::write_fmt
[INFO] [stdout]    3:     0x6235febc7ae6 - std[617be2ca0a6fd877]::panicking::default_hook::{closure#0}
[INFO] [stdout]    4:     0x6235febe3d19 - std[617be2ca0a6fd877]::panicking::default_hook
[INFO] [stdout]    5:     0x6235feb711a0 - test[aada8e7e76ba119b]::test_main_inner::{closure#0}
[INFO] [stdout]    6:     0x6235febe3ed2 - std[617be2ca0a6fd877]::panicking::panic_with_hook
[INFO] [stdout]    7:     0x6235febc7b92 - std[617be2ca0a6fd877]::panicking::panic_handler::{closure#0}
[INFO] [stdout]    8:     0x6235febc0879 - std[617be2ca0a6fd877]::sys::backtrace::__rust_end_short_backtrace::<std[617be2ca0a6fd877]::panicking::panic_handler::{closure#0}, !>
[INFO] [stdout]    9:     0x6235febc879d - __rustc[ea4f61d10b84890b]::rust_begin_unwind
[INFO] [stdout]   10:     0x6235fec0192c - core[a373ad73a504971]::panicking::panic_fmt
[INFO] [stdout]   11:     0x6235fec01702 - core[a373ad73a504971]::result::unwrap_failed
[INFO] [stdout]   12:     0x6235feb40835 - rdap_client[82cdc4e1da94b623]::parser::tests::deserialize_and_serialize::<rdap_client[82cdc4e1da94b623]::parser::Domain>
[INFO] [stdout]   13:     0x6235feb42167 - <rdap_client[82cdc4e1da94b623]::parser::tests::test_parse_domain_24::{closure#0} as core[a373ad73a504971]::ops::function::FnOnce<()>>::call_once
[INFO] [stdout]   14:     0x6235feb645eb - test[aada8e7e76ba119b]::__rust_begin_short_backtrace::<core[a373ad73a504971]::result::Result<(), alloc[2e1b2a31b91974c5]::string::String>, fn() -> core[a373ad73a504971]::result::Result<(), alloc[2e1b2a31b91974c5]::string::String>>
[INFO] [stdout]   15:     0x6235feb717c5 - test[aada8e7e76ba119b]::run_test::{closure#0}
[INFO] [stdout]   16:     0x6235feb6b0b4 - std[617be2ca0a6fd877]::sys::backtrace::__rust_begin_short_backtrace::<test[aada8e7e76ba119b]::run_test::{closure#1}, ()>
[INFO] [stdout]   17:     0x6235feb74852 - <std[617be2ca0a6fd877]::thread::lifecycle::spawn_unchecked<test[aada8e7e76ba119b]::run_test::{closure#1}, ()>::{closure#1} as core[a373ad73a504971]::ops::function::FnOnce<()>>::call_once::{shim:vtable#0}
[INFO] [stdout]   18:     0x6235febeaedf - <std[617be2ca0a6fd877]::sys::thread::unix::Thread>::new::thread_start
[INFO] [stdout]   19:     0x768b73b46dfa - <unknown>
[INFO] [stdout]   20:     0x768b73bda3d4 - clone
[INFO] [stdout]   21:                0x0 - <unknown>
[INFO] [stdout] 
[INFO] [stdout] ---- parser::tests::test_parse_bootstrap_asn stdout ----
[INFO] [stdout] 
[INFO] [stdout] thread 'parser::tests::test_parse_bootstrap_asn' (1216) panicked at src/parser.rs:1070:62:
[INFO] [stdout] called `Result::unwrap()` on an `Err` value: Os { code: 2, kind: NotFound, message: "No such file or directory" }
[INFO] [stdout] stack backtrace:
[INFO] [stdout]    0:     0x6235febeb681 - <<std[617be2ca0a6fd877]::sys::backtrace::BacktraceLock>::print::DisplayBacktrace as core[a373ad73a504971]::fmt::Display>::fmt
[INFO] [stdout]    1:     0x6235fec011fa - core[a373ad73a504971]::fmt::write
[INFO] [stdout]    2:     0x6235febef94c - <alloc[2e1b2a31b91974c5]::vec::Vec<u8> as core[a373ad73a504971]::io::write::Write>::write_fmt
[INFO] [stdout]    3:     0x6235febc7ae6 - std[617be2ca0a6fd877]::panicking::default_hook::{closure#0}
[INFO] [stdout]    4:     0x6235febe3d19 - std[617be2ca0a6fd877]::panicking::default_hook
[INFO] [stdout]    5:     0x6235feb711a0 - test[aada8e7e76ba119b]::test_main_inner::{closure#0}
[INFO] [stdout]    6:     0x6235febe3ed2 - std[617be2ca0a6fd877]::panicking::panic_with_hook
[INFO] [stdout]    7:     0x6235febc7b92 - std[617be2ca0a6fd877]::panicking::panic_handler::{closure#0}
[INFO] [stdout]    8:     0x6235febc0879 - std[617be2ca0a6fd877]::sys::backtrace::__rust_end_short_backtrace::<std[617be2ca0a6fd877]::panicking::panic_handler::{closure#0}, !>
[INFO] [stdout]    9:     0x6235febc879d - __rustc[ea4f61d10b84890b]::rust_begin_unwind
[INFO] [stdout]   10:     0x6235fec0192c - core[a373ad73a504971]::panicking::panic_fmt
[INFO] [stdout]   11:     0x6235fec01702 - core[a373ad73a504971]::result::unwrap_failed
[INFO] [stdout]   12:     0x6235feb3fbd5 - rdap_client[82cdc4e1da94b623]::parser::tests::deserialize::<rdap_client[82cdc4e1da94b623]::parser::Bootstrap<rdap_client[82cdc4e1da94b623]::parser::BootstrapServiceRfc7484>>
[INFO] [stdout]   13:     0x6235feb4397e - <rdap_client[82cdc4e1da94b623]::parser::tests::test_parse_bootstrap_asn::{closure#0} as core[a373ad73a504971]::ops::function::FnOnce<()>>::call_once
[INFO] [stdout]   14:     0x6235feb645eb - test[aada8e7e76ba119b]::__rust_begin_short_backtrace::<core[a373ad73a504971]::result::Result<(), alloc[2e1b2a31b91974c5]::string::String>, fn() -> core[a373ad73a504971]::result::Result<(), alloc[2e1b2a31b91974c5]::string::String>>
[INFO] [stdout]   15:     0x6235feb717c5 - test[aada8e7e76ba119b]::run_test::{closure#0}
[INFO] [stdout]   16:     0x6235feb6b0b4 - std[617be2ca0a6fd877]::sys::backtrace::__rust_begin_short_backtrace::<test[aada8e7e76ba119b]::run_test::{closure#1}, ()>
[INFO] [stdout]   17:     0x6235feb74852 - <std[617be2ca0a6fd877]::thread::lifecycle::spawn_unchecked<test[aada8e7e76ba119b]::run_test::{closure#1}, ()>::{closure#1} as core[a373ad73a504971]::ops::function::FnOnce<()>>::call_once::{shim:vtable#0}
[INFO] [stdout]   18:     0x6235febeaedf - <std[617be2ca0a6fd877]::sys::thread::unix::Thread>::new::thread_start
[INFO] [stdout]   19:     0x768b73b46dfa - <unknown>
[INFO] [stdout]   20:     0x768b73bda3d4 - clone
[INFO] [stdout]   21:                0x0 - <unknown>
[INFO] [stdout] 
[INFO] [stdout] ---- parser::tests::test_parse_entity_15 stdout ----
[INFO] [stdout] 
[INFO] [stdout] thread 'parser::tests::test_parse_entity_15' (1225) panicked at src/parser.rs:1070:62:
[INFO] [stdout] called `Result::unwrap()` on an `Err` value: Os { code: 2, kind: NotFound, message: "No such file or directory" }
[INFO] [stdout] stack backtrace:
[INFO] [stdout]    0:     0x6235febeb681 - <<std[617be2ca0a6fd877]::sys::backtrace::BacktraceLock>::print::DisplayBacktrace as core[a373ad73a504971]::fmt::Display>::fmt
[INFO] [stdout]    1:     0x6235fec011fa - core[a373ad73a504971]::fmt::write
[INFO] [stdout]    2:     0x6235febef94c - <alloc[2e1b2a31b91974c5]::vec::Vec<u8> as core[a373ad73a504971]::io::write::Write>::write_fmt
[INFO] [stdout]    3:     0x6235febc7ae6 - std[617be2ca0a6fd877]::panicking::default_hook::{closure#0}
[INFO] [stdout]    4:     0x6235febe3d19 - std[617be2ca0a6fd877]::panicking::default_hook
[INFO] [stdout]    5:     0x6235feb711a0 - test[aada8e7e76ba119b]::test_main_inner::{closure#0}
[INFO] [stdout]    6:     0x6235febe3ed2 - std[617be2ca0a6fd877]::panicking::panic_with_hook
[INFO] [stdout]    7:     0x6235febc7b92 - std[617be2ca0a6fd877]::panicking::panic_handler::{closure#0}
[INFO] [stdout]    8:     0x6235febc0879 - std[617be2ca0a6fd877]::sys::backtrace::__rust_end_short_backtrace::<std[617be2ca0a6fd877]::panicking::panic_handler::{closure#0}, !>
[INFO] [stdout]    9:     0x6235febc879d - __rustc[ea4f61d10b84890b]::rust_begin_unwind
[INFO] [stdout]   10:     0x6235fec0192c - core[a373ad73a504971]::panicking::panic_fmt
[INFO] [stdout]   11:     0x6235fec01702 - core[a373ad73a504971]::result::unwrap_failed
[INFO] [stdout]   12:     0x6235feb40b55 - rdap_client[82cdc4e1da94b623]::parser::tests::deserialize_and_serialize::<rdap_client[82cdc4e1da94b623]::parser::Entity>
[INFO] [stdout]   13:     0x6235feb42a81 - <rdap_client[82cdc4e1da94b623]::parser::tests::test_parse_entity_15::{closure#0} as core[a373ad73a504971]::ops::function::FnOnce<()>>::call_once
[INFO] [stdout]   14:     0x6235feb645eb - test[aada8e7e76ba119b]::__rust_begin_short_backtrace::<core[a373ad73a504971]::result::Result<(), alloc[2e1b2a31b91974c5]::string::String>, fn() -> core[a373ad73a504971]::result::Result<(), alloc[2e1b2a31b91974c5]::string::String>>
[INFO] [stdout]   15:     0x6235feb717c5 - test[aada8e7e76ba119b]::run_test::{closure#0}
[INFO] [stdout]   16:     0x6235feb6b0b4 - std[617be2ca0a6fd877]::sys::backtrace::__rust_begin_short_backtrace::<test[aada8e7e76ba119b]::run_test::{closure#1}, ()>
[INFO] [stdout]   17:     0x6235feb74852 - <std[617be2ca0a6fd877]::thread::lifecycle::spawn_unchecked<test[aada8e7e76ba119b]::run_test::{closure#1}, ()>::{closure#1} as core[a373ad73a504971]::ops::function::FnOnce<()>>::call_once::{shim:vtable#0}
[INFO] [stdout]   18:     0x6235febeaedf - <std[617be2ca0a6fd877]::sys::thread::unix::Thread>::new::thread_start
[INFO] [stdout]   19:     0x768b73b46dfa - <unknown>
[INFO] [stdout]   20:     0x768b73bda3d4 - clone
[INFO] [stdout]   21:                0x0 - <unknown>
[INFO] [stdout] 
[INFO] [stdout] ---- parser::tests::test_parse_autnum_27 stdout ----
[INFO] [stdout] 
[INFO] [stdout] thread 'parser::tests::test_parse_autnum_27' (1210) panicked at src/parser.rs:1070:62:
[INFO] [stdout] called `Result::unwrap()` on an `Err` value: Os { code: 2, kind: NotFound, message: "No such file or directory" }
[INFO] [stdout] stack backtrace:
[INFO] [stdout]    0:     0x6235febeb681 - <<std[617be2ca0a6fd877]::sys::backtrace::BacktraceLock>::print::DisplayBacktrace as core[a373ad73a504971]::fmt::Display>::fmt
[INFO] [stdout]    1:     0x6235fec011fa - core[a373ad73a504971]::fmt::write
[INFO] [stdout]    2:     0x6235febef94c - <alloc[2e1b2a31b91974c5]::vec::Vec<u8> as core[a373ad73a504971]::io::write::Write>::write_fmt
[INFO] [stdout]    3:     0x6235febc7ae6 - std[617be2ca0a6fd877]::panicking::default_hook::{closure#0}
[INFO] [stdout]    4:     0x6235febe3d19 - std[617be2ca0a6fd877]::panicking::default_hook
[INFO] [stdout]    5:     0x6235feb711a0 - test[aada8e7e76ba119b]::test_main_inner::{closure#0}
[INFO] [stdout]    6:     0x6235febe3ed2 - std[617be2ca0a6fd877]::panicking::panic_with_hook
[INFO] [stdout]    7:     0x6235febc7b92 - std[617be2ca0a6fd877]::panicking::panic_handler::{closure#0}
[INFO] [stdout]    8:     0x6235febc0879 - std[617be2ca0a6fd877]::sys::backtrace::__rust_end_short_backtrace::<std[617be2ca0a6fd877]::panicking::panic_handler::{closure#0}, !>
[INFO] [stdout]    9:     0x6235febc879d - __rustc[ea4f61d10b84890b]::rust_begin_unwind
[INFO] [stdout]   10:     0x6235fec0192c - core[a373ad73a504971]::panicking::panic_fmt
[INFO] [stdout]   11:     0x6235fec01702 - core[a373ad73a504971]::result::unwrap_failed
[INFO] [stdout]   12:     0x6235feb40515 - rdap_client[82cdc4e1da94b623]::parser::tests::deserialize_and_serialize::<rdap_client[82cdc4e1da94b623]::parser::AutNum>
[INFO] [stdout]   13:     0x6235feb417af - <rdap_client[82cdc4e1da94b623]::parser::tests::test_parse_autnum_27::{closure#0} as core[a373ad73a504971]::ops::function::FnOnce<()>>::call_once
[INFO] [stdout]   14:     0x6235feb645eb - test[aada8e7e76ba119b]::__rust_begin_short_backtrace::<core[a373ad73a504971]::result::Result<(), alloc[2e1b2a31b91974c5]::string::String>, fn() -> core[a373ad73a504971]::result::Result<(), alloc[2e1b2a31b91974c5]::string::String>>
[INFO] [stdout]   15:     0x6235feb717c5 - test[aada8e7e76ba119b]::run_test::{closure#0}
[INFO] [stdout]   16:     0x6235feb6b0b4 - std[617be2ca0a6fd877]::sys::backtrace::__rust_begin_short_backtrace::<test[aada8e7e76ba119b]::run_test::{closure#1}, ()>
[INFO] [stdout]   17:     0x6235feb74852 - <std[617be2ca0a6fd877]::thread::lifecycle::spawn_unchecked<test[aada8e7e76ba119b]::run_test::{closure#1}, ()>::{closure#1} as core[a373ad73a504971]::ops::function::FnOnce<()>>::call_once::{shim:vtable#0}
[INFO] [stdout]   18:     0x6235febeaedf - <std[617be2ca0a6fd877]::sys::thread::unix::Thread>::new::thread_start
[INFO] [stdout]   19:     0x768b73b46dfa - <unknown>
[INFO] [stdout]   20:     0x768b73bda3d4 - clone
[INFO] [stdout]   21:                0x0 - <unknown>
[INFO] [stdout] 
[INFO] [stdout] ---- parser::tests::test_parse_bootstrap_ipv6 stdout ----
[INFO] [stdout] 
[INFO] [stdout] thread 'parser::tests::test_parse_bootstrap_ipv6' (1219) panicked at src/parser.rs:1070:62:
[INFO] [stdout] called `Result::unwrap()` on an `Err` value: Os { code: 2, kind: NotFound, message: "No such file or directory" }
[INFO] [stdout] stack backtrace:
[INFO] [stdout]    0:     0x6235febeb681 - <<std[617be2ca0a6fd877]::sys::backtrace::BacktraceLock>::print::DisplayBacktrace as core[a373ad73a504971]::fmt::Display>::fmt
[INFO] [stdout]    1:     0x6235fec011fa - core[a373ad73a504971]::fmt::write
[INFO] [stdout]    2:     0x6235febef94c - <alloc[2e1b2a31b91974c5]::vec::Vec<u8> as core[a373ad73a504971]::io::write::Write>::write_fmt
[INFO] [stdout]    3:     0x6235febc7ae6 - std[617be2ca0a6fd877]::panicking::default_hook::{closure#0}
[INFO] [stdout]    4:     0x6235febe3d19 - std[617be2ca0a6fd877]::panicking::default_hook
[INFO] [stdout]    5:     0x6235feb711a0 - test[aada8e7e76ba119b]::test_main_inner::{closure#0}
[INFO] [stdout]    6:     0x6235febe3ed2 - std[617be2ca0a6fd877]::panicking::panic_with_hook
[INFO] [stdout]    7:     0x6235febc7b92 - std[617be2ca0a6fd877]::panicking::panic_handler::{closure#0}
[INFO] [stdout]    8:     0x6235febc0879 - std[617be2ca0a6fd877]::sys::backtrace::__rust_end_short_backtrace::<std[617be2ca0a6fd877]::panicking::panic_handler::{closure#0}, !>
[INFO] [stdout]    9:     0x6235febc879d - __rustc[ea4f61d10b84890b]::rust_begin_unwind
[INFO] [stdout]   10:     0x6235fec0192c - core[a373ad73a504971]::panicking::panic_fmt
[INFO] [stdout]   11:     0x6235fec01702 - core[a373ad73a504971]::result::unwrap_failed
[INFO] [stdout]   12:     0x6235feb3fbd5 - rdap_client[82cdc4e1da94b623]::parser::tests::deserialize::<rdap_client[82cdc4e1da94b623]::parser::Bootstrap<rdap_client[82cdc4e1da94b623]::parser::BootstrapServiceRfc7484>>
[INFO] [stdout]   13:     0x6235feb442ce - <rdap_client[82cdc4e1da94b623]::parser::tests::test_parse_bootstrap_ipv6::{closure#0} as core[a373ad73a504971]::ops::function::FnOnce<()>>::call_once
[INFO] [stdout]   14:     0x6235feb645eb - test[aada8e7e76ba119b]::__rust_begin_short_backtrace::<core[a373ad73a504971]::result::Result<(), alloc[2e1b2a31b91974c5]::string::String>, fn() -> core[a373ad73a504971]::result::Result<(), alloc[2e1b2a31b91974c5]::string::String>>
[INFO] [stdout]   15:     0x6235feb717c5 - test[aada8e7e76ba119b]::run_test::{closure#0}
[INFO] [stdout]   16:     0x6235feb6b0b4 - std[617be2ca0a6fd877]::sys::backtrace::__rust_begin_short_backtrace::<test[aada8e7e76ba119b]::run_test::{closure#1}, ()>
[INFO] [stdout]   17:     0x6235feb74852 - <std[617be2ca0a6fd877]::thread::lifecycle::spawn_unchecked<test[aada8e7e76ba119b]::run_test::{closure#1}, ()>::{closure#1} as core[a373ad73a504971]::ops::function::FnOnce<()>>::call_once::{shim:vtable#0}
[INFO] [stdout]   18:     0x6235febeaedf - <std[617be2ca0a6fd877]::sys::thread::unix::Thread>::new::thread_start
[INFO] [stdout]   19:     0x768b73b46dfa - <unknown>
[INFO] [stdout]   20:     0x768b73bda3d4 - clone
[INFO] [stdout]   21:                0x0 - <unknown>
[INFO] [stdout] 
[INFO] [stdout] ---- parser::tests::test_parse_domain_fred stdout ----
[INFO] [stdout] 
[INFO] [stdout] thread 'parser::tests::test_parse_domain_fred' (1223) panicked at src/parser.rs:1070:62:
[INFO] [stdout] called `Result::unwrap()` on an `Err` value: Os { code: 2, kind: NotFound, message: "No such file or directory" }
[INFO] [stdout] stack backtrace:
[INFO] [stdout]    0:     0x6235febeb681 - <<std[617be2ca0a6fd877]::sys::backtrace::BacktraceLock>::print::DisplayBacktrace as core[a373ad73a504971]::fmt::Display>::fmt
[INFO] [stdout]    1:     0x6235fec011fa - core[a373ad73a504971]::fmt::write
[INFO] [stdout]    2:     0x6235febef94c - <alloc[2e1b2a31b91974c5]::vec::Vec<u8> as core[a373ad73a504971]::io::write::Write>::write_fmt
[INFO] [stdout]    3:     0x6235febc7ae6 - std[617be2ca0a6fd877]::panicking::default_hook::{closure#0}
[INFO] [stdout]    4:     0x6235febe3d19 - std[617be2ca0a6fd877]::panicking::default_hook
[INFO] [stdout]    5:     0x6235feb711a0 - test[aada8e7e76ba119b]::test_main_inner::{closure#0}
[INFO] [stdout]    6:     0x6235febe3ed2 - std[617be2ca0a6fd877]::panicking::panic_with_hook
[INFO] [stdout]    7:     0x6235febc7b92 - std[617be2ca0a6fd877]::panicking::panic_handler::{closure#0}
[INFO] [stdout]    8:     0x6235febc0879 - std[617be2ca0a6fd877]::sys::backtrace::__rust_end_short_backtrace::<std[617be2ca0a6fd877]::panicking::panic_handler::{closure#0}, !>
[INFO] [stdout]    9:     0x6235febc879d - __rustc[ea4f61d10b84890b]::rust_begin_unwind
[INFO] [stdout]   10:     0x6235fec0192c - core[a373ad73a504971]::panicking::panic_fmt
[INFO] [stdout]   11:     0x6235fec01702 - core[a373ad73a504971]::result::unwrap_failed
[INFO] [stdout]   12:     0x6235feb40835 - rdap_client[82cdc4e1da94b623]::parser::tests::deserialize_and_serialize::<rdap_client[82cdc4e1da94b623]::parser::Domain>
[INFO] [stdout]   13:     0x6235feb42c27 - <rdap_client[82cdc4e1da94b623]::parser::tests::test_parse_domain_fred::{closure#0} as core[a373ad73a504971]::ops::function::FnOnce<()>>::call_once
[INFO] [stdout]   14:     0x6235feb645eb - test[aada8e7e76ba119b]::__rust_begin_short_backtrace::<core[a373ad73a504971]::result::Result<(), alloc[2e1b2a31b91974c5]::string::String>, fn() -> core[a373ad73a504971]::result::Result<(), alloc[2e1b2a31b91974c5]::string::String>>
[INFO] [stdout]   15:     0x6235feb717c5 - test[aada8e7e76ba119b]::run_test::{closure#0}
[INFO] [stdout]   16:     0x6235feb6b0b4 - std[617be2ca0a6fd877]::sys::backtrace::__rust_begin_short_backtrace::<test[aada8e7e76ba119b]::run_test::{closure#1}, ()>
[INFO] [stdout]   17:     0x6235feb74852 - <std[617be2ca0a6fd877]::thread::lifecycle::spawn_unchecked<test[aada8e7e76ba119b]::run_test::{closure#1}, ()>::{closure#1} as core[a373ad73a504971]::ops::function::FnOnce<()>>::call_once::{shim:vtable#0}
[INFO] [stdout]   18:     0x6235febeaedf - <std[617be2ca0a6fd877]::sys::thread::unix::Thread>::new::thread_start
[INFO] [stdout]   19:     0x768b73b46dfa - <unknown>
[INFO] [stdout]   20:     0x768b73bda3d4 - clone
[INFO] [stdout]   21:                0x0 - <unknown>
[INFO] [stdout] 
[INFO] [stdout] ---- parser::tests::test_parse_error_apnic_400 stdout ----
[INFO] [stdout] 
[INFO] [stdout] thread 'parser::tests::test_parse_error_apnic_400' (1231) panicked at src/parser.rs:1070:62:
[INFO] [stdout] called `Result::unwrap()` on an `Err` value: Os { code: 2, kind: NotFound, message: "No such file or directory" }
[INFO] [stdout] stack backtrace:
[INFO] [stdout]    0:     0x6235febeb681 - <<std[617be2ca0a6fd877]::sys::backtrace::BacktraceLock>::print::DisplayBacktrace as core[a373ad73a504971]::fmt::Display>::fmt
[INFO] [stdout]    1:     0x6235fec011fa - core[a373ad73a504971]::fmt::write
[INFO] [stdout]    2:     0x6235febef94c - <alloc[2e1b2a31b91974c5]::vec::Vec<u8> as core[a373ad73a504971]::io::write::Write>::write_fmt
[INFO] [stdout]    3:     0x6235febc7ae6 - std[617be2ca0a6fd877]::panicking::default_hook::{closure#0}
[INFO] [stdout]    4:     0x6235febe3d19 - std[617be2ca0a6fd877]::panicking::default_hook
[INFO] [stdout]    5:     0x6235feb711a0 - test[aada8e7e76ba119b]::test_main_inner::{closure#0}
[INFO] [stdout]    6:     0x6235febe3ed2 - std[617be2ca0a6fd877]::panicking::panic_with_hook
[INFO] [stdout]    7:     0x6235febc7b92 - std[617be2ca0a6fd877]::panicking::panic_handler::{closure#0}
[INFO] [stdout]    8:     0x6235febc0879 - std[617be2ca0a6fd877]::sys::backtrace::__rust_end_short_backtrace::<std[617be2ca0a6fd877]::panicking::panic_handler::{closure#0}, !>
[INFO] [stdout]    9:     0x6235febc879d - __rustc[ea4f61d10b84890b]::rust_begin_unwind
[INFO] [stdout]   10:     0x6235fec0192c - core[a373ad73a504971]::panicking::panic_fmt
[INFO] [stdout]   11:     0x6235fec01702 - core[a373ad73a504971]::result::unwrap_failed
[INFO] [stdout]   12:     0x6235feb401fd - rdap_client[82cdc4e1da94b623]::parser::tests::deserialize_and_serialize::<rdap_client[82cdc4e1da94b623]::parser::Error>
[INFO] [stdout]   13:     0x6235feb443cf - <rdap_client[82cdc4e1da94b623]::parser::tests::test_parse_error_apnic_400::{closure#0} as core[a373ad73a504971]::ops::function::FnOnce<()>>::call_once
[INFO] [stdout]   14:     0x6235feb645eb - test[aada8e7e76ba119b]::__rust_begin_short_backtrace::<core[a373ad73a504971]::result::Result<(), alloc[2e1b2a31b91974c5]::string::String>, fn() -> core[a373ad73a504971]::result::Result<(), alloc[2e1b2a31b91974c5]::string::String>>
[INFO] [stdout]   15:     0x6235feb717c5 - test[aada8e7e76ba119b]::run_test::{closure#0}
[INFO] [stdout]   16:     0x6235feb6b0b4 - std[617be2ca0a6fd877]::sys::backtrace::__rust_begin_short_backtrace::<test[aada8e7e76ba119b]::run_test::{closure#1}, ()>
[INFO] [stdout]   17:     0x6235feb74852 - <std[617be2ca0a6fd877]::thread::lifecycle::spawn_unchecked<test[aada8e7e76ba119b]::run_test::{closure#1}, ()>::{closure#1} as core[a373ad73a504971]::ops::function::FnOnce<()>>::call_once::{shim:vtable#0}
[INFO] [stdout]   18:     0x6235febeaedf - <std[617be2ca0a6fd877]::sys::thread::unix::Thread>::new::thread_start
[INFO] [stdout]   19:     0x768b73b46dfa - <unknown>
[INFO] [stdout]   20:     0x768b73bda3d4 - clone
[INFO] [stdout]   21:                0x0 - <unknown>
[INFO] [stdout] 
[INFO] [stdout] ---- parser::tests::test_parse_error_ripe_404 stdout ----
[INFO] [stdout] 
[INFO] [stdout] thread 'parser::tests::test_parse_error_ripe_404' (1232) panicked at src/parser.rs:1070:62:
[INFO] [stdout] called `Result::unwrap()` on an `Err` value: Os { code: 2, kind: NotFound, message: "No such file or directory" }
[INFO] [stdout] stack backtrace:
[INFO] [stdout]    0:     0x6235febeb681 - <<std[617be2ca0a6fd877]::sys::backtrace::BacktraceLock>::print::DisplayBacktrace as core[a373ad73a504971]::fmt::Display>::fmt
[INFO] [stdout]    1:     0x6235fec011fa - core[a373ad73a504971]::fmt::write
[INFO] [stdout]    2:     0x6235febef94c - <alloc[2e1b2a31b91974c5]::vec::Vec<u8> as core[a373ad73a504971]::io::write::Write>::write_fmt
[INFO] [stdout]    3:     0x6235febc7ae6 - std[617be2ca0a6fd877]::panicking::default_hook::{closure#0}
[INFO] [stdout]    4:     0x6235febe3d19 - std[617be2ca0a6fd877]::panicking::default_hook
[INFO] [stdout]    5:     0x6235feb711a0 - test[aada8e7e76ba119b]::test_main_inner::{closure#0}
[INFO] [stdout]    6:     0x6235febe3ed2 - std[617be2ca0a6fd877]::panicking::panic_with_hook
[INFO] [stdout]    7:     0x6235febc7b92 - std[617be2ca0a6fd877]::panicking::panic_handler::{closure#0}
[INFO] [stdout]    8:     0x6235febc0879 - std[617be2ca0a6fd877]::sys::backtrace::__rust_end_short_backtrace::<std[617be2ca0a6fd877]::panicking::panic_handler::{closure#0}, !>
[INFO] [stdout]    9:     0x6235febc879d - __rustc[ea4f61d10b84890b]::rust_begin_unwind
[INFO] [stdout]   10:     0x6235fec0192c - core[a373ad73a504971]::panicking::panic_fmt
[INFO] [stdout]   11:     0x6235fec01702 - core[a373ad73a504971]::result::unwrap_failed
[INFO] [stdout]   12:     0x6235feb401fd - rdap_client[82cdc4e1da94b623]::parser::tests::deserialize_and_serialize::<rdap_client[82cdc4e1da94b623]::parser::Error>
[INFO] [stdout]   13:     0x6235feb4434f - <rdap_client[82cdc4e1da94b623]::parser::tests::test_parse_error_ripe_404::{closure#0} as core[a373ad73a504971]::ops::function::FnOnce<()>>::call_once
[INFO] [stdout]   14:     0x6235feb645eb - test[aada8e7e76ba119b]::__rust_begin_short_backtrace::<core[a373ad73a504971]::result::Result<(), alloc[2e1b2a31b91974c5]::string::String>, fn() -> core[a373ad73a504971]::result::Result<(), alloc[2e1b2a31b91974c5]::string::String>>
[INFO] [stdout]   15:     0x6235feb717c5 - test[aada8e7e76ba119b]::run_test::{closure#0}
[INFO] [stdout]   16:     0x6235feb6b0b4 - std[617be2ca0a6fd877]::sys::backtrace::__rust_begin_short_backtrace::<test[aada8e7e76ba119b]::run_test::{closure#1}, ()>
[INFO] [stdout]   17:     0x6235feb74852 - <std[617be2ca0a6fd877]::thread::lifecycle::spawn_unchecked<test[aada8e7e76ba119b]::run_test::{closure#1}, ()>::{closure#1} as core[a373ad73a504971]::ops::function::FnOnce<()>>::call_once::{shim:vtable#0}
[INFO] [stdout]   18:     0x6235febeaedf - <std[617be2ca0a6fd877]::sys::thread::unix::Thread>::new::thread_start
[INFO] [stdout]   19:     0x768b73b46dfa - <unknown>
[INFO] [stdout]   20:     0x768b73bda3d4 - clone
[INFO] [stdout]   21:                0x0 - <unknown>
[INFO] [stdout] 
[INFO] [stdout] ---- parser::tests::test_parse_bootstrap_dns stdout ----
[INFO] [stdout] 
[INFO] [stdout] thread 'parser::tests::test_parse_bootstrap_dns' (1217) panicked at src/parser.rs:1070:62:
[INFO] [stdout] called `Result::unwrap()` on an `Err` value: Os { code: 2, kind: NotFound, message: "No such file or directory" }
[INFO] [stdout] stack backtrace:
[INFO] [stdout]    0:     0x6235febeb681 - <<std[617be2ca0a6fd877]::sys::backtrace::BacktraceLock>::print::DisplayBacktrace as core[a373ad73a504971]::fmt::Display>::fmt
[INFO] [stdout]    1:     0x6235fec011fa - core[a373ad73a504971]::fmt::write
[INFO] [stdout]    2:     0x6235febef94c - <alloc[2e1b2a31b91974c5]::vec::Vec<u8> as core[a373ad73a504971]::io::write::Write>::write_fmt
[INFO] [stdout]    3:     0x6235febc7ae6 - std[617be2ca0a6fd877]::panicking::default_hook::{closure#0}
[INFO] [stdout]    4:     0x6235febe3d19 - std[617be2ca0a6fd877]::panicking::default_hook
[INFO] [stdout]    5:     0x6235feb711a0 - test[aada8e7e76ba119b]::test_main_inner::{closure#0}
[INFO] [stdout]    6:     0x6235febe3ed2 - std[617be2ca0a6fd877]::panicking::panic_with_hook
[INFO] [stdout]    7:     0x6235febc7b92 - std[617be2ca0a6fd877]::panicking::panic_handler::{closure#0}
[INFO] [stdout]    8:     0x6235febc0879 - std[617be2ca0a6fd877]::sys::backtrace::__rust_end_short_backtrace::<std[617be2ca0a6fd877]::panicking::panic_handler::{closure#0}, !>
[INFO] [stdout]    9:     0x6235febc879d - __rustc[ea4f61d10b84890b]::rust_begin_unwind
[INFO] [stdout]   10:     0x6235fec0192c - core[a373ad73a504971]::panicking::panic_fmt
[INFO] [stdout]   11:     0x6235fec01702 - core[a373ad73a504971]::result::unwrap_failed
[INFO] [stdout]   12:     0x6235feb3fbd5 - rdap_client[82cdc4e1da94b623]::parser::tests::deserialize::<rdap_client[82cdc4e1da94b623]::parser::Bootstrap<rdap_client[82cdc4e1da94b623]::parser::BootstrapServiceRfc7484>>
[INFO] [stdout]   13:     0x6235feb439fe - <rdap_client[82cdc4e1da94b623]::parser::tests::test_parse_bootstrap_dns::{closure#0} as core[a373ad73a504971]::ops::function::FnOnce<()>>::call_once
[INFO] [stdout]   14:     0x6235feb645eb - test[aada8e7e76ba119b]::__rust_begin_short_backtrace::<core[a373ad73a504971]::result::Result<(), alloc[2e1b2a31b91974c5]::string::String>, fn() -> core[a373ad73a504971]::result::Result<(), alloc[2e1b2a31b91974c5]::string::String>>
[INFO] [stdout]   15:     0x6235feb717c5 - test[aada8e7e76ba119b]::run_test::{closure#0}
[INFO] [stdout]   16:     0x6235feb6b0b4 - std[617be2ca0a6fd877]::sys::backtrace::__rust_begin_short_backtrace::<test[aada8e7e76ba119b]::run_test::{closure#1}, ()>
[INFO] [stdout]   17:     0x6235feb74852 - <std[617be2ca0a6fd877]::thread::lifecycle::spawn_unchecked<test[aada8e7e76ba119b]::run_test::{closure#1}, ()>::{closure#1} as core[a373ad73a504971]::ops::function::FnOnce<()>>::call_once::{shim:vtable#0}
[INFO] [stdout]   18:     0x6235febeaedf - <std[617be2ca0a6fd877]::sys::thread::unix::Thread>::new::thread_start
[INFO] [stdout]   19:     0x768b73b46dfa - <unknown>
[INFO] [stdout]   20:     0x768b73bda3d4 - clone
[INFO] [stdout]   21:                0x0 - <unknown>
[INFO] [stdout] 
[INFO] [stdout] ---- parser::tests::test_parse_autnum_lacnic_as27648 stdout ----
[INFO] [stdout] 
[INFO] [stdout] thread 'parser::tests::test_parse_autnum_lacnic_as27648' (1214) panicked at src/parser.rs:1070:62:
[INFO] [stdout] called `Result::unwrap()` on an `Err` value: Os { code: 2, kind: NotFound, message: "No such file or directory" }
[INFO] [stdout] stack backtrace:
[INFO] [stdout]    0:     0x6235febeb681 - <<std[617be2ca0a6fd877]::sys::backtrace::BacktraceLock>::print::DisplayBacktrace as core[a373ad73a504971]::fmt::Display>::fmt
[INFO] [stdout]    1:     0x6235fec011fa - core[a373ad73a504971]::fmt::write
[INFO] [stdout]    2:     0x6235febef94c - <alloc[2e1b2a31b91974c5]::vec::Vec<u8> as core[a373ad73a504971]::io::write::Write>::write_fmt
[INFO] [stdout]    3:     0x6235febc7ae6 - std[617be2ca0a6fd877]::panicking::default_hook::{closure#0}
[INFO] [stdout]    4:     0x6235febe3d19 - std[617be2ca0a6fd877]::panicking::default_hook
[INFO] [stdout]    5:     0x6235feb711a0 - test[aada8e7e76ba119b]::test_main_inner::{closure#0}
[INFO] [stdout]    6:     0x6235febe3ed2 - std[617be2ca0a6fd877]::panicking::panic_with_hook
[INFO] [stdout]    7:     0x6235febc7b92 - std[617be2ca0a6fd877]::panicking::panic_handler::{closure#0}
[INFO] [stdout]    8:     0x6235febc0879 - std[617be2ca0a6fd877]::sys::backtrace::__rust_end_short_backtrace::<std[617be2ca0a6fd877]::panicking::panic_handler::{closure#0}, !>
[INFO] [stdout]    9:     0x6235febc879d - __rustc[ea4f61d10b84890b]::rust_begin_unwind
[INFO] [stdout]   10:     0x6235fec0192c - core[a373ad73a504971]::panicking::panic_fmt
[INFO] [stdout]   11:     0x6235fec01702 - core[a373ad73a504971]::result::unwrap_failed
[INFO] [stdout]   12:     0x6235feb40515 - rdap_client[82cdc4e1da94b623]::parser::tests::deserialize_and_serialize::<rdap_client[82cdc4e1da94b623]::parser::AutNum>
[INFO] [stdout]   13:     0x6235feb459cf - <rdap_client[82cdc4e1da94b623]::parser::tests::test_parse_autnum_lacnic_as27648::{closure#0} as core[a373ad73a504971]::ops::function::FnOnce<()>>::call_once
[INFO] [stdout]   14:     0x6235feb645eb - test[aada8e7e76ba119b]::__rust_begin_short_backtrace::<core[a373ad73a504971]::result::Result<(), alloc[2e1b2a31b91974c5]::string::String>, fn() -> core[a373ad73a504971]::result::Result<(), alloc[2e1b2a31b91974c5]::string::String>>
[INFO] [stdout]   15:     0x6235feb717c5 - test[aada8e7e76ba119b]::run_test::{closure#0}
[INFO] [stdout]   16:     0x6235feb6b0b4 - std[617be2ca0a6fd877]::sys::backtrace::__rust_begin_short_backtrace::<test[aada8e7e76ba119b]::run_test::{closure#1}, ()>
[INFO] [stdout]   17:     0x6235feb74852 - <std[617be2ca0a6fd877]::thread::lifecycle::spawn_unchecked<test[aada8e7e76ba119b]::run_test::{closure#1}, ()>::{closure#1} as core[a373ad73a504971]::ops::function::FnOnce<()>>::call_once::{shim:vtable#0}
[INFO] [stdout]   18:     0x6235febeaedf - <std[617be2ca0a6fd877]::sys::thread::unix::Thread>::new::thread_start
[INFO] [stdout]   19:     0x768b73b46dfa - <unknown>
[INFO] [stdout]   20:     0x768b73bda3d4 - clone
[INFO] [stdout]   21:                0x0 - <unknown>
[INFO] [stdout] 
[INFO] [stdout] ---- parser::tests::test_parse_autnum_afrinic_as36864 stdout ----
[INFO] [stdout] 
[INFO] [stdout] thread 'parser::tests::test_parse_autnum_afrinic_as36864' (1211) panicked at src/parser.rs:1070:62:
[INFO] [stdout] called `Result::unwrap()` on an `Err` value: Os { code: 2, kind: NotFound, message: "No such file or directory" }
[INFO] [stdout] stack backtrace:
[INFO] [stdout]    0:     0x6235febeb681 - <<std[617be2ca0a6fd877]::sys::backtrace::BacktraceLock>::print::DisplayBacktrace as core[a373ad73a504971]::fmt::Display>::fmt
[INFO] [stdout]    1:     0x6235fec011fa - core[a373ad73a504971]::fmt::write
[INFO] [stdout]    2:     0x6235febef94c - <alloc[2e1b2a31b91974c5]::vec::Vec<u8> as core[a373ad73a504971]::io::write::Write>::write_fmt
[INFO] [stdout]    3:     0x6235febc7ae6 - std[617be2ca0a6fd877]::panicking::default_hook::{closure#0}
[INFO] [stdout]    4:     0x6235febe3d19 - std[617be2ca0a6fd877]::panicking::default_hook
[INFO] [stdout]    5:     0x6235feb711a0 - test[aada8e7e76ba119b]::test_main_inner::{closure#0}
[INFO] [stdout]    6:     0x6235febe3ed2 - std[617be2ca0a6fd877]::panicking::panic_with_hook
[INFO] [stdout]    7:     0x6235febc7b92 - std[617be2ca0a6fd877]::panicking::panic_handler::{closure#0}
[INFO] [stdout]    8:     0x6235febc0879 - std[617be2ca0a6fd877]::sys::backtrace::__rust_end_short_backtrace::<std[617be2ca0a6fd877]::panicking::panic_handler::{closure#0}, !>
[INFO] [stdout]    9:     0x6235febc879d - __rustc[ea4f61d10b84890b]::rust_begin_unwind
[INFO] [stdout]   10:     0x6235fec0192c - core[a373ad73a504971]::panicking::panic_fmt
[INFO] [stdout]   11:     0x6235fec01702 - core[a373ad73a504971]::result::unwrap_failed
[INFO] [stdout]   12:     0x6235feb40515 - rdap_client[82cdc4e1da94b623]::parser::tests::deserialize_and_serialize::<rdap_client[82cdc4e1da94b623]::parser::AutNum>
[INFO] [stdout]   13:     0x6235feb4600f - <rdap_client[82cdc4e1da94b623]::parser::tests::test_parse_autnum_afrinic_as36864::{closure#0} as core[a373ad73a504971]::ops::function::FnOnce<()>>::call_once
[INFO] [stdout]   14:     0x6235feb645eb - test[aada8e7e76ba119b]::__rust_begin_short_backtrace::<core[a373ad73a504971]::result::Result<(), alloc[2e1b2a31b91974c5]::string::String>, fn() -> core[a373ad73a504971]::result::Result<(), alloc[2e1b2a31b91974c5]::string::String>>
[INFO] [stdout]   15:     0x6235feb717c5 - test[aada8e7e76ba119b]::run_test::{closure#0}
[INFO] [stdout]   16:     0x6235feb6b0b4 - std[617be2ca0a6fd877]::sys::backtrace::__rust_begin_short_backtrace::<test[aada8e7e76ba119b]::run_test::{closure#1}, ()>
[INFO] [stdout]   17:     0x6235feb74852 - <std[617be2ca0a6fd877]::thread::lifecycle::spawn_unchecked<test[aada8e7e76ba119b]::run_test::{closure#1}, ()>::{closure#1} as core[a373ad73a504971]::ops::function::FnOnce<()>>::call_once::{shim:vtable#0}
[INFO] [stdout]   18:     0x6235febeaedf - <std[617be2ca0a6fd877]::sys::thread::unix::Thread>::new::thread_start
[INFO] [stdout]   19:     0x768b73b46dfa - <unknown>
[INFO] [stdout]   20:     0x768b73bda3d4 - clone
[INFO] [stdout]   21:                0x0 - <unknown>
[INFO] [stdout] 
[INFO] [stdout] ---- parser::tests::test_parse_entity_17 stdout ----
[INFO] [stdout] 
[INFO] [stdout] thread 'parser::tests::test_parse_entity_17' (1226) panicked at src/parser.rs:1070:62:
[INFO] [stdout] called `Result::unwrap()` on an `Err` value: Os { code: 2, kind: NotFound, message: "No such file or directory" }
[INFO] [stdout] stack backtrace:
[INFO] [stdout]    0:     0x6235febeb681 - <<std[617be2ca0a6fd877]::sys::backtrace::BacktraceLock>::print::DisplayBacktrace as core[a373ad73a504971]::fmt::Display>::fmt
[INFO] [stdout]    1:     0x6235fec011fa - core[a373ad73a504971]::fmt::write
[INFO] [stdout]    2:     0x6235febef94c - <alloc[2e1b2a31b91974c5]::vec::Vec<u8> as core[a373ad73a504971]::io::write::Write>::write_fmt
[INFO] [stdout]    3:     0x6235febc7ae6 - std[617be2ca0a6fd877]::panicking::default_hook::{closure#0}
[INFO] [stdout]    4:     0x6235febe3d19 - std[617be2ca0a6fd877]::panicking::default_hook
[INFO] [stdout]    5:     0x6235feb711a0 - test[aada8e7e76ba119b]::test_main_inner::{closure#0}
[INFO] [stdout]    6:     0x6235febe3ed2 - std[617be2ca0a6fd877]::panicking::panic_with_hook
[INFO] [stdout]    7:     0x6235febc7b92 - std[617be2ca0a6fd877]::panicking::panic_handler::{closure#0}
[INFO] [stdout]    8:     0x6235febc0879 - std[617be2ca0a6fd877]::sys::backtrace::__rust_end_short_backtrace::<std[617be2ca0a6fd877]::panicking::panic_handler::{closure#0}, !>
[INFO] [stdout]    9:     0x6235febc879d - __rustc[ea4f61d10b84890b]::rust_begin_unwind
[INFO] [stdout]   10:     0x6235fec0192c - core[a373ad73a504971]::panicking::panic_fmt
[INFO] [stdout]   11:     0x6235fec01702 - core[a373ad73a504971]::result::unwrap_failed
[INFO] [stdout]   12:     0x6235feb40b55 - rdap_client[82cdc4e1da94b623]::parser::tests::deserialize_and_serialize::<rdap_client[82cdc4e1da94b623]::parser::Entity>
[INFO] [stdout]   13:     0x6235feb42b71 - <rdap_client[82cdc4e1da94b623]::parser::tests::test_parse_entity_17::{closure#0} as core[a373ad73a504971]::ops::function::FnOnce<()>>::call_once
[INFO] [stdout]   14:     0x6235feb645eb - test[aada8e7e76ba119b]::__rust_begin_short_backtrace::<core[a373ad73a504971]::result::Result<(), alloc[2e1b2a31b91974c5]::string::String>, fn() -> core[a373ad73a504971]::result::Result<(), alloc[2e1b2a31b91974c5]::string::String>>
[INFO] [stdout]   15:     0x6235feb717c5 - test[aada8e7e76ba119b]::run_test::{closure#0}
[INFO] [stdout]   16:     0x6235feb6b0b4 - std[617be2ca0a6fd877]::sys::backtrace::__rust_begin_short_backtrace::<test[aada8e7e76ba119b]::run_test::{closure#1}, ()>
[INFO] [stdout]   17:     0x6235feb74852 - <std[617be2ca0a6fd877]::thread::lifecycle::spawn_unchecked<test[aada8e7e76ba119b]::run_test::{closure#1}, ()>::{closure#1} as core[a373ad73a504971]::ops::function::FnOnce<()>>::call_once::{shim:vtable#0}
[INFO] [stdout]   18:     0x6235febeaedf - <std[617be2ca0a6fd877]::sys::thread::unix::Thread>::new::thread_start
[INFO] [stdout]   19:     0x768b73b46dfa - <unknown>
[INFO] [stdout]   20:     0x768b73bda3d4 - clone
[INFO] [stdout]   21:                0x0 - <unknown>
[INFO] [stdout] 
[INFO] [stdout] ---- parser::tests::test_parse_entity_ripe stdout ----
[INFO] [stdout] 
[INFO] [stdout] thread 'parser::tests::test_parse_entity_ripe' (1228) panicked at src/parser.rs:1070:62:
[INFO] [stdout] called `Result::unwrap()` on an `Err` value: Os { code: 2, kind: NotFound, message: "No such file or directory" }
[INFO] [stdout] stack backtrace:
[INFO] [stdout]    0:     0x6235febeb681 - <<std[617be2ca0a6fd877]::sys::backtrace::BacktraceLock>::print::DisplayBacktrace as core[a373ad73a504971]::fmt::Display>::fmt
[INFO] [stdout]    1:     0x6235fec011fa - core[a373ad73a504971]::fmt::write
[INFO] [stdout]    2:     0x6235febef94c - <alloc[2e1b2a31b91974c5]::vec::Vec<u8> as core[a373ad73a504971]::io::write::Write>::write_fmt
[INFO] [stdout]    3:     0x6235febc7ae6 - std[617be2ca0a6fd877]::panicking::default_hook::{closure#0}
[INFO] [stdout]    4:     0x6235febe3d19 - std[617be2ca0a6fd877]::panicking::default_hook
[INFO] [stdout]    5:     0x6235feb711a0 - test[aada8e7e76ba119b]::test_main_inner::{closure#0}
[INFO] [stdout]    6:     0x6235febe3ed2 - std[617be2ca0a6fd877]::panicking::panic_with_hook
[INFO] [stdout]    7:     0x6235febc7b92 - std[617be2ca0a6fd877]::panicking::panic_handler::{closure#0}
[INFO] [stdout]    8:     0x6235febc0879 - std[617be2ca0a6fd877]::sys::backtrace::__rust_end_short_backtrace::<std[617be2ca0a6fd877]::panicking::panic_handler::{closure#0}, !>
[INFO] [stdout]    9:     0x6235febc879d - __rustc[ea4f61d10b84890b]::rust_begin_unwind
[INFO] [stdout]   10:     0x6235fec0192c - core[a373ad73a504971]::panicking::panic_fmt
[INFO] [stdout]   11:     0x6235fec01702 - core[a373ad73a504971]::result::unwrap_failed
[INFO] [stdout]   12:     0x6235feb40b55 - rdap_client[82cdc4e1da94b623]::parser::tests::deserialize_and_serialize::<rdap_client[82cdc4e1da94b623]::parser::Entity>
[INFO] [stdout]   13:     0x6235feb43611 - <rdap_client[82cdc4e1da94b623]::parser::tests::test_parse_entity_ripe::{closure#0} as core[a373ad73a504971]::ops::function::FnOnce<()>>::call_once
[INFO] [stdout]   14:     0x6235feb645eb - test[aada8e7e76ba119b]::__rust_begin_short_backtrace::<core[a373ad73a504971]::result::Result<(), alloc[2e1b2a31b91974c5]::string::String>, fn() -> core[a373ad73a504971]::result::Result<(), alloc[2e1b2a31b91974c5]::string::String>>
[INFO] [stdout]   15:     0x6235feb717c5 - test[aada8e7e76ba119b]::run_test::{closure#0}
[INFO] [stdout]   16:     0x6235feb6b0b4 - std[617be2ca0a6fd877]::sys::backtrace::__rust_begin_short_backtrace::<test[aada8e7e76ba119b]::run_test::{closure#1}, ()>
[INFO] [stdout]   17:     0x6235feb74852 - <std[617be2ca0a6fd877]::thread::lifecycle::spawn_unchecked<test[aada8e7e76ba119b]::run_test::{closure#1}, ()>::{closure#1} as core[a373ad73a504971]::ops::function::FnOnce<()>>::call_once::{shim:vtable#0}
[INFO] [stdout]   18:     0x6235febeaedf - <std[617be2ca0a6fd877]::sys::thread::unix::Thread>::new::thread_start
[INFO] [stdout]   19:     0x768b73b46dfa - <unknown>
[INFO] [stdout]   20:     0x768b73bda3d4 - clone
[INFO] [stdout]   21:                0x0 - <unknown>
[INFO] [stdout] 
[INFO] [stdout] ---- parser::tests::test_parse_entity_fred stdout ----
[INFO] [stdout] 
[INFO] [stdout] thread 'parser::tests::test_parse_entity_fred' (1227) panicked at src/parser.rs:1070:62:
[INFO] [stdout] called `Result::unwrap()` on an `Err` value: Os { code: 2, kind: NotFound, message: "No such file or directory" }
[INFO] [stdout] stack backtrace:
[INFO] [stdout]    0:     0x6235febeb681 - <<std[617be2ca0a6fd877]::sys::backtrace::BacktraceLock>::print::DisplayBacktrace as core[a373ad73a504971]::fmt::Display>::fmt
[INFO] [stdout]    1:     0x6235fec011fa - core[a373ad73a504971]::fmt::write
[INFO] [stdout]    2:     0x6235febef94c - <alloc[2e1b2a31b91974c5]::vec::Vec<u8> as core[a373ad73a504971]::io::write::Write>::write_fmt
[INFO] [stdout]    3:     0x6235febc7ae6 - std[617be2ca0a6fd877]::panicking::default_hook::{closure#0}
[INFO] [stdout]    4:     0x6235febe3d19 - std[617be2ca0a6fd877]::panicking::default_hook
[INFO] [stdout]    5:     0x6235feb711a0 - test[aada8e7e76ba119b]::test_main_inner::{closure#0}
[INFO] [stdout]    6:     0x6235febe3ed2 - std[617be2ca0a6fd877]::panicking::panic_with_hook
[INFO] [stdout]    7:     0x6235febc7b92 - std[617be2ca0a6fd877]::panicking::panic_handler::{closure#0}
[INFO] [stdout]    8:     0x6235febc0879 - std[617be2ca0a6fd877]::sys::backtrace::__rust_end_short_backtrace::<std[617be2ca0a6fd877]::panicking::panic_handler::{closure#0}, !>
[INFO] [stdout]    9:     0x6235febc879d - __rustc[ea4f61d10b84890b]::rust_begin_unwind
[INFO] [stdout]   10:     0x6235fec0192c - core[a373ad73a504971]::panicking::panic_fmt
[INFO] [stdout]   11:     0x6235fec01702 - core[a373ad73a504971]::result::unwrap_failed
[INFO] [stdout]   12:     0x6235feb40b55 - rdap_client[82cdc4e1da94b623]::parser::tests::deserialize_and_serialize::<rdap_client[82cdc4e1da94b623]::parser::Entity>
[INFO] [stdout]   13:     0x6235feb43551 - <rdap_client[82cdc4e1da94b623]::parser::tests::test_parse_entity_fred::{closure#0} as core[a373ad73a504971]::ops::function::FnOnce<()>>::call_once
[INFO] [stdout]   14:     0x6235feb645eb - test[aada8e7e76ba119b]::__rust_begin_short_backtrace::<core[a373ad73a504971]::result::Result<(), alloc[2e1b2a31b91974c5]::string::String>, fn() -> core[a373ad73a504971]::result::Result<(), alloc[2e1b2a31b91974c5]::string::String>>
[INFO] [stdout]   15:     0x6235feb717c5 - test[aada8e7e76ba119b]::run_test::{closure#0}
[INFO] [stdout]   16:     0x6235feb6b0b4 - std[617be2ca0a6fd877]::sys::backtrace::__rust_begin_short_backtrace::<test[aada8e7e76ba119b]::run_test::{closure#1}, ()>
[INFO] [stdout]   17:     0x6235feb74852 - <std[617be2ca0a6fd877]::thread::lifecycle::spawn_unchecked<test[aada8e7e76ba119b]::run_test::{closure#1}, ()>::{closure#1} as core[a373ad73a504971]::ops::function::FnOnce<()>>::call_once::{shim:vtable#0}
[INFO] [stdout]   18:     0x6235febeaedf - <std[617be2ca0a6fd877]::sys::thread::unix::Thread>::new::thread_start
[INFO] [stdout]   19:     0x768b73b46dfa - <unknown>
[INFO] [stdout]   20:     0x768b73bda3d4 - clone
[INFO] [stdout]   21:                0x0 - <unknown>
[INFO] [stdout] 
[INFO] [stdout] ---- parser::tests::test_parse_bootstrap_object_tags stdout ----
[INFO] [stdout] 
[INFO] [stdout] thread 'parser::tests::test_parse_bootstrap_object_tags' (1220) panicked at src/parser.rs:1070:62:
[INFO] [stdout] called `Result::unwrap()` on an `Err` value: Os { code: 2, kind: NotFound, message: "No such file or directory" }
[INFO] [stdout] stack backtrace:
[INFO] [stdout]    0:     0x6235febeb681 - <<std[617be2ca0a6fd877]::sys::backtrace::BacktraceLock>::print::DisplayBacktrace as core[a373ad73a504971]::fmt::Display>::fmt
[INFO] [stdout]    1:     0x6235fec011fa - core[a373ad73a504971]::fmt::write
[INFO] [stdout]    2:     0x6235febef94c - <alloc[2e1b2a31b91974c5]::vec::Vec<u8> as core[a373ad73a504971]::io::write::Write>::write_fmt
[INFO] [stdout]    3:     0x6235febc7ae6 - std[617be2ca0a6fd877]::panicking::default_hook::{closure#0}
[INFO] [stdout]    4:     0x6235febe3d19 - std[617be2ca0a6fd877]::panicking::default_hook
[INFO] [stdout]    5:     0x6235feb711a0 - test[aada8e7e76ba119b]::test_main_inner::{closure#0}
[INFO] [stdout]    6:     0x6235febe3ed2 - std[617be2ca0a6fd877]::panicking::panic_with_hook
[INFO] [stdout]    7:     0x6235febc7b92 - std[617be2ca0a6fd877]::panicking::panic_handler::{closure#0}
[INFO] [stdout]    8:     0x6235febc0879 - std[617be2ca0a6fd877]::sys::backtrace::__rust_end_short_backtrace::<std[617be2ca0a6fd877]::panicking::panic_handler::{closure#0}, !>
[INFO] [stdout]    9:     0x6235febc879d - __rustc[ea4f61d10b84890b]::rust_begin_unwind
[INFO] [stdout]   10:     0x6235fec0192c - core[a373ad73a504971]::panicking::panic_fmt
[INFO] [stdout]   11:     0x6235fec01702 - core[a373ad73a504971]::result::unwrap_failed
[INFO] [stdout]   12:     0x6235feb45bc1 - <rdap_client[82cdc4e1da94b623]::parser::tests::test_parse_bootstrap_object_tags::{closure#0} as core[a373ad73a504971]::ops::function::FnOnce<()>>::call_once
[INFO] [stdout]   13:     0x6235feb645eb - test[aada8e7e76ba119b]::__rust_begin_short_backtrace::<core[a373ad73a504971]::result::Result<(), alloc[2e1b2a31b91974c5]::string::String>, fn() -> core[a373ad73a504971]::result::Result<(), alloc[2e1b2a31b91974c5]::string::String>>
[INFO] [stdout]   14:     0x6235feb717c5 - test[aada8e7e76ba119b]::run_test::{closure#0}
[INFO] [stdout]   15:     0x6235feb6b0b4 - std[617be2ca0a6fd877]::sys::backtrace::__rust_begin_short_backtrace::<test[aada8e7e76ba119b]::run_test::{closure#1}, ()>
[INFO] [stdout]   16:     0x6235feb74852 - <std[617be2ca0a6fd877]::thread::lifecycle::spawn_unchecked<test[aada8e7e76ba119b]::run_test::{closure#1}, ()>::{closure#1} as core[a373ad73a504971]::ops::function::FnOnce<()>>::call_once::{shim:vtable#0}
[INFO] [stdout]   17:     0x6235febeaedf - <std[617be2ca0a6fd877]::sys::thread::unix::Thread>::new::thread_start
[INFO] [stdout]   18:     0x768b73b46dfa - <unknown>
[INFO] [stdout]   19:     0x768b73bda3d4 - clone
[INFO] [stdout]   20:                0x0 - <unknown>
[INFO] [stdout] 
[INFO] [stdout] ---- parser::tests::test_parse_error_28 stdout ----
[INFO] [stdout] 
[INFO] [stdout] thread 'parser::tests::test_parse_error_28' (1229) panicked at src/parser.rs:1070:62:
[INFO] [stdout] called `Result::unwrap()` on an `Err` value: Os { code: 2, kind: NotFound, message: "No such file or directory" }
[INFO] [stdout] stack backtrace:
[INFO] [stdout]    0:     0x6235febeb681 - <<std[617be2ca0a6fd877]::sys::backtrace::BacktraceLock>::print::DisplayBacktrace as core[a373ad73a504971]::fmt::Display>::fmt
[INFO] [stdout]    1:     0x6235fec011fa - core[a373ad73a504971]::fmt::write
[INFO] [stdout]    2:     0x6235febef94c - <alloc[2e1b2a31b91974c5]::vec::Vec<u8> as core[a373ad73a504971]::io::write::Write>::write_fmt
[INFO] [stdout]    3:     0x6235febc7ae6 - std[617be2ca0a6fd877]::panicking::default_hook::{closure#0}
[INFO] [stdout]    4:     0x6235febe3d19 - std[617be2ca0a6fd877]::panicking::default_hook
[INFO] [stdout]    5:     0x6235feb711a0 - test[aada8e7e76ba119b]::test_main_inner::{closure#0}
[INFO] [stdout]    6:     0x6235febe3ed2 - std[617be2ca0a6fd877]::panicking::panic_with_hook
[INFO] [stdout]    7:     0x6235febc7b92 - std[617be2ca0a6fd877]::panicking::panic_handler::{closure#0}
[INFO] [stdout]    8:     0x6235febc0879 - std[617be2ca0a6fd877]::sys::backtrace::__rust_end_short_backtrace::<std[617be2ca0a6fd877]::panicking::panic_handler::{closure#0}, !>
[INFO] [stdout]    9:     0x6235febc879d - __rustc[ea4f61d10b84890b]::rust_begin_unwind
[INFO] [stdout]   10:     0x6235fec0192c - core[a373ad73a504971]::panicking::panic_fmt
[INFO] [stdout]   11:     0x6235fec01702 - core[a373ad73a504971]::result::unwrap_failed
[INFO] [stdout]   12:     0x6235feb401fd - rdap_client[82cdc4e1da94b623]::parser::tests::deserialize_and_serialize::<rdap_client[82cdc4e1da94b623]::parser::Error>
[INFO] [stdout]   13:     0x6235feb416af - <rdap_client[82cdc4e1da94b623]::parser::tests::test_parse_error_28::{closure#0} as core[a373ad73a504971]::ops::function::FnOnce<()>>::call_once
[INFO] [stdout]   14:     0x6235feb645eb - test[aada8e7e76ba119b]::__rust_begin_short_backtrace::<core[a373ad73a504971]::result::Result<(), alloc[2e1b2a31b91974c5]::string::String>, fn() -> core[a373ad73a504971]::result::Result<(), alloc[2e1b2a31b91974c5]::string::String>>
[INFO] [stdout]   15:     0x6235feb717c5 - test[aada8e7e76ba119b]::run_test::{closure#0}
[INFO] [stdout]   16:     0x6235feb6b0b4 - std[617be2ca0a6fd877]::sys::backtrace::__rust_begin_short_backtrace::<test[aada8e7e76ba119b]::run_test::{closure#1}, ()>
[INFO] [stdout]   17:     0x6235feb74852 - <std[617be2ca0a6fd877]::thread::lifecycle::spawn_unchecked<test[aada8e7e76ba119b]::run_test::{closure#1}, ()>::{closure#1} as core[a373ad73a504971]::ops::function::FnOnce<()>>::call_once::{shim:vtable#0}
[INFO] [stdout]   18:     0x6235febeaedf - <std[617be2ca0a6fd877]::sys::thread::unix::Thread>::new::thread_start
[INFO] [stdout]   19:     0x768b73b46dfa - <unknown>
[INFO] [stdout]   20:     0x768b73bda3d4 - clone
[INFO] [stdout]   21:                0x0 - <unknown>
[INFO] [stdout] 
[INFO] [stdout] ---- parser::tests::test_parse_domain_ripe_reverse stdout ----
[INFO] [stdout] 
[INFO] [stdout] thread 'parser::tests::test_parse_domain_ripe_reverse' (1224) panicked at src/parser.rs:1070:62:
[INFO] [stdout] called `Result::unwrap()` on an `Err` value: Os { code: 2, kind: NotFound, message: "No such file or directory" }
[INFO] [stdout] stack backtrace:
[INFO] [stdout]    0:     0x6235febeb681 - <<std[617be2ca0a6fd877]::sys::backtrace::BacktraceLock>::print::DisplayBacktrace as core[a373ad73a504971]::fmt::Display>::fmt
[INFO] [stdout]    1:     0x6235fec011fa - core[a373ad73a504971]::fmt::write
[INFO] [stdout]    2:     0x6235febef94c - <alloc[2e1b2a31b91974c5]::vec::Vec<u8> as core[a373ad73a504971]::io::write::Write>::write_fmt
[INFO] [stdout]    3:     0x6235febc7ae6 - std[617be2ca0a6fd877]::panicking::default_hook::{closure#0}
[INFO] [stdout]    4:     0x6235febe3d19 - std[617be2ca0a6fd877]::panicking::default_hook
[INFO] [stdout]    5:     0x6235feb711a0 - test[aada8e7e76ba119b]::test_main_inner::{closure#0}
[INFO] [stdout]    6:     0x6235febe3ed2 - std[617be2ca0a6fd877]::panicking::panic_with_hook
[INFO] [stdout]    7:     0x6235febc7b92 - std[617be2ca0a6fd877]::panicking::panic_handler::{closure#0}
[INFO] [stdout]    8:     0x6235febc0879 - std[617be2ca0a6fd877]::sys::backtrace::__rust_end_short_backtrace::<std[617be2ca0a6fd877]::panicking::panic_handler::{closure#0}, !>
[INFO] [stdout]    9:     0x6235febc879d - __rustc[ea4f61d10b84890b]::rust_begin_unwind
[INFO] [stdout]   10:     0x6235fec0192c - core[a373ad73a504971]::panicking::panic_fmt
[INFO] [stdout]   11:     0x6235fec01702 - core[a373ad73a504971]::result::unwrap_failed
[INFO] [stdout]   12:     0x6235feb40835 - rdap_client[82cdc4e1da94b623]::parser::tests::deserialize_and_serialize::<rdap_client[82cdc4e1da94b623]::parser::Domain>
[INFO] [stdout]   13:     0x6235feb45097 - <rdap_client[82cdc4e1da94b623]::parser::tests::test_parse_domain_ripe_reverse::{closure#0} as core[a373ad73a504971]::ops::function::FnOnce<()>>::call_once
[INFO] [stdout]   14:     0x6235feb645eb - test[aada8e7e76ba119b]::__rust_begin_short_backtrace::<core[a373ad73a504971]::result::Result<(), alloc[2e1b2a31b91974c5]::string::String>, fn() -> core[a373ad73a504971]::result::Result<(), alloc[2e1b2a31b91974c5]::string::String>>
[INFO] [stdout]   15:     0x6235feb717c5 - test[aada8e7e76ba119b]::run_test::{closure#0}
[INFO] [stdout]   16:     0x6235feb6b0b4 - std[617be2ca0a6fd877]::sys::backtrace::__rust_begin_short_backtrace::<test[aada8e7e76ba119b]::run_test::{closure#1}, ()>
[INFO] [stdout]   17:     0x6235feb74852 - <std[617be2ca0a6fd877]::thread::lifecycle::spawn_unchecked<test[aada8e7e76ba119b]::run_test::{closure#1}, ()>::{closure#1} as core[a373ad73a504971]::ops::function::FnOnce<()>>::call_once::{shim:vtable#0}
[INFO] [stdout]   18:     0x6235febeaedf - <std[617be2ca0a6fd877]::sys::thread::unix::Thread>::new::thread_start
[INFO] [stdout]   19:     0x768b73b46dfa - <unknown>
[INFO] [stdout]   20:     0x768b73bda3d4 - clone
[INFO] [stdout]   21:                0x0 - <unknown>
[INFO] [stdout] 
[INFO] [stdout] ---- parser::tests::test_parse_ip_network_afrinic stdout ----
[INFO] [stdout] 
[INFO] [stdout] thread 'parser::tests::test_parse_ip_network_afrinic' (1234) panicked at src/parser.rs:1070:62:
[INFO] [stdout] called `Result::unwrap()` on an `Err` value: Os { code: 2, kind: NotFound, message: "No such file or directory" }
[INFO] [stdout] stack backtrace:
[INFO] [stdout]    0:     0x6235febeb681 - <<std[617be2ca0a6fd877]::sys::backtrace::BacktraceLock>::print::DisplayBacktrace as core[a373ad73a504971]::fmt::Display>::fmt
[INFO] [stdout]    1:     0x6235fec011fa - core[a373ad73a504971]::fmt::write
[INFO] [stdout]    2:     0x6235febef94c - <alloc[2e1b2a31b91974c5]::vec::Vec<u8> as core[a373ad73a504971]::io::write::Write>::write_fmt
[INFO] [stdout]    3:     0x6235febc7ae6 - std[617be2ca0a6fd877]::panicking::default_hook::{closure#0}
[INFO] [stdout]    4:     0x6235febe3d19 - std[617be2ca0a6fd877]::panicking::default_hook
[INFO] [stdout]    5:     0x6235feb711a0 - test[aada8e7e76ba119b]::test_main_inner::{closure#0}
[INFO] [stdout]    6:     0x6235febe3ed2 - std[617be2ca0a6fd877]::panicking::panic_with_hook
[INFO] [stdout]    7:     0x6235febc7b92 - std[617be2ca0a6fd877]::panicking::panic_handler::{closure#0}
[INFO] [stdout]    8:     0x6235febc0879 - std[617be2ca0a6fd877]::sys::backtrace::__rust_end_short_backtrace::<std[617be2ca0a6fd877]::panicking::panic_handler::{closure#0}, !>
[INFO] [stdout]    9:     0x6235febc879d - __rustc[ea4f61d10b84890b]::rust_begin_unwind
[INFO] [stdout]   10:     0x6235fec0192c - core[a373ad73a504971]::panicking::panic_fmt
[INFO] [stdout]   11:     0x6235fec01702 - core[a373ad73a504971]::result::unwrap_failed
[INFO] [stdout]   12:     0x6235feb40e75 - rdap_client[82cdc4e1da94b623]::parser::tests::deserialize_and_serialize::<rdap_client[82cdc4e1da94b623]::parser::IpNetwork>
[INFO] [stdout]   13:     0x6235feb44f51 - <rdap_client[82cdc4e1da94b623]::parser::tests::test_parse_ip_network_afrinic::{closure#0} as core[a373ad73a504971]::ops::function::FnOnce<()>>::call_once
[INFO] [stdout]   14:     0x6235feb645eb - test[aada8e7e76ba119b]::__rust_begin_short_backtrace::<core[a373ad73a504971]::result::Result<(), alloc[2e1b2a31b91974c5]::string::String>, fn() -> core[a373ad73a504971]::result::Result<(), alloc[2e1b2a31b91974c5]::string::String>>
[INFO] [stdout]   15:     0x6235feb717c5 - test[aada8e7e76ba119b]::run_test::{closure#0}
[INFO] [stdout]   16:     0x6235feb6b0b4 - std[617be2ca0a6fd877]::sys::backtrace::__rust_begin_short_backtrace::<test[aada8e7e76ba119b]::run_test::{closure#1}, ()>
[INFO] [stdout]   17:     0x6235feb74852 - <std[617be2ca0a6fd877]::thread::lifecycle::spawn_unchecked<test[aada8e7e76ba119b]::run_test::{closure#1}, ()>::{closure#1} as core[a373ad73a504971]::ops::function::FnOnce<()>>::call_once::{shim:vtable#0}
[INFO] [stdout]   18:     0x6235febeaedf - <std[617be2ca0a6fd877]::sys::thread::unix::Thread>::new::thread_start
[INFO] [stdout]   19:     0x768b73b46dfa - <unknown>
[INFO] [stdout]   20:     0x768b73bda3d4 - clone
[INFO] [stdout]   21:                0x0 - <unknown>
[INFO] [stdout] 
[INFO] [stdout] ---- parser::tests::test_parse_nameserver_18 stdout ----
[INFO] [stdout] 
[INFO] [stdout] thread 'parser::tests::test_parse_nameserver_18' (1240) panicked at src/parser.rs:1070:62:
[INFO] [stdout] called `Result::unwrap()` on an `Err` value: Os { code: 2, kind: NotFound, message: "No such file or directory" }
[INFO] [stdout] stack backtrace:
[INFO] [stdout]    0:     0x6235febeb681 - <<std[617be2ca0a6fd877]::sys::backtrace::BacktraceLock>::print::DisplayBacktrace as core[a373ad73a504971]::fmt::Display>::fmt
[INFO] [stdout]    1:     0x6235fec011fa - core[a373ad73a504971]::fmt::write
[INFO] [stdout]    2:     0x6235febef94c - <alloc[2e1b2a31b91974c5]::vec::Vec<u8> as core[a373ad73a504971]::io::write::Write>::write_fmt
[INFO] [stdout]    3:     0x6235febc7ae6 - std[617be2ca0a6fd877]::panicking::default_hook::{closure#0}
[INFO] [stdout]    4:     0x6235febe3d19 - std[617be2ca0a6fd877]::panicking::default_hook
[INFO] [stdout]    5:     0x6235feb711a0 - test[aada8e7e76ba119b]::test_main_inner::{closure#0}
[INFO] [stdout]    6:     0x6235febe3ed2 - std[617be2ca0a6fd877]::panicking::panic_with_hook
[INFO] [stdout]    7:     0x6235febc7b92 - std[617be2ca0a6fd877]::panicking::panic_handler::{closure#0}
[INFO] [stdout]    8:     0x6235febc0879 - std[617be2ca0a6fd877]::sys::backtrace::__rust_end_short_backtrace::<std[617be2ca0a6fd877]::panicking::panic_handler::{closure#0}, !>
[INFO] [stdout]    9:     0x6235febc879d - __rustc[ea4f61d10b84890b]::rust_begin_unwind
[INFO] [stdout]   10:     0x6235fec0192c - core[a373ad73a504971]::panicking::panic_fmt
[INFO] [stdout]   11:     0x6235fec01702 - core[a373ad73a504971]::result::unwrap_failed
[INFO] [stdout]   12:     0x6235feb3fe35 - rdap_client[82cdc4e1da94b623]::parser::tests::deserialize_and_serialize::<rdap_client[82cdc4e1da94b623]::parser::Nameserver>
[INFO] [stdout]   13:     0x6235feb43bc5 - <rdap_client[82cdc4e1da94b623]::parser::tests::test_parse_nameserver_18::{closure#0} as core[a373ad73a504971]::ops::function::FnOnce<()>>::call_once
[INFO] [stdout]   14:     0x6235feb645eb - test[aada8e7e76ba119b]::__rust_begin_short_backtrace::<core[a373ad73a504971]::result::Result<(), alloc[2e1b2a31b91974c5]::string::String>, fn() -> core[a373ad73a504971]::result::Result<(), alloc[2e1b2a31b91974c5]::string::String>>
[INFO] [stdout]   15:     0x6235feb717c5 - test[aada8e7e76ba119b]::run_test::{closure#0}
[INFO] [stdout]   16:     0x6235feb6b0b4 - std[617be2ca0a6fd877]::sys::backtrace::__rust_begin_short_backtrace::<test[aada8e7e76ba119b]::run_test::{closure#1}, ()>
[INFO] [stdout]   17:     0x6235feb74852 - <std[617be2ca0a6fd877]::thread::lifecycle::spawn_unchecked<test[aada8e7e76ba119b]::run_test::{closure#1}, ()>::{closure#1} as core[a373ad73a504971]::ops::function::FnOnce<()>>::call_once::{shim:vtable#0}
[INFO] [stdout]   18:     0x6235febeaedf - <std[617be2ca0a6fd877]::sys::thread::unix::Thread>::new::thread_start
[INFO] [stdout]   19:     0x768b73b46dfa - <unknown>
[INFO] [stdout]   20:     0x768b73bda3d4 - clone
[INFO] [stdout]   21:                0x0 - <unknown>
[INFO] [stdout] 
[INFO] [stdout] ---- parser::tests::test_parse_ip_network_arin_3_3_3_3 stdout ----
[INFO] [stdout] 
[INFO] [stdout] thread 'parser::tests::test_parse_ip_network_arin_3_3_3_3' (1236) panicked at src/parser.rs:1070:62:
[INFO] [stdout] called `Result::unwrap()` on an `Err` value: Os { code: 2, kind: NotFound, message: "No such file or directory" }
[INFO] [stdout] stack backtrace:
[INFO] [stdout]    0:     0x6235febeb681 - <<std[617be2ca0a6fd877]::sys::backtrace::BacktraceLock>::print::DisplayBacktrace as core[a373ad73a504971]::fmt::Display>::fmt
[INFO] [stdout]    1:     0x6235fec011fa - core[a373ad73a504971]::fmt::write
[INFO] [stdout]    2:     0x6235febef94c - <alloc[2e1b2a31b91974c5]::vec::Vec<u8> as core[a373ad73a504971]::io::write::Write>::write_fmt
[INFO] [stdout]    3:     0x6235febc7ae6 - std[617be2ca0a6fd877]::panicking::default_hook::{closure#0}
[INFO] [stdout]    4:     0x6235febe3d19 - std[617be2ca0a6fd877]::panicking::default_hook
[INFO] [stdout]    5:     0x6235feb711a0 - test[aada8e7e76ba119b]::test_main_inner::{closure#0}
[INFO] [stdout]    6:     0x6235febe3ed2 - std[617be2ca0a6fd877]::panicking::panic_with_hook
[INFO] [stdout]    7:     0x6235febc7b92 - std[617be2ca0a6fd877]::panicking::panic_handler::{closure#0}
[INFO] [stdout]    8:     0x6235febc0879 - std[617be2ca0a6fd877]::sys::backtrace::__rust_end_short_backtrace::<std[617be2ca0a6fd877]::panicking::panic_handler::{closure#0}, !>
[INFO] [stdout]    9:     0x6235febc879d - __rustc[ea4f61d10b84890b]::rust_begin_unwind
[INFO] [stdout]   10:     0x6235fec0192c - core[a373ad73a504971]::panicking::panic_fmt
[INFO] [stdout]   11:     0x6235fec01702 - core[a373ad73a504971]::result::unwrap_failed
[INFO] [stdout]   12:     0x6235feb40e75 - rdap_client[82cdc4e1da94b623]::parser::tests::deserialize_and_serialize::<rdap_client[82cdc4e1da94b623]::parser::IpNetwork>
[INFO] [stdout]   13:     0x6235feb460a1 - <rdap_client[82cdc4e1da94b623]::parser::tests::test_parse_ip_network_arin_3_3_3_3::{closure#0} as core[a373ad73a504971]::ops::function::FnOnce<()>>::call_once
[INFO] [stdout]   14:     0x6235feb645eb - test[aada8e7e76ba119b]::__rust_begin_short_backtrace::<core[a373ad73a504971]::result::Result<(), alloc[2e1b2a31b91974c5]::string::String>, fn() -> core[a373ad73a504971]::result::Result<(), alloc[2e1b2a31b91974c5]::string::String>>
[INFO] [stdout]   15:     0x6235feb717c5 - test[aada8e7e76ba119b]::run_test::{closure#0}
[INFO] [stdout]   16:     0x6235feb6b0b4 - std[617be2ca0a6fd877]::sys::backtrace::__rust_begin_short_backtrace::<test[aada8e7e76ba119b]::run_test::{closure#1}, ()>
[INFO] [stdout]   17:     0x6235feb74852 - <std[617be2ca0a6fd877]::thread::lifecycle::spawn_unchecked<test[aada8e7e76ba119b]::run_test::{closure#1}, ()>::{closure#1} as core[a373ad73a504971]::ops::function::FnOnce<()>>::call_once::{shim:vtable#0}
[INFO] [stdout]   18:     0x6235febeaedf - <std[617be2ca0a6fd877]::sys::thread::unix::Thread>::new::thread_start
[INFO] [stdout]   19:     0x768b73b46dfa - <unknown>
[INFO] [stdout]   20:     0x768b73bda3d4 - clone
[INFO] [stdout]   21:                0x0 - <unknown>
[INFO] [stdout] 
[INFO] [stdout] ---- parser::tests::test_parse_ip_network_lacnic stdout ----
[INFO] [stdout] 
[INFO] [stdout] thread 'parser::tests::test_parse_ip_network_lacnic' (1238) panicked at src/parser.rs:1070:62:
[INFO] [stdout] called `Result::unwrap()` on an `Err` value: Os { code: 2, kind: NotFound, message: "No such file or directory" }
[INFO] [stdout] stack backtrace:
[INFO] [stdout]    0:     0x6235febeb681 - <<std[617be2ca0a6fd877]::sys::backtrace::BacktraceLock>::print::DisplayBacktrace as core[a373ad73a504971]::fmt::Display>::fmt
[INFO] [stdout]    1:     0x6235fec011fa - core[a373ad73a504971]::fmt::write
[INFO] [stdout]    2:     0x6235febef94c - <alloc[2e1b2a31b91974c5]::vec::Vec<u8> as core[a373ad73a504971]::io::write::Write>::write_fmt
[INFO] [stdout]    3:     0x6235febc7ae6 - std[617be2ca0a6fd877]::panicking::default_hook::{closure#0}
[INFO] [stdout]    4:     0x6235febe3d19 - std[617be2ca0a6fd877]::panicking::default_hook
[INFO] [stdout]    5:     0x6235feb711a0 - test[aada8e7e76ba119b]::test_main_inner::{closure#0}
[INFO] [stdout]    6:     0x6235febe3ed2 - std[617be2ca0a6fd877]::panicking::panic_with_hook
[INFO] [stdout]    7:     0x6235febc7b92 - std[617be2ca0a6fd877]::panicking::panic_handler::{closure#0}
[INFO] [stdout]    8:     0x6235febc0879 - std[617be2ca0a6fd877]::sys::backtrace::__rust_end_short_backtrace::<std[617be2ca0a6fd877]::panicking::panic_handler::{closure#0}, !>
[INFO] [stdout]    9:     0x6235febc879d - __rustc[ea4f61d10b84890b]::rust_begin_unwind
[INFO] [stdout]   10:     0x6235fec0192c - core[a373ad73a504971]::panicking::panic_fmt
[INFO] [stdout]   11:     0x6235fec01702 - core[a373ad73a504971]::result::unwrap_failed
[INFO] [stdout]   12:     0x6235feb40e75 - rdap_client[82cdc4e1da94b623]::parser::tests::deserialize_and_serialize::<rdap_client[82cdc4e1da94b623]::parser::IpNetwork>
[INFO] [stdout]   13:     0x6235feb44c61 - <rdap_client[82cdc4e1da94b623]::parser::tests::test_parse_ip_network_lacnic::{closure#0} as core[a373ad73a504971]::ops::function::FnOnce<()>>::call_once
[INFO] [stdout]   14:     0x6235feb645eb - test[aada8e7e76ba119b]::__rust_begin_short_backtrace::<core[a373ad73a504971]::result::Result<(), alloc[2e1b2a31b91974c5]::string::String>, fn() -> core[a373ad73a504971]::result::Result<(), alloc[2e1b2a31b91974c5]::string::String>>
[INFO] [stdout]   15:     0x6235feb717c5 - test[aada8e7e76ba119b]::run_test::{closure#0}
[INFO] [stdout]   16:     0x6235feb6b0b4 - std[617be2ca0a6fd877]::sys::backtrace::__rust_begin_short_backtrace::<test[aada8e7e76ba119b]::run_test::{closure#1}, ()>
[INFO] [stdout]   17:     0x6235feb74852 - <std[617be2ca0a6fd877]::thread::lifecycle::spawn_unchecked<test[aada8e7e76ba119b]::run_test::{closure#1}, ()>::{closure#1} as core[a373ad73a504971]::ops::function::FnOnce<()>>::call_once::{shim:vtable#0}
[INFO] [stdout]   18:     0x6235febeaedf - <std[617be2ca0a6fd877]::sys::thread::unix::Thread>::new::thread_start
[INFO] [stdout]   19:     0x768b73b46dfa - <unknown>
[INFO] [stdout]   20:     0x768b73bda3d4 - clone
[INFO] [stdout]   21:                0x0 - <unknown>
[INFO] [stdout] 
[INFO] [stdout] ---- parser::tests::test_parse_ip_network_ripe_193_0_0_0 stdout ----
[INFO] [stdout] 
[INFO] [stdout] thread 'parser::tests::test_parse_ip_network_ripe_193_0_0_0' (1239) panicked at src/parser.rs:1070:62:
[INFO] [stdout] called `Result::unwrap()` on an `Err` value: Os { code: 2, kind: NotFound, message: "No such file or directory" }
[INFO] [stdout] stack backtrace:
[INFO] [stdout]    0:     0x6235febeb681 - <<std[617be2ca0a6fd877]::sys::backtrace::BacktraceLock>::print::DisplayBacktrace as core[a373ad73a504971]::fmt::Display>::fmt
[INFO] [stdout]    1:     0x6235fec011fa - core[a373ad73a504971]::fmt::write
[INFO] [stdout]    2:     0x6235febef94c - <alloc[2e1b2a31b91974c5]::vec::Vec<u8> as core[a373ad73a504971]::io::write::Write>::write_fmt
[INFO] [stdout]    3:     0x6235febc7ae6 - std[617be2ca0a6fd877]::panicking::default_hook::{closure#0}
[INFO] [stdout]    4:     0x6235febe3d19 - std[617be2ca0a6fd877]::panicking::default_hook
[INFO] [stdout]    5:     0x6235feb711a0 - test[aada8e7e76ba119b]::test_main_inner::{closure#0}
[INFO] [stdout]    6:     0x6235febe3ed2 - std[617be2ca0a6fd877]::panicking::panic_with_hook
[INFO] [stdout]    7:     0x6235febc7b92 - std[617be2ca0a6fd877]::panicking::panic_handler::{closure#0}
[INFO] [stdout]    8:     0x6235febc0879 - std[617be2ca0a6fd877]::sys::backtrace::__rust_end_short_backtrace::<std[617be2ca0a6fd877]::panicking::panic_handler::{closure#0}, !>
[INFO] [stdout]    9:     0x6235febc879d - __rustc[ea4f61d10b84890b]::rust_begin_unwind
[INFO] [stdout]   10:     0x6235fec0192c - core[a373ad73a504971]::panicking::panic_fmt
[INFO] [stdout]   11:     0x6235fec01702 - core[a373ad73a504971]::result::unwrap_failed
[INFO] [stdout]   12:     0x6235feb40e75 - rdap_client[82cdc4e1da94b623]::parser::tests::deserialize_and_serialize::<rdap_client[82cdc4e1da94b623]::parser::IpNetwork>
[INFO] [stdout]   13:     0x6235feb46201 - <rdap_client[82cdc4e1da94b623]::parser::tests::test_parse_ip_network_ripe_193_0_0_0::{closure#0} as core[a373ad73a504971]::ops::function::FnOnce<()>>::call_once
[INFO] [stdout]   14:     0x6235feb645eb - test[aada8e7e76ba119b]::__rust_begin_short_backtrace::<core[a373ad73a504971]::result::Result<(), alloc[2e1b2a31b91974c5]::string::String>, fn() -> core[a373ad73a504971]::result::Result<(), alloc[2e1b2a31b91974c5]::string::String>>
[INFO] [stdout]   15:     0x6235feb717c5 - test[aada8e7e76ba119b]::run_test::{closure#0}
[INFO] [stdout]   16:     0x6235feb6b0b4 - std[617be2ca0a6fd877]::sys::backtrace::__rust_begin_short_backtrace::<test[aada8e7e76ba119b]::run_test::{closure#1}, ()>
[INFO] [stdout]   17:     0x6235feb74852 - <std[617be2ca0a6fd877]::thread::lifecycle::spawn_unchecked<test[aada8e7e76ba119b]::run_test::{closure#1}, ()>::{closure#1} as core[a373ad73a504971]::ops::function::FnOnce<()>>::call_once::{shim:vtable#0}
[INFO] [stdout]   18:     0x6235febeaedf - <std[617be2ca0a6fd877]::sys::thread::unix::Thread>::new::thread_start
[INFO] [stdout]   19:     0x768b73b46dfa - <unknown>
[INFO] [stdout]   20:     0x768b73bda3d4 - clone
[INFO] [stdout]   21:                0x0 - <unknown>
[INFO] [stdout] 
[INFO] [stdout] ---- parser::tests::test_parse_nameserver_19 stdout ----
[INFO] [stdout] 
[INFO] [stdout] thread 'parser::tests::test_parse_nameserver_19' (1241) panicked at src/parser.rs:1070:62:
[INFO] [stdout] called `Result::unwrap()` on an `Err` value: Os { code: 2, kind: NotFound, message: "No such file or directory" }
[INFO] [stdout] stack backtrace:
[INFO] [stdout]    0:     0x6235febeb681 - <<std[617be2ca0a6fd877]::sys::backtrace::BacktraceLock>::print::DisplayBacktrace as core[a373ad73a504971]::fmt::Display>::fmt
[INFO] [stdout]    1:     0x6235fec011fa - core[a373ad73a504971]::fmt::write
[INFO] [stdout]    2:     0x6235febef94c - <alloc[2e1b2a31b91974c5]::vec::Vec<u8> as core[a373ad73a504971]::io::write::Write>::write_fmt
[INFO] [stdout]    3:     0x6235febc7ae6 - std[617be2ca0a6fd877]::panicking::default_hook::{closure#0}
[INFO] [stdout]    4:     0x6235febe3d19 - std[617be2ca0a6fd877]::panicking::default_hook
[INFO] [stdout]    5:     0x6235feb711a0 - test[aada8e7e76ba119b]::test_main_inner::{closure#0}
[INFO] [stdout]    6:     0x6235febe3ed2 - std[617be2ca0a6fd877]::panicking::panic_with_hook
[INFO] [stdout]    7:     0x6235febc7b92 - std[617be2ca0a6fd877]::panicking::panic_handler::{closure#0}
[INFO] [stdout]    8:     0x6235febc0879 - std[617be2ca0a6fd877]::sys::backtrace::__rust_end_short_backtrace::<std[617be2ca0a6fd877]::panicking::panic_handler::{closure#0}, !>
[INFO] [stdout]    9:     0x6235febc879d - __rustc[ea4f61d10b84890b]::rust_begin_unwind
[INFO] [stdout]   10:     0x6235fec0192c - core[a373ad73a504971]::panicking::panic_fmt
[INFO] [stdout]   11:     0x6235fec01702 - core[a373ad73a504971]::result::unwrap_failed
[INFO] [stdout]   12:     0x6235feb3fe35 - rdap_client[82cdc4e1da94b623]::parser::tests::deserialize_and_serialize::<rdap_client[82cdc4e1da94b623]::parser::Nameserver>
[INFO] [stdout]   13:     0x6235feb440f1 - <rdap_client[82cdc4e1da94b623]::parser::tests::test_parse_nameserver_19::{closure#0} as core[a373ad73a504971]::ops::function::FnOnce<()>>::call_once
[INFO] [stdout]   14:     0x6235feb645eb - test[aada8e7e76ba119b]::__rust_begin_short_backtrace::<core[a373ad73a504971]::result::Result<(), alloc[2e1b2a31b91974c5]::string::String>, fn() -> core[a373ad73a504971]::result::Result<(), alloc[2e1b2a31b91974c5]::string::String>>
[INFO] [stdout]   15:     0x6235feb717c5 - test[aada8e7e76ba119b]::run_test::{closure#0}
[INFO] [stdout]   16:     0x6235feb6b0b4 - std[617be2ca0a6fd877]::sys::backtrace::__rust_begin_short_backtrace::<test[aada8e7e76ba119b]::run_test::{closure#1}, ()>
[INFO] [stdout]   17:     0x6235feb74852 - <std[617be2ca0a6fd877]::thread::lifecycle::spawn_unchecked<test[aada8e7e76ba119b]::run_test::{closure#1}, ()>::{closure#1} as core[a373ad73a504971]::ops::function::FnOnce<()>>::call_once::{shim:vtable#0}
[INFO] [stdout]   18:     0x6235febeaedf - <std[617be2ca0a6fd877]::sys::thread::unix::Thread>::new::thread_start
[INFO] [stdout]   19:     0x768b73b46dfa - <unknown>
[INFO] [stdout]   20:     0x768b73bda3d4 - clone
[INFO] [stdout]   21:                0x0 - <unknown>
[INFO] [stdout] 
[INFO] [stdout] ---- parser::tests::test_parse_nameserver_20 stdout ----
[INFO] [stdout] 
[INFO] [stdout] thread 'parser::tests::test_parse_nameserver_20' (1242) panicked at src/parser.rs:1070:62:
[INFO] [stdout] called `Result::unwrap()` on an `Err` value: Os { code: 2, kind: NotFound, message: "No such file or directory" }
[INFO] [stdout] stack backtrace:
[INFO] [stdout]    0:     0x6235febeb681 - <<std[617be2ca0a6fd877]::sys::backtrace::BacktraceLock>::print::DisplayBacktrace as core[a373ad73a504971]::fmt::Display>::fmt
[INFO] [stdout]    1:     0x6235fec011fa - core[a373ad73a504971]::fmt::write
[INFO] [stdout]    2:     0x6235febef94c - <alloc[2e1b2a31b91974c5]::vec::Vec<u8> as core[a373ad73a504971]::io::write::Write>::write_fmt
[INFO] [stdout]    3:     0x6235febc7ae6 - std[617be2ca0a6fd877]::panicking::default_hook::{closure#0}
[INFO] [stdout]    4:     0x6235febe3d19 - std[617be2ca0a6fd877]::panicking::default_hook
[INFO] [stdout]    5:     0x6235feb711a0 - test[aada8e7e76ba119b]::test_main_inner::{closure#0}
[INFO] [stdout]    6:     0x6235febe3ed2 - std[617be2ca0a6fd877]::panicking::panic_with_hook
[INFO] [stdout]    7:     0x6235febc7b92 - std[617be2ca0a6fd877]::panicking::panic_handler::{closure#0}
[INFO] [stdout]    8:     0x6235febc0879 - std[617be2ca0a6fd877]::sys::backtrace::__rust_end_short_backtrace::<std[617be2ca0a6fd877]::panicking::panic_handler::{closure#0}, !>
[INFO] [stdout]    9:     0x6235febc879d - __rustc[ea4f61d10b84890b]::rust_begin_unwind
[INFO] [stdout]   10:     0x6235fec0192c - core[a373ad73a504971]::panicking::panic_fmt
[INFO] [stdout]   11:     0x6235fec01702 - core[a373ad73a504971]::result::unwrap_failed
[INFO] [stdout]   12:     0x6235feb3fe35 - rdap_client[82cdc4e1da94b623]::parser::tests::deserialize_and_serialize::<rdap_client[82cdc4e1da94b623]::parser::Nameserver>
[INFO] [stdout]   13:     0x6235feb441a1 - <rdap_client[82cdc4e1da94b623]::parser::tests::test_parse_nameserver_20::{closure#0} as core[a373ad73a504971]::ops::function::FnOnce<()>>::call_once
[INFO] [stdout]   14:     0x6235feb645eb - test[aada8e7e76ba119b]::__rust_begin_short_backtrace::<core[a373ad73a504971]::result::Result<(), alloc[2e1b2a31b91974c5]::string::String>, fn() -> core[a373ad73a504971]::result::Result<(), alloc[2e1b2a31b91974c5]::string::String>>
[INFO] [stdout]   15:     0x6235feb717c5 - test[aada8e7e76ba119b]::run_test::{closure#0}
[INFO] [stdout]   16:     0x6235feb6b0b4 - std[617be2ca0a6fd877]::sys::backtrace::__rust_begin_short_backtrace::<test[aada8e7e76ba119b]::run_test::{closure#1}, ()>
[INFO] [stdout]   17:     0x6235feb74852 - <std[617be2ca0a6fd877]::thread::lifecycle::spawn_unchecked<test[aada8e7e76ba119b]::run_test::{closure#1}, ()>::{closure#1} as core[a373ad73a504971]::ops::function::FnOnce<()>>::call_once::{shim:vtable#0}
[INFO] [stdout]   18:     0x6235febeaedf - <std[617be2ca0a6fd877]::sys::thread::unix::Thread>::new::thread_start
[INFO] [stdout]   19:     0x768b73b46dfa - <unknown>
[INFO] [stdout]   20:     0x768b73bda3d4 - clone
[INFO] [stdout]   21:                0x0 - <unknown>
[INFO] [stdout] 
[INFO] [stdout] ---- parser::tests::test_parse_ip_network_26 stdout ----
[INFO] [stdout] 
[INFO] [stdout] thread 'parser::tests::test_parse_ip_network_26' (1233) panicked at src/parser.rs:1070:62:
[INFO] [stdout] called `Result::unwrap()` on an `Err` value: Os { code: 2, kind: NotFound, message: "No such file or directory" }
[INFO] [stdout] stack backtrace:
[INFO] [stdout]    0:     0x6235febeb681 - <<std[617be2ca0a6fd877]::sys::backtrace::BacktraceLock>::print::DisplayBacktrace as core[a373ad73a504971]::fmt::Display>::fmt
[INFO] [stdout]    1:     0x6235fec011fa - core[a373ad73a504971]::fmt::write
[INFO] [stdout]    2:     0x6235febef94c - <alloc[2e1b2a31b91974c5]::vec::Vec<u8> as core[a373ad73a504971]::io::write::Write>::write_fmt
[INFO] [stdout]    3:     0x6235febc7ae6 - std[617be2ca0a6fd877]::panicking::default_hook::{closure#0}
[INFO] [stdout]    4:     0x6235febe3d19 - std[617be2ca0a6fd877]::panicking::default_hook
[INFO] [stdout]    5:     0x6235feb711a0 - test[aada8e7e76ba119b]::test_main_inner::{closure#0}
[INFO] [stdout]    6:     0x6235febe3ed2 - std[617be2ca0a6fd877]::panicking::panic_with_hook
[INFO] [stdout]    7:     0x6235febc7b92 - std[617be2ca0a6fd877]::panicking::panic_handler::{closure#0}
[INFO] [stdout]    8:     0x6235febc0879 - std[617be2ca0a6fd877]::sys::backtrace::__rust_end_short_backtrace::<std[617be2ca0a6fd877]::panicking::panic_handler::{closure#0}, !>
[INFO] [stdout]    9:     0x6235febc879d - __rustc[ea4f61d10b84890b]::rust_begin_unwind
[INFO] [stdout]   10:     0x6235fec0192c - core[a373ad73a504971]::panicking::panic_fmt
[INFO] [stdout]   11:     0x6235fec01702 - core[a373ad73a504971]::result::unwrap_failed
[INFO] [stdout]   12:     0x6235feb40e75 - rdap_client[82cdc4e1da94b623]::parser::tests::deserialize_and_serialize::<rdap_client[82cdc4e1da94b623]::parser::IpNetwork>
[INFO] [stdout]   13:     0x6235feb43a81 - <rdap_client[82cdc4e1da94b623]::parser::tests::test_parse_ip_network_26::{closure#0} as core[a373ad73a504971]::ops::function::FnOnce<()>>::call_once
[INFO] [stdout]   14:     0x6235feb645eb - test[aada8e7e76ba119b]::__rust_begin_short_backtrace::<core[a373ad73a504971]::result::Result<(), alloc[2e1b2a31b91974c5]::string::String>, fn() -> core[a373ad73a504971]::result::Result<(), alloc[2e1b2a31b91974c5]::string::String>>
[INFO] [stdout]   15:     0x6235feb717c5 - test[aada8e7e76ba119b]::run_test::{closure#0}
[INFO] [stdout]   16:     0x6235feb6b0b4 - std[617be2ca0a6fd877]::sys::backtrace::__rust_begin_short_backtrace::<test[aada8e7e76ba119b]::run_test::{closure#1}, ()>
[INFO] [stdout]   17:     0x6235feb74852 - <std[617be2ca0a6fd877]::thread::lifecycle::spawn_unchecked<test[aada8e7e76ba119b]::run_test::{closure#1}, ()>::{closure#1} as core[a373ad73a504971]::ops::function::FnOnce<()>>::call_once::{shim:vtable#0}
[INFO] [stdout]   18:     0x6235febeaedf - <std[617be2ca0a6fd877]::sys::thread::unix::Thread>::new::thread_start
[INFO] [stdout]   19:     0x768b73b46dfa - <unknown>
[INFO] [stdout]   20:     0x768b73bda3d4 - clone
[INFO] [stdout]   21:                0x0 - <unknown>
[INFO] [stdout] 
[INFO] [stdout] ---- parser::tests::test_parse_error_29 stdout ----
[INFO] [stdout] 
[INFO] [stdout] thread 'parser::tests::test_parse_error_29' (1230) panicked at src/parser.rs:1070:62:
[INFO] [stdout] called `Result::unwrap()` on an `Err` value: Os { code: 2, kind: NotFound, message: "No such file or directory" }
[INFO] [stdout] stack backtrace:
[INFO] [stdout]    0:     0x6235febeb681 - <<std[617be2ca0a6fd877]::sys::backtrace::BacktraceLock>::print::DisplayBacktrace as core[a373ad73a504971]::fmt::Display>::fmt
[INFO] [stdout]    1:     0x6235fec011fa - core[a373ad73a504971]::fmt::write
[INFO] [stdout]    2:     0x6235febef94c - <alloc[2e1b2a31b91974c5]::vec::Vec<u8> as core[a373ad73a504971]::io::write::Write>::write_fmt
[INFO] [stdout]    3:     0x6235febc7ae6 - std[617be2ca0a6fd877]::panicking::default_hook::{closure#0}
[INFO] [stdout]    4:     0x6235febe3d19 - std[617be2ca0a6fd877]::panicking::default_hook
[INFO] [stdout]    5:     0x6235feb711a0 - test[aada8e7e76ba119b]::test_main_inner::{closure#0}
[INFO] [stdout]    6:     0x6235febe3ed2 - std[617be2ca0a6fd877]::panicking::panic_with_hook
[INFO] [stdout]    7:     0x6235febc7b92 - std[617be2ca0a6fd877]::panicking::panic_handler::{closure#0}
[INFO] [stdout]    8:     0x6235febc0879 - std[617be2ca0a6fd877]::sys::backtrace::__rust_end_short_backtrace::<std[617be2ca0a6fd877]::panicking::panic_handler::{closure#0}, !>
[INFO] [stdout]    9:     0x6235febc879d - __rustc[ea4f61d10b84890b]::rust_begin_unwind
[INFO] [stdout]   10:     0x6235fec0192c - core[a373ad73a504971]::panicking::panic_fmt
[INFO] [stdout]   11:     0x6235fec01702 - core[a373ad73a504971]::result::unwrap_failed
[INFO] [stdout]   12:     0x6235feb401fd - rdap_client[82cdc4e1da94b623]::parser::tests::deserialize_and_serialize::<rdap_client[82cdc4e1da94b623]::parser::Error>
[INFO] [stdout]   13:     0x6235feb4172f - <rdap_client[82cdc4e1da94b623]::parser::tests::test_parse_error_29::{closure#0} as core[a373ad73a504971]::ops::function::FnOnce<()>>::call_once
[INFO] [stdout]   14:     0x6235feb645eb - test[aada8e7e76ba119b]::__rust_begin_short_backtrace::<core[a373ad73a504971]::result::Result<(), alloc[2e1b2a31b91974c5]::string::String>, fn() -> core[a373ad73a504971]::result::Result<(), alloc[2e1b2a31b91974c5]::string::String>>
[INFO] [stdout]   15:     0x6235feb717c5 - test[aada8e7e76ba119b]::run_test::{closure#0}
[INFO] [stdout]   16:     0x6235feb6b0b4 - std[617be2ca0a6fd877]::sys::backtrace::__rust_begin_short_backtrace::<test[aada8e7e76ba119b]::run_test::{closure#1}, ()>
[INFO] [stdout]   17:     0x6235feb74852 - <std[617be2ca0a6fd877]::thread::lifecycle::spawn_unchecked<test[aada8e7e76ba119b]::run_test::{closure#1}, ()>::{closure#1} as core[a373ad73a504971]::ops::function::FnOnce<()>>::call_once::{shim:vtable#0}
[INFO] [stdout]   18:     0x6235febeaedf - <std[617be2ca0a6fd877]::sys::thread::unix::Thread>::new::thread_start
[INFO] [stdout]   19:     0x768b73b46dfa - <unknown>
[INFO] [stdout]   20:     0x768b73bda3d4 - clone
[INFO] [stdout]   21:                0x0 - <unknown>
[INFO] [stdout] 
[INFO] [stdout] ---- parser::tests::test_parse_ip_network_br stdout ----
[INFO] [stdout] 
[INFO] [stdout] thread 'parser::tests::test_parse_ip_network_br' (1237) panicked at src/parser.rs:1070:62:
[INFO] [stdout] called `Result::unwrap()` on an `Err` value: Os { code: 2, kind: NotFound, message: "No such file or directory" }
[INFO] [stdout] stack backtrace:
[INFO] [stdout]    0:     0x6235febeb681 - <<std[617be2ca0a6fd877]::sys::backtrace::BacktraceLock>::print::DisplayBacktrace as core[a373ad73a504971]::fmt::Display>::fmt
[INFO] [stdout]    1:     0x6235fec011fa - core[a373ad73a504971]::fmt::write
[INFO] [stdout]    2:     0x6235febef94c - <alloc[2e1b2a31b91974c5]::vec::Vec<u8> as core[a373ad73a504971]::io::write::Write>::write_fmt
[INFO] [stdout]    3:     0x6235febc7ae6 - std[617be2ca0a6fd877]::panicking::default_hook::{closure#0}
[INFO] [stdout]    4:     0x6235febe3d19 - std[617be2ca0a6fd877]::panicking::default_hook
[INFO] [stdout]    5:     0x6235feb711a0 - test[aada8e7e76ba119b]::test_main_inner::{closure#0}
[INFO] [stdout]    6:     0x6235febe3ed2 - std[617be2ca0a6fd877]::panicking::panic_with_hook
[INFO] [stdout]    7:     0x6235febc7b92 - std[617be2ca0a6fd877]::panicking::panic_handler::{closure#0}
[INFO] [stdout]    8:     0x6235febc0879 - std[617be2ca0a6fd877]::sys::backtrace::__rust_end_short_backtrace::<std[617be2ca0a6fd877]::panicking::panic_handler::{closure#0}, !>
[INFO] [stdout]    9:     0x6235febc879d - __rustc[ea4f61d10b84890b]::rust_begin_unwind
[INFO] [stdout]   10:     0x6235fec0192c - core[a373ad73a504971]::panicking::panic_fmt
[INFO] [stdout]   11:     0x6235fec01702 - core[a373ad73a504971]::result::unwrap_failed
[INFO] [stdout]   12:     0x6235feb40e75 - rdap_client[82cdc4e1da94b623]::parser::tests::deserialize_and_serialize::<rdap_client[82cdc4e1da94b623]::parser::IpNetwork>
[INFO] [stdout]   13:     0x6235feb43b21 - <rdap_client[82cdc4e1da94b623]::parser::tests::test_parse_ip_network_br::{closure#0} as core[a373ad73a504971]::ops::function::FnOnce<()>>::call_once
[INFO] [stdout]   14:     0x6235feb645eb - test[aada8e7e76ba119b]::__rust_begin_short_backtrace::<core[a373ad73a504971]::result::Result<(), alloc[2e1b2a31b91974c5]::string::String>, fn() -> core[a373ad73a504971]::result::Result<(), alloc[2e1b2a31b91974c5]::string::String>>
[INFO] [stdout]   15:     0x6235feb717c5 - test[aada8e7e76ba119b]::run_test::{closure#0}
[INFO] [stdout]   16:     0x6235feb6b0b4 - std[617be2ca0a6fd877]::sys::backtrace::__rust_begin_short_backtrace::<test[aada8e7e76ba119b]::run_test::{closure#1}, ()>
[INFO] [stdout]   17:     0x6235feb74852 - <std[617be2ca0a6fd877]::thread::lifecycle::spawn_unchecked<test[aada8e7e76ba119b]::run_test::{closure#1}, ()>::{closure#1} as core[a373ad73a504971]::ops::function::FnOnce<()>>::call_once::{shim:vtable#0}
[INFO] [stdout]   18:     0x6235febeaedf - <std[617be2ca0a6fd877]::sys::thread::unix::Thread>::new::thread_start
[INFO] [stdout]   19:     0x768b73b46dfa - <unknown>
[INFO] [stdout]   20:     0x768b73bda3d4 - clone
[INFO] [stdout]   21:                0x0 - <unknown>
[INFO] [stdout] 
[INFO] [stdout] ---- parser::tests::test_parse_nameserver_fred stdout ----
[INFO] [stdout] 
[INFO] [stdout] thread 'parser::tests::test_parse_nameserver_fred' (1243) panicked at src/parser.rs:1070:62:
[INFO] [stdout] called `Result::unwrap()` on an `Err` value: Os { code: 2, kind: NotFound, message: "No such file or directory" }
[INFO] [stdout] stack backtrace:
[INFO] [stdout]    0:     0x6235febeb681 - <<std[617be2ca0a6fd877]::sys::backtrace::BacktraceLock>::print::DisplayBacktrace as core[a373ad73a504971]::fmt::Display>::fmt
[INFO] [stdout]    1:     0x6235fec011fa - core[a373ad73a504971]::fmt::write
[INFO] [stdout]    2:     0x6235febef94c - <alloc[2e1b2a31b91974c5]::vec::Vec<u8> as core[a373ad73a504971]::io::write::Write>::write_fmt
[INFO] [stdout]    3:     0x6235febc7ae6 - std[617be2ca0a6fd877]::panicking::default_hook::{closure#0}
[INFO] [stdout]    4:     0x6235febe3d19 - std[617be2ca0a6fd877]::panicking::default_hook
[INFO] [stdout]    5:     0x6235feb711a0 - test[aada8e7e76ba119b]::test_main_inner::{closure#0}
[INFO] [stdout]    6:     0x6235febe3ed2 - std[617be2ca0a6fd877]::panicking::panic_with_hook
[INFO] [stdout]    7:     0x6235febc7b92 - std[617be2ca0a6fd877]::panicking::panic_handler::{closure#0}
[INFO] [stdout]    8:     0x6235febc0879 - std[617be2ca0a6fd877]::sys::backtrace::__rust_end_short_backtrace::<std[617be2ca0a6fd877]::panicking::panic_handler::{closure#0}, !>
[INFO] [stdout]    9:     0x6235febc879d - __rustc[ea4f61d10b84890b]::rust_begin_unwind
[INFO] [stdout]   10:     0x6235fec0192c - core[a373ad73a504971]::panicking::panic_fmt
[INFO] [stdout]   11:     0x6235fec01702 - core[a373ad73a504971]::result::unwrap_failed
[INFO] [stdout]   12:     0x6235feb3fe35 - rdap_client[82cdc4e1da94b623]::parser::tests::deserialize_and_serialize::<rdap_client[82cdc4e1da94b623]::parser::Nameserver>
[INFO] [stdout]   13:     0x6235feb44451 - <rdap_client[82cdc4e1da94b623]::parser::tests::test_parse_nameserver_fred::{closure#0} as core[a373ad73a504971]::ops::function::FnOnce<()>>::call_once
[INFO] [stdout]   14:     0x6235feb645eb - test[aada8e7e76ba119b]::__rust_begin_short_backtrace::<core[a373ad73a504971]::result::Result<(), alloc[2e1b2a31b91974c5]::string::String>, fn() -> core[a373ad73a504971]::result::Result<(), alloc[2e1b2a31b91974c5]::string::String>>
[INFO] [stdout]   15:     0x6235feb717c5 - test[aada8e7e76ba119b]::run_test::{closure#0}
[INFO] [stdout]   16:     0x6235feb6b0b4 - std[617be2ca0a6fd877]::sys::backtrace::__rust_begin_short_backtrace::<test[aada8e7e76ba119b]::run_test::{closure#1}, ()>
[INFO] [stdout]   17:     0x6235feb74852 - <std[617be2ca0a6fd877]::thread::lifecycle::spawn_unchecked<test[aada8e7e76ba119b]::run_test::{closure#1}, ()>::{closure#1} as core[a373ad73a504971]::ops::function::FnOnce<()>>::call_once::{shim:vtable#0}
[INFO] [stdout]   18:     0x6235febeaedf - <std[617be2ca0a6fd877]::sys::thread::unix::Thread>::new::thread_start
[INFO] [stdout]   19:     0x768b73b46dfa - <unknown>
[INFO] [stdout]   20:     0x768b73bda3d4 - clone
[INFO] [stdout]   21:                0x0 - <unknown>
[INFO] [stdout] 
[INFO] [stdout] ---- parser::tests::test_parse_ip_network_apnic_1_1_1_1 stdout ----
[INFO] [stdout] 
[INFO] [stdout] thread 'parser::tests::test_parse_ip_network_apnic_1_1_1_1' (1235) panicked at src/parser.rs:1070:62:
[INFO] [stdout] called `Result::unwrap()` on an `Err` value: Os { code: 2, kind: NotFound, message: "No such file or directory" }
[INFO] [stdout] stack backtrace:
[INFO] [stdout]    0:     0x6235febeb681 - <<std[617be2ca0a6fd877]::sys::backtrace::BacktraceLock>::print::DisplayBacktrace as core[a373ad73a504971]::fmt::Display>::fmt
[INFO] [stdout]    1:     0x6235fec011fa - core[a373ad73a504971]::fmt::write
[INFO] [stdout]    2:     0x6235febef94c - <alloc[2e1b2a31b91974c5]::vec::Vec<u8> as core[a373ad73a504971]::io::write::Write>::write_fmt
[INFO] [stdout]    3:     0x6235febc7ae6 - std[617be2ca0a6fd877]::panicking::default_hook::{closure#0}
[INFO] [stdout]    4:     0x6235febe3d19 - std[617be2ca0a6fd877]::panicking::default_hook
[INFO] [stdout]    5:     0x6235feb711a0 - test[aada8e7e76ba119b]::test_main_inner::{closure#0}
[INFO] [stdout]    6:     0x6235febe3ed2 - std[617be2ca0a6fd877]::panicking::panic_with_hook
[INFO] [stdout]    7:     0x6235febc7b92 - std[617be2ca0a6fd877]::panicking::panic_handler::{closure#0}
[INFO] [stdout]    8:     0x6235febc0879 - std[617be2ca0a6fd877]::sys::backtrace::__rust_end_short_backtrace::<std[617be2ca0a6fd877]::panicking::panic_handler::{closure#0}, !>
[INFO] [stdout]    9:     0x6235febc879d - __rustc[ea4f61d10b84890b]::rust_begin_unwind
[INFO] [stdout]   10:     0x6235fec0192c - core[a373ad73a504971]::panicking::panic_fmt
[INFO] [stdout]   11:     0x6235fec01702 - core[a373ad73a504971]::result::unwrap_failed
[INFO] [stdout]   12:     0x6235feb40e75 - rdap_client[82cdc4e1da94b623]::parser::tests::deserialize_and_serialize::<rdap_client[82cdc4e1da94b623]::parser::IpNetwork>
[INFO] [stdout]   13:     0x6235feb46151 - <rdap_client[82cdc4e1da94b623]::parser::tests::test_parse_ip_network_apnic_1_1_1_1::{closure#0} as core[a373ad73a504971]::ops::function::FnOnce<()>>::call_once
[INFO] [stdout]   14:     0x6235feb645eb - test[aada8e7e76ba119b]::__rust_begin_short_backtrace::<core[a373ad73a504971]::result::Result<(), alloc[2e1b2a31b91974c5]::string::String>, fn() -> core[a373ad73a504971]::result::Result<(), alloc[2e1b2a31b91974c5]::string::String>>
[INFO] [stdout]   15:     0x6235feb717c5 - test[aada8e7e76ba119b]::run_test::{closure#0}
[INFO] [stdout]   16:     0x6235feb6b0b4 - std[617be2ca0a6fd877]::sys::backtrace::__rust_begin_short_backtrace::<test[aada8e7e76ba119b]::run_test::{closure#1}, ()>
[INFO] [stdout]   17:     0x6235feb74852 - <std[617be2ca0a6fd877]::thread::lifecycle::spawn_unchecked<test[aada8e7e76ba119b]::run_test::{closure#1}, ()>::{closure#1} as core[a373ad73a504971]::ops::function::FnOnce<()>>::call_once::{shim:vtable#0}
[INFO] [stdout]   18:     0x6235febeaedf - <std[617be2ca0a6fd877]::sys::thread::unix::Thread>::new::thread_start
[INFO] [stdout]   19:     0x768b73b46dfa - <unknown>
[INFO] [stdout]   20:     0x768b73bda3d4 - clone
[INFO] [stdout]   21:                0x0 - <unknown>
[INFO] [stdout] 
[INFO] [stdout] 
[INFO] [stdout] failures:
[INFO] [stdout]     bootstrap::tests::test_asn
[INFO] [stdout]     bootstrap::tests::test_bootstrap
[INFO] [stdout]     bootstrap::tests::test_dns
[INFO] [stdout]     bootstrap::tests::test_ip
[INFO] [stdout]     bootstrap::tests::test_object_tags
[INFO] [stdout]     parser::tests::test_parse_arin_originas0_network_search_results
[INFO] [stdout]     parser::tests::test_parse_autnum_27
[INFO] [stdout]     parser::tests::test_parse_autnum_afrinic_as36864
[INFO] [stdout]     parser::tests::test_parse_autnum_apnic_as4608
[INFO] [stdout]     parser::tests::test_parse_autnum_arin_as256
[INFO] [stdout]     parser::tests::test_parse_autnum_lacnic_as27648
[INFO] [stdout]     parser::tests::test_parse_autnum_ripe_as1234
[INFO] [stdout]     parser::tests::test_parse_bootstrap_asn
[INFO] [stdout]     parser::tests::test_parse_bootstrap_dns
[INFO] [stdout]     parser::tests::test_parse_bootstrap_ipv4
[INFO] [stdout]     parser::tests::test_parse_bootstrap_ipv6
[INFO] [stdout]     parser::tests::test_parse_bootstrap_object_tags
[INFO] [stdout]     parser::tests::test_parse_domain_23
[INFO] [stdout]     parser::tests::test_parse_domain_24
[INFO] [stdout]     parser::tests::test_parse_domain_fred
[INFO] [stdout]     parser::tests::test_parse_domain_ripe_reverse
[INFO] [stdout]     parser::tests::test_parse_entity_15
[INFO] [stdout]     parser::tests::test_parse_entity_17
[INFO] [stdout]     parser::tests::test_parse_entity_fred
[INFO] [stdout]     parser::tests::test_parse_entity_ripe
[INFO] [stdout]     parser::tests::test_parse_error_28
[INFO] [stdout]     parser::tests::test_parse_error_29
[INFO] [stdout]     parser::tests::test_parse_error_apnic_400
[INFO] [stdout]     parser::tests::test_parse_error_ripe_404
[INFO] [stdout]     parser::tests::test_parse_ip_network_26
[INFO] [stdout]     parser::tests::test_parse_ip_network_afrinic
[INFO] [stdout]     parser::tests::test_parse_ip_network_apnic_1_1_1_1
[INFO] [stdout]     parser::tests::test_parse_ip_network_arin_3_3_3_3
[INFO] [stdout]     parser::tests::test_parse_ip_network_br
[INFO] [stdout]     parser::tests::test_parse_ip_network_lacnic
[INFO] [stdout]     parser::tests::test_parse_ip_network_ripe_193_0_0_0
[INFO] [stdout]     parser::tests::test_parse_nameserver_18
[INFO] [stdout]     parser::tests::test_parse_nameserver_19
[INFO] [stdout]     parser::tests::test_parse_nameserver_20
[INFO] [stdout]     parser::tests::test_parse_nameserver_fred
[INFO] [stdout] 
[INFO] [stdout] test result: FAILED. 12 passed; 40 failed; 0 ignored; 0 measured; 0 filtered out; finished in 0.01s
[INFO] [stdout] 
[INFO] running `Command { std: "docker" "inspect" "f7ba6680599cc6854cc670c5c5dd2e8d9665dfb831f0ffdc30b7eedfc0681ae7", kill_on_drop: false }`
[INFO] running `Command { std: "docker" "rm" "-f" "f7ba6680599cc6854cc670c5c5dd2e8d9665dfb831f0ffdc30b7eedfc0681ae7", kill_on_drop: false }`
[INFO] [stdout] f7ba6680599cc6854cc670c5c5dd2e8d9665dfb831f0ffdc30b7eedfc0681ae7
