[INFO] fetching crate rcp-tools-rchm 0.40.0...
[INFO] testing rcp-tools-rchm-0.40.0 against 1.99.0-beta.8+cargoflags=--release for beta-release-1.100-2
[INFO] extracting crate rcp-tools-rchm 0.40.0 into /workspace/builds/worker-1-tc1/source
[INFO] started tweaking crates.io crate rcp-tools-rchm 0.40.0
[INFO] removed 0 missing tests
[INFO] finished tweaking crates.io crate rcp-tools-rchm 0.40.0
[INFO] tweaked toml for crates.io crate rcp-tools-rchm 0.40.0 written to /workspace/builds/worker-1-tc1/source/Cargo.toml
[INFO] validating manifest of crates.io crate rcp-tools-rchm 0.40.0 on toolchain 1.99.0-beta.8
[INFO] running `Command { std: CARGO_HOME="/workspace/cargo-home" RUSTUP_HOME="/workspace/rustup-home" "/workspace/cargo-home/bin/cargo" "+1.99.0-beta.8" "metadata" "--manifest-path" "Cargo.toml" "--no-deps", kill_on_drop: false }`
[INFO] crate crates.io crate rcp-tools-rchm 0.40.0 already has a lockfile, it will not be regenerated
[INFO] running `Command { std: CARGO_HOME="/workspace/cargo-home" RUSTUP_HOME="/workspace/rustup-home" "/workspace/cargo-home/bin/cargo" "+1.99.0-beta.8" "fetch" "--manifest-path" "Cargo.toml", kill_on_drop: false }`
[INFO] [stderr]     Updating crates.io index
[INFO] [stderr]  Downloading crates ...
[INFO] [stderr]   Downloaded rcp-tools-throttle v0.40.0
[INFO] [stderr]   Downloaded tracing-flame v0.2.0
[INFO] [stderr]   Downloaded tracing-chrome v0.7.2
[INFO] [stderr]   Downloaded rcp-tools-congestion v0.40.0
[INFO] [stderr]   Downloaded console-subscriber v0.5.0
[INFO] [stderr]   Downloaded rcp-tools-common v0.40.0
[INFO] [stderr]   Downloaded console-api v0.9.0
[INFO] running `Command { std: "docker" "create" "-v" "/var/lib/crater-agent-workspace/builds/worker-1-tc1/source:/opt/rustwide/workdir:ro,Z" "-v" "/var/lib/crater-agent-workspace/builds/worker-1-tc1/target:/opt/rustwide/target:rw,Z" "-v" "/var/lib/crater-agent-workspace/cargo-home:/opt/rustwide/cargo-home:ro,Z" "-v" "/var/lib/crater-agent-workspace/rustup-home:/opt/rustwide/rustup-home:ro,Z" "-m" "1610612736" "--network" "none" "ghcr.io/rust-lang/crates-build-env/linux@sha256:77db811e55d90add9212f6832c23229e3de5f1c1f9905e8cb07319ea15df73ac" "sleep" "infinity", kill_on_drop: false }`
[INFO] [stdout] 27286617cd30b21e63ff4abe06ce96bbba2768d5d9a7b0db8a76e63338ff1478
[INFO] running `Command { std: "docker" "start" "27286617cd30b21e63ff4abe06ce96bbba2768d5d9a7b0db8a76e63338ff1478", kill_on_drop: false }`
[INFO] running `Command { std: "docker" "inspect" "27286617cd30b21e63ff4abe06ce96bbba2768d5d9a7b0db8a76e63338ff1478", kill_on_drop: false }`
[INFO] running `Command { std: "docker" "exec" "-e" "SOURCE_DIR=/opt/rustwide/workdir" "-e" "CARGO_HOME=/opt/rustwide/cargo-home" "-e" "RUSTUP_HOME=/opt/rustwide/rustup-home" "-e" "CARGO_TARGET_DIR=/opt/rustwide/target" "-w" "/opt/rustwide/workdir" "--user" "0:0" "27286617cd30b21e63ff4abe06ce96bbba2768d5d9a7b0db8a76e63338ff1478" "/opt/rustwide/cargo-home/bin/cargo" "+1.99.0-beta.8" "metadata" "--no-deps" "--format-version=1", kill_on_drop: false }`
[INFO] running `Command { std: "docker" "inspect" "27286617cd30b21e63ff4abe06ce96bbba2768d5d9a7b0db8a76e63338ff1478", kill_on_drop: false }`
[INFO] running `Command { std: "docker" "exec" "-e" "SOURCE_DIR=/opt/rustwide/workdir" "-e" "CARGO_HOME=/opt/rustwide/cargo-home" "-e" "RUSTUP_HOME=/opt/rustwide/rustup-home" "-e" "CARGO_TARGET_DIR=/opt/rustwide/target" "-e" "CARGO_INCREMENTAL=0" "-e" "RUST_BACKTRACE=full" "-e" "RUSTFLAGS=--cap-lints=warn" "-e" "RUSTDOCFLAGS=--cap-lints=warn" "-w" "/opt/rustwide/workdir" "--user" "0:0" "27286617cd30b21e63ff4abe06ce96bbba2768d5d9a7b0db8a76e63338ff1478" "/opt/rustwide/cargo-home/bin/cargo" "+1.99.0-beta.8" "build" "--frozen" "--message-format=json" "--release", kill_on_drop: false }`
[INFO] [stderr]    Compiling libc v0.2.189
[INFO] [stderr]    Compiling syn v3.0.4
[INFO] [stderr]    Compiling syn v2.0.119
[INFO] [stderr]    Compiling futures-io v0.3.34
[INFO] [stderr]    Compiling aho-corasick v1.1.5
[INFO] [stderr]    Compiling either v1.18.0
[INFO] [stderr]    Compiling crc32fast v1.5.1
[INFO] [stderr]    Compiling miniz_oxide v0.9.1
[INFO] [stderr]    Compiling axum-core v0.5.6
[INFO] [stderr]    Compiling itertools v0.14.0
[INFO] [stderr]    Compiling matchit v0.8.4
[INFO] [stderr]    Compiling flate2 v1.1.10
[INFO] [stderr]    Compiling regex-automata v0.4.18
[INFO] [stderr]    Compiling serde_json v1.0.151
[INFO] [stderr]    Compiling nom v8.0.0
[INFO] [stderr]    Compiling parking_lot_core v0.9.12
[INFO] [stderr]    Compiling parking_lot v0.12.5
[INFO] [stderr]    Compiling errno v0.3.14
[INFO] [stderr]    Compiling signal-hook-registry v1.4.8
[INFO] [stderr]    Compiling socket2 v0.6.5
[INFO] [stderr]    Compiling mio v1.2.2
[INFO] [stderr]    Compiling rustix v1.1.4
[INFO] [stderr]    Compiling chrono v0.4.45
[INFO] [stderr]    Compiling nix v0.31.3
[INFO] [stderr]    Compiling tokio-macros v2.7.2
[INFO] [stderr]    Compiling futures-macro v0.3.34
[INFO] [stderr]    Compiling tokio v1.53.1
[INFO] [stderr]    Compiling async-trait v0.1.92
[INFO] [stderr]    Compiling futures-util v0.3.34
[INFO] [stderr]    Compiling tracing-attributes v0.1.31
[INFO] [stderr]    Compiling pin-project-internal v1.1.13
[INFO] [stderr]    Compiling prost-derive v0.14.4
[INFO] [stderr]    Compiling matchers v0.2.0
[INFO] [stderr]    Compiling pin-project v1.1.13
[INFO] [stderr]    Compiling tracing v0.1.44
[INFO] [stderr]    Compiling serde_derive v1.0.229
[INFO] [stderr]    Compiling tracing-subscriber v0.3.23
[INFO] [stderr]    Compiling hdrhistogram v7.6.0
[INFO] [stderr]    Compiling prost v0.14.4
[INFO] [stderr]    Compiling prost-types v0.14.4
[INFO] [stderr]    Compiling thiserror-impl v2.0.20
[INFO] [stderr]    Compiling linux-raw-sys v0.12.1
[INFO] [stderr]    Compiling procfs v0.18.0
[INFO] [stderr]    Compiling procfs-core v0.18.0
[INFO] [stderr]    Compiling chacha20 v0.10.2
[INFO] [stderr]    Compiling thiserror v2.0.20
[INFO] [stderr]    Compiling futures-executor v0.3.34
[INFO] [stderr]    Compiling console v0.16.4
[INFO] [stderr]    Compiling serde v1.0.229
[INFO] [stderr]    Compiling clap_derive v4.6.4
[INFO] [stderr]    Compiling tokio-util v0.7.19
[INFO] [stderr]    Compiling tokio-stream v0.1.19
[INFO] [stderr]    Compiling h2 v0.4.19
[INFO] [stderr]    Compiling tower v0.5.3
[INFO] [stderr]    Compiling clap_builder v4.6.6
[INFO] [stderr]    Compiling axum v0.8.9
[INFO] [stderr]    Compiling crossbeam-channel v0.5.16
[INFO] [stderr]    Compiling getrandom v0.4.3
[INFO] [stderr]    Compiling enum-map-derive v0.17.0
[INFO] [stderr]    Compiling tracing-test-macro v0.2.6
[INFO] [stderr]    Compiling portable-atomic v1.15.0
[INFO] [stderr]    Compiling hyper v1.11.1
[INFO] [stderr]    Compiling bstr v1.13.1
[INFO] [stderr]    Compiling rcp-tools-common v0.40.0
[INFO] [stderr]    Compiling humantime v2.4.0
[INFO] [stderr]    Compiling unit-prefix v0.5.2
[INFO] [stderr]    Compiling indicatif v0.18.6
[INFO] [stderr]    Compiling globset v0.4.20
[INFO] [stderr]    Compiling hyper-util v0.1.20
[INFO] [stderr]    Compiling clap v4.6.6
[INFO] [stderr]    Compiling tracing-test v0.2.6
[INFO] [stderr]    Compiling enum-map v2.7.3
[INFO] [stderr]    Compiling rand v0.10.2
[INFO] [stderr]    Compiling rcp-tools-congestion v0.40.0
[INFO] [stderr]    Compiling hyper-timeout v0.5.2
[INFO] [stderr]    Compiling rcp-tools-throttle v0.40.0
[INFO] [stderr]    Compiling futures v0.3.34
[INFO] [stderr]    Compiling tonic v0.14.6
[INFO] [stderr]    Compiling tracing-chrome v0.7.2
[INFO] [stderr]    Compiling tracing-flame v0.2.0
[INFO] [stderr]    Compiling async-recursion v1.1.1
[INFO] [stderr]    Compiling bytesize v2.7.0
[INFO] [stderr]    Compiling tonic-prost v0.14.6
[INFO] [stderr]    Compiling console-api v0.9.0
[INFO] [stderr]    Compiling console-subscriber v0.5.0
[INFO] [stderr]    Compiling rcp-tools-rchm v0.40.0 (/opt/rustwide/workdir)
[INFO] [stderr]     Finished `release` profile [optimized] target(s) in 5m 30s
[INFO] running `Command { std: "docker" "inspect" "27286617cd30b21e63ff4abe06ce96bbba2768d5d9a7b0db8a76e63338ff1478", kill_on_drop: false }`
[INFO] running `Command { std: "docker" "exec" "-e" "SOURCE_DIR=/opt/rustwide/workdir" "-e" "CARGO_HOME=/opt/rustwide/cargo-home" "-e" "RUSTUP_HOME=/opt/rustwide/rustup-home" "-e" "CARGO_TARGET_DIR=/opt/rustwide/target" "-e" "CARGO_INCREMENTAL=0" "-e" "RUST_BACKTRACE=full" "-e" "RUSTFLAGS=--cap-lints=warn" "-e" "RUSTDOCFLAGS=--cap-lints=warn" "-w" "/opt/rustwide/workdir" "--user" "0:0" "27286617cd30b21e63ff4abe06ce96bbba2768d5d9a7b0db8a76e63338ff1478" "/opt/rustwide/cargo-home/bin/cargo" "+1.99.0-beta.8" "test" "--frozen" "--no-run" "--message-format=json" "--release", kill_on_drop: false }`
[INFO] [stderr]    Compiling regex-automata v0.4.18
[INFO] [stderr]    Compiling float-cmp v0.10.0
[INFO] [stderr]    Compiling wait-timeout v0.2.1
[INFO] [stderr]    Compiling tempfile v3.27.0
[INFO] [stderr]    Compiling matchers v0.2.0
[INFO] [stderr]    Compiling bstr v1.13.1
[INFO] [stderr]    Compiling regex v1.13.1
[INFO] [stderr]    Compiling tracing-subscriber v0.3.23
[INFO] [stderr]    Compiling predicates v3.1.4
[INFO] [stderr]    Compiling globset v0.4.20
[INFO] [stderr]    Compiling assert_cmd v2.2.2
[INFO] [stderr]    Compiling tracing-test v0.2.6
[INFO] [stderr]    Compiling tracing-chrome v0.7.2
[INFO] [stderr]    Compiling tracing-flame v0.2.0
[INFO] [stderr]    Compiling console-subscriber v0.5.0
[INFO] [stderr]    Compiling rcp-tools-common v0.40.0
[INFO] [stderr]    Compiling rcp-tools-rchm v0.40.0 (/opt/rustwide/workdir)
[INFO] [stderr]     Finished `release` profile [optimized] target(s) in 2m 51s
[INFO] running `Command { std: "docker" "inspect" "27286617cd30b21e63ff4abe06ce96bbba2768d5d9a7b0db8a76e63338ff1478", kill_on_drop: false }`
[INFO] running `Command { std: "docker" "exec" "-e" "SOURCE_DIR=/opt/rustwide/workdir" "-e" "CARGO_HOME=/opt/rustwide/cargo-home" "-e" "RUSTUP_HOME=/opt/rustwide/rustup-home" "-e" "CARGO_TARGET_DIR=/opt/rustwide/target" "-e" "CARGO_INCREMENTAL=0" "-e" "RUST_BACKTRACE=full" "-e" "RUSTFLAGS=--cap-lints=warn" "-e" "RUSTDOCFLAGS=--cap-lints=warn" "-w" "/opt/rustwide/workdir" "--user" "0:0" "27286617cd30b21e63ff4abe06ce96bbba2768d5d9a7b0db8a76e63338ff1478" "/opt/rustwide/cargo-home/bin/cargo" "+1.99.0-beta.8" "test" "--frozen" "--release", kill_on_drop: false }`
[INFO] [stderr]     Finished `release` profile [optimized] target(s) in 0.30s
[INFO] [stderr]      Running unittests src/main.rs (/opt/rustwide/target/release/deps/rchm-148764c2a81ba2da)
[INFO] [stdout] 
[INFO] [stdout] running 0 tests
[INFO] [stdout] 
[INFO] [stdout] test result: ok. 0 passed; 0 failed; 0 ignored; 0 measured; 0 filtered out; finished in 0.00s
[INFO] [stdout] 
[INFO] [stderr]      Running tests/cli_parsing_tests.rs (/opt/rustwide/target/release/deps/cli_parsing_tests-9c1c02c2d074053d)
[INFO] [stdout] 
[INFO] [stdout] running 16 tests
[INFO] [stdout] test errors_when_no_operation_given ... ok
[INFO] [stdout] test no_setid_alone_is_not_an_operation ... ok
[INFO] [stdout] test help_lists_mode_ownership_and_no_setid_options ... ok
[INFO] [stdout] test rejects_duplicate_getent_path ... ok
[INFO] [stdout] test rejects_relative_getent_path ... ok
[INFO] [stdout] test errors_when_no_path_given ... ok
[INFO] [stdout] test rejects_symlink_mode_section ... ok
[INFO] [stdout] test require_toctou_safe_rejects_relative_operand ... ok
[INFO] [stdout] test toctou_check_and_require_toctou_safe_conflict ... ok
[INFO] [stdout] test toctou_check_exits_without_operating ... ok
[INFO] [stdout] test toctou_check_reports_safe_on_linux ... ok
[INFO] [stdout] test require_toctou_safe_rejects_dotdot_operand ... ok
[INFO] [stdout] test parses_finite_and_unlimited_max_files_in_flight_before_help ... ok
[INFO] [stdout] test require_toctou_safe_chmods_with_resolved_absolute_operand ... ok
[INFO] [stdout] test require_toctou_safe_refuses_symlinked_prefix ... ok
[INFO] [stdout] test rejects_unknown_group ... ok
[INFO] [stderr]      Running tests/tests.rs (/opt/rustwide/target/release/deps/tests-1c3ae8e639be595d)
[INFO] [stdout] 
[INFO] [stdout] test result: ok. 16 passed; 0 failed; 0 ignored; 0 measured; 0 filtered out; finished in 0.13s
[INFO] [stdout] 
[INFO] [stdout] 
[INFO] [stdout] running 25 tests
[INFO] [stdout] test defer_dir_changes_allows_removing_owner_traversal ... ok
[INFO] [stdout] test applies_per_type_modes_recursively ... ok
[INFO] [stdout] test group_change_preserves_setgid_across_chgrp ... ok
[INFO] [stdout] test include_filter_changes_matches_not_traversed_dirs ... ok
[INFO] [stdout] test exclude_filter_narrows_the_set ... ok
[INFO] [stdout] test defer_dir_changes_with_fail_early_does_not_change_ancestor_after_child_error ... FAILED
[INFO] [stdout] test mode_on_symlink_operand_does_not_follow_to_target ... ok
[INFO] [stdout] test child_failure_does_not_block_parent_change ... FAILED
[INFO] [stdout] test defer_dir_changes_keep_going_applies_change_despite_open_failure ... FAILED
[INFO] [stdout] test no_setid_clears_existing_bits_for_unrelated_mode ... ok
[INFO] [stdout] test dry_run_makes_no_changes ... ok
[INFO] [stdout] test no_setid_respects_filter_and_per_type_scope ... ok
[INFO] [stdout] test no_setid_retains_sticky_and_clears_setgid_on_directory ... ok
[INFO] [stdout] test no_setid_dry_run_reports_but_does_not_clear_bits ... ok
[INFO] [stdout] test preorder_dir_lockout_applies_change_then_reports ... FAILED
[INFO] [stdout] test sudo_no_setid_does_not_create_root_setid_executable ... ignored, requires passwordless sudo
[INFO] [stdout] test sudo_owner_and_group_change_to_root ... ignored, requires passwordless sudo
[INFO] [stdout] test preserves_setgid_through_mode_change ... ok
[INFO] [stdout] test no_setid_masks_explicit_symbolic_and_octal_modes ... ok
[INFO] [stdout] test owner_change_to_current_uid_is_accepted_and_unchanged ... ok
[INFO] [stdout] test no_setid_clears_bits_for_unchanged_owner_rule ... ok
[INFO] [stdout] test skips_already_correct_entries ... ok
[INFO] [stdout] test recovers_unreadable_directory ... ok
[INFO] [stdout] test symlink_root_with_trailing_slash_is_not_dereferenced ... ok
[INFO] [stderr] error: test failed, to rerun pass `--test tests`
[INFO] [stdout] test preserves_mtime_and_moves_ctime ... ok
[INFO] [stdout] 
[INFO] [stdout] failures:
[INFO] [stdout] 
[INFO] [stdout] ---- defer_dir_changes_with_fail_early_does_not_change_ancestor_after_child_error stdout ----
[INFO] [stdout] 
[INFO] [stdout] thread 'defer_dir_changes_with_fail_early_does_not_change_ancestor_after_child_error' (2423) panicked at tests/tests.rs:428:10:
[INFO] [stdout] Unexpected success
[INFO] [stdout] command=`"/opt/rustwide/target/release/rchm" "--mode" "d:g+w" "--defer-dir-changes" "--fail-early" "/tmp/.tmp1hhrPw/parent"`
[INFO] [stdout] code=0
[INFO] [stdout] stdout=""
[INFO] [stdout] stderr=""
[INFO] [stdout] 
[INFO] [stdout] stack backtrace:
[INFO] [stdout]    0:     0x5e746551f4a1 - <<std[70759c8f55707aa4]::sys::backtrace::BacktraceLock>::print::DisplayBacktrace as core[df12db4294e9bfd3]::fmt::Display>::fmt
[INFO] [stdout]    1:     0x5e746553655a - core[df12db4294e9bfd3]::fmt::write
[INFO] [stdout]    2:     0x5e746552501c - <alloc[2182bb758b4b3781]::vec::Vec<u8> as core[df12db4294e9bfd3]::io::write::Write>::write_fmt
[INFO] [stdout]    3:     0x5e74654f9506 - std[70759c8f55707aa4]::panicking::default_hook::{closure#0}
[INFO] [stdout]    4:     0x5e7465516cf9 - std[70759c8f55707aa4]::panicking::default_hook
[INFO] [stdout]    5:     0x5e74654a1e50 - test[9d35eded1c95d3be]::test_main_inner::<test[9d35eded1c95d3be]::test_main_static::{closure#0}>::{closure#0}
[INFO] [stdout]    6:     0x5e7465516eb2 - std[70759c8f55707aa4]::panicking::panic_with_hook
[INFO] [stdout]    7:     0x5e74654f95b2 - std[70759c8f55707aa4]::panicking::panic_handler::{closure#0}
[INFO] [stdout]    8:     0x5e74654f21b9 - std[70759c8f55707aa4]::sys::backtrace::__rust_end_short_backtrace::<std[70759c8f55707aa4]::panicking::panic_handler::{closure#0}, !>
[INFO] [stdout]    9:     0x5e74654fa35d - __rustc[8fa7c3cbc660c2b3]::rust_begin_unwind
[INFO] [stdout]   10:     0x5e7465536d0c - core[df12db4294e9bfd3]::panicking::panic_fmt
[INFO] [stdout]   11:     0x5e74654d60ff - <assert_cmd[cf135bb367d039fc]::assert::AssertError>::panic::<assert_cmd[cf135bb367d039fc]::assert::Assert>
[INFO] [stdout]   12:     0x5e74654d6816 - <assert_cmd[cf135bb367d039fc]::assert::Assert>::failure
[INFO] [stdout]   13:     0x5e7465491087 - <tests[acc4e3188962c1ba]::defer_dir_changes_with_fail_early_does_not_change_ancestor_after_child_error::{closure#0} as core[df12db4294e9bfd3]::ops::function::FnOnce<()>>::call_once
[INFO] [stdout]   14:     0x5e746549513b - test[9d35eded1c95d3be]::__rust_begin_short_backtrace::<core[df12db4294e9bfd3]::result::Result<(), alloc[2182bb758b4b3781]::string::String>, fn() -> core[df12db4294e9bfd3]::result::Result<(), alloc[2182bb758b4b3781]::string::String>>
[INFO] [stdout]   15:     0x5e74654a27a5 - test[9d35eded1c95d3be]::run_test::{closure#0}
[INFO] [stdout]   16:     0x5e746549c064 - std[70759c8f55707aa4]::sys::backtrace::__rust_begin_short_backtrace::<test[9d35eded1c95d3be]::run_test::{closure#1}, ()>
[INFO] [stdout]   17:     0x5e74654a5902 - <std[70759c8f55707aa4]::thread::lifecycle::spawn_unchecked<test[9d35eded1c95d3be]::run_test::{closure#1}, ()>::{closure#1} as core[df12db4294e9bfd3]::ops::function::FnOnce<()>>::call_once::{shim:vtable#0}
[INFO] [stdout]   18:     0x5e746551eb09 - <std[70759c8f55707aa4]::sys::thread::unix::Thread>::new::thread_start
[INFO] [stdout]   19:     0x703e90d5fdfa - <unknown>
[INFO] [stdout]   20:     0x703e90df33d4 - clone
[INFO] [stdout]   21:                0x0 - <unknown>
[INFO] [stdout] 
[INFO] [stdout] ---- child_failure_does_not_block_parent_change stdout ----
[INFO] [stdout] 
[INFO] [stdout] thread 'child_failure_does_not_block_parent_change' (2420) panicked at tests/tests.rs:383:10:
[INFO] [stdout] Unexpected success
[INFO] [stdout] command=`"/opt/rustwide/target/release/rchm" "--mode" "d:g+w" "/tmp/.tmpKRbymd/parent"`
[INFO] [stdout] code=0
[INFO] [stdout] stdout=""
[INFO] [stdout] stderr=""
[INFO] [stdout] 
[INFO] [stdout] stack backtrace:
[INFO] [stdout]    0:     0x5e746551f4a1 - <<std[70759c8f55707aa4]::sys::backtrace::BacktraceLock>::print::DisplayBacktrace as core[df12db4294e9bfd3]::fmt::Display>::fmt
[INFO] [stdout]    1:     0x5e746553655a - core[df12db4294e9bfd3]::fmt::write
[INFO] [stdout]    2:     0x5e746552501c - <alloc[2182bb758b4b3781]::vec::Vec<u8> as core[df12db4294e9bfd3]::io::write::Write>::write_fmt
[INFO] [stdout]    3:     0x5e74654f9506 - std[70759c8f55707aa4]::panicking::default_hook::{closure#0}
[INFO] [stdout]    4:     0x5e7465516cf9 - std[70759c8f55707aa4]::panicking::default_hook
[INFO] [stdout]    5:     0x5e74654a1e50 - test[9d35eded1c95d3be]::test_main_inner::<test[9d35eded1c95d3be]::test_main_static::{closure#0}>::{closure#0}
[INFO] [stdout]    6:     0x5e7465516eb2 - std[70759c8f55707aa4]::panicking::panic_with_hook
[INFO] [stdout]    7:     0x5e74654f95b2 - std[70759c8f55707aa4]::panicking::panic_handler::{closure#0}
[INFO] [stdout]    8:     0x5e74654f21b9 - std[70759c8f55707aa4]::sys::backtrace::__rust_end_short_backtrace::<std[70759c8f55707aa4]::panicking::panic_handler::{closure#0}, !>
[INFO] [stdout]    9:     0x5e74654fa35d - __rustc[8fa7c3cbc660c2b3]::rust_begin_unwind
[INFO] [stdout]   10:     0x5e7465536d0c - core[df12db4294e9bfd3]::panicking::panic_fmt
[INFO] [stdout]   11:     0x5e74654d60ff - <assert_cmd[cf135bb367d039fc]::assert::AssertError>::panic::<assert_cmd[cf135bb367d039fc]::assert::Assert>
[INFO] [stdout]   12:     0x5e74654d6816 - <assert_cmd[cf135bb367d039fc]::assert::Assert>::failure
[INFO] [stdout]   13:     0x5e746548a7f7 - <tests[acc4e3188962c1ba]::child_failure_does_not_block_parent_change::{closure#0} as core[df12db4294e9bfd3]::ops::function::FnOnce<()>>::call_once
[INFO] [stdout]   14:     0x5e746549513b - test[9d35eded1c95d3be]::__rust_begin_short_backtrace::<core[df12db4294e9bfd3]::result::Result<(), alloc[2182bb758b4b3781]::string::String>, fn() -> core[df12db4294e9bfd3]::result::Result<(), alloc[2182bb758b4b3781]::string::String>>
[INFO] [stdout]   15:     0x5e74654a27a5 - test[9d35eded1c95d3be]::run_test::{closure#0}
[INFO] [stdout]   16:     0x5e746549c064 - std[70759c8f55707aa4]::sys::backtrace::__rust_begin_short_backtrace::<test[9d35eded1c95d3be]::run_test::{closure#1}, ()>
[INFO] [stdout]   17:     0x5e74654a5902 - <std[70759c8f55707aa4]::thread::lifecycle::spawn_unchecked<test[9d35eded1c95d3be]::run_test::{closure#1}, ()>::{closure#1} as core[df12db4294e9bfd3]::ops::function::FnOnce<()>>::call_once::{shim:vtable#0}
[INFO] [stdout]   18:     0x5e746551eb09 - <std[70759c8f55707aa4]::sys::thread::unix::Thread>::new::thread_start
[INFO] [stdout]   19:     0x703e90d5fdfa - <unknown>
[INFO] [stdout]   20:     0x703e90df33d4 - clone
[INFO] [stdout]   21:                0x0 - <unknown>
[INFO] [stdout] 
[INFO] [stdout] ---- defer_dir_changes_keep_going_applies_change_despite_open_failure stdout ----
[INFO] [stdout] 
[INFO] [stdout] thread 'defer_dir_changes_keep_going_applies_change_despite_open_failure' (2422) panicked at tests/tests.rs:461:10:
[INFO] [stdout] Unexpected success
[INFO] [stdout] command=`"/opt/rustwide/target/release/rchm" "--mode" "d:u+rwx" "--defer-dir-changes" "/tmp/.tmpZFIoQh/locked"`
[INFO] [stdout] code=0
[INFO] [stdout] stdout=""
[INFO] [stdout] stderr=""
[INFO] [stdout] 
[INFO] [stdout] stack backtrace:
[INFO] [stdout]    0:     0x5e746551f4a1 - <<std[70759c8f55707aa4]::sys::backtrace::BacktraceLock>::print::DisplayBacktrace as core[df12db4294e9bfd3]::fmt::Display>::fmt
[INFO] [stdout]    1:     0x5e746553655a - core[df12db4294e9bfd3]::fmt::write
[INFO] [stdout]    2:     0x5e746552501c - <alloc[2182bb758b4b3781]::vec::Vec<u8> as core[df12db4294e9bfd3]::io::write::Write>::write_fmt
[INFO] [stdout]    3:     0x5e74654f9506 - std[70759c8f55707aa4]::panicking::default_hook::{closure#0}
[INFO] [stdout]    4:     0x5e7465516cf9 - std[70759c8f55707aa4]::panicking::default_hook
[INFO] [stdout]    5:     0x5e74654a1e50 - test[9d35eded1c95d3be]::test_main_inner::<test[9d35eded1c95d3be]::test_main_static::{closure#0}>::{closure#0}
[INFO] [stdout]    6:     0x5e7465516eb2 - std[70759c8f55707aa4]::panicking::panic_with_hook
[INFO] [stdout]    7:     0x5e74654f95b2 - std[70759c8f55707aa4]::panicking::panic_handler::{closure#0}
[INFO] [stdout]    8:     0x5e74654f21b9 - std[70759c8f55707aa4]::sys::backtrace::__rust_end_short_backtrace::<std[70759c8f55707aa4]::panicking::panic_handler::{closure#0}, !>
[INFO] [stdout]    9:     0x5e74654fa35d - __rustc[8fa7c3cbc660c2b3]::rust_begin_unwind
[INFO] [stdout]   10:     0x5e7465536d0c - core[df12db4294e9bfd3]::panicking::panic_fmt
[INFO] [stdout]   11:     0x5e74654d60ff - <assert_cmd[cf135bb367d039fc]::assert::AssertError>::panic::<assert_cmd[cf135bb367d039fc]::assert::Assert>
[INFO] [stdout]   12:     0x5e74654d6816 - <assert_cmd[cf135bb367d039fc]::assert::Assert>::failure
[INFO] [stdout]   13:     0x5e7465490af6 - <tests[acc4e3188962c1ba]::defer_dir_changes_keep_going_applies_change_despite_open_failure::{closure#0} as core[df12db4294e9bfd3]::ops::function::FnOnce<()>>::call_once
[INFO] [stdout]   14:     0x5e746549513b - test[9d35eded1c95d3be]::__rust_begin_short_backtrace::<core[df12db4294e9bfd3]::result::Result<(), alloc[2182bb758b4b3781]::string::String>, fn() -> core[df12db4294e9bfd3]::result::Result<(), alloc[2182bb758b4b3781]::string::String>>
[INFO] [stdout]   15:     0x5e74654a27a5 - test[9d35eded1c95d3be]::run_test::{closure#0}
[INFO] [stdout]   16:     0x5e746549c064 - std[70759c8f55707aa4]::sys::backtrace::__rust_begin_short_backtrace::<test[9d35eded1c95d3be]::run_test::{closure#1}, ()>
[INFO] [stdout]   17:     0x5e74654a5902 - <std[70759c8f55707aa4]::thread::lifecycle::spawn_unchecked<test[9d35eded1c95d3be]::run_test::{closure#1}, ()>::{closure#1} as core[df12db4294e9bfd3]::ops::function::FnOnce<()>>::call_once::{shim:vtable#0}
[INFO] [stdout]   18:     0x5e746551eb09 - <std[70759c8f55707aa4]::sys::thread::unix::Thread>::new::thread_start
[INFO] [stdout]   19:     0x703e90d5fdfa - <unknown>
[INFO] [stdout]   20:     0x703e90df33d4 - clone
[INFO] [stdout]   21:                0x0 - <unknown>
[INFO] [stdout] 
[INFO] [stdout] ---- preorder_dir_lockout_applies_change_then_reports stdout ----
[INFO] [stdout] 
[INFO] [stdout] thread 'preorder_dir_lockout_applies_change_then_reports' (2595) panicked at tests/tests.rs:283:10:
[INFO] [stdout] Unexpected success
[INFO] [stdout] command=`"/opt/rustwide/target/release/rchm" "--mode" "d:a-rwx" "/tmp/.tmpE2bfNz"`
[INFO] [stdout] code=0
[INFO] [stdout] stdout=""
[INFO] [stdout] stderr=""
[INFO] [stdout] 
[INFO] [stdout] stack backtrace:
[INFO] [stdout]    0:     0x5e746551f4a1 - <<std[70759c8f55707aa4]::sys::backtrace::BacktraceLock>::print::DisplayBacktrace as core[df12db4294e9bfd3]::fmt::Display>::fmt
[INFO] [stdout]    1:     0x5e746553655a - core[df12db4294e9bfd3]::fmt::write
[INFO] [stdout]    2:     0x5e746552501c - <alloc[2182bb758b4b3781]::vec::Vec<u8> as core[df12db4294e9bfd3]::io::write::Write>::write_fmt
[INFO] [stdout]    3:     0x5e74654f9506 - std[70759c8f55707aa4]::panicking::default_hook::{closure#0}
[INFO] [stdout]    4:     0x5e7465516cf9 - std[70759c8f55707aa4]::panicking::default_hook
[INFO] [stdout]    5:     0x5e74654a1e50 - test[9d35eded1c95d3be]::test_main_inner::<test[9d35eded1c95d3be]::test_main_static::{closure#0}>::{closure#0}
[INFO] [stdout]    6:     0x5e7465516eb2 - std[70759c8f55707aa4]::panicking::panic_with_hook
[INFO] [stdout]    7:     0x5e74654f95b2 - std[70759c8f55707aa4]::panicking::panic_handler::{closure#0}
[INFO] [stdout]    8:     0x5e74654f21b9 - std[70759c8f55707aa4]::sys::backtrace::__rust_end_short_backtrace::<std[70759c8f55707aa4]::panicking::panic_handler::{closure#0}, !>
[INFO] [stdout]    9:     0x5e74654fa35d - __rustc[8fa7c3cbc660c2b3]::rust_begin_unwind
[INFO] [stdout]   10:     0x5e7465536d0c - core[df12db4294e9bfd3]::panicking::panic_fmt
[INFO] [stdout]   11:     0x5e74654d60ff - <assert_cmd[cf135bb367d039fc]::assert::AssertError>::panic::<assert_cmd[cf135bb367d039fc]::assert::Assert>
[INFO] [stdout]   12:     0x5e74654d6816 - <assert_cmd[cf135bb367d039fc]::assert::Assert>::failure
[INFO] [stdout]   13:     0x5e746548d900 - <tests[acc4e3188962c1ba]::preorder_dir_lockout_applies_change_then_reports::{closure#0} as core[df12db4294e9bfd3]::ops::function::FnOnce<()>>::call_once
[INFO] [stdout]   14:     0x5e746549513b - test[9d35eded1c95d3be]::__rust_begin_short_backtrace::<core[df12db4294e9bfd3]::result::Result<(), alloc[2182bb758b4b3781]::string::String>, fn() -> core[df12db4294e9bfd3]::result::Result<(), alloc[2182bb758b4b3781]::string::String>>
[INFO] [stdout]   15:     0x5e74654a27a5 - test[9d35eded1c95d3be]::run_test::{closure#0}
[INFO] [stdout]   16:     0x5e746549c064 - std[70759c8f55707aa4]::sys::backtrace::__rust_begin_short_backtrace::<test[9d35eded1c95d3be]::run_test::{closure#1}, ()>
[INFO] [stdout]   17:     0x5e74654a5902 - <std[70759c8f55707aa4]::thread::lifecycle::spawn_unchecked<test[9d35eded1c95d3be]::run_test::{closure#1}, ()>::{closure#1} as core[df12db4294e9bfd3]::ops::function::FnOnce<()>>::call_once::{shim:vtable#0}
[INFO] [stdout]   18:     0x5e746551eb09 - <std[70759c8f55707aa4]::sys::thread::unix::Thread>::new::thread_start
[INFO] [stdout]   19:     0x703e90d5fdfa - <unknown>
[INFO] [stdout]   20:     0x703e90df33d4 - clone
[INFO] [stdout]   21:                0x0 - <unknown>
[INFO] [stdout] 
[INFO] [stdout] 
[INFO] [stdout] failures:
[INFO] [stdout]     child_failure_does_not_block_parent_change
[INFO] [stdout]     defer_dir_changes_keep_going_applies_change_despite_open_failure
[INFO] [stdout]     defer_dir_changes_with_fail_early_does_not_change_ancestor_after_child_error
[INFO] [stdout]     preorder_dir_lockout_applies_change_then_reports
[INFO] [stdout] 
[INFO] [stdout] test result: FAILED. 19 passed; 4 failed; 2 ignored; 0 measured; 0 filtered out; finished in 1.17s
[INFO] [stdout] 
[INFO] running `Command { std: "docker" "inspect" "27286617cd30b21e63ff4abe06ce96bbba2768d5d9a7b0db8a76e63338ff1478", kill_on_drop: false }`
[INFO] running `Command { std: "docker" "rm" "-f" "27286617cd30b21e63ff4abe06ce96bbba2768d5d9a7b0db8a76e63338ff1478", kill_on_drop: false }`
[INFO] [stdout] 27286617cd30b21e63ff4abe06ce96bbba2768d5d9a7b0db8a76e63338ff1478
