[INFO] fetching crate rclwebd 0.0.6...
[INFO] testing rclwebd-0.0.6 against 1.99.0-beta.8+cargoflags=--release for beta-release-1.100-2
[INFO] extracting crate rclwebd 0.0.6 into /workspace/builds/worker-4-tc1/source
[INFO] started tweaking crates.io crate rclwebd 0.0.6
[INFO] removed 0 missing tests
[INFO] finished tweaking crates.io crate rclwebd 0.0.6
[INFO] tweaked toml for crates.io crate rclwebd 0.0.6 written to /workspace/builds/worker-4-tc1/source/Cargo.toml
[INFO] validating manifest of crates.io crate rclwebd 0.0.6 on toolchain 1.99.0-beta.8
[INFO] running `Command { std: CARGO_HOME="/workspace/cargo-home" RUSTUP_HOME="/workspace/rustup-home" "/workspace/cargo-home/bin/cargo" "+1.99.0-beta.8" "metadata" "--manifest-path" "Cargo.toml" "--no-deps", kill_on_drop: false }`
[INFO] crate crates.io crate rclwebd 0.0.6 already has a lockfile, it will not be regenerated
[INFO] running `Command { std: CARGO_HOME="/workspace/cargo-home" RUSTUP_HOME="/workspace/rustup-home" "/workspace/cargo-home/bin/cargo" "+1.99.0-beta.8" "fetch" "--manifest-path" "Cargo.toml", kill_on_drop: false }`
[INFO] [stderr]     Updating crates.io index
[INFO] [stderr]  Downloading crates ...
[INFO] [stderr]   Downloaded rcgen v0.14.9
[INFO] [stderr]   Downloaded httlib-huffman v0.3.4
[INFO] [stderr]   Downloaded wtransport-proto v0.7.2
[INFO] [stderr]   Downloaded wtransport v0.7.2
[INFO] [stderr]   Downloaded talc v5.0.4
[INFO] [stderr]   Downloaded allocator-api2 v0.4.0
[INFO] [stderr]   Downloaded rclweb v0.0.6
[INFO] running `Command { std: "docker" "create" "-v" "/var/lib/crater-agent-workspace/builds/worker-4-tc1/source:/opt/rustwide/workdir:ro,Z" "-v" "/var/lib/crater-agent-workspace/builds/worker-4-tc1/target:/opt/rustwide/target:rw,Z" "-v" "/var/lib/crater-agent-workspace/cargo-home:/opt/rustwide/cargo-home:ro,Z" "-v" "/var/lib/crater-agent-workspace/rustup-home:/opt/rustwide/rustup-home:ro,Z" "-m" "1610612736" "--network" "none" "ghcr.io/rust-lang/crates-build-env/linux@sha256:77db811e55d90add9212f6832c23229e3de5f1c1f9905e8cb07319ea15df73ac" "sleep" "infinity", kill_on_drop: false }`
[INFO] [stdout] d49027e78c4251dd53b3464cedc1af37dbd8f3fd7660ff19980d51c4b9e1579f
[INFO] running `Command { std: "docker" "start" "d49027e78c4251dd53b3464cedc1af37dbd8f3fd7660ff19980d51c4b9e1579f", kill_on_drop: false }`
[INFO] running `Command { std: "docker" "inspect" "d49027e78c4251dd53b3464cedc1af37dbd8f3fd7660ff19980d51c4b9e1579f", kill_on_drop: false }`
[INFO] running `Command { std: "docker" "exec" "-e" "SOURCE_DIR=/opt/rustwide/workdir" "-e" "CARGO_HOME=/opt/rustwide/cargo-home" "-e" "RUSTUP_HOME=/opt/rustwide/rustup-home" "-e" "CARGO_TARGET_DIR=/opt/rustwide/target" "-w" "/opt/rustwide/workdir" "--user" "0:0" "d49027e78c4251dd53b3464cedc1af37dbd8f3fd7660ff19980d51c4b9e1579f" "/opt/rustwide/cargo-home/bin/cargo" "+1.99.0-beta.8" "metadata" "--no-deps" "--format-version=1", kill_on_drop: false }`
[INFO] running `Command { std: "docker" "inspect" "d49027e78c4251dd53b3464cedc1af37dbd8f3fd7660ff19980d51c4b9e1579f", kill_on_drop: false }`
[INFO] running `Command { std: "docker" "exec" "-e" "SOURCE_DIR=/opt/rustwide/workdir" "-e" "CARGO_HOME=/opt/rustwide/cargo-home" "-e" "RUSTUP_HOME=/opt/rustwide/rustup-home" "-e" "CARGO_TARGET_DIR=/opt/rustwide/target" "-e" "CARGO_INCREMENTAL=0" "-e" "RUST_BACKTRACE=full" "-e" "RUSTFLAGS=--cap-lints=warn" "-e" "RUSTDOCFLAGS=--cap-lints=warn" "-w" "/opt/rustwide/workdir" "--user" "0:0" "d49027e78c4251dd53b3464cedc1af37dbd8f3fd7660ff19980d51c4b9e1579f" "/opt/rustwide/cargo-home/bin/cargo" "+1.99.0-beta.8" "build" "--frozen" "--message-format=json" "--release", kill_on_drop: false }`
[INFO] [stderr]    Compiling find-msvc-tools v0.1.10
[INFO] [stderr]    Compiling rand_chacha v0.9.0
[INFO] [stderr]    Compiling getrandom v0.2.17
[INFO] [stderr]    Compiling tokio-macros v2.7.2
[INFO] [stderr]    Compiling thiserror-impl v2.0.20
[INFO] [stderr]    Compiling tracing v0.1.44
[INFO] [stderr]    Compiling serde v1.0.229
[INFO] [stderr]    Compiling sha1 v0.10.7
[INFO] [stderr]    Compiling pem v3.0.6
[INFO] [stderr]    Compiling http-body-util v0.1.4
[INFO] [stderr]    Compiling rustls-pki-types v1.15.1
[INFO] [stderr]    Compiling yasna v0.6.0
[INFO] [stderr]    Compiling serde_path_to_error v0.1.20
[INFO] [stderr]    Compiling rclwebd v0.0.6 (/opt/rustwide/workdir)
[INFO] [stderr]    Compiling cc v1.4.2
[INFO] [stderr]    Compiling rand v0.9.5
[INFO] [stderr]    Compiling axum-core v0.5.6
[INFO] [stderr]    Compiling tokio v1.53.1
[INFO] [stderr]    Compiling thiserror v2.0.20
[INFO] [stderr]    Compiling serde_urlencoded v0.7.1
[INFO] [stderr]    Compiling simple_asn1 v0.6.4
[INFO] [stderr]    Compiling rclweb v0.0.6
[INFO] [stderr]    Compiling tungstenite v0.29.0
[INFO] [stderr]    Compiling ring v0.17.14
[INFO] [stderr]    Compiling hyper v1.11.0
[INFO] [stderr]    Compiling tower v0.5.3
[INFO] [stderr]    Compiling tokio-tungstenite v0.29.0
[INFO] [stderr]    Compiling hyper-util v0.1.20
[INFO] [stderr]    Compiling axum v0.8.9
[INFO] [stderr]    Compiling jsonwebtoken v9.3.1
[INFO] [stderr]    Compiling rcgen v0.14.9
[INFO] [stderr]     Finished `release` profile [optimized] target(s) in 54.49s
[INFO] running `Command { std: "docker" "inspect" "d49027e78c4251dd53b3464cedc1af37dbd8f3fd7660ff19980d51c4b9e1579f", kill_on_drop: false }`
[INFO] running `Command { std: "docker" "exec" "-e" "SOURCE_DIR=/opt/rustwide/workdir" "-e" "CARGO_HOME=/opt/rustwide/cargo-home" "-e" "RUSTUP_HOME=/opt/rustwide/rustup-home" "-e" "CARGO_TARGET_DIR=/opt/rustwide/target" "-e" "CARGO_INCREMENTAL=0" "-e" "RUST_BACKTRACE=full" "-e" "RUSTFLAGS=--cap-lints=warn" "-e" "RUSTDOCFLAGS=--cap-lints=warn" "-w" "/opt/rustwide/workdir" "--user" "0:0" "d49027e78c4251dd53b3464cedc1af37dbd8f3fd7660ff19980d51c4b9e1579f" "/opt/rustwide/cargo-home/bin/cargo" "+1.99.0-beta.8" "test" "--frozen" "--no-run" "--message-format=json" "--release", kill_on_drop: false }`
[INFO] [stderr]    Compiling sha1 v0.10.7
[INFO] [stderr]    Compiling digest v0.11.3
[INFO] [stderr]    Compiling rand v0.10.2
[INFO] [stderr]    Compiling tungstenite v0.29.0
[INFO] [stderr]    Compiling sha1 v0.11.0
[INFO] [stderr]    Compiling tungstenite v0.30.0
[INFO] [stderr]    Compiling tokio-tungstenite v0.29.0
[INFO] [stderr]    Compiling axum v0.8.9
[INFO] [stderr]    Compiling tokio-tungstenite v0.30.0
[INFO] [stderr]    Compiling rclwebd v0.0.6 (/opt/rustwide/workdir)
[INFO] [stderr]     Finished `release` profile [optimized] target(s) in 44.79s
[INFO] running `Command { std: "docker" "inspect" "d49027e78c4251dd53b3464cedc1af37dbd8f3fd7660ff19980d51c4b9e1579f", kill_on_drop: false }`
[INFO] running `Command { std: "docker" "exec" "-e" "SOURCE_DIR=/opt/rustwide/workdir" "-e" "CARGO_HOME=/opt/rustwide/cargo-home" "-e" "RUSTUP_HOME=/opt/rustwide/rustup-home" "-e" "CARGO_TARGET_DIR=/opt/rustwide/target" "-e" "CARGO_INCREMENTAL=0" "-e" "RUST_BACKTRACE=full" "-e" "RUSTFLAGS=--cap-lints=warn" "-e" "RUSTDOCFLAGS=--cap-lints=warn" "-w" "/opt/rustwide/workdir" "--user" "0:0" "d49027e78c4251dd53b3464cedc1af37dbd8f3fd7660ff19980d51c4b9e1579f" "/opt/rustwide/cargo-home/bin/cargo" "+1.99.0-beta.8" "test" "--frozen" "--release", kill_on_drop: false }`
[INFO] [stderr]     Finished `release` profile [optimized] target(s) in 0.16s
[INFO] [stderr]      Running unittests src/lib.rs (/opt/rustwide/target/release/deps/rclwebd-fc6196ae1140505d)
[INFO] [stdout] 
[INFO] [stdout] running 55 tests
[INFO] [stdout] test acl::tests::name_glob_is_prefix_only ... ok
[INFO] [stdout] test acl::tests::default_deny_needs_a_matching_rule ... ok
[INFO] [stdout] test acl::tests::operation_maps_every_channel_class ... ok
[INFO] [stdout] test adapter::tests::buffer_release_respects_owner ... ok
[INFO] [stdout] test adapter::tests::probe_accepts_matching_row ... ok
[INFO] [stdout] test acl::tests::parse_modes ... ok
[INFO] [stdout] test adapter::tests::probe_rejects_rmw_mismatch ... ok
[INFO] [stdout] test audit::tests::corrupt_fail_refuses_open ... ok
[INFO] [stdout] test audit::tests::file_rejects_zero_max_or_retain ... ok
[INFO] [stdout] test audit::tests::parse_modes_and_on_corrupt ... ok
[INFO] [stdout] test auth::tests::off_ignores_token_and_stays_anonymous ... ok
[INFO] [stdout] test auth::tests::oidc_rejects_wrong_audience_and_garbage ... ok
[INFO] [stdout] test auth::tests::parse_off_aliases_and_oidc ... ok
[INFO] [stdout] test backend::tests::from_payload_reserves_header_prefix ... ok
[INFO] [stdout] test budgets::tests::reliable_reserve_rejects_without_eviction ... ok
[INFO] [stdout] test auth::tests::oidc_accepts_valid_hs256 ... ok
[INFO] [stdout] test config::tests::default_wt_bind_falls_back_when_bind_is_not_host_port ... ok
[INFO] [stdout] test acl::tests::rejects_unknown_fields_and_operations ... ok
[INFO] [stdout] test config::tests::implied_cors_only_when_wt_and_tls_and_unset ... ok
[INFO] [stdout] test config::tests::detect_rejects_unknown_distro_or_rmw ... ok
[INFO] [stdout] test config::tests::parse_accepts_all_six_phase1_rows ... ok
[INFO] [stdout] test config::tests::parse_rejects_unknown_rows ... ok
[INFO] [stdout] test config::tests::default_wt_bind_copies_http_host ... ok
[INFO] [stdout] test budgets::tests::best_effort_latest_wins_evicts_oldest ... ok
[INFO] [stdout] test control::hello_tests::websocket_default_does_not_offer_webtransport ... ok
[INFO] [stdout] test audit::tests::stderr_sink_snapshots_without_a_path ... ok
[INFO] [stdout] test local_dev_tls::tests::does_not_remint_when_more_than_24h_remain ... ok
[INFO] [stdout] test config::tests::detect_derives_all_six_rows_from_env_pairs ... ok
[INFO] [stdout] test backend::tests::from_prefixed_buffer_keeps_payload_in_place ... ok
[INFO] [stdout] test config::tests::detect_trims_whitespace ... ok
[INFO] [stdout] test config::tests::detect_defaults_without_a_sourced_environment ... ok
[INFO] [stdout] test auth::tests::oidc_rejects_expired ... ok
[INFO] [stdout] test local_dev_tls::tests::advertisement_json_never_includes_private_key ... ok
[INFO] [stdout] test audit::tests::export_rejects_unstitchable_stack ... ok
[INFO] [stdout] test control::hello_tests::offer_webtransport_and_negotiates_on_ws_path ... ok
[INFO] [stdout] test control::hello_tests::wt_active_requires_negotiated_webtransport ... ok
[INFO] [stdout] test audit::tests::reserved_envelope_keys_are_not_caller_controlled ... ok
[INFO] [stdout] test audit::tests::file_chain_verifies_and_rejects_tamper ... ok
[INFO] [stdout] test audit::tests::corrupt_rotate_moves_aside_and_starts_new_chain ... ok
[INFO] [stdout] test local_dev_tls::tests::lifetime_capped_at_thirteen_days ... ok
[INFO] [stdout] test ops::tests::configz_omits_oidc_secrets ... ok
[INFO] [stdout] test tests::core_reachable ... ok
[INFO] [stdout] test ops::tests::drain_flips_readyz_reason ... ok
[INFO] [stdout] test ops::tests::metrics_exposes_session_gauges ... ok
[INFO] [stdout] test qos::unit_tests::wire_map_is_concrete_and_parser_shaped ... ok
[INFO] [stdout] test local_dev_tls::tests::mint_uses_ecdsa_p256_and_default_lifetime ... ok
[INFO] [stdout] test qos::unit_tests::concrete_request_passes_through ... ok
[INFO] [stdout] test local_dev_tls::tests::remints_when_less_than_24h_remain_and_keeps_previous_hash ... ok
[INFO] [stdout] test wt::tests::feature_gate_documented ... ok
[INFO] [stdout] test tests::crate_identity ... ok
[INFO] [stdout] test qos::unit_tests::system_default_resolves_to_rcl_defaults ... ok
[INFO] [stdout] test ops::tests::cors_allow_star_or_exact ... ok
[INFO] [stdout] test local_dev_tls::tests::spki_hash_is_sha256_of_subject_public_key_info ... ok
[INFO] [stdout] test audit::tests::truncated_line_fails_verify ... ok
[INFO] [stderr]      Running tests/acl_reference.rs (/opt/rustwide/target/release/deps/acl_reference-b6ba20c0f852d83a)
[INFO] [stdout] test audit::tests::rotation_stitches_and_export_verifies ... ok
[INFO] [stdout] 
[INFO] [stdout] test result: ok. 55 passed; 0 failed; 0 ignored; 0 measured; 0 filtered out; finished in 0.06s
[INFO] [stdout] 
[INFO] [stdout] 
[INFO] [stdout] running 4 tests
[INFO] [stdout] test reference_matrix_covers_every_channel_class ... FAILED
[INFO] [stderr] error: test failed, to rerun pass `--test acl_reference`
[INFO] [stdout] test reference_matrix_parses_and_names_a_revision ... FAILED
[INFO] [stdout] test reference_matrix_stays_default_deny_on_unlisted_commands ... FAILED
[INFO] [stdout] test reference_matrix_admits_the_demo_and_client_surface ... FAILED
[INFO] [stdout] 
[INFO] [stdout] failures:
[INFO] [stdout] 
[INFO] [stdout] ---- reference_matrix_covers_every_channel_class stdout ----
[INFO] [stdout] 
[INFO] [stdout] thread 'reference_matrix_covers_every_channel_class' (1341) panicked at tests/acl_reference.rs:12:57:
[INFO] [stdout] read /opt/rustwide/workdir/../docs/acl-reference.json: No such file or directory (os error 2)
[INFO] [stdout] stack backtrace:
[INFO] [stdout]    0:     0x63f2627490b1 - <<std[70759c8f55707aa4]::sys::backtrace::BacktraceLock>::print::DisplayBacktrace as core[df12db4294e9bfd3]::fmt::Display>::fmt
[INFO] [stdout]    1:     0x63f26275da1a - core[df12db4294e9bfd3]::fmt::write
[INFO] [stdout]    2:     0x63f26274d56c - <alloc[2182bb758b4b3781]::vec::Vec<u8> as core[df12db4294e9bfd3]::io::write::Write>::write_fmt
[INFO] [stdout]    3:     0x63f2627251a6 - std[70759c8f55707aa4]::panicking::default_hook::{closure#0}
[INFO] [stdout]    4:     0x63f2627414a9 - std[70759c8f55707aa4]::panicking::default_hook
[INFO] [stdout]    5:     0x63f2626d3600 - test[9d35eded1c95d3be]::test_main_inner::<test[9d35eded1c95d3be]::test_main_static::{closure#0}>::{closure#0}
[INFO] [stdout]    6:     0x63f262741662 - std[70759c8f55707aa4]::panicking::panic_with_hook
[INFO] [stdout]    7:     0x63f262725252 - std[70759c8f55707aa4]::panicking::panic_handler::{closure#0}
[INFO] [stdout]    8:     0x63f26271de49 - std[70759c8f55707aa4]::sys::backtrace::__rust_end_short_backtrace::<std[70759c8f55707aa4]::panicking::panic_handler::{closure#0}, !>
[INFO] [stdout]    9:     0x63f262725e4d - __rustc[8fa7c3cbc660c2b3]::rust_begin_unwind
[INFO] [stdout]   10:     0x63f26275e14c - core[df12db4294e9bfd3]::panicking::panic_fmt
[INFO] [stdout]   11:     0x63f2626c5e29 - acl_reference[161f4b2358bf203b]::load_reference::{closure#0}
[INFO] [stdout]   12:     0x63f2626c5fa9 - acl_reference[161f4b2358bf203b]::load_reference
[INFO] [stdout]   13:     0x63f2626c61b2 - <acl_reference[161f4b2358bf203b]::reference_matrix_covers_every_channel_class::{closure#0} as core[df12db4294e9bfd3]::ops::function::FnOnce<()>>::call_once
[INFO] [stdout]   14:     0x63f2626c68eb - test[9d35eded1c95d3be]::__rust_begin_short_backtrace::<core[df12db4294e9bfd3]::result::Result<(), alloc[2182bb758b4b3781]::string::String>, fn() -> core[df12db4294e9bfd3]::result::Result<(), alloc[2182bb758b4b3781]::string::String>>
[INFO] [stdout]   15:     0x63f2626d3f55 - test[9d35eded1c95d3be]::run_test::{closure#0}
[INFO] [stdout]   16:     0x63f2626cd814 - std[70759c8f55707aa4]::sys::backtrace::__rust_begin_short_backtrace::<test[9d35eded1c95d3be]::run_test::{closure#1}, ()>
[INFO] [stdout]   17:     0x63f2626d70b2 - <std[70759c8f55707aa4]::thread::lifecycle::spawn_unchecked<test[9d35eded1c95d3be]::run_test::{closure#1}, ()>::{closure#1} as core[df12db4294e9bfd3]::ops::function::FnOnce<()>>::call_once::{shim:vtable#0}
[INFO] [stdout]   18:     0x63f262748619 - <std[70759c8f55707aa4]::sys::thread::unix::Thread>::new::thread_start
[INFO] [stdout]   19:     0x7179c8302dfa - <unknown>
[INFO] [stdout]   20:     0x7179c83963d4 - clone
[INFO] [stdout]   21:                0x0 - <unknown>
[INFO] [stdout] 
[INFO] [stdout] ---- reference_matrix_parses_and_names_a_revision stdout ----
[INFO] [stdout] 
[INFO] [stdout] thread 'reference_matrix_parses_and_names_a_revision' (1342) panicked at tests/acl_reference.rs:12:57:
[INFO] [stdout] read /opt/rustwide/workdir/../docs/acl-reference.json: No such file or directory (os error 2)
[INFO] [stdout] stack backtrace:
[INFO] [stdout]    0:     0x63f2627490b1 - <<std[70759c8f55707aa4]::sys::backtrace::BacktraceLock>::print::DisplayBacktrace as core[df12db4294e9bfd3]::fmt::Display>::fmt
[INFO] [stdout]    1:     0x63f26275da1a - core[df12db4294e9bfd3]::fmt::write
[INFO] [stdout]    2:     0x63f26274d56c - <alloc[2182bb758b4b3781]::vec::Vec<u8> as core[df12db4294e9bfd3]::io::write::Write>::write_fmt
[INFO] [stdout]    3:     0x63f2627251a6 - std[70759c8f55707aa4]::panicking::default_hook::{closure#0}
[INFO] [stdout]    4:     0x63f2627414a9 - std[70759c8f55707aa4]::panicking::default_hook
[INFO] [stdout]    5:     0x63f2626d3600 - test[9d35eded1c95d3be]::test_main_inner::<test[9d35eded1c95d3be]::test_main_static::{closure#0}>::{closure#0}
[INFO] [stdout]    6:     0x63f262741662 - std[70759c8f55707aa4]::panicking::panic_with_hook
[INFO] [stdout]    7:     0x63f262725252 - std[70759c8f55707aa4]::panicking::panic_handler::{closure#0}
[INFO] [stdout]    8:     0x63f26271de49 - std[70759c8f55707aa4]::sys::backtrace::__rust_end_short_backtrace::<std[70759c8f55707aa4]::panicking::panic_handler::{closure#0}, !>
[INFO] [stdout]    9:     0x63f262725e4d - __rustc[8fa7c3cbc660c2b3]::rust_begin_unwind
[INFO] [stdout]   10:     0x63f26275e14c - core[df12db4294e9bfd3]::panicking::panic_fmt
[INFO] [stdout]   11:     0x63f2626c5e29 - acl_reference[161f4b2358bf203b]::load_reference::{closure#0}
[INFO] [stdout]   12:     0x63f2626c5fa9 - acl_reference[161f4b2358bf203b]::load_reference
[INFO] [stdout]   13:     0x63f2626c6344 - <acl_reference[161f4b2358bf203b]::reference_matrix_parses_and_names_a_revision::{closure#0} as core[df12db4294e9bfd3]::ops::function::FnOnce<()>>::call_once
[INFO] [stdout]   14:     0x63f2626c68eb - test[9d35eded1c95d3be]::__rust_begin_short_backtrace::<core[df12db4294e9bfd3]::result::Result<(), alloc[2182bb758b4b3781]::string::String>, fn() -> core[df12db4294e9bfd3]::result::Result<(), alloc[2182bb758b4b3781]::string::String>>
[INFO] [stdout]   15:     0x63f2626d3f55 - test[9d35eded1c95d3be]::run_test::{closure#0}
[INFO] [stdout]   16:     0x63f2626cd814 - std[70759c8f55707aa4]::sys::backtrace::__rust_begin_short_backtrace::<test[9d35eded1c95d3be]::run_test::{closure#1}, ()>
[INFO] [stdout]   17:     0x63f2626d70b2 - <std[70759c8f55707aa4]::thread::lifecycle::spawn_unchecked<test[9d35eded1c95d3be]::run_test::{closure#1}, ()>::{closure#1} as core[df12db4294e9bfd3]::ops::function::FnOnce<()>>::call_once::{shim:vtable#0}
[INFO] [stdout]   18:     0x63f262748619 - <std[70759c8f55707aa4]::sys::thread::unix::Thread>::new::thread_start
[INFO] [stdout]   19:     0x7179c8302dfa - <unknown>
[INFO] [stdout]   20:     0x7179c83963d4 - clone
[INFO] [stdout]   21:                0x0 - <unknown>
[INFO] [stdout] 
[INFO] [stdout] ---- reference_matrix_stays_default_deny_on_unlisted_commands stdout ----
[INFO] [stdout] 
[INFO] [stdout] thread 'reference_matrix_stays_default_deny_on_unlisted_commands' (1343) panicked at tests/acl_reference.rs:12:57:
[INFO] [stdout] read /opt/rustwide/workdir/../docs/acl-reference.json: No such file or directory (os error 2)
[INFO] [stdout] stack backtrace:
[INFO] [stdout]    0:     0x63f2627490b1 - <<std[70759c8f55707aa4]::sys::backtrace::BacktraceLock>::print::DisplayBacktrace as core[df12db4294e9bfd3]::fmt::Display>::fmt
[INFO] [stdout]    1:     0x63f26275da1a - core[df12db4294e9bfd3]::fmt::write
[INFO] [stdout]    2:     0x63f26274d56c - <alloc[2182bb758b4b3781]::vec::Vec<u8> as core[df12db4294e9bfd3]::io::write::Write>::write_fmt
[INFO] [stdout]    3:     0x63f2627251a6 - std[70759c8f55707aa4]::panicking::default_hook::{closure#0}
[INFO] [stdout]    4:     0x63f2627414a9 - std[70759c8f55707aa4]::panicking::default_hook
[INFO] [stdout]    5:     0x63f2626d3600 - test[9d35eded1c95d3be]::test_main_inner::<test[9d35eded1c95d3be]::test_main_static::{closure#0}>::{closure#0}
[INFO] [stdout]    6:     0x63f262741662 - std[70759c8f55707aa4]::panicking::panic_with_hook
[INFO] [stdout]    7:     0x63f262725252 - std[70759c8f55707aa4]::panicking::panic_handler::{closure#0}
[INFO] [stdout]    8:     0x63f26271de49 - std[70759c8f55707aa4]::sys::backtrace::__rust_end_short_backtrace::<std[70759c8f55707aa4]::panicking::panic_handler::{closure#0}, !>
[INFO] [stdout]    9:     0x63f262725e4d - __rustc[8fa7c3cbc660c2b3]::rust_begin_unwind
[INFO] [stdout]   10:     0x63f26275e14c - core[df12db4294e9bfd3]::panicking::panic_fmt
[INFO] [stdout]   11:     0x63f2626c5e29 - acl_reference[161f4b2358bf203b]::load_reference::{closure#0}
[INFO] [stdout]   12:     0x63f2626c5fa9 - acl_reference[161f4b2358bf203b]::load_reference
[INFO] [stdout]   13:     0x63f2626c66d7 - <acl_reference[161f4b2358bf203b]::reference_matrix_stays_default_deny_on_unlisted_commands::{closure#0} as core[df12db4294e9bfd3]::ops::function::FnOnce<()>>::call_once
[INFO] [stdout]   14:     0x63f2626c68eb - test[9d35eded1c95d3be]::__rust_begin_short_backtrace::<core[df12db4294e9bfd3]::result::Result<(), alloc[2182bb758b4b3781]::string::String>, fn() -> core[df12db4294e9bfd3]::result::Result<(), alloc[2182bb758b4b3781]::string::String>>
[INFO] [stdout]   15:     0x63f2626d3f55 - test[9d35eded1c95d3be]::run_test::{closure#0}
[INFO] [stdout]   16:     0x63f2626cd814 - std[70759c8f55707aa4]::sys::backtrace::__rust_begin_short_backtrace::<test[9d35eded1c95d3be]::run_test::{closure#1}, ()>
[INFO] [stdout]   17:     0x63f2626d70b2 - <std[70759c8f55707aa4]::thread::lifecycle::spawn_unchecked<test[9d35eded1c95d3be]::run_test::{closure#1}, ()>::{closure#1} as core[df12db4294e9bfd3]::ops::function::FnOnce<()>>::call_once::{shim:vtable#0}
[INFO] [stdout]   18:     0x63f262748619 - <std[70759c8f55707aa4]::sys::thread::unix::Thread>::new::thread_start
[INFO] [stdout]   19:     0x7179c8302dfa - <unknown>
[INFO] [stdout]   20:     0x7179c83963d4 - clone
[INFO] [stdout]   21:                0x0 - <unknown>
[INFO] [stdout] 
[INFO] [stdout] ---- reference_matrix_admits_the_demo_and_client_surface stdout ----
[INFO] [stdout] 
[INFO] [stdout] thread 'reference_matrix_admits_the_demo_and_client_surface' (1340) panicked at tests/acl_reference.rs:12:57:
[INFO] [stdout] read /opt/rustwide/workdir/../docs/acl-reference.json: No such file or directory (os error 2)
[INFO] [stdout] stack backtrace:
[INFO] [stdout]    0:     0x63f2627490b1 - <<std[70759c8f55707aa4]::sys::backtrace::BacktraceLock>::print::DisplayBacktrace as core[df12db4294e9bfd3]::fmt::Display>::fmt
[INFO] [stdout]    1:     0x63f26275da1a - core[df12db4294e9bfd3]::fmt::write
[INFO] [stdout]    2:     0x63f26274d56c - <alloc[2182bb758b4b3781]::vec::Vec<u8> as core[df12db4294e9bfd3]::io::write::Write>::write_fmt
[INFO] [stdout]    3:     0x63f2627251a6 - std[70759c8f55707aa4]::panicking::default_hook::{closure#0}
[INFO] [stdout]    4:     0x63f2627414a9 - std[70759c8f55707aa4]::panicking::default_hook
[INFO] [stdout]    5:     0x63f2626d3600 - test[9d35eded1c95d3be]::test_main_inner::<test[9d35eded1c95d3be]::test_main_static::{closure#0}>::{closure#0}
[INFO] [stdout]    6:     0x63f262741662 - std[70759c8f55707aa4]::panicking::panic_with_hook
[INFO] [stdout]    7:     0x63f262725252 - std[70759c8f55707aa4]::panicking::panic_handler::{closure#0}
[INFO] [stdout]    8:     0x63f26271de49 - std[70759c8f55707aa4]::sys::backtrace::__rust_end_short_backtrace::<std[70759c8f55707aa4]::panicking::panic_handler::{closure#0}, !>
[INFO] [stdout]    9:     0x63f262725e4d - __rustc[8fa7c3cbc660c2b3]::rust_begin_unwind
[INFO] [stdout]   10:     0x63f26275e14c - core[df12db4294e9bfd3]::panicking::panic_fmt
[INFO] [stdout]   11:     0x63f2626c5e29 - acl_reference[161f4b2358bf203b]::load_reference::{closure#0}
[INFO] [stdout]   12:     0x63f2626c5fa9 - acl_reference[161f4b2358bf203b]::load_reference
[INFO] [stdout]   13:     0x63f2626c6447 - <acl_reference[161f4b2358bf203b]::reference_matrix_admits_the_demo_and_client_surface::{closure#0} as core[df12db4294e9bfd3]::ops::function::FnOnce<()>>::call_once
[INFO] [stdout]   14:     0x63f2626c68eb - test[9d35eded1c95d3be]::__rust_begin_short_backtrace::<core[df12db4294e9bfd3]::result::Result<(), alloc[2182bb758b4b3781]::string::String>, fn() -> core[df12db4294e9bfd3]::result::Result<(), alloc[2182bb758b4b3781]::string::String>>
[INFO] [stdout]   15:     0x63f2626d3f55 - test[9d35eded1c95d3be]::run_test::{closure#0}
[INFO] [stdout]   16:     0x63f2626cd814 - std[70759c8f55707aa4]::sys::backtrace::__rust_begin_short_backtrace::<test[9d35eded1c95d3be]::run_test::{closure#1}, ()>
[INFO] [stdout]   17:     0x63f2626d70b2 - <std[70759c8f55707aa4]::thread::lifecycle::spawn_unchecked<test[9d35eded1c95d3be]::run_test::{closure#1}, ()>::{closure#1} as core[df12db4294e9bfd3]::ops::function::FnOnce<()>>::call_once::{shim:vtable#0}
[INFO] [stdout]   18:     0x63f262748619 - <std[70759c8f55707aa4]::sys::thread::unix::Thread>::new::thread_start
[INFO] [stdout]   19:     0x7179c8302dfa - <unknown>
[INFO] [stdout]   20:     0x7179c83963d4 - clone
[INFO] [stdout]   21:                0x0 - <unknown>
[INFO] [stdout] 
[INFO] [stdout] 
[INFO] [stdout] failures:
[INFO] [stdout]     reference_matrix_admits_the_demo_and_client_surface
[INFO] [stdout]     reference_matrix_covers_every_channel_class
[INFO] [stdout]     reference_matrix_parses_and_names_a_revision
[INFO] [stdout]     reference_matrix_stays_default_deny_on_unlisted_commands
[INFO] [stdout] 
[INFO] [stdout] test result: FAILED. 0 passed; 4 failed; 0 ignored; 0 measured; 0 filtered out; finished in 0.00s
[INFO] [stdout] 
[INFO] running `Command { std: "docker" "inspect" "d49027e78c4251dd53b3464cedc1af37dbd8f3fd7660ff19980d51c4b9e1579f", kill_on_drop: false }`
[INFO] running `Command { std: "docker" "rm" "-f" "d49027e78c4251dd53b3464cedc1af37dbd8f3fd7660ff19980d51c4b9e1579f", kill_on_drop: false }`
[INFO] [stdout] d49027e78c4251dd53b3464cedc1af37dbd8f3fd7660ff19980d51c4b9e1579f
