[INFO] fetching crate rclweb 0.0.6...
[INFO] testing rclweb-0.0.6 against 1.100.0-beta.1+cargoflags=--release for beta-release-1.100-2
[INFO] extracting crate rclweb 0.0.6 into /workspace/builds/worker-7-tc2/source
[INFO] started tweaking crates.io crate rclweb 0.0.6
[INFO] removed 0 missing tests
[INFO] finished tweaking crates.io crate rclweb 0.0.6
[INFO] tweaked toml for crates.io crate rclweb 0.0.6 written to /workspace/builds/worker-7-tc2/source/Cargo.toml
[INFO] validating manifest of crates.io crate rclweb 0.0.6 on toolchain 1.100.0-beta.1
[INFO] running `Command { std: CARGO_HOME="/workspace/cargo-home" RUSTUP_HOME="/workspace/rustup-home" "/workspace/cargo-home/bin/cargo" "+1.100.0-beta.1" "metadata" "--manifest-path" "Cargo.toml" "--no-deps", kill_on_drop: false }`
[INFO] crate crates.io crate rclweb 0.0.6 already has a lockfile, it will not be regenerated
[INFO] running `Command { std: CARGO_HOME="/workspace/cargo-home" RUSTUP_HOME="/workspace/rustup-home" "/workspace/cargo-home/bin/cargo" "+1.100.0-beta.1" "fetch" "--manifest-path" "Cargo.toml", kill_on_drop: false }`
[INFO] [stderr] warning: `package.homepage` is redundant with `package.repository`
[INFO] [stderr]   --> Cargo.toml:44:12
[INFO] [stderr]    |
[INFO] [stderr] 44 | homepage = "https://github.com/alexzhang1030/rclweb"
[INFO] [stderr]    |            ^^^^^^^^^^^^^^^^^^^^^^^^^^^^^^^^^^^^^^^^^
[INFO] [stderr] ...
[INFO] [stderr] 49 | repository = "https://github.com/alexzhang1030/rclweb"
[INFO] [stderr]    |              -----------------------------------------
[INFO] [stderr]    |
[INFO] [stderr]    = note: `cargo::redundant_homepage` is set to `warn` by default
[INFO] [stderr] help: consider removing `package.homepage`
[INFO] [stderr] warning: `rclweb` (manifest) generated 1 warning
[INFO] running `Command { std: "docker" "create" "-v" "/var/lib/crater-agent-workspace/builds/worker-7-tc2/source:/opt/rustwide/workdir:ro,Z" "-v" "/var/lib/crater-agent-workspace/builds/worker-7-tc2/target:/opt/rustwide/target:rw,Z" "-v" "/var/lib/crater-agent-workspace/cargo-home:/opt/rustwide/cargo-home:ro,Z" "-v" "/var/lib/crater-agent-workspace/rustup-home:/opt/rustwide/rustup-home:ro,Z" "-m" "1610612736" "--network" "none" "ghcr.io/rust-lang/crates-build-env/linux@sha256:77db811e55d90add9212f6832c23229e3de5f1c1f9905e8cb07319ea15df73ac" "sleep" "infinity", kill_on_drop: false }`
[INFO] [stdout] 90a06f3304c0701ca6de00a1d5f54327cc53c7100b122fe475622c2350ba3a2c
[INFO] running `Command { std: "docker" "start" "90a06f3304c0701ca6de00a1d5f54327cc53c7100b122fe475622c2350ba3a2c", kill_on_drop: false }`
[INFO] running `Command { std: "docker" "inspect" "90a06f3304c0701ca6de00a1d5f54327cc53c7100b122fe475622c2350ba3a2c", kill_on_drop: false }`
[INFO] running `Command { std: "docker" "exec" "-e" "SOURCE_DIR=/opt/rustwide/workdir" "-e" "CARGO_HOME=/opt/rustwide/cargo-home" "-e" "RUSTUP_HOME=/opt/rustwide/rustup-home" "-e" "CARGO_TARGET_DIR=/opt/rustwide/target" "-w" "/opt/rustwide/workdir" "--user" "0:0" "90a06f3304c0701ca6de00a1d5f54327cc53c7100b122fe475622c2350ba3a2c" "/opt/rustwide/cargo-home/bin/cargo" "+1.100.0-beta.1" "metadata" "--no-deps" "--format-version=1", kill_on_drop: false }`
[INFO] running `Command { std: "docker" "inspect" "90a06f3304c0701ca6de00a1d5f54327cc53c7100b122fe475622c2350ba3a2c", kill_on_drop: false }`
[INFO] running `Command { std: "docker" "exec" "-e" "SOURCE_DIR=/opt/rustwide/workdir" "-e" "CARGO_HOME=/opt/rustwide/cargo-home" "-e" "RUSTUP_HOME=/opt/rustwide/rustup-home" "-e" "CARGO_TARGET_DIR=/opt/rustwide/target" "-e" "CARGO_INCREMENTAL=0" "-e" "RUST_BACKTRACE=full" "-e" "RUSTFLAGS=--cap-lints=warn" "-e" "RUSTDOCFLAGS=--cap-lints=warn" "-w" "/opt/rustwide/workdir" "--user" "0:0" "90a06f3304c0701ca6de00a1d5f54327cc53c7100b122fe475622c2350ba3a2c" "/opt/rustwide/cargo-home/bin/cargo" "+1.100.0-beta.1" "build" "--frozen" "--message-format=json" "--release", kill_on_drop: false }`
[INFO] [stderr] warning: `package.homepage` is redundant with `package.repository`
[INFO] [stderr]   --> Cargo.toml:44:12
[INFO] [stderr]    |
[INFO] [stderr] 44 | homepage = "https://github.com/alexzhang1030/rclweb"
[INFO] [stderr]    |            ^^^^^^^^^^^^^^^^^^^^^^^^^^^^^^^^^^^^^^^^^
[INFO] [stderr] ...
[INFO] [stderr] 49 | repository = "https://github.com/alexzhang1030/rclweb"
[INFO] [stderr]    |              -----------------------------------------
[INFO] [stderr]    |
[INFO] [stderr]    = note: `cargo::redundant_homepage` is set to `warn` by default
[INFO] [stderr] help: consider removing `package.homepage`
[INFO] [stderr] warning: `rclweb` (manifest) generated 1 warning
[INFO] [stderr]    Compiling rclweb v0.0.6 (/opt/rustwide/workdir)
[INFO] [stderr]     Finished `release` profile [optimized] target(s) in 7.26s
[INFO] running `Command { std: "docker" "inspect" "90a06f3304c0701ca6de00a1d5f54327cc53c7100b122fe475622c2350ba3a2c", kill_on_drop: false }`
[INFO] running `Command { std: "docker" "exec" "-e" "SOURCE_DIR=/opt/rustwide/workdir" "-e" "CARGO_HOME=/opt/rustwide/cargo-home" "-e" "RUSTUP_HOME=/opt/rustwide/rustup-home" "-e" "CARGO_TARGET_DIR=/opt/rustwide/target" "-e" "CARGO_INCREMENTAL=0" "-e" "RUST_BACKTRACE=full" "-e" "RUSTFLAGS=--cap-lints=warn" "-e" "RUSTDOCFLAGS=--cap-lints=warn" "-w" "/opt/rustwide/workdir" "--user" "0:0" "90a06f3304c0701ca6de00a1d5f54327cc53c7100b122fe475622c2350ba3a2c" "/opt/rustwide/cargo-home/bin/cargo" "+1.100.0-beta.1" "test" "--frozen" "--no-run" "--message-format=json" "--release", kill_on_drop: false }`
[INFO] [stderr] warning: `package.homepage` is redundant with `package.repository`
[INFO] [stderr]   --> Cargo.toml:44:12
[INFO] [stderr]    |
[INFO] [stderr] 44 | homepage = "https://github.com/alexzhang1030/rclweb"
[INFO] [stderr]    |            ^^^^^^^^^^^^^^^^^^^^^^^^^^^^^^^^^^^^^^^^^
[INFO] [stderr] ...
[INFO] [stderr] 49 | repository = "https://github.com/alexzhang1030/rclweb"
[INFO] [stderr]    |              -----------------------------------------
[INFO] [stderr]    |
[INFO] [stderr]    = note: `cargo::redundant_homepage` is set to `warn` by default
[INFO] [stderr] help: consider removing `package.homepage`
[INFO] [stderr] warning: `rclweb` (manifest) generated 1 warning
[INFO] [stderr]    Compiling rclweb v0.0.6 (/opt/rustwide/workdir)
[INFO] [stderr]     Finished `release` profile [optimized] target(s) in 12.78s
[INFO] running `Command { std: "docker" "inspect" "90a06f3304c0701ca6de00a1d5f54327cc53c7100b122fe475622c2350ba3a2c", kill_on_drop: false }`
[INFO] running `Command { std: "docker" "exec" "-e" "SOURCE_DIR=/opt/rustwide/workdir" "-e" "CARGO_HOME=/opt/rustwide/cargo-home" "-e" "RUSTUP_HOME=/opt/rustwide/rustup-home" "-e" "CARGO_TARGET_DIR=/opt/rustwide/target" "-e" "CARGO_INCREMENTAL=0" "-e" "RUST_BACKTRACE=full" "-e" "RUSTFLAGS=--cap-lints=warn" "-e" "RUSTDOCFLAGS=--cap-lints=warn" "-w" "/opt/rustwide/workdir" "--user" "0:0" "90a06f3304c0701ca6de00a1d5f54327cc53c7100b122fe475622c2350ba3a2c" "/opt/rustwide/cargo-home/bin/cargo" "+1.100.0-beta.1" "test" "--frozen" "--release", kill_on_drop: false }`
[INFO] [stderr] warning: `package.homepage` is redundant with `package.repository`
[INFO] [stderr]   --> Cargo.toml:44:12
[INFO] [stderr]    |
[INFO] [stderr] 44 | homepage = "https://github.com/alexzhang1030/rclweb"
[INFO] [stderr]    |            ^^^^^^^^^^^^^^^^^^^^^^^^^^^^^^^^^^^^^^^^^
[INFO] [stderr] ...
[INFO] [stderr] 49 | repository = "https://github.com/alexzhang1030/rclweb"
[INFO] [stderr]    |              -----------------------------------------
[INFO] [stderr]    |
[INFO] [stderr]    = note: `cargo::redundant_homepage` is set to `warn` by default
[INFO] [stderr] help: consider removing `package.homepage`
[INFO] [stderr] warning: `rclweb` (manifest) generated 1 warning
[INFO] [stderr]     Finished `release` profile [optimized] target(s) in 0.09s
[INFO] [stdout] 
[INFO] [stderr]      Running unittests src/lib.rs (/opt/rustwide/target/release/build/rclweb/924f0ffa8554cf83/out/rclweb-924f0ffa8554cf83)
[INFO] [stdout] running 137 tests
[INFO] [stdout] test cdr::tests::limits_validation_ranges ... ok
[INFO] [stdout] test cdr::point_cloud2::tests::round_trip_preserves_payload_bytes ... ok
[INFO] [stdout] test cdr::tests::header_parse_le_and_be ... ok
[INFO] [stdout] test cdr::tests::invalid_boolean_restores_cursor ... ok
[INFO] [stdout] test cdr::tests::checked_span_length_order ... ok
[INFO] [stdout] test cdr::point_cloud2::tests::sdk_meta_encode_preserves_synthetic_xyz_data ... ok
[INFO] [stdout] test cdr::point_cloud2::tests::large_cloud_decode_is_o1_under_tiny_temp_budget ... ok
[INFO] [stdout] test cdr::tests::nesting_depth_64_accept_65_reject_and_custom_limits ... ok
[INFO] [stdout] test cdr::tests::open_oversized_stream_bounds_exceeded ... ok
[INFO] [stdout] test cdr::tests::string_empty_missing_nul_zero_length_utf8_bom_bounds ... ok
[INFO] [stdout] test cdr::tests::trailing_data_and_zero_tail ... ok
[INFO] [stdout] test cdr::point_cloud2::tests::borrowed_data_stays_inside_input ... ok
[INFO] [stdout] test cdr::tests::header_rejects_truncated_and_unsupported ... ok
[INFO] [stdout] test cdr::point_cloud2::tests::sdk_meta_encode_preserves_custom_fields_and_header ... ok
[INFO] [stdout] test cdr::tests::writer_zero_padding_reader_accepts_any_pad ... ok
[INFO] [stdout] test cdr::tests::origin_4_alignment_f64_at_absolute_12 ... ok
[INFO] [stdout] test cdr::tests::primitives_le_and_be_round_trip ... ok
[INFO] [stdout] test cdr::tests::sequence_length_bounds_and_high_bit ... ok
[INFO] [stdout] test cdr::point_cloud2::tests::host_meta_writes_header_and_fields ... ok
[INFO] [stdout] test cdr::tests::truncated_and_alignment_overflow ... ok
[INFO] [stdout] test cdr::tests::options_any_value_accepted ... ok
[INFO] [stdout] test cdr::tests::all_error_codes_reachable ... ok
[INFO] [stdout] test cdr::tests::writer_atomicity_and_capacity_and_snapshot ... ok
[INFO] [stdout] test engine::tests::close_command_terminates ... ok
[INFO] [stdout] test engine::tests::generated_service_call_encodes_host_value_to_cdr ... ok
[INFO] [stdout] test cdr::tests::borrowed_view_physical_identity_and_temp_independence ... ok
[INFO] [stdout] test engine::tests::graph_snapshot_control_emits_app_event ... ok
[INFO] [stdout] test engine::tests::generated_action_goal_encodes_host_value_to_cdr ... ok
[INFO] [stdout] test cdr::tests::wstring_scalar_boundary_and_bounds ... ok
[INFO] [stdout] test engine::tests::h_ft_session_ready_subscribe_emits_humble_open_channel ... ok
[INFO] [stdout] test engine::tests::scripted_peer_publish_sends_ros_sample ... ok
[INFO] [stdout] test engine::tests::string_cdr_round_trip ... ok
[INFO] [stdout] test host::batch::tests::inline_batch_round_trip ... ok
[INFO] [stdout] test engine::tests::unused_zero_correlation_constant ... ok
[INFO] [stdout] test cdr::tests::round_trip_determinism ... ok
[INFO] [stdout] test host::batch::tests::send_point_cloud2_command_round_trip ... ok
[INFO] [stdout] test engine::tests::scripted_peer_publish_sends_point_cloud2 ... ok
[INFO] [stdout] test host::batch::tests::send_generated_command_round_trip ... ok
[INFO] [stdout] test engine::tests::service_client_call_emits_request_and_response_event ... ok
[INFO] [stdout] test engine::tests::scripted_peer_publish_sends_primitive_scalars ... ok
[INFO] [stdout] test engine::tests::scripted_peer_reaches_subscribed_and_sample ... ok
[INFO] [stdout] test host::batch::tests::service_and_action_commands_round_trip ... ok
[INFO] [stdout] test protocol::bootstrap::unit_tests::as_uint_range_negative_is_range_violation ... ok
[INFO] [stdout] test protocol::bootstrap::unit_tests::as_uint_range_non_integer_is_wrong_type ... ok
[INFO] [stdout] test protocol::bootstrap::unit_tests::bootstrap_cbor_length_out_of_range_is_step8_cbor_profile ... ok
[INFO] [stdout] test protocol::bootstrap::unit_tests::empty_input_returns_step1_error ... ok
[INFO] [stdout] test engine::tests::large_point_cloud2_sample_borrowed_view_and_single_retain_copy ... ok
[INFO] [stdout] test protocol::bootstrap::unit_tests::step6_before_step7_on_declared_overflow ... ok
[INFO] [stdout] test protocol::bootstrap::unit_tests::client_hello_negative_wire_version_is_range_violation ... ok
[INFO] [stdout] test protocol::bootstrap::unit_tests::trailing_total_mismatch_step7 ... ok
[INFO] [stdout] test protocol::cbor::unit_tests::array_length_above_max_safe_integer ... ok
[INFO] [stdout] test protocol::cbor::unit_tests::bools_and_null ... ok
[INFO] [stdout] test protocol::cbor::unit_tests::byte_string_length_above_max_safe_integer ... ok
[INFO] [stdout] test protocol::cbor::unit_tests::bytes_borrow_input_slice ... ok
[INFO] [stdout] test protocol::cbor::unit_tests::empty_input_rejected ... ok
[INFO] [stdout] test protocol::cbor::unit_tests::indefinite_rejected ... ok
[INFO] [stdout] test protocol::cbor::unit_tests::non_shortest_uint_rejected ... ok
[INFO] [stdout] test protocol::cbor::unit_tests::tag_rejected ... ok
[INFO] [stdout] test protocol::cbor::unit_tests::text_borrows_valid_utf8 ... ok
[INFO] [stdout] test protocol::control::unit_tests::nested_qos_missing_depth_rejection ... ok
[INFO] [stdout] test protocol::cbor::unit_tests::invalid_utf8_rejected ... ok
[INFO] [stdout] test protocol::control::unit_tests::nested_array_order_and_unique_rejection ... ok
[INFO] [stdout] test protocol::control::unit_tests::nested_effective_qos_rejection ... ok
[INFO] [stdout] test protocol::control::unit_tests::nested_missing_kind_rejection ... ok
[INFO] [stdout] test protocol::control::unit_tests::fifteen_control_kinds_decode_valid_payloads ... ok
[INFO] [stdout] test protocol::cbor::unit_tests::map_key_order_unique_descending ... ok
[INFO] [stdout] test protocol::cbor::unit_tests::float_rejected ... ok
[INFO] [stdout] test protocol::cbor::unit_tests::map_entries_ceiling ... ok
[INFO] [stdout] test protocol::encode_tests::control_frame_encoder_parses_back ... ok
[INFO] [stdout] test protocol::cbor::unit_tests::map_duplicate_before_order_precedence ... ok
[INFO] [stdout] test protocol::cbor::unit_tests::nesting_depth_ceiling ... ok
[INFO] [stdout] test protocol::control::unit_tests::nested_schema_identity_rejection ... ok
[INFO] [stdout] test protocol::control::unit_tests::nested_wire_error_code_20_rejection ... ok
[INFO] [stdout] test protocol::cbor::unit_tests::trailing_data_rejected ... ok
[INFO] [stdout] test protocol::control::unit_tests::nested_closed_map_unknown_key_rejection ... ok
[INFO] [stdout] test protocol::control::unit_tests::nested_union_discriminator_rejection ... ok
[INFO] [stdout] test protocol::encode_tests::map_keys_are_sorted_and_duplicates_rejected ... ok
[INFO] [stdout] test protocol::extension::unit_tests::assigned_value_borrows_input ... ok
[INFO] [stdout] test protocol::extension::unit_tests::truncated_value_huge_declared_len_returns_error ... ok
[INFO] [stdout] test protocol::extension::unit_tests::truncated_value_returns_error ... ok
[INFO] [stdout] test protocol::encode_tests::ros_sample_frame_encoder_parses_back ... ok
[INFO] [stdout] test protocol::extension::unit_tests::truncated_value_second_tlv_remaining_compare ... ok
[INFO] [stdout] test protocol::extension::unit_tests::structural_order_before_unknown_critical ... ok
[INFO] [stdout] test protocol::encode_tests::valid_frame_fixtures_reencode_byte_identical ... FAILED
[INFO] [stdout] test protocol::extension::unit_tests::unknown_critical_after_full_structure ... ok
[INFO] [stdout] test protocol::encode_tests::valid_bootstrap_fixtures_reencode_byte_identical ... FAILED
[INFO] [stdout] test protocol::encode_tests::deterministic_cbor_boundary_heads_round_trip ... ok
[INFO] [stdout] test protocol::frame::unit_tests::experimental_opcode_128_parses_when_enabled ... ok
[INFO] [stdout] test protocol::frame::unit_tests::multi_invalid_priority_unassigned_before_control ... ok
[INFO] [stdout] test protocol::control::unit_tests::nested_support_row_triple_rejection ... ok
[INFO] [stdout] test protocol::tests::protocol_error_fields_are_agreement_ready ... ok
[INFO] [stdout] test protocol::frame::unit_tests::prefix_only_sample_parses_with_empty_payload_view ... ok
[INFO] [stdout] test protocol::tests::valid_frame_fixtures_parse_key_fields ... FAILED
[INFO] [stdout] test protocol::tests::valid_segment_recipe_64mib_frame_parses_with_borrowed_payload ... FAILED
[INFO] [stdout] test session::tests::auth_error_fails_session_with_correlation ... ok
[INFO] [stdout] test protocol::tests::malformed_bootstrap_fixtures_match_expected_oracle ... FAILED
[INFO] [stdout] test protocol::tests::malformed_frame_fixtures_match_expected_oracle ... FAILED
[INFO] [stdout] test protocol::tests::valid_bootstrap_fixtures_parse_key_fields ... FAILED
[INFO] [stdout] test session::tests::channel_id_reuse_after_open_channel ... ok
[INFO] [stdout] test protocol::extension::unit_tests::unknown_noncritical_skipped_after_structure ... ok
[INFO] [stdout] test session::tests::graph_snapshot_then_delta ... ok
[INFO] [stdout] test protocol::frame::unit_tests::truncated_extension_huge_value_len_returns_protocol_error ... ok
[INFO] [stdout] test session::tests::data_before_ready_session_not_ready ... ok
[INFO] [stdout] test protocol::tests::short_and_adversarial_inputs_return_stable_errors ... ok
[INFO] [stdout] test session::tests::double_client_hello_and_wrong_bootstrap_order ... ok
[INFO] [stdout] test session::tests::heartbeat_before_ready_rejected_after_ready_ok ... ok
[INFO] [stdout] test session::tests::open_channel_before_ready_session_not_ready ... ok
[INFO] [stdout] test protocol::frame::unit_tests::application_payload_borrows_input ... ok
[INFO] [stdout] test session::tests::service_request_requires_operation_id ... ok
[INFO] [stdout] test types::host_value::tests::cdr_and_host_value_agree ... ok
[INFO] [stdout] test types::host_value::tests::cdr_and_host_value_agree_echo_nested_request ... ok
[INFO] [stdout] test protocol::frame::unit_tests::header_u64_sequence_and_i64_time_bounds ... ok
[INFO] [stdout] test protocol::frame::unit_tests::truncated_extension_value_returns_protocol_error ... ok
[INFO] [stdout] test types::host_value::tests::host_value_round_trips_nested_sample ... ok
[INFO] [stdout] test session::tests::topic_publish_accepts_client_to_server_sample ... ok
[INFO] [stdout] test protocol::tests::corpus_totals_22_valid_and_55_malformed ... FAILED
[INFO] [stdout] test tests::crate_identity ... ok
[INFO] [stdout] test session::tests::authenticate_after_ready_and_session_ready_before_auth ... ok
[INFO] [stdout] test types::host_value::tests::generated_op_type_name_maps_parent_sections ... ok
[INFO] [stdout] test protocol::encode_tests::frame_encoder_rejects_oversized_and_misaligned_input ... ok
[INFO] [stdout] test session::tests::bootstrap_error_terminates_without_selected_plane ... ok
[INFO] [stdout] test types::key::tests::rejects_uppercase_and_wrong_encoding ... ok
[INFO] [stdout] test session::tests::ros_sample_wrong_direction_on_topic_subscribe ... ok
[INFO] [stdout] test session::tests::service_client_request_response_direction ... ok
[INFO] [stdout] test types::host_value::tests::host_value_round_trips_primitive_scalars ... ok
[INFO] [stdout] test types::key::tests::accepts_bundle_and_rihs ... ok
[INFO] [stdout] test types::tests::missing_wire_profile_is_unavailable ... ok
[INFO] [stdout] test types::tests::phase1_has_eighteen_identities_and_nine_descriptors ... ok
[INFO] [stdout] test session::tests::happy_path_client_topic_subscribe ... ok
[INFO] [stdout] test types::tests::invalid_key_faults ... ok
[INFO] [stdout] test session::tests::happy_path_server_topic_subscribe ... ok
[INFO] [stdout] test types::host_value::tests::host_value_round_trips_echo_nested_response ... ok
[INFO] [stdout] test types::tests::primitive_scalars_h_ft_and_j_ft_tails ... ok
[INFO] [stdout] test session::tests::operation_scoped_error_cancels_without_failing_session ... ok
[INFO] [stdout] test session::tests::ros_sample_pending_protocol_violation_inactive_unknown_channel ... ok
[INFO] [stdout] test types::tests::builder_conflict_and_idempotent ... ok
[INFO] [stdout] test types::host_value::tests::host_value_round_trips_measure_sequence_feedback ... ok
[INFO] [stdout] 
[INFO] [stdout] failures:
[INFO] [stdout] 
[INFO] [stdout] ---- protocol::encode_tests::valid_frame_fixtures_reencode_byte_identical stdout ----
[INFO] [stdout] 
[INFO] [stdout] thread 'protocol::encode_tests::valid_frame_fixtures_reencode_byte_identical' (436) panicked at src/protocol/encode_tests.rs:27:40:
[INFO] [stdout] read manifest: Os { code: 2, kind: NotFound, message: "No such file or directory" }
[INFO] [stdout] stack backtrace:
[INFO] [stdout]    0:     0x59043f9f86d1 - <<std[617be2ca0a6fd877]::sys::backtrace::BacktraceLock>::print::DisplayBacktrace as core[a373ad73a504971]::fmt::Display>::fmt
[INFO] [stdout]    1:     0x59043fa0e9fa - core[a373ad73a504971]::fmt::write
[INFO] [stdout]    2:     0x59043f9fc90c - <alloc[2e1b2a31b91974c5]::vec::Vec<u8> as core[a373ad73a504971]::io::write::Write>::write_fmt
[INFO] [stdout]    3:     0x59043f9d4236 - std[617be2ca0a6fd877]::panicking::default_hook::{closure#0}
[INFO] [stdout]    4:     0x59043f9f06f9 - std[617be2ca0a6fd877]::panicking::default_hook
[INFO] [stdout]    5:     0x59043f984080 - test[aada8e7e76ba119b]::test_main_inner::{closure#0}
[INFO] [stdout]    6:     0x59043f9f08b2 - std[617be2ca0a6fd877]::panicking::panic_with_hook
[INFO] [stdout]    7:     0x59043f9d42e2 - std[617be2ca0a6fd877]::panicking::panic_handler::{closure#0}
[INFO] [stdout]    8:     0x59043f9cce69 - std[617be2ca0a6fd877]::sys::backtrace::__rust_end_short_backtrace::<std[617be2ca0a6fd877]::panicking::panic_handler::{closure#0}, !>
[INFO] [stdout]    9:     0x59043f9d4eed - __rustc[ea4f61d10b84890b]::rust_begin_unwind
[INFO] [stdout]   10:     0x59043fa0f12c - core[a373ad73a504971]::panicking::panic_fmt
[INFO] [stdout]   11:     0x59043fa0ef02 - core[a373ad73a504971]::result::unwrap_failed
[INFO] [stdout]   12:     0x59043f9605dd - rclweb[1bc5f55b34d8d11]::protocol::encode_tests::read_manifest
[INFO] [stdout]   13:     0x59043f964a7e - <rclweb[1bc5f55b34d8d11]::protocol::encode_tests::valid_frame_fixtures_reencode_byte_identical::{closure#0} as core[a373ad73a504971]::ops::function::FnOnce<()>>::call_once
[INFO] [stdout]   14:     0x59043f9774cb - test[aada8e7e76ba119b]::__rust_begin_short_backtrace::<core[a373ad73a504971]::result::Result<(), alloc[2e1b2a31b91974c5]::string::String>, fn() -> core[a373ad73a504971]::result::Result<(), alloc[2e1b2a31b91974c5]::string::String>>
[INFO] [stdout]   15:     0x59043f9846a5 - test[aada8e7e76ba119b]::run_test::{closure#0}
[INFO] [stdout]   16:     0x59043f97df94 - std[617be2ca0a6fd877]::sys::backtrace::__rust_begin_short_backtrace::<test[aada8e7e76ba119b]::run_test::{closure#1}, ()>
[INFO] [stdout]   17:     0x59043f987732 - <std[617be2ca0a6fd877]::thread::lifecycle::spawn_unchecked<test[aada8e7e76ba119b]::run_test::{closure#1}, ()>::{closure#1} as core[a373ad73a504971]::ops::function::FnOnce<()>>::call_once::{shim:vtable#0}
[INFO] [stdout]   18:     0x59043f9f78bf - <std[617be2ca0a6fd877]::sys::thread::unix::Thread>::new::thread_start
[INFO] [stdout]   19:     0x76ba9827bdfa - <unknown>
[INFO] [stdout]   20:     0x76ba9830f3d4 - clone
[INFO] [stdout]   21:                0x0 - <unknown>
[INFO] [stdout] 
[INFO] [stdout] ---- protocol::encode_tests::valid_bootstrap_fixtures_reencode_byte_identical stdout ----
[INFO] [stdout] 
[INFO] [stdout] thread 'protocol::encode_tests::valid_bootstrap_fixtures_reencode_byte_identical' (435) panicked at src/protocol/encode_tests.rs:27:40:
[INFO] [stdout] read manifest: Os { code: 2, kind: NotFound, message: "No such file or directory" }
[INFO] [stdout] stack backtrace:
[INFO] [stdout]    0:     0x59043f9f86d1 - <<std[617be2ca0a6fd877]::sys::backtrace::BacktraceLock>::print::DisplayBacktrace as core[a373ad73a504971]::fmt::Display>::fmt
[INFO] [stdout]    1:     0x59043fa0e9fa - core[a373ad73a504971]::fmt::write
[INFO] [stdout]    2:     0x59043f9fc90c - <alloc[2e1b2a31b91974c5]::vec::Vec<u8> as core[a373ad73a504971]::io::write::Write>::write_fmt
[INFO] [stdout]    3:     0x59043f9d4236 - std[617be2ca0a6fd877]::panicking::default_hook::{closure#0}
[INFO] [stdout]    4:     0x59043f9f06f9 - std[617be2ca0a6fd877]::panicking::default_hook
[INFO] [stdout]    5:     0x59043f984080 - test[aada8e7e76ba119b]::test_main_inner::{closure#0}
[INFO] [stdout]    6:     0x59043f9f08b2 - std[617be2ca0a6fd877]::panicking::panic_with_hook
[INFO] [stdout]    7:     0x59043f9d42e2 - std[617be2ca0a6fd877]::panicking::panic_handler::{closure#0}
[INFO] [stdout]    8:     0x59043f9cce69 - std[617be2ca0a6fd877]::sys::backtrace::__rust_end_short_backtrace::<std[617be2ca0a6fd877]::panicking::panic_handler::{closure#0}, !>
[INFO] [stdout]    9:     0x59043f9d4eed - __rustc[ea4f61d10b84890b]::rust_begin_unwind
[INFO] [stdout]   10:     0x59043fa0f12c - core[a373ad73a504971]::panicking::panic_fmt
[INFO] [stdout]   11:     0x59043fa0ef02 - core[a373ad73a504971]::result::unwrap_failed
[INFO] [stdout]   12:     0x59043f9605dd - rclweb[1bc5f55b34d8d11]::protocol::encode_tests::read_manifest
[INFO] [stdout]   13:     0x59043f965458 - <rclweb[1bc5f55b34d8d11]::protocol::encode_tests::valid_bootstrap_fixtures_reencode_byte_identical::{closure#0} as core[a373ad73a504971]::ops::function::FnOnce<()>>::call_once
[INFO] [stdout]   14:     0x59043f9774cb - test[aada8e7e76ba119b]::__rust_begin_short_backtrace::<core[a373ad73a504971]::result::Result<(), alloc[2e1b2a31b91974c5]::string::String>, fn() -> core[a373ad73a504971]::result::Result<(), alloc[2e1b2a31b91974c5]::string::String>>
[INFO] [stdout]   15:     0x59043f9846a5 - test[aada8e7e76ba119b]::run_test::{closure#0}
[INFO] [stdout]   16:     0x59043f97df94 - std[617be2ca0a6fd877]::sys::backtrace::__rust_begin_short_backtrace::<test[aada8e7e76ba119b]::run_test::{closure#1}, ()>
[INFO] [stdout]   17:     0x59043f987732 - <std[617be2ca0a6fd877]::thread::lifecycle::spawn_unchecked<test[aada8e7e76ba119b]::run_test::{closure#1}, ()>::{closure#1} as core[a373ad73a504971]::ops::function::FnOnce<()>>::call_once::{shim:vtable#0}
[INFO] [stdout]   18:     0x59043f9f78bf - <std[617be2ca0a6fd877]::sys::thread::unix::Thread>::new::thread_start
[INFO] [stdout]   19:     0x76ba9827bdfa - <unknown>
[INFO] [stdout]   20:     0x76ba9830f3d4 - clone
[INFO] [stdout]   21:                0x0 - <unknown>
[INFO] [stdout] 
[INFO] [stdout] ---- protocol::tests::valid_frame_fixtures_parse_key_fields stdout ----
[INFO] [stdout] 
[INFO] [stdout] thread 'protocol::tests::valid_frame_fixtures_parse_key_fields' (457) panicked at src/protocol/tests.rs:18:58:
[INFO] [stdout] read /opt/rustwide/protocol/testdata/manifest.json: No such file or directory (os error 2)
[INFO] [stdout] stack backtrace:
[INFO] [stdout]    0:     0x59043f9f86d1 - <<std[617be2ca0a6fd877]::sys::backtrace::BacktraceLock>::print::DisplayBacktrace as core[a373ad73a504971]::fmt::Display>::fmt
[INFO] [stdout]    1:     0x59043fa0e9fa - core[a373ad73a504971]::fmt::write
[INFO] [stdout]    2:     0x59043f9fc90c - <alloc[2e1b2a31b91974c5]::vec::Vec<u8> as core[a373ad73a504971]::io::write::Write>::write_fmt
[INFO] [stdout]    3:     0x59043f9d4236 - std[617be2ca0a6fd877]::panicking::default_hook::{closure#0}
[INFO] [stdout]    4:     0x59043f9f06f9 - std[617be2ca0a6fd877]::panicking::default_hook
[INFO] [stdout]    5:     0x59043f984080 - test[aada8e7e76ba119b]::test_main_inner::{closure#0}
[INFO] [stdout]    6:     0x59043f9f08b2 - std[617be2ca0a6fd877]::panicking::panic_with_hook
[INFO] [stdout]    7:     0x59043f9d42e2 - std[617be2ca0a6fd877]::panicking::panic_handler::{closure#0}
[INFO] [stdout]    8:     0x59043f9cce69 - std[617be2ca0a6fd877]::sys::backtrace::__rust_end_short_backtrace::<std[617be2ca0a6fd877]::panicking::panic_handler::{closure#0}, !>
[INFO] [stdout]    9:     0x59043f9d4eed - __rustc[ea4f61d10b84890b]::rust_begin_unwind
[INFO] [stdout]   10:     0x59043fa0f12c - core[a373ad73a504971]::panicking::panic_fmt
[INFO] [stdout]   11:     0x59043f8ebd39 - rclweb[1bc5f55b34d8d11]::protocol::tests::read_json::{closure#0}
[INFO] [stdout]   12:     0x59043f8ec262 - rclweb[1bc5f55b34d8d11]::protocol::tests::read_json
[INFO] [stdout]   13:     0x59043f8ed203 - <rclweb[1bc5f55b34d8d11]::protocol::tests::valid_frame_fixtures_parse_key_fields::{closure#0} as core[a373ad73a504971]::ops::function::FnOnce<()>>::call_once
[INFO] [stdout]   14:     0x59043f9774cb - test[aada8e7e76ba119b]::__rust_begin_short_backtrace::<core[a373ad73a504971]::result::Result<(), alloc[2e1b2a31b91974c5]::string::String>, fn() -> core[a373ad73a504971]::result::Result<(), alloc[2e1b2a31b91974c5]::string::String>>
[INFO] [stdout]   15:     0x59043f9846a5 - test[aada8e7e76ba119b]::run_test::{closure#0}
[INFO] [stdout]   16:     0x59043f97df94 - std[617be2ca0a6fd877]::sys::backtrace::__rust_begin_short_backtrace::<test[aada8e7e76ba119b]::run_test::{closure#1}, ()>
[INFO] [stdout]   17:     0x59043f987732 - <std[617be2ca0a6fd877]::thread::lifecycle::spawn_unchecked<test[aada8e7e76ba119b]::run_test::{closure#1}, ()>::{closure#1} as core[a373ad73a504971]::ops::function::FnOnce<()>>::call_once::{shim:vtable#0}
[INFO] [stdout]   18:     0x59043f9f78bf - <std[617be2ca0a6fd877]::sys::thread::unix::Thread>::new::thread_start
[INFO] [stdout]   19:     0x76ba9827bdfa - <unknown>
[INFO] [stdout]   20:     0x76ba9830f3d4 - clone
[INFO] [stdout]   21:                0x0 - <unknown>
[INFO] [stdout] 
[INFO] [stdout] ---- protocol::tests::valid_segment_recipe_64mib_frame_parses_with_borrowed_payload stdout ----
[INFO] [stdout] 
[INFO] [stdout] thread 'protocol::tests::valid_segment_recipe_64mib_frame_parses_with_borrowed_payload' (458) panicked at src/protocol/tests.rs:18:58:
[INFO] [stdout] read /opt/rustwide/protocol/testdata/manifest.json: No such file or directory (os error 2)
[INFO] [stdout] stack backtrace:
[INFO] [stdout]    0:     0x59043f9f86d1 - <<std[617be2ca0a6fd877]::sys::backtrace::BacktraceLock>::print::DisplayBacktrace as core[a373ad73a504971]::fmt::Display>::fmt
[INFO] [stdout]    1:     0x59043fa0e9fa - core[a373ad73a504971]::fmt::write
[INFO] [stdout]    2:     0x59043f9fc90c - <alloc[2e1b2a31b91974c5]::vec::Vec<u8> as core[a373ad73a504971]::io::write::Write>::write_fmt
[INFO] [stdout]    3:     0x59043f9d4236 - std[617be2ca0a6fd877]::panicking::default_hook::{closure#0}
[INFO] [stdout]    4:     0x59043f9f06f9 - std[617be2ca0a6fd877]::panicking::default_hook
[INFO] [stdout]    5:     0x59043f984080 - test[aada8e7e76ba119b]::test_main_inner::{closure#0}
[INFO] [stdout]    6:     0x59043f9f08b2 - std[617be2ca0a6fd877]::panicking::panic_with_hook
[INFO] [stdout]    7:     0x59043f9d42e2 - std[617be2ca0a6fd877]::panicking::panic_handler::{closure#0}
[INFO] [stdout]    8:     0x59043f9cce69 - std[617be2ca0a6fd877]::sys::backtrace::__rust_end_short_backtrace::<std[617be2ca0a6fd877]::panicking::panic_handler::{closure#0}, !>
[INFO] [stdout]    9:     0x59043f9d4eed - __rustc[ea4f61d10b84890b]::rust_begin_unwind
[INFO] [stdout]   10:     0x59043fa0f12c - core[a373ad73a504971]::panicking::panic_fmt
[INFO] [stdout]   11:     0x59043f8ebd39 - rclweb[1bc5f55b34d8d11]::protocol::tests::read_json::{closure#0}
[INFO] [stdout]   12:     0x59043f8ec262 - rclweb[1bc5f55b34d8d11]::protocol::tests::read_json
[INFO] [stdout]   13:     0x59043f8f1b59 - <rclweb[1bc5f55b34d8d11]::protocol::tests::valid_segment_recipe_64mib_frame_parses_with_borrowed_payload::{closure#0} as core[a373ad73a504971]::ops::function::FnOnce<()>>::call_once
[INFO] [stdout]   14:     0x59043f9774cb - test[aada8e7e76ba119b]::__rust_begin_short_backtrace::<core[a373ad73a504971]::result::Result<(), alloc[2e1b2a31b91974c5]::string::String>, fn() -> core[a373ad73a504971]::result::Result<(), alloc[2e1b2a31b91974c5]::string::String>>
[INFO] [stdout]   15:     0x59043f9846a5 - test[aada8e7e76ba119b]::run_test::{closure#0}
[INFO] [stdout]   16:     0x59043f97df94 - std[617be2ca0a6fd877]::sys::backtrace::__rust_begin_short_backtrace::<test[aada8e7e76ba119b]::run_test::{closure#1}, ()>
[INFO] [stdout]   17:     0x59043f987732 - <std[617be2ca0a6fd877]::thread::lifecycle::spawn_unchecked<test[aada8e7e76ba119b]::run_test::{closure#1}, ()>::{closure#1} as core[a373ad73a504971]::ops::function::FnOnce<()>>::call_once::{shim:vtable#0}
[INFO] [stdout]   18:     0x59043f9f78bf - <std[617be2ca0a6fd877]::sys::thread::unix::Thread>::new::thread_start
[INFO] [stdout]   19:     0x76ba9827bdfa - <unknown>
[INFO] [stdout]   20:     0x76ba9830f3d4 - clone
[INFO] [stdout]   21:                0x0 - <unknown>
[INFO] [stdout] 
[INFO] [stdout] ---- protocol::tests::malformed_bootstrap_fixtures_match_expected_oracle stdout ----
[INFO] [stdout] 
[INFO] [stdout] thread 'protocol::tests::malformed_bootstrap_fixtures_match_expected_oracle' (452) panicked at src/protocol/tests.rs:18:58:
[INFO] [stdout] read /opt/rustwide/protocol/testdata/malformed/manifest.json: No such file or directory (os error 2)
[INFO] [stdout] stack backtrace:
[INFO] [stdout]    0:     0x59043f9f86d1 - <<std[617be2ca0a6fd877]::sys::backtrace::BacktraceLock>::print::DisplayBacktrace as core[a373ad73a504971]::fmt::Display>::fmt
[INFO] [stdout]    1:     0x59043fa0e9fa - core[a373ad73a504971]::fmt::write
[INFO] [stdout]    2:     0x59043f9fc90c - <alloc[2e1b2a31b91974c5]::vec::Vec<u8> as core[a373ad73a504971]::io::write::Write>::write_fmt
[INFO] [stdout]    3:     0x59043f9d4236 - std[617be2ca0a6fd877]::panicking::default_hook::{closure#0}
[INFO] [stdout]    4:     0x59043f9f06f9 - std[617be2ca0a6fd877]::panicking::default_hook
[INFO] [stdout]    5:     0x59043f984080 - test[aada8e7e76ba119b]::test_main_inner::{closure#0}
[INFO] [stdout]    6:     0x59043f9f08b2 - std[617be2ca0a6fd877]::panicking::panic_with_hook
[INFO] [stdout]    7:     0x59043f9d42e2 - std[617be2ca0a6fd877]::panicking::panic_handler::{closure#0}
[INFO] [stdout]    8:     0x59043f9cce69 - std[617be2ca0a6fd877]::sys::backtrace::__rust_end_short_backtrace::<std[617be2ca0a6fd877]::panicking::panic_handler::{closure#0}, !>
[INFO] [stdout]    9:     0x59043f9d4eed - __rustc[ea4f61d10b84890b]::rust_begin_unwind
[INFO] [stdout]   10:     0x59043fa0f12c - core[a373ad73a504971]::panicking::panic_fmt
[INFO] [stdout]   11:     0x59043f8ebd39 - rclweb[1bc5f55b34d8d11]::protocol::tests::read_json::{closure#0}
[INFO] [stdout]   12:     0x59043f8ec262 - rclweb[1bc5f55b34d8d11]::protocol::tests::read_json
[INFO] [stdout]   13:     0x59043f8f12f3 - <rclweb[1bc5f55b34d8d11]::protocol::tests::malformed_bootstrap_fixtures_match_expected_oracle::{closure#0} as core[a373ad73a504971]::ops::function::FnOnce<()>>::call_once
[INFO] [stdout]   14:     0x59043f9774cb - test[aada8e7e76ba119b]::__rust_begin_short_backtrace::<core[a373ad73a504971]::result::Result<(), alloc[2e1b2a31b91974c5]::string::String>, fn() -> core[a373ad73a504971]::result::Result<(), alloc[2e1b2a31b91974c5]::string::String>>
[INFO] [stdout]   15:     0x59043f9846a5 - test[aada8e7e76ba119b]::run_test::{closure#0}
[INFO] [stdout]   16:     0x59043f97df94 - std[617be2ca0a6fd877]::sys::backtrace::__rust_begin_short_backtrace::<test[aada8e7e76ba119b]::run_test::{closure#1}, ()>
[INFO] [stdout]   17:     0x59043f987732 - <std[617be2ca0a6fd877]::thread::lifecycle::spawn_unchecked<test[aada8e7e76ba119b]::run_test::{closure#1}, ()>::{closure#1} as core[a373ad73a504971]::ops::function::FnOnce<()>>::call_once::{shim:vtable#0}
[INFO] [stdout]   18:     0x59043f9f78bf - <std[617be2ca0a6fd877]::sys::thread::unix::Thread>::new::thread_start
[INFO] [stdout]   19:     0x76ba9827bdfa - <unknown>
[INFO] [stdout]   20:     0x76ba9830f3d4 - clone
[INFO] [stdout]   21:                0x0 - <unknown>
[INFO] [stdout] 
[INFO] [stdout] ---- protocol::tests::malformed_frame_fixtures_match_expected_oracle stdout ----
[INFO] [stdout] 
[INFO] [stdout] thread 'protocol::tests::malformed_frame_fixtures_match_expected_oracle' (453) panicked at src/protocol/tests.rs:18:58:
[INFO] [stdout] read /opt/rustwide/protocol/testdata/malformed/manifest.json: No such file or directory (os error 2)
[INFO] [stdout] stack backtrace:
[INFO] [stdout]    0:     0x59043f9f86d1 - <<std[617be2ca0a6fd877]::sys::backtrace::BacktraceLock>::print::DisplayBacktrace as core[a373ad73a504971]::fmt::Display>::fmt
[INFO] [stdout]    1:     0x59043fa0e9fa - core[a373ad73a504971]::fmt::write
[INFO] [stdout]    2:     0x59043f9fc90c - <alloc[2e1b2a31b91974c5]::vec::Vec<u8> as core[a373ad73a504971]::io::write::Write>::write_fmt
[INFO] [stdout]    3:     0x59043f9d4236 - std[617be2ca0a6fd877]::panicking::default_hook::{closure#0}
[INFO] [stdout]    4:     0x59043f9f06f9 - std[617be2ca0a6fd877]::panicking::default_hook
[INFO] [stdout]    5:     0x59043f984080 - test[aada8e7e76ba119b]::test_main_inner::{closure#0}
[INFO] [stdout]    6:     0x59043f9f08b2 - std[617be2ca0a6fd877]::panicking::panic_with_hook
[INFO] [stdout]    7:     0x59043f9d42e2 - std[617be2ca0a6fd877]::panicking::panic_handler::{closure#0}
[INFO] [stdout]    8:     0x59043f9cce69 - std[617be2ca0a6fd877]::sys::backtrace::__rust_end_short_backtrace::<std[617be2ca0a6fd877]::panicking::panic_handler::{closure#0}, !>
[INFO] [stdout]    9:     0x59043f9d4eed - __rustc[ea4f61d10b84890b]::rust_begin_unwind
[INFO] [stdout]   10:     0x59043fa0f12c - core[a373ad73a504971]::panicking::panic_fmt
[INFO] [stdout]   11:     0x59043f8ebd39 - rclweb[1bc5f55b34d8d11]::protocol::tests::read_json::{closure#0}
[INFO] [stdout]   12:     0x59043f8ec262 - rclweb[1bc5f55b34d8d11]::protocol::tests::read_json
[INFO] [stdout]   13:     0x59043f8efd00 - <rclweb[1bc5f55b34d8d11]::protocol::tests::malformed_frame_fixtures_match_expected_oracle::{closure#0} as core[a373ad73a504971]::ops::function::FnOnce<()>>::call_once
[INFO] [stdout]   14:     0x59043f9774cb - test[aada8e7e76ba119b]::__rust_begin_short_backtrace::<core[a373ad73a504971]::result::Result<(), alloc[2e1b2a31b91974c5]::string::String>, fn() -> core[a373ad73a504971]::result::Result<(), alloc[2e1b2a31b91974c5]::string::String>>
[INFO] [stdout]   15:     0x59043f9846a5 - test[aada8e7e76ba119b]::run_test::{closure#0}
[INFO] [stdout]   16:     0x59043f97df94 - std[617be2ca0a6fd877]::sys::backtrace::__rust_begin_short_backtrace::<test[aada8e7e76ba119b]::run_test::{closure#1}, ()>
[INFO] [stdout]   17:     0x59043f987732 - <std[617be2ca0a6fd877]::thread::lifecycle::spawn_unchecked<test[aada8e7e76ba119b]::run_test::{closure#1}, ()>::{closure#1} as core[a373ad73a504971]::ops::function::FnOnce<()>>::call_once::{shim:vtable#0}
[INFO] [stdout]   18:     0x59043f9f78bf - <std[617be2ca0a6fd877]::sys::thread::unix::Thread>::new::thread_start
[INFO] [stdout]   19:     0x76ba9827bdfa - <unknown>
[INFO] [stdout]   20:     0x76ba9830f3d4 - clone
[INFO] [stdout]   21:                0x0 - <unknown>
[INFO] [stdout] 
[INFO] [stdout] ---- protocol::tests::valid_bootstrap_fixtures_parse_key_fields stdout ----
[INFO] [stdout] 
[INFO] [stdout] thread 'protocol::tests::valid_bootstrap_fixtures_parse_key_fields' (456) panicked at src/protocol/tests.rs:18:58:
[INFO] [stdout] read /opt/rustwide/protocol/testdata/manifest.json: No such file or directory (os error 2)
[INFO] [stdout] stack backtrace:
[INFO] [stdout]    0:     0x59043f9f86d1 - <<std[617be2ca0a6fd877]::sys::backtrace::BacktraceLock>::print::DisplayBacktrace as core[a373ad73a504971]::fmt::Display>::fmt
[INFO] [stdout]    1:     0x59043fa0e9fa - core[a373ad73a504971]::fmt::write
[INFO] [stdout]    2:     0x59043f9fc90c - <alloc[2e1b2a31b91974c5]::vec::Vec<u8> as core[a373ad73a504971]::io::write::Write>::write_fmt
[INFO] [stdout]    3:     0x59043f9d4236 - std[617be2ca0a6fd877]::panicking::default_hook::{closure#0}
[INFO] [stdout]    4:     0x59043f9f06f9 - std[617be2ca0a6fd877]::panicking::default_hook
[INFO] [stdout]    5:     0x59043f984080 - test[aada8e7e76ba119b]::test_main_inner::{closure#0}
[INFO] [stdout]    6:     0x59043f9f08b2 - std[617be2ca0a6fd877]::panicking::panic_with_hook
[INFO] [stdout]    7:     0x59043f9d42e2 - std[617be2ca0a6fd877]::panicking::panic_handler::{closure#0}
[INFO] [stdout]    8:     0x59043f9cce69 - std[617be2ca0a6fd877]::sys::backtrace::__rust_end_short_backtrace::<std[617be2ca0a6fd877]::panicking::panic_handler::{closure#0}, !>
[INFO] [stdout]    9:     0x59043f9d4eed - __rustc[ea4f61d10b84890b]::rust_begin_unwind
[INFO] [stdout]   10:     0x59043fa0f12c - core[a373ad73a504971]::panicking::panic_fmt
[INFO] [stdout]   11:     0x59043f8ebd39 - rclweb[1bc5f55b34d8d11]::protocol::tests::read_json::{closure#0}
[INFO] [stdout]   12:     0x59043f8ec262 - rclweb[1bc5f55b34d8d11]::protocol::tests::read_json
[INFO] [stdout]   13:     0x59043f8eeb01 - <rclweb[1bc5f55b34d8d11]::protocol::tests::valid_bootstrap_fixtures_parse_key_fields::{closure#0} as core[a373ad73a504971]::ops::function::FnOnce<()>>::call_once
[INFO] [stdout]   14:     0x59043f9774cb - test[aada8e7e76ba119b]::__rust_begin_short_backtrace::<core[a373ad73a504971]::result::Result<(), alloc[2e1b2a31b91974c5]::string::String>, fn() -> core[a373ad73a504971]::result::Result<(), alloc[2e1b2a31b91974c5]::string::String>>
[INFO] [stdout]   15:     0x59043f9846a5 - test[aada8e7e76ba119b]::run_test::{closure#0}
[INFO] [stdout]   16:     0x59043f97df94 - std[617be2ca0a6fd877]::sys::backtrace::__rust_begin_short_backtrace::<test[aada8e7e76ba119b]::run_test::{closure#1}, ()>
[INFO] [stdout]   17:     0x59043f987732 - <std[617be2ca0a6fd877]::thread::lifecycle::spawn_unchecked<test[aada8e7e76ba119b]::run_test::{closure#1}, ()>::{closure#1} as core[a373ad73a504971]::ops::function::FnOnce<()>>::call_once::{shim:vtable#0}
[INFO] [stdout]   18:     0x59043f9f78bf - <std[617be2ca0a6fd877]::sys::thread::unix::Thread>::new::thread_start
[INFO] [stdout]   19:     0x76ba9827bdfa - <unknown>
[INFO] [stdout]   20:     0x76ba9830f3d4 - clone
[INFO] [stdout]   21:                0x0 - <unknown>
[INFO] [stdout] 
[INFO] [stdout] ---- protocol::tests::corpus_totals_22_valid_and_55_malformed stdout ----
[INFO] [stdout] 
[INFO] [stdout] thread 'protocol::tests::corpus_totals_22_valid_and_55_malformed' (451) panicked at src/protocol/tests.rs:18:58:
[INFO] [stdout] read /opt/rustwide/protocol/testdata/manifest.json: No such file or directory (os error 2)
[INFO] [stdout] stack backtrace:
[INFO] [stdout]    0:     0x59043f9f86d1 - <<std[617be2ca0a6fd877]::sys::backtrace::BacktraceLock>::print::DisplayBacktrace as core[a373ad73a504971]::fmt::Display>::fmt
[INFO] [stdout]    1:     0x59043fa0e9fa - core[a373ad73a504971]::fmt::write
[INFO] [stdout]    2:     0x59043f9fc90c - <alloc[2e1b2a31b91974c5]::vec::Vec<u8> as core[a373ad73a504971]::io::write::Write>::write_fmt
[INFO] [stdout]    3:     0x59043f9d4236 - std[617be2ca0a6fd877]::panicking::default_hook::{closure#0}
[INFO] [stdout]    4:     0x59043f9f06f9 - std[617be2ca0a6fd877]::panicking::default_hook
[INFO] [stdout]    5:     0x59043f984080 - test[aada8e7e76ba119b]::test_main_inner::{closure#0}
[INFO] [stdout]    6:     0x59043f9f08b2 - std[617be2ca0a6fd877]::panicking::panic_with_hook
[INFO] [stdout]    7:     0x59043f9d42e2 - std[617be2ca0a6fd877]::panicking::panic_handler::{closure#0}
[INFO] [stdout]    8:     0x59043f9cce69 - std[617be2ca0a6fd877]::sys::backtrace::__rust_end_short_backtrace::<std[617be2ca0a6fd877]::panicking::panic_handler::{closure#0}, !>
[INFO] [stdout]    9:     0x59043f9d4eed - __rustc[ea4f61d10b84890b]::rust_begin_unwind
[INFO] [stdout]   10:     0x59043fa0f12c - core[a373ad73a504971]::panicking::panic_fmt
[INFO] [stdout]   11:     0x59043f8ebd39 - rclweb[1bc5f55b34d8d11]::protocol::tests::read_json::{closure#0}
[INFO] [stdout]   12:     0x59043f8ec262 - rclweb[1bc5f55b34d8d11]::protocol::tests::read_json
[INFO] [stdout]   13:     0x59043f8ee35d - <rclweb[1bc5f55b34d8d11]::protocol::tests::corpus_totals_22_valid_and_55_malformed::{closure#0} as core[a373ad73a504971]::ops::function::FnOnce<()>>::call_once
[INFO] [stdout]   14:     0x59043f9774cb - test[aada8e7e76ba119b]::__rust_begin_short_backtrace::<core[a373ad73a504971]::result::Result<(), alloc[2e1b2a31b91974c5]::string::String>, fn() -> core[a373ad73a504971]::result::Result<(), alloc[2e1b2a31b91974c5]::string::String>>
[INFO] [stdout]   15:     0x59043f9846a5 - test[aada8e7e76ba119b]::run_test::{closure#0}
[INFO] [stdout]   16:     0x59043f97df94 - std[617be2ca0a6fd877]::sys::backtrace::__rust_begin_short_backtrace::<test[aada8e7e76ba119b]::run_test::{closure#1}, ()>
[INFO] [stdout]   17:     0x59043f987732 - <std[617be2ca0a6fd877]::thread::lifecycle::spawn_unchecked<test[aada8e7e76ba119b]::run_test::{closure#1}, ()>::{closure#1} as core[a373ad73a504971]::ops::function::FnOnce<()>>::call_once::{shim:vtable#0}
[INFO] [stdout]   18:     0x59043f9f78bf - <std[617be2ca0a6fd877]::sys::thread::unix::Thread>::new::thread_start
[INFO] [stdout]   19:     0x76ba9827bdfa - <unknown>
[INFO] [stdout]   20:     0x76ba9830f3d4 - clone
[INFO] [stdout]   21:                0x0 - <unknown>
[INFO] [stdout] 
[INFO] [stdout] 
[INFO] [stdout] failures:
[INFO] [stdout]     protocol::encode_tests::valid_bootstrap_fixtures_reencode_byte_identical
[INFO] [stdout]     protocol::encode_tests::valid_frame_fixtures_reencode_byte_identical
[INFO] [stdout]     protocol::tests::corpus_totals_22_valid_and_55_malformed
[INFO] [stdout]     protocol::tests::malformed_bootstrap_fixtures_match_expected_oracle
[INFO] [stdout]     protocol::tests::malformed_frame_fixtures_match_expected_oracle
[INFO] [stdout]     protocol::tests::valid_bootstrap_fixtures_parse_key_fields
[INFO] [stdout]     protocol::tests::valid_frame_fixtures_parse_key_fields
[INFO] [stdout]     protocol::tests::valid_segment_recipe_64mib_frame_parses_with_borrowed_payload
[INFO] [stdout] 
[INFO] [stdout] test result: FAILED. 129 passed; 8 failed; 0 ignored; 0 measured; 0 filtered out; finished in 0.04s
[INFO] [stdout] 
[INFO] [stderr] error: test failed, to rerun pass `--lib`
[INFO] running `Command { std: "docker" "inspect" "90a06f3304c0701ca6de00a1d5f54327cc53c7100b122fe475622c2350ba3a2c", kill_on_drop: false }`
[INFO] running `Command { std: "docker" "rm" "-f" "90a06f3304c0701ca6de00a1d5f54327cc53c7100b122fe475622c2350ba3a2c", kill_on_drop: false }`
[INFO] [stdout] 90a06f3304c0701ca6de00a1d5f54327cc53c7100b122fe475622c2350ba3a2c
