[INFO] fetching crate rclip-url-file 0.1.0...
[INFO] testing rclip-url-file-0.1.0 against 1.100.0-beta.1+cargoflags=--release for beta-release-1.100-2
[INFO] extracting crate rclip-url-file 0.1.0 into /workspace/builds/worker-0-tc2/source
[INFO] started tweaking crates.io crate rclip-url-file 0.1.0
[INFO] removed 0 missing tests
[INFO] finished tweaking crates.io crate rclip-url-file 0.1.0
[INFO] tweaked toml for crates.io crate rclip-url-file 0.1.0 written to /workspace/builds/worker-0-tc2/source/Cargo.toml
[INFO] validating manifest of crates.io crate rclip-url-file 0.1.0 on toolchain 1.100.0-beta.1
[INFO] running `Command { std: CARGO_HOME="/workspace/cargo-home" RUSTUP_HOME="/workspace/rustup-home" "/workspace/cargo-home/bin/cargo" "+1.100.0-beta.1" "metadata" "--manifest-path" "Cargo.toml" "--no-deps", kill_on_drop: false }`
[INFO] crate crates.io crate rclip-url-file 0.1.0 already has a lockfile, it will not be regenerated
[INFO] running `Command { std: CARGO_HOME="/workspace/cargo-home" RUSTUP_HOME="/workspace/rustup-home" "/workspace/cargo-home/bin/cargo" "+1.100.0-beta.1" "fetch" "--manifest-path" "Cargo.toml", kill_on_drop: false }`
[INFO] [stderr]     Blocking waiting for file lock on package cache
[INFO] running `Command { std: "docker" "create" "-v" "/var/lib/crater-agent-workspace/builds/worker-0-tc2/source:/opt/rustwide/workdir:ro,Z" "-v" "/var/lib/crater-agent-workspace/builds/worker-0-tc2/target:/opt/rustwide/target:rw,Z" "-v" "/var/lib/crater-agent-workspace/cargo-home:/opt/rustwide/cargo-home:ro,Z" "-v" "/var/lib/crater-agent-workspace/rustup-home:/opt/rustwide/rustup-home:ro,Z" "-m" "1610612736" "--network" "none" "ghcr.io/rust-lang/crates-build-env/linux@sha256:77db811e55d90add9212f6832c23229e3de5f1c1f9905e8cb07319ea15df73ac" "sleep" "infinity", kill_on_drop: false }`
[INFO] [stdout] 74ff11f9be61d4d788580bba9110326505bb0962d620e4b76fa4848f406abaad
[INFO] running `Command { std: "docker" "start" "74ff11f9be61d4d788580bba9110326505bb0962d620e4b76fa4848f406abaad", kill_on_drop: false }`
[INFO] running `Command { std: "docker" "inspect" "74ff11f9be61d4d788580bba9110326505bb0962d620e4b76fa4848f406abaad", kill_on_drop: false }`
[INFO] running `Command { std: "docker" "exec" "-e" "SOURCE_DIR=/opt/rustwide/workdir" "-e" "CARGO_HOME=/opt/rustwide/cargo-home" "-e" "RUSTUP_HOME=/opt/rustwide/rustup-home" "-e" "CARGO_TARGET_DIR=/opt/rustwide/target" "-w" "/opt/rustwide/workdir" "--user" "0:0" "74ff11f9be61d4d788580bba9110326505bb0962d620e4b76fa4848f406abaad" "/opt/rustwide/cargo-home/bin/cargo" "+1.100.0-beta.1" "metadata" "--no-deps" "--format-version=1", kill_on_drop: false }`
[INFO] running `Command { std: "docker" "inspect" "74ff11f9be61d4d788580bba9110326505bb0962d620e4b76fa4848f406abaad", kill_on_drop: false }`
[INFO] running `Command { std: "docker" "exec" "-e" "SOURCE_DIR=/opt/rustwide/workdir" "-e" "CARGO_HOME=/opt/rustwide/cargo-home" "-e" "RUSTUP_HOME=/opt/rustwide/rustup-home" "-e" "CARGO_TARGET_DIR=/opt/rustwide/target" "-e" "CARGO_INCREMENTAL=0" "-e" "RUST_BACKTRACE=full" "-e" "RUSTFLAGS=--cap-lints=warn" "-e" "RUSTDOCFLAGS=--cap-lints=warn" "-w" "/opt/rustwide/workdir" "--user" "0:0" "74ff11f9be61d4d788580bba9110326505bb0962d620e4b76fa4848f406abaad" "/opt/rustwide/cargo-home/bin/cargo" "+1.100.0-beta.1" "build" "--frozen" "--message-format=json" "--release", kill_on_drop: false }`
[INFO] [stderr]    Compiling rclip-core v0.1.0
[INFO] [stderr]    Compiling rclip-url-file v0.1.0 (/opt/rustwide/workdir)
[INFO] [stderr]     Finished `release` profile [optimized] target(s) in 1.17s
[INFO] running `Command { std: "docker" "inspect" "74ff11f9be61d4d788580bba9110326505bb0962d620e4b76fa4848f406abaad", kill_on_drop: false }`
[INFO] running `Command { std: "docker" "exec" "-e" "SOURCE_DIR=/opt/rustwide/workdir" "-e" "CARGO_HOME=/opt/rustwide/cargo-home" "-e" "RUSTUP_HOME=/opt/rustwide/rustup-home" "-e" "CARGO_TARGET_DIR=/opt/rustwide/target" "-e" "CARGO_INCREMENTAL=0" "-e" "RUST_BACKTRACE=full" "-e" "RUSTFLAGS=--cap-lints=warn" "-e" "RUSTDOCFLAGS=--cap-lints=warn" "-w" "/opt/rustwide/workdir" "--user" "0:0" "74ff11f9be61d4d788580bba9110326505bb0962d620e4b76fa4848f406abaad" "/opt/rustwide/cargo-home/bin/cargo" "+1.100.0-beta.1" "test" "--frozen" "--no-run" "--message-format=json" "--release", kill_on_drop: false }`
[INFO] [stderr]    Compiling rclip-url-file v0.1.0 (/opt/rustwide/workdir)
[INFO] [stderr]     Finished `release` profile [optimized] target(s) in 1.10s
[INFO] running `Command { std: "docker" "inspect" "74ff11f9be61d4d788580bba9110326505bb0962d620e4b76fa4848f406abaad", kill_on_drop: false }`
[INFO] running `Command { std: "docker" "exec" "-e" "SOURCE_DIR=/opt/rustwide/workdir" "-e" "CARGO_HOME=/opt/rustwide/cargo-home" "-e" "RUSTUP_HOME=/opt/rustwide/rustup-home" "-e" "CARGO_TARGET_DIR=/opt/rustwide/target" "-e" "CARGO_INCREMENTAL=0" "-e" "RUST_BACKTRACE=full" "-e" "RUSTFLAGS=--cap-lints=warn" "-e" "RUSTDOCFLAGS=--cap-lints=warn" "-w" "/opt/rustwide/workdir" "--user" "0:0" "74ff11f9be61d4d788580bba9110326505bb0962d620e4b76fa4848f406abaad" "/opt/rustwide/cargo-home/bin/cargo" "+1.100.0-beta.1" "test" "--frozen" "--release", kill_on_drop: false }`
[INFO] [stderr]     Finished `release` profile [optimized] target(s) in 0.02s
[INFO] [stderr]      Running unittests src/lib.rs (/opt/rustwide/target/release/build/rclip-url-file/25f76f27f4d4fbeb/out/rclip_url_file-25f76f27f4d4fbeb)
[INFO] [stdout] 
[INFO] [stderr]      Running tests/url_file.rs (/opt/rustwide/target/release/build/rclip-url-file/fc7dd94e67a6be03/out/url_file-fc7dd94e67a6be03)
[INFO] [stdout] running 0 tests
[INFO] [stdout] 
[INFO] [stdout] test result: ok. 0 passed; 0 failed; 0 ignored; 0 measured; 0 filtered out; finished in 0.00s
[INFO] [stdout] 
[INFO] [stdout] 
[INFO] [stdout] running 19 tests
[INFO] [stdout] test a_drive_letter_is_a_path_not_a_one_letter_url_scheme ... ok
[INFO] [stdout] test a_byte_order_mark_does_not_hide_the_first_section ... FAILED
[INFO] [stdout] test a_key_before_the_first_section_is_rejected ... FAILED
[INFO] [stdout] test an_absent_optional_key_is_none_and_not_an_error ... FAILED
[INFO] [stdout] test an_ansi_file_is_refused_whole_not_field_by_field ... FAILED
[INFO] [stdout] test minimal_file_with_lf_terminators_parses ... FAILED
[INFO] [stdout] test an_unterminated_section_header_is_rejected ... FAILED
[INFO] [stdout] test modified_is_a_little_endian_filetime_plus_a_trailing_byte ... FAILED
[INFO] [stdout] test non_utf8_is_reported_with_the_offset_of_the_bad_byte ... ok
[INFO] [stdout] test ansi_and_wide_sections_are_returned_verbatim ... FAILED
[INFO] [stdout] test offsets_are_relative_to_the_original_buffer_not_past_the_bom ... FAILED
[INFO] [stdout] test section_and_key_names_are_case_insensitive ... FAILED
[INFO] [stdout] test reads_every_documented_key ... FAILED
[INFO] [stdout] test the_modified_key_proves_the_encoding ... ok
[INFO] [stdout] test semicolon_starts_a_comment_and_hash_does_not ... FAILED
[INFO] [stdout] test every_fixture_matches_its_sidecar ... FAILED
[INFO] [stdout] test hotkey_splits_into_virtual_key_and_modifiers ... FAILED
[INFO] [stdout] test a_malformed_modified_value_reports_which_way_it_is_wrong ... ok
[INFO] [stdout] test a_file_without_a_url_is_malformed_only_when_the_url_is_demanded ... FAILED
[INFO] [stdout] 
[INFO] [stdout] failures:
[INFO] [stdout] 
[INFO] [stdout] ---- a_byte_order_mark_does_not_hide_the_first_section stdout ----
[INFO] [stdout] 
[INFO] [stdout] thread 'a_byte_order_mark_does_not_hide_the_first_section' (168) panicked at tests/url_file.rs:15:41:
[INFO] [stdout] fixture: Os { code: 2, kind: NotFound, message: "No such file or directory" }
[INFO] [stdout] stack backtrace:
[INFO] [stdout]    0:     0x61c9ef38df31 - <<std[617be2ca0a6fd877]::sys::backtrace::BacktraceLock>::print::DisplayBacktrace as core[a373ad73a504971]::fmt::Display>::fmt
[INFO] [stdout]    1:     0x61c9ef3a226a - core[a373ad73a504971]::fmt::write
[INFO] [stdout]    2:     0x61c9ef39241c - <alloc[2e1b2a31b91974c5]::vec::Vec<u8> as core[a373ad73a504971]::io::write::Write>::write_fmt
[INFO] [stdout]    3:     0x61c9ef369546 - std[617be2ca0a6fd877]::panicking::default_hook::{closure#0}
[INFO] [stdout]    4:     0x61c9ef385d49 - std[617be2ca0a6fd877]::panicking::default_hook
[INFO] [stdout]    5:     0x61c9ef31f5d0 - test[aada8e7e76ba119b]::test_main_inner::{closure#0}
[INFO] [stdout]    6:     0x61c9ef385f02 - std[617be2ca0a6fd877]::panicking::panic_with_hook
[INFO] [stdout]    7:     0x61c9ef3695f2 - std[617be2ca0a6fd877]::panicking::panic_handler::{closure#0}
[INFO] [stdout]    8:     0x61c9ef3620d9 - std[617be2ca0a6fd877]::sys::backtrace::__rust_end_short_backtrace::<std[617be2ca0a6fd877]::panicking::panic_handler::{closure#0}, !>
[INFO] [stdout]    9:     0x61c9ef36a1fd - __rustc[ea4f61d10b84890b]::rust_begin_unwind
[INFO] [stdout]   10:     0x61c9ef3a299c - core[a373ad73a504971]::panicking::panic_fmt
[INFO] [stdout]   11:     0x61c9ef3a2772 - core[a373ad73a504971]::result::unwrap_failed
[INFO] [stdout]   12:     0x61c9ef30ec55 - url_file[6db4da26a03542ea]::fixture
[INFO] [stdout]   13:     0x61c9ef311b50 - <url_file[6db4da26a03542ea]::a_byte_order_mark_does_not_hide_the_first_section::{closure#0} as core[a373ad73a504971]::ops::function::FnOnce<()>>::call_once
[INFO] [stdout]   14:     0x61c9ef312a1b - test[aada8e7e76ba119b]::__rust_begin_short_backtrace::<core[a373ad73a504971]::result::Result<(), alloc[2e1b2a31b91974c5]::string::String>, fn() -> core[a373ad73a504971]::result::Result<(), alloc[2e1b2a31b91974c5]::string::String>>
[INFO] [stdout]   15:     0x61c9ef31fbf5 - test[aada8e7e76ba119b]::run_test::{closure#0}
[INFO] [stdout]   16:     0x61c9ef3194e4 - std[617be2ca0a6fd877]::sys::backtrace::__rust_begin_short_backtrace::<test[aada8e7e76ba119b]::run_test::{closure#1}, ()>
[INFO] [stdout]   17:     0x61c9ef322c82 - <std[617be2ca0a6fd877]::thread::lifecycle::spawn_unchecked<test[aada8e7e76ba119b]::run_test::{closure#1}, ()>::{closure#1} as core[a373ad73a504971]::ops::function::FnOnce<()>>::call_once::{shim:vtable#0}
[INFO] [stdout]   18:     0x61c9ef38d11f - <std[617be2ca0a6fd877]::sys::thread::unix::Thread>::new::thread_start
[INFO] [stdout]   19:     0x74697484fdfa - <unknown>
[INFO] [stdout]   20:     0x7469748e33d4 - clone
[INFO] [stdout]   21:                0x0 - <unknown>
[INFO] [stdout] 
[INFO] [stdout] ---- a_key_before_the_first_section_is_rejected stdout ----
[INFO] [stdout] 
[INFO] [stdout] thread 'a_key_before_the_first_section_is_rejected' (171) panicked at tests/url_file.rs:15:41:
[INFO] [stdout] fixture: Os { code: 2, kind: NotFound, message: "No such file or directory" }
[INFO] [stdout] stack backtrace:
[INFO] [stdout]    0:     0x61c9ef38df31 - <<std[617be2ca0a6fd877]::sys::backtrace::BacktraceLock>::print::DisplayBacktrace as core[a373ad73a504971]::fmt::Display>::fmt
[INFO] [stdout]    1:     0x61c9ef3a226a - core[a373ad73a504971]::fmt::write
[INFO] [stdout]    2:     0x61c9ef39241c - <alloc[2e1b2a31b91974c5]::vec::Vec<u8> as core[a373ad73a504971]::io::write::Write>::write_fmt
[INFO] [stdout]    3:     0x61c9ef369546 - std[617be2ca0a6fd877]::panicking::default_hook::{closure#0}
[INFO] [stdout]    4:     0x61c9ef385d49 - std[617be2ca0a6fd877]::panicking::default_hook
[INFO] [stdout]    5:     0x61c9ef31f5d0 - test[aada8e7e76ba119b]::test_main_inner::{closure#0}
[INFO] [stdout]    6:     0x61c9ef385f02 - std[617be2ca0a6fd877]::panicking::panic_with_hook
[INFO] [stdout]    7:     0x61c9ef3695f2 - std[617be2ca0a6fd877]::panicking::panic_handler::{closure#0}
[INFO] [stdout]    8:     0x61c9ef3620d9 - std[617be2ca0a6fd877]::sys::backtrace::__rust_end_short_backtrace::<std[617be2ca0a6fd877]::panicking::panic_handler::{closure#0}, !>
[INFO] [stdout]    9:     0x61c9ef36a1fd - __rustc[ea4f61d10b84890b]::rust_begin_unwind
[INFO] [stdout]   10:     0x61c9ef3a299c - core[a373ad73a504971]::panicking::panic_fmt
[INFO] [stdout]   11:     0x61c9ef3a2772 - core[a373ad73a504971]::result::unwrap_failed
[INFO] [stdout]   12:     0x61c9ef30ec55 - url_file[6db4da26a03542ea]::fixture
[INFO] [stdout]   13:     0x61c9ef310860 - <url_file[6db4da26a03542ea]::a_key_before_the_first_section_is_rejected::{closure#0} as core[a373ad73a504971]::ops::function::FnOnce<()>>::call_once
[INFO] [stdout]   14:     0x61c9ef312a1b - test[aada8e7e76ba119b]::__rust_begin_short_backtrace::<core[a373ad73a504971]::result::Result<(), alloc[2e1b2a31b91974c5]::string::String>, fn() -> core[a373ad73a504971]::result::Result<(), alloc[2e1b2a31b91974c5]::string::String>>
[INFO] [stdout]   15:     0x61c9ef31fbf5 - test[aada8e7e76ba119b]::run_test::{closure#0}
[INFO] [stdout]   16:     0x61c9ef3194e4 - std[617be2ca0a6fd877]::sys::backtrace::__rust_begin_short_backtrace::<test[aada8e7e76ba119b]::run_test::{closure#1}, ()>
[INFO] [stdout]   17:     0x61c9ef322c82 - <std[617be2ca0a6fd877]::thread::lifecycle::spawn_unchecked<test[aada8e7e76ba119b]::run_test::{closure#1}, ()>::{closure#1} as core[a373ad73a504971]::ops::function::FnOnce<()>>::call_once::{shim:vtable#0}
[INFO] [stdout]   18:     0x61c9ef38d11f - <std[617be2ca0a6fd877]::sys::thread::unix::Thread>::new::thread_start
[INFO] [stdout]   19:     0x74697484fdfa - <unknown>
[INFO] [stdout]   20:     0x7469748e33d4 - clone
[INFO] [stdout]   21:                0x0 - <unknown>
[INFO] [stdout] 
[INFO] [stdout] ---- an_absent_optional_key_is_none_and_not_an_error stdout ----
[INFO] [stdout] 
[INFO] [stdout] thread 'an_absent_optional_key_is_none_and_not_an_error' (173) panicked at tests/url_file.rs:15:41:
[INFO] [stdout] fixture: Os { code: 2, kind: NotFound, message: "No such file or directory" }
[INFO] [stdout] stack backtrace:
[INFO] [stdout]    0:     0x61c9ef38df31 - <<std[617be2ca0a6fd877]::sys::backtrace::BacktraceLock>::print::DisplayBacktrace as core[a373ad73a504971]::fmt::Display>::fmt
[INFO] [stdout]    1:     0x61c9ef3a226a - core[a373ad73a504971]::fmt::write
[INFO] [stdout]    2:     0x61c9ef39241c - <alloc[2e1b2a31b91974c5]::vec::Vec<u8> as core[a373ad73a504971]::io::write::Write>::write_fmt
[INFO] [stdout]    3:     0x61c9ef369546 - std[617be2ca0a6fd877]::panicking::default_hook::{closure#0}
[INFO] [stdout]    4:     0x61c9ef385d49 - std[617be2ca0a6fd877]::panicking::default_hook
[INFO] [stdout]    5:     0x61c9ef31f5d0 - test[aada8e7e76ba119b]::test_main_inner::{closure#0}
[INFO] [stdout]    6:     0x61c9ef385f02 - std[617be2ca0a6fd877]::panicking::panic_with_hook
[INFO] [stdout]    7:     0x61c9ef3695f2 - std[617be2ca0a6fd877]::panicking::panic_handler::{closure#0}
[INFO] [stdout]    8:     0x61c9ef3620d9 - std[617be2ca0a6fd877]::sys::backtrace::__rust_end_short_backtrace::<std[617be2ca0a6fd877]::panicking::panic_handler::{closure#0}, !>
[INFO] [stdout]    9:     0x61c9ef36a1fd - __rustc[ea4f61d10b84890b]::rust_begin_unwind
[INFO] [stdout]   10:     0x61c9ef3a299c - core[a373ad73a504971]::panicking::panic_fmt
[INFO] [stdout]   11:     0x61c9ef3a2772 - core[a373ad73a504971]::result::unwrap_failed
[INFO] [stdout]   12:     0x61c9ef30ec55 - url_file[6db4da26a03542ea]::fixture
[INFO] [stdout]   13:     0x61c9ef311880 - <url_file[6db4da26a03542ea]::an_absent_optional_key_is_none_and_not_an_error::{closure#0} as core[a373ad73a504971]::ops::function::FnOnce<()>>::call_once
[INFO] [stdout]   14:     0x61c9ef312a1b - test[aada8e7e76ba119b]::__rust_begin_short_backtrace::<core[a373ad73a504971]::result::Result<(), alloc[2e1b2a31b91974c5]::string::String>, fn() -> core[a373ad73a504971]::result::Result<(), alloc[2e1b2a31b91974c5]::string::String>>
[INFO] [stdout]   15:     0x61c9ef31fbf5 - test[aada8e7e76ba119b]::run_test::{closure#0}
[INFO] [stdout]   16:     0x61c9ef3194e4 - std[617be2ca0a6fd877]::sys::backtrace::__rust_begin_short_backtrace::<test[aada8e7e76ba119b]::run_test::{closure#1}, ()>
[INFO] [stdout]   17:     0x61c9ef322c82 - <std[617be2ca0a6fd877]::thread::lifecycle::spawn_unchecked<test[aada8e7e76ba119b]::run_test::{closure#1}, ()>::{closure#1} as core[a373ad73a504971]::ops::function::FnOnce<()>>::call_once::{shim:vtable#0}
[INFO] [stdout]   18:     0x61c9ef38d11f - <std[617be2ca0a6fd877]::sys::thread::unix::Thread>::new::thread_start
[INFO] [stdout]   19:     0x74697484fdfa - <unknown>
[INFO] [stdout]   20:     0x7469748e33d4 - clone
[INFO] [stdout]   21:                0x0 - <unknown>
[INFO] [stdout] 
[INFO] [stdout] ---- an_ansi_file_is_refused_whole_not_field_by_field stdout ----
[INFO] [stdout] 
[INFO] [stdout] thread 'an_ansi_file_is_refused_whole_not_field_by_field' (174) panicked at tests/url_file.rs:15:41:
[INFO] [stdout] fixture: Os { code: 2, kind: NotFound, message: "No such file or directory" }
[INFO] [stdout] stack backtrace:
[INFO] [stdout]    0:     0x61c9ef38df31 - <<std[617be2ca0a6fd877]::sys::backtrace::BacktraceLock>::print::DisplayBacktrace as core[a373ad73a504971]::fmt::Display>::fmt
[INFO] [stdout]    1:     0x61c9ef3a226a - core[a373ad73a504971]::fmt::write
[INFO] [stdout]    2:     0x61c9ef39241c - <alloc[2e1b2a31b91974c5]::vec::Vec<u8> as core[a373ad73a504971]::io::write::Write>::write_fmt
[INFO] [stdout]    3:     0x61c9ef369546 - std[617be2ca0a6fd877]::panicking::default_hook::{closure#0}
[INFO] [stdout]    4:     0x61c9ef385d49 - std[617be2ca0a6fd877]::panicking::default_hook
[INFO] [stdout]    5:     0x61c9ef31f5d0 - test[aada8e7e76ba119b]::test_main_inner::{closure#0}
[INFO] [stdout]    6:     0x61c9ef385f02 - std[617be2ca0a6fd877]::panicking::panic_with_hook
[INFO] [stdout]    7:     0x61c9ef3695f2 - std[617be2ca0a6fd877]::panicking::panic_handler::{closure#0}
[INFO] [stdout]    8:     0x61c9ef3620d9 - std[617be2ca0a6fd877]::sys::backtrace::__rust_end_short_backtrace::<std[617be2ca0a6fd877]::panicking::panic_handler::{closure#0}, !>
[INFO] [stdout]    9:     0x61c9ef36a1fd - __rustc[ea4f61d10b84890b]::rust_begin_unwind
[INFO] [stdout]   10:     0x61c9ef3a299c - core[a373ad73a504971]::panicking::panic_fmt
[INFO] [stdout]   11:     0x61c9ef3a2772 - core[a373ad73a504971]::result::unwrap_failed
[INFO] [stdout]   12:     0x61c9ef30ec55 - url_file[6db4da26a03542ea]::fixture
[INFO] [stdout]   13:     0x61c9ef311a20 - <url_file[6db4da26a03542ea]::an_ansi_file_is_refused_whole_not_field_by_field::{closure#0} as core[a373ad73a504971]::ops::function::FnOnce<()>>::call_once
[INFO] [stdout]   14:     0x61c9ef312a1b - test[aada8e7e76ba119b]::__rust_begin_short_backtrace::<core[a373ad73a504971]::result::Result<(), alloc[2e1b2a31b91974c5]::string::String>, fn() -> core[a373ad73a504971]::result::Result<(), alloc[2e1b2a31b91974c5]::string::String>>
[INFO] [stdout]   15:     0x61c9ef31fbf5 - test[aada8e7e76ba119b]::run_test::{closure#0}
[INFO] [stdout]   16:     0x61c9ef3194e4 - std[617be2ca0a6fd877]::sys::backtrace::__rust_begin_short_backtrace::<test[aada8e7e76ba119b]::run_test::{closure#1}, ()>
[INFO] [stdout]   17:     0x61c9ef322c82 - <std[617be2ca0a6fd877]::thread::lifecycle::spawn_unchecked<test[aada8e7e76ba119b]::run_test::{closure#1}, ()>::{closure#1} as core[a373ad73a504971]::ops::function::FnOnce<()>>::call_once::{shim:vtable#0}
[INFO] [stdout]   18:     0x61c9ef38d11f - <std[617be2ca0a6fd877]::sys::thread::unix::Thread>::new::thread_start
[INFO] [stdout]   19:     0x74697484fdfa - <unknown>
[INFO] [stdout]   20:     0x7469748e33d4 - clone
[INFO] [stdout]   21:                0x0 - <unknown>
[INFO] [stdout] 
[INFO] [stdout] ---- minimal_file_with_lf_terminators_parses stdout ----
[INFO] [stdout] 
[INFO] [stdout] thread 'minimal_file_with_lf_terminators_parses' (179) panicked at tests/url_file.rs:15:41:
[INFO] [stdout] fixture: Os { code: 2, kind: NotFound, message: "No such file or directory" }
[INFO] [stdout] stack backtrace:
[INFO] [stdout]    0:     0x61c9ef38df31 - <<std[617be2ca0a6fd877]::sys::backtrace::BacktraceLock>::print::DisplayBacktrace as core[a373ad73a504971]::fmt::Display>::fmt
[INFO] [stdout]    1:     0x61c9ef3a226a - core[a373ad73a504971]::fmt::write
[INFO] [stdout]    2:     0x61c9ef39241c - <alloc[2e1b2a31b91974c5]::vec::Vec<u8> as core[a373ad73a504971]::io::write::Write>::write_fmt
[INFO] [stdout]    3:     0x61c9ef369546 - std[617be2ca0a6fd877]::panicking::default_hook::{closure#0}
[INFO] [stdout]    4:     0x61c9ef385d49 - std[617be2ca0a6fd877]::panicking::default_hook
[INFO] [stdout]    5:     0x61c9ef31f5d0 - test[aada8e7e76ba119b]::test_main_inner::{closure#0}
[INFO] [stdout]    6:     0x61c9ef385f02 - std[617be2ca0a6fd877]::panicking::panic_with_hook
[INFO] [stdout]    7:     0x61c9ef3695f2 - std[617be2ca0a6fd877]::panicking::panic_handler::{closure#0}
[INFO] [stdout]    8:     0x61c9ef3620d9 - std[617be2ca0a6fd877]::sys::backtrace::__rust_end_short_backtrace::<std[617be2ca0a6fd877]::panicking::panic_handler::{closure#0}, !>
[INFO] [stdout]    9:     0x61c9ef36a1fd - __rustc[ea4f61d10b84890b]::rust_begin_unwind
[INFO] [stdout]   10:     0x61c9ef3a299c - core[a373ad73a504971]::panicking::panic_fmt
[INFO] [stdout]   11:     0x61c9ef3a2772 - core[a373ad73a504971]::result::unwrap_failed
[INFO] [stdout]   12:     0x61c9ef30ec55 - url_file[6db4da26a03542ea]::fixture
[INFO] [stdout]   13:     0x61c9ef310644 - <url_file[6db4da26a03542ea]::minimal_file_with_lf_terminators_parses::{closure#0} as core[a373ad73a504971]::ops::function::FnOnce<()>>::call_once
[INFO] [stdout]   14:     0x61c9ef312a1b - test[aada8e7e76ba119b]::__rust_begin_short_backtrace::<core[a373ad73a504971]::result::Result<(), alloc[2e1b2a31b91974c5]::string::String>, fn() -> core[a373ad73a504971]::result::Result<(), alloc[2e1b2a31b91974c5]::string::String>>
[INFO] [stdout]   15:     0x61c9ef31fbf5 - test[aada8e7e76ba119b]::run_test::{closure#0}
[INFO] [stdout]   16:     0x61c9ef3194e4 - std[617be2ca0a6fd877]::sys::backtrace::__rust_begin_short_backtrace::<test[aada8e7e76ba119b]::run_test::{closure#1}, ()>
[INFO] [stdout]   17:     0x61c9ef322c82 - <std[617be2ca0a6fd877]::thread::lifecycle::spawn_unchecked<test[aada8e7e76ba119b]::run_test::{closure#1}, ()>::{closure#1} as core[a373ad73a504971]::ops::function::FnOnce<()>>::call_once::{shim:vtable#0}
[INFO] [stdout]   18:     0x61c9ef38d11f - <std[617be2ca0a6fd877]::sys::thread::unix::Thread>::new::thread_start
[INFO] [stdout]   19:     0x74697484fdfa - <unknown>
[INFO] [stdout]   20:     0x7469748e33d4 - clone
[INFO] [stdout]   21:                0x0 - <unknown>
[INFO] [stdout] 
[INFO] [stdout] ---- an_unterminated_section_header_is_rejected stdout ----
[INFO] [stdout] 
[INFO] [stdout] thread 'an_unterminated_section_header_is_rejected' (175) panicked at tests/url_file.rs:15:41:
[INFO] [stdout] fixture: Os { code: 2, kind: NotFound, message: "No such file or directory" }
[INFO] [stdout] stack backtrace:
[INFO] [stdout]    0:     0x61c9ef38df31 - <<std[617be2ca0a6fd877]::sys::backtrace::BacktraceLock>::print::DisplayBacktrace as core[a373ad73a504971]::fmt::Display>::fmt
[INFO] [stdout]    1:     0x61c9ef3a226a - core[a373ad73a504971]::fmt::write
[INFO] [stdout]    2:     0x61c9ef39241c - <alloc[2e1b2a31b91974c5]::vec::Vec<u8> as core[a373ad73a504971]::io::write::Write>::write_fmt
[INFO] [stdout]    3:     0x61c9ef369546 - std[617be2ca0a6fd877]::panicking::default_hook::{closure#0}
[INFO] [stdout]    4:     0x61c9ef385d49 - std[617be2ca0a6fd877]::panicking::default_hook
[INFO] [stdout]    5:     0x61c9ef31f5d0 - test[aada8e7e76ba119b]::test_main_inner::{closure#0}
[INFO] [stdout]    6:     0x61c9ef385f02 - std[617be2ca0a6fd877]::panicking::panic_with_hook
[INFO] [stdout]    7:     0x61c9ef3695f2 - std[617be2ca0a6fd877]::panicking::panic_handler::{closure#0}
[INFO] [stdout]    8:     0x61c9ef3620d9 - std[617be2ca0a6fd877]::sys::backtrace::__rust_end_short_backtrace::<std[617be2ca0a6fd877]::panicking::panic_handler::{closure#0}, !>
[INFO] [stdout]    9:     0x61c9ef36a1fd - __rustc[ea4f61d10b84890b]::rust_begin_unwind
[INFO] [stdout]   10:     0x61c9ef3a299c - core[a373ad73a504971]::panicking::panic_fmt
[INFO] [stdout]   11:     0x61c9ef3a2772 - core[a373ad73a504971]::result::unwrap_failed
[INFO] [stdout]   12:     0x61c9ef30ec55 - url_file[6db4da26a03542ea]::fixture
[INFO] [stdout]   13:     0x61c9ef310990 - <url_file[6db4da26a03542ea]::an_unterminated_section_header_is_rejected::{closure#0} as core[a373ad73a504971]::ops::function::FnOnce<()>>::call_once
[INFO] [stdout]   14:     0x61c9ef312a1b - test[aada8e7e76ba119b]::__rust_begin_short_backtrace::<core[a373ad73a504971]::result::Result<(), alloc[2e1b2a31b91974c5]::string::String>, fn() -> core[a373ad73a504971]::result::Result<(), alloc[2e1b2a31b91974c5]::string::String>>
[INFO] [stdout]   15:     0x61c9ef31fbf5 - test[aada8e7e76ba119b]::run_test::{closure#0}
[INFO] [stdout]   16:     0x61c9ef3194e4 - std[617be2ca0a6fd877]::sys::backtrace::__rust_begin_short_backtrace::<test[aada8e7e76ba119b]::run_test::{closure#1}, ()>
[INFO] [stdout]   17:     0x61c9ef322c82 - <std[617be2ca0a6fd877]::thread::lifecycle::spawn_unchecked<test[aada8e7e76ba119b]::run_test::{closure#1}, ()>::{closure#1} as core[a373ad73a504971]::ops::function::FnOnce<()>>::call_once::{shim:vtable#0}
[INFO] [stdout]   18:     0x61c9ef38d11f - <std[617be2ca0a6fd877]::sys::thread::unix::Thread>::new::thread_start
[INFO] [stdout]   19:     0x74697484fdfa - <unknown>
[INFO] [stdout]   20:     0x7469748e33d4 - clone
[INFO] [stdout]   21:                0x0 - <unknown>
[INFO] [stdout] 
[INFO] [stdout] ---- modified_is_a_little_endian_filetime_plus_a_trailing_byte stdout ----
[INFO] [stdout] 
[INFO] [stdout] thread 'modified_is_a_little_endian_filetime_plus_a_trailing_byte' (180) panicked at tests/url_file.rs:15:41:
[INFO] [stdout] fixture: Os { code: 2, kind: NotFound, message: "No such file or directory" }
[INFO] [stdout] stack backtrace:
[INFO] [stdout]    0:     0x61c9ef38df31 - <<std[617be2ca0a6fd877]::sys::backtrace::BacktraceLock>::print::DisplayBacktrace as core[a373ad73a504971]::fmt::Display>::fmt
[INFO] [stdout]    1:     0x61c9ef3a226a - core[a373ad73a504971]::fmt::write
[INFO] [stdout]    2:     0x61c9ef39241c - <alloc[2e1b2a31b91974c5]::vec::Vec<u8> as core[a373ad73a504971]::io::write::Write>::write_fmt
[INFO] [stdout]    3:     0x61c9ef369546 - std[617be2ca0a6fd877]::panicking::default_hook::{closure#0}
[INFO] [stdout]    4:     0x61c9ef385d49 - std[617be2ca0a6fd877]::panicking::default_hook
[INFO] [stdout]    5:     0x61c9ef31f5d0 - test[aada8e7e76ba119b]::test_main_inner::{closure#0}
[INFO] [stdout]    6:     0x61c9ef385f02 - std[617be2ca0a6fd877]::panicking::panic_with_hook
[INFO] [stdout]    7:     0x61c9ef3695f2 - std[617be2ca0a6fd877]::panicking::panic_handler::{closure#0}
[INFO] [stdout]    8:     0x61c9ef3620d9 - std[617be2ca0a6fd877]::sys::backtrace::__rust_end_short_backtrace::<std[617be2ca0a6fd877]::panicking::panic_handler::{closure#0}, !>
[INFO] [stdout]    9:     0x61c9ef36a1fd - __rustc[ea4f61d10b84890b]::rust_begin_unwind
[INFO] [stdout]   10:     0x61c9ef3a299c - core[a373ad73a504971]::panicking::panic_fmt
[INFO] [stdout]   11:     0x61c9ef3a2772 - core[a373ad73a504971]::result::unwrap_failed
[INFO] [stdout]   12:     0x61c9ef30ec55 - url_file[6db4da26a03542ea]::fixture
[INFO] [stdout]   13:     0x61c9ef312462 - <url_file[6db4da26a03542ea]::modified_is_a_little_endian_filetime_plus_a_trailing_byte::{closure#0} as core[a373ad73a504971]::ops::function::FnOnce<()>>::call_once
[INFO] [stdout]   14:     0x61c9ef312a1b - test[aada8e7e76ba119b]::__rust_begin_short_backtrace::<core[a373ad73a504971]::result::Result<(), alloc[2e1b2a31b91974c5]::string::String>, fn() -> core[a373ad73a504971]::result::Result<(), alloc[2e1b2a31b91974c5]::string::String>>
[INFO] [stdout]   15:     0x61c9ef31fbf5 - test[aada8e7e76ba119b]::run_test::{closure#0}
[INFO] [stdout]   16:     0x61c9ef3194e4 - std[617be2ca0a6fd877]::sys::backtrace::__rust_begin_short_backtrace::<test[aada8e7e76ba119b]::run_test::{closure#1}, ()>
[INFO] [stdout]   17:     0x61c9ef322c82 - <std[617be2ca0a6fd877]::thread::lifecycle::spawn_unchecked<test[aada8e7e76ba119b]::run_test::{closure#1}, ()>::{closure#1} as core[a373ad73a504971]::ops::function::FnOnce<()>>::call_once::{shim:vtable#0}
[INFO] [stdout]   18:     0x61c9ef38d11f - <std[617be2ca0a6fd877]::sys::thread::unix::Thread>::new::thread_start
[INFO] [stdout]   19:     0x74697484fdfa - <unknown>
[INFO] [stdout]   20:     0x7469748e33d4 - clone
[INFO] [stdout]   21:                0x0 - <unknown>
[INFO] [stdout] 
[INFO] [stdout] ---- ansi_and_wide_sections_are_returned_verbatim stdout ----
[INFO] [stdout] 
[INFO] [stdout] thread 'ansi_and_wide_sections_are_returned_verbatim' (176) panicked at tests/url_file.rs:15:41:
[INFO] [stdout] fixture: Os { code: 2, kind: NotFound, message: "No such file or directory" }
[INFO] [stdout] stack backtrace:
[INFO] [stdout]    0:     0x61c9ef38df31 - <<std[617be2ca0a6fd877]::sys::backtrace::BacktraceLock>::print::DisplayBacktrace as core[a373ad73a504971]::fmt::Display>::fmt
[INFO] [stdout]    1:     0x61c9ef3a226a - core[a373ad73a504971]::fmt::write
[INFO] [stdout]    2:     0x61c9ef39241c - <alloc[2e1b2a31b91974c5]::vec::Vec<u8> as core[a373ad73a504971]::io::write::Write>::write_fmt
[INFO] [stdout]    3:     0x61c9ef369546 - std[617be2ca0a6fd877]::panicking::default_hook::{closure#0}
[INFO] [stdout]    4:     0x61c9ef385d49 - std[617be2ca0a6fd877]::panicking::default_hook
[INFO] [stdout]    5:     0x61c9ef31f5d0 - test[aada8e7e76ba119b]::test_main_inner::{closure#0}
[INFO] [stdout]    6:     0x61c9ef385f02 - std[617be2ca0a6fd877]::panicking::panic_with_hook
[INFO] [stdout]    7:     0x61c9ef3695f2 - std[617be2ca0a6fd877]::panicking::panic_handler::{closure#0}
[INFO] [stdout]    8:     0x61c9ef3620d9 - std[617be2ca0a6fd877]::sys::backtrace::__rust_end_short_backtrace::<std[617be2ca0a6fd877]::panicking::panic_handler::{closure#0}, !>
[INFO] [stdout]    9:     0x61c9ef36a1fd - __rustc[ea4f61d10b84890b]::rust_begin_unwind
[INFO] [stdout]   10:     0x61c9ef3a299c - core[a373ad73a504971]::panicking::panic_fmt
[INFO] [stdout]   11:     0x61c9ef3a2772 - core[a373ad73a504971]::result::unwrap_failed
[INFO] [stdout]   12:     0x61c9ef30ec55 - url_file[6db4da26a03542ea]::fixture
[INFO] [stdout]   13:     0x61c9ef310cea - <url_file[6db4da26a03542ea]::ansi_and_wide_sections_are_returned_verbatim::{closure#0} as core[a373ad73a504971]::ops::function::FnOnce<()>>::call_once
[INFO] [stdout]   14:     0x61c9ef312a1b - test[aada8e7e76ba119b]::__rust_begin_short_backtrace::<core[a373ad73a504971]::result::Result<(), alloc[2e1b2a31b91974c5]::string::String>, fn() -> core[a373ad73a504971]::result::Result<(), alloc[2e1b2a31b91974c5]::string::String>>
[INFO] [stdout]   15:     0x61c9ef31fbf5 - test[aada8e7e76ba119b]::run_test::{closure#0}
[INFO] [stdout]   16:     0x61c9ef3194e4 - std[617be2ca0a6fd877]::sys::backtrace::__rust_begin_short_backtrace::<test[aada8e7e76ba119b]::run_test::{closure#1}, ()>
[INFO] [stdout]   17:     0x61c9ef322c82 - <std[617be2ca0a6fd877]::thread::lifecycle::spawn_unchecked<test[aada8e7e76ba119b]::run_test::{closure#1}, ()>::{closure#1} as core[a373ad73a504971]::ops::function::FnOnce<()>>::call_once::{shim:vtable#0}
[INFO] [stdout]   18:     0x61c9ef38d11f - <std[617be2ca0a6fd877]::sys::thread::unix::Thread>::new::thread_start
[INFO] [stdout]   19:     0x74697484fdfa - <unknown>
[INFO] [stdout]   20:     0x7469748e33d4 - clone
[INFO] [stdout]   21:                0x0 - <unknown>
[INFO] [stdout] 
[INFO] [stdout] ---- offsets_are_relative_to_the_original_buffer_not_past_the_bom stdout ----
[INFO] [stdout] 
[INFO] [stdout] thread 'offsets_are_relative_to_the_original_buffer_not_past_the_bom' (182) panicked at tests/url_file.rs:15:41:
[INFO] [stdout] fixture: Os { code: 2, kind: NotFound, message: "No such file or directory" }
[INFO] [stdout] stack backtrace:
[INFO] [stdout]    0:     0x61c9ef38df31 - <<std[617be2ca0a6fd877]::sys::backtrace::BacktraceLock>::print::DisplayBacktrace as core[a373ad73a504971]::fmt::Display>::fmt
[INFO] [stdout]    1:     0x61c9ef3a226a - core[a373ad73a504971]::fmt::write
[INFO] [stderr] error: test failed, to rerun pass `--test url_file`
[INFO] [stdout]    2:     0x61c9ef39241c - <alloc[2e1b2a31b91974c5]::vec::Vec<u8> as core[a373ad73a504971]::io::write::Write>::write_fmt
[INFO] [stdout]    3:     0x61c9ef369546 - std[617be2ca0a6fd877]::panicking::default_hook::{closure#0}
[INFO] [stdout]    4:     0x61c9ef385d49 - std[617be2ca0a6fd877]::panicking::default_hook
[INFO] [stdout]    5:     0x61c9ef31f5d0 - test[aada8e7e76ba119b]::test_main_inner::{closure#0}
[INFO] [stdout]    6:     0x61c9ef385f02 - std[617be2ca0a6fd877]::panicking::panic_with_hook
[INFO] [stdout]    7:     0x61c9ef3695f2 - std[617be2ca0a6fd877]::panicking::panic_handler::{closure#0}
[INFO] [stdout]    8:     0x61c9ef3620d9 - std[617be2ca0a6fd877]::sys::backtrace::__rust_end_short_backtrace::<std[617be2ca0a6fd877]::panicking::panic_handler::{closure#0}, !>
[INFO] [stdout]    9:     0x61c9ef36a1fd - __rustc[ea4f61d10b84890b]::rust_begin_unwind
[INFO] [stdout]   10:     0x61c9ef3a299c - core[a373ad73a504971]::panicking::panic_fmt
[INFO] [stdout]   11:     0x61c9ef3a2772 - core[a373ad73a504971]::result::unwrap_failed
[INFO] [stdout]   12:     0x61c9ef30ec55 - url_file[6db4da26a03542ea]::fixture
[INFO] [stdout]   13:     0x61c9ef312643 - <url_file[6db4da26a03542ea]::offsets_are_relative_to_the_original_buffer_not_past_the_bom::{closure#0} as core[a373ad73a504971]::ops::function::FnOnce<()>>::call_once
[INFO] [stdout]   14:     0x61c9ef312a1b - test[aada8e7e76ba119b]::__rust_begin_short_backtrace::<core[a373ad73a504971]::result::Result<(), alloc[2e1b2a31b91974c5]::string::String>, fn() -> core[a373ad73a504971]::result::Result<(), alloc[2e1b2a31b91974c5]::string::String>>
[INFO] [stdout]   15:     0x61c9ef31fbf5 - test[aada8e7e76ba119b]::run_test::{closure#0}
[INFO] [stdout]   16:     0x61c9ef3194e4 - std[617be2ca0a6fd877]::sys::backtrace::__rust_begin_short_backtrace::<test[aada8e7e76ba119b]::run_test::{closure#1}, ()>
[INFO] [stdout]   17:     0x61c9ef322c82 - <std[617be2ca0a6fd877]::thread::lifecycle::spawn_unchecked<test[aada8e7e76ba119b]::run_test::{closure#1}, ()>::{closure#1} as core[a373ad73a504971]::ops::function::FnOnce<()>>::call_once::{shim:vtable#0}
[INFO] [stdout]   18:     0x61c9ef38d11f - <std[617be2ca0a6fd877]::sys::thread::unix::Thread>::new::thread_start
[INFO] [stdout]   19:     0x74697484fdfa - <unknown>
[INFO] [stdout]   20:     0x7469748e33d4 - clone
[INFO] [stdout]   21:                0x0 - <unknown>
[INFO] [stdout] 
[INFO] [stdout] ---- section_and_key_names_are_case_insensitive stdout ----
[INFO] [stdout] 
[INFO] [stdout] thread 'section_and_key_names_are_case_insensitive' (184) panicked at tests/url_file.rs:15:41:
[INFO] [stdout] fixture: Os { code: 2, kind: NotFound, message: "No such file or directory" }
[INFO] [stdout] stack backtrace:
[INFO] [stdout]    0:     0x61c9ef38df31 - <<std[617be2ca0a6fd877]::sys::backtrace::BacktraceLock>::print::DisplayBacktrace as core[a373ad73a504971]::fmt::Display>::fmt
[INFO] [stdout]    1:     0x61c9ef3a226a - core[a373ad73a504971]::fmt::write
[INFO] [stdout]    2:     0x61c9ef39241c - <alloc[2e1b2a31b91974c5]::vec::Vec<u8> as core[a373ad73a504971]::io::write::Write>::write_fmt
[INFO] [stdout]    3:     0x61c9ef369546 - std[617be2ca0a6fd877]::panicking::default_hook::{closure#0}
[INFO] [stdout]    4:     0x61c9ef385d49 - std[617be2ca0a6fd877]::panicking::default_hook
[INFO] [stdout]    5:     0x61c9ef31f5d0 - test[aada8e7e76ba119b]::test_main_inner::{closure#0}
[INFO] [stdout]    6:     0x61c9ef385f02 - std[617be2ca0a6fd877]::panicking::panic_with_hook
[INFO] [stdout]    7:     0x61c9ef3695f2 - std[617be2ca0a6fd877]::panicking::panic_handler::{closure#0}
[INFO] [stdout]    8:     0x61c9ef3620d9 - std[617be2ca0a6fd877]::sys::backtrace::__rust_end_short_backtrace::<std[617be2ca0a6fd877]::panicking::panic_handler::{closure#0}, !>
[INFO] [stdout]    9:     0x61c9ef36a1fd - __rustc[ea4f61d10b84890b]::rust_begin_unwind
[INFO] [stdout]   10:     0x61c9ef3a299c - core[a373ad73a504971]::panicking::panic_fmt
[INFO] [stdout]   11:     0x61c9ef3a2772 - core[a373ad73a504971]::result::unwrap_failed
[INFO] [stdout]   12:     0x61c9ef30ec55 - url_file[6db4da26a03542ea]::fixture
[INFO] [stdout]   13:     0x61c9ef310ac2 - <url_file[6db4da26a03542ea]::section_and_key_names_are_case_insensitive::{closure#0} as core[a373ad73a504971]::ops::function::FnOnce<()>>::call_once
[INFO] [stdout]   14:     0x61c9ef312a1b - test[aada8e7e76ba119b]::__rust_begin_short_backtrace::<core[a373ad73a504971]::result::Result<(), alloc[2e1b2a31b91974c5]::string::String>, fn() -> core[a373ad73a504971]::result::Result<(), alloc[2e1b2a31b91974c5]::string::String>>
[INFO] [stdout]   15:     0x61c9ef31fbf5 - test[aada8e7e76ba119b]::run_test::{closure#0}
[INFO] [stdout]   16:     0x61c9ef3194e4 - std[617be2ca0a6fd877]::sys::backtrace::__rust_begin_short_backtrace::<test[aada8e7e76ba119b]::run_test::{closure#1}, ()>
[INFO] [stdout]   17:     0x61c9ef322c82 - <std[617be2ca0a6fd877]::thread::lifecycle::spawn_unchecked<test[aada8e7e76ba119b]::run_test::{closure#1}, ()>::{closure#1} as core[a373ad73a504971]::ops::function::FnOnce<()>>::call_once::{shim:vtable#0}
[INFO] [stdout]   18:     0x61c9ef38d11f - <std[617be2ca0a6fd877]::sys::thread::unix::Thread>::new::thread_start
[INFO] [stdout]   19:     0x74697484fdfa - <unknown>
[INFO] [stdout]   20:     0x7469748e33d4 - clone
[INFO] [stdout]   21:                0x0 - <unknown>
[INFO] [stdout] 
[INFO] [stdout] ---- reads_every_documented_key stdout ----
[INFO] [stdout] 
[INFO] [stdout] thread 'reads_every_documented_key' (183) panicked at tests/url_file.rs:15:41:
[INFO] [stdout] fixture: Os { code: 2, kind: NotFound, message: "No such file or directory" }
[INFO] [stdout] stack backtrace:
[INFO] [stdout]    0:     0x61c9ef38df31 - <<std[617be2ca0a6fd877]::sys::backtrace::BacktraceLock>::print::DisplayBacktrace as core[a373ad73a504971]::fmt::Display>::fmt
[INFO] [stdout]    1:     0x61c9ef3a226a - core[a373ad73a504971]::fmt::write
[INFO] [stdout]    2:     0x61c9ef39241c - <alloc[2e1b2a31b91974c5]::vec::Vec<u8> as core[a373ad73a504971]::io::write::Write>::write_fmt
[INFO] [stdout]    3:     0x61c9ef369546 - std[617be2ca0a6fd877]::panicking::default_hook::{closure#0}
[INFO] [stdout]    4:     0x61c9ef385d49 - std[617be2ca0a6fd877]::panicking::default_hook
[INFO] [stdout]    5:     0x61c9ef31f5d0 - test[aada8e7e76ba119b]::test_main_inner::{closure#0}
[INFO] [stdout]    6:     0x61c9ef385f02 - std[617be2ca0a6fd877]::panicking::panic_with_hook
[INFO] [stdout]    7:     0x61c9ef3695f2 - std[617be2ca0a6fd877]::panicking::panic_handler::{closure#0}
[INFO] [stdout]    8:     0x61c9ef3620d9 - std[617be2ca0a6fd877]::sys::backtrace::__rust_end_short_backtrace::<std[617be2ca0a6fd877]::panicking::panic_handler::{closure#0}, !>
[INFO] [stdout]    9:     0x61c9ef36a1fd - __rustc[ea4f61d10b84890b]::rust_begin_unwind
[INFO] [stdout]   10:     0x61c9ef3a299c - core[a373ad73a504971]::panicking::panic_fmt
[INFO] [stdout]   11:     0x61c9ef3a2772 - core[a373ad73a504971]::result::unwrap_failed
[INFO] [stdout]   12:     0x61c9ef30ec55 - url_file[6db4da26a03542ea]::fixture
[INFO] [stdout]   13:     0x61c9ef30f252 - <url_file[6db4da26a03542ea]::reads_every_documented_key::{closure#0} as core[a373ad73a504971]::ops::function::FnOnce<()>>::call_once
[INFO] [stdout]   14:     0x61c9ef312a1b - test[aada8e7e76ba119b]::__rust_begin_short_backtrace::<core[a373ad73a504971]::result::Result<(), alloc[2e1b2a31b91974c5]::string::String>, fn() -> core[a373ad73a504971]::result::Result<(), alloc[2e1b2a31b91974c5]::string::String>>
[INFO] [stdout]   15:     0x61c9ef31fbf5 - test[aada8e7e76ba119b]::run_test::{closure#0}
[INFO] [stdout]   16:     0x61c9ef3194e4 - std[617be2ca0a6fd877]::sys::backtrace::__rust_begin_short_backtrace::<test[aada8e7e76ba119b]::run_test::{closure#1}, ()>
[INFO] [stdout]   17:     0x61c9ef322c82 - <std[617be2ca0a6fd877]::thread::lifecycle::spawn_unchecked<test[aada8e7e76ba119b]::run_test::{closure#1}, ()>::{closure#1} as core[a373ad73a504971]::ops::function::FnOnce<()>>::call_once::{shim:vtable#0}
[INFO] [stdout]   18:     0x61c9ef38d11f - <std[617be2ca0a6fd877]::sys::thread::unix::Thread>::new::thread_start
[INFO] [stdout]   19:     0x74697484fdfa - <unknown>
[INFO] [stdout]   20:     0x7469748e33d4 - clone
[INFO] [stdout]   21:                0x0 - <unknown>
[INFO] [stdout] 
[INFO] [stdout] ---- semicolon_starts_a_comment_and_hash_does_not stdout ----
[INFO] [stdout] 
[INFO] [stdout] thread 'semicolon_starts_a_comment_and_hash_does_not' (185) panicked at tests/url_file.rs:15:41:
[INFO] [stdout] fixture: Os { code: 2, kind: NotFound, message: "No such file or directory" }
[INFO] [stdout] stack backtrace:
[INFO] [stdout]    0:     0x61c9ef38df31 - <<std[617be2ca0a6fd877]::sys::backtrace::BacktraceLock>::print::DisplayBacktrace as core[a373ad73a504971]::fmt::Display>::fmt
[INFO] [stdout]    1:     0x61c9ef3a226a - core[a373ad73a504971]::fmt::write
[INFO] [stdout]    2:     0x61c9ef39241c - <alloc[2e1b2a31b91974c5]::vec::Vec<u8> as core[a373ad73a504971]::io::write::Write>::write_fmt
[INFO] [stdout]    3:     0x61c9ef369546 - std[617be2ca0a6fd877]::panicking::default_hook::{closure#0}
[INFO] [stdout]    4:     0x61c9ef385d49 - std[617be2ca0a6fd877]::panicking::default_hook
[INFO] [stdout]    5:     0x61c9ef31f5d0 - test[aada8e7e76ba119b]::test_main_inner::{closure#0}
[INFO] [stdout]    6:     0x61c9ef385f02 - std[617be2ca0a6fd877]::panicking::panic_with_hook
[INFO] [stdout]    7:     0x61c9ef3695f2 - std[617be2ca0a6fd877]::panicking::panic_handler::{closure#0}
[INFO] [stdout]    8:     0x61c9ef3620d9 - std[617be2ca0a6fd877]::sys::backtrace::__rust_end_short_backtrace::<std[617be2ca0a6fd877]::panicking::panic_handler::{closure#0}, !>
[INFO] [stdout]    9:     0x61c9ef36a1fd - __rustc[ea4f61d10b84890b]::rust_begin_unwind
[INFO] [stdout]   10:     0x61c9ef3a299c - core[a373ad73a504971]::panicking::panic_fmt
[INFO] [stdout]   11:     0x61c9ef3a2772 - core[a373ad73a504971]::result::unwrap_failed
[INFO] [stdout]   12:     0x61c9ef30ec55 - url_file[6db4da26a03542ea]::fixture
[INFO] [stdout]   13:     0x61c9ef3114ba - <url_file[6db4da26a03542ea]::semicolon_starts_a_comment_and_hash_does_not::{closure#0} as core[a373ad73a504971]::ops::function::FnOnce<()>>::call_once
[INFO] [stdout]   14:     0x61c9ef312a1b - test[aada8e7e76ba119b]::__rust_begin_short_backtrace::<core[a373ad73a504971]::result::Result<(), alloc[2e1b2a31b91974c5]::string::String>, fn() -> core[a373ad73a504971]::result::Result<(), alloc[2e1b2a31b91974c5]::string::String>>
[INFO] [stdout]   15:     0x61c9ef31fbf5 - test[aada8e7e76ba119b]::run_test::{closure#0}
[INFO] [stdout]   16:     0x61c9ef3194e4 - std[617be2ca0a6fd877]::sys::backtrace::__rust_begin_short_backtrace::<test[aada8e7e76ba119b]::run_test::{closure#1}, ()>
[INFO] [stdout]   17:     0x61c9ef322c82 - <std[617be2ca0a6fd877]::thread::lifecycle::spawn_unchecked<test[aada8e7e76ba119b]::run_test::{closure#1}, ()>::{closure#1} as core[a373ad73a504971]::ops::function::FnOnce<()>>::call_once::{shim:vtable#0}
[INFO] [stdout]   18:     0x61c9ef38d11f - <std[617be2ca0a6fd877]::sys::thread::unix::Thread>::new::thread_start
[INFO] [stdout]   19:     0x74697484fdfa - <unknown>
[INFO] [stdout]   20:     0x7469748e33d4 - clone
[INFO] [stdout]   21:                0x0 - <unknown>
[INFO] [stdout] 
[INFO] [stdout] ---- every_fixture_matches_its_sidecar stdout ----
[INFO] [stdout] 
[INFO] [stdout] thread 'every_fixture_matches_its_sidecar' (177) panicked at tests/url_file.rs:276:41:
[INFO] [stdout] corpus directory: Os { code: 2, kind: NotFound, message: "No such file or directory" }
[INFO] [stdout] stack backtrace:
[INFO] [stdout]    0:     0x61c9ef38df31 - <<std[617be2ca0a6fd877]::sys::backtrace::BacktraceLock>::print::DisplayBacktrace as core[a373ad73a504971]::fmt::Display>::fmt
[INFO] [stdout]    1:     0x61c9ef3a226a - core[a373ad73a504971]::fmt::write
[INFO] [stdout]    2:     0x61c9ef39241c - <alloc[2e1b2a31b91974c5]::vec::Vec<u8> as core[a373ad73a504971]::io::write::Write>::write_fmt
[INFO] [stdout]    3:     0x61c9ef369546 - std[617be2ca0a6fd877]::panicking::default_hook::{closure#0}
[INFO] [stdout]    4:     0x61c9ef385d49 - std[617be2ca0a6fd877]::panicking::default_hook
[INFO] [stdout]    5:     0x61c9ef31f5d0 - test[aada8e7e76ba119b]::test_main_inner::{closure#0}
[INFO] [stdout]    6:     0x61c9ef385f02 - std[617be2ca0a6fd877]::panicking::panic_with_hook
[INFO] [stdout]    7:     0x61c9ef3695f2 - std[617be2ca0a6fd877]::panicking::panic_handler::{closure#0}
[INFO] [stdout]    8:     0x61c9ef3620d9 - std[617be2ca0a6fd877]::sys::backtrace::__rust_end_short_backtrace::<std[617be2ca0a6fd877]::panicking::panic_handler::{closure#0}, !>
[INFO] [stdout]    9:     0x61c9ef36a1fd - __rustc[ea4f61d10b84890b]::rust_begin_unwind
[INFO] [stdout]   10:     0x61c9ef3a299c - core[a373ad73a504971]::panicking::panic_fmt
[INFO] [stdout]   11:     0x61c9ef3a2772 - core[a373ad73a504971]::result::unwrap_failed
[INFO] [stdout]   12:     0x61c9ef3100fd - <url_file[6db4da26a03542ea]::every_fixture_matches_its_sidecar::{closure#0} as core[a373ad73a504971]::ops::function::FnOnce<()>>::call_once
[INFO] [stdout]   13:     0x61c9ef312a1b - test[aada8e7e76ba119b]::__rust_begin_short_backtrace::<core[a373ad73a504971]::result::Result<(), alloc[2e1b2a31b91974c5]::string::String>, fn() -> core[a373ad73a504971]::result::Result<(), alloc[2e1b2a31b91974c5]::string::String>>
[INFO] [stdout]   14:     0x61c9ef31fbf5 - test[aada8e7e76ba119b]::run_test::{closure#0}
[INFO] [stdout]   15:     0x61c9ef3194e4 - std[617be2ca0a6fd877]::sys::backtrace::__rust_begin_short_backtrace::<test[aada8e7e76ba119b]::run_test::{closure#1}, ()>
[INFO] [stdout]   16:     0x61c9ef322c82 - <std[617be2ca0a6fd877]::thread::lifecycle::spawn_unchecked<test[aada8e7e76ba119b]::run_test::{closure#1}, ()>::{closure#1} as core[a373ad73a504971]::ops::function::FnOnce<()>>::call_once::{shim:vtable#0}
[INFO] [stdout]   17:     0x61c9ef38d11f - <std[617be2ca0a6fd877]::sys::thread::unix::Thread>::new::thread_start
[INFO] [stdout]   18:     0x74697484fdfa - <unknown>
[INFO] [stdout]   19:     0x7469748e33d4 - clone
[INFO] [stdout]   20:                0x0 - <unknown>
[INFO] [stdout] 
[INFO] [stdout] ---- hotkey_splits_into_virtual_key_and_modifiers stdout ----
[INFO] [stdout] 
[INFO] [stdout] thread 'hotkey_splits_into_virtual_key_and_modifiers' (178) panicked at tests/url_file.rs:15:41:
[INFO] [stdout] fixture: Os { code: 2, kind: NotFound, message: "No such file or directory" }
[INFO] [stdout] stack backtrace:
[INFO] [stdout]    0:     0x61c9ef38df31 - <<std[617be2ca0a6fd877]::sys::backtrace::BacktraceLock>::print::DisplayBacktrace as core[a373ad73a504971]::fmt::Display>::fmt
[INFO] [stdout]    1:     0x61c9ef3a226a - core[a373ad73a504971]::fmt::write
[INFO] [stdout]    2:     0x61c9ef39241c - <alloc[2e1b2a31b91974c5]::vec::Vec<u8> as core[a373ad73a504971]::io::write::Write>::write_fmt
[INFO] [stdout]    3:     0x61c9ef369546 - std[617be2ca0a6fd877]::panicking::default_hook::{closure#0}
[INFO] [stdout]    4:     0x61c9ef385d49 - std[617be2ca0a6fd877]::panicking::default_hook
[INFO] [stdout]    5:     0x61c9ef31f5d0 - test[aada8e7e76ba119b]::test_main_inner::{closure#0}
[INFO] [stdout]    6:     0x61c9ef385f02 - std[617be2ca0a6fd877]::panicking::panic_with_hook
[INFO] [stdout]    7:     0x61c9ef3695f2 - std[617be2ca0a6fd877]::panicking::panic_handler::{closure#0}
[INFO] [stdout]    8:     0x61c9ef3620d9 - std[617be2ca0a6fd877]::sys::backtrace::__rust_end_short_backtrace::<std[617be2ca0a6fd877]::panicking::panic_handler::{closure#0}, !>
[INFO] [stdout]    9:     0x61c9ef36a1fd - __rustc[ea4f61d10b84890b]::rust_begin_unwind
[INFO] [stdout]   10:     0x61c9ef3a299c - core[a373ad73a504971]::panicking::panic_fmt
[INFO] [stdout]   11:     0x61c9ef3a2772 - core[a373ad73a504971]::result::unwrap_failed
[INFO] [stdout]   12:     0x61c9ef30ec55 - url_file[6db4da26a03542ea]::fixture
[INFO] [stdout]   13:     0x61c9ef3112e2 - <url_file[6db4da26a03542ea]::hotkey_splits_into_virtual_key_and_modifiers::{closure#0} as core[a373ad73a504971]::ops::function::FnOnce<()>>::call_once
[INFO] [stdout]   14:     0x61c9ef312a1b - test[aada8e7e76ba119b]::__rust_begin_short_backtrace::<core[a373ad73a504971]::result::Result<(), alloc[2e1b2a31b91974c5]::string::String>, fn() -> core[a373ad73a504971]::result::Result<(), alloc[2e1b2a31b91974c5]::string::String>>
[INFO] [stdout]   15:     0x61c9ef31fbf5 - test[aada8e7e76ba119b]::run_test::{closure#0}
[INFO] [stdout]   16:     0x61c9ef3194e4 - std[617be2ca0a6fd877]::sys::backtrace::__rust_begin_short_backtrace::<test[aada8e7e76ba119b]::run_test::{closure#1}, ()>
[INFO] [stdout]   17:     0x61c9ef322c82 - <std[617be2ca0a6fd877]::thread::lifecycle::spawn_unchecked<test[aada8e7e76ba119b]::run_test::{closure#1}, ()>::{closure#1} as core[a373ad73a504971]::ops::function::FnOnce<()>>::call_once::{shim:vtable#0}
[INFO] [stdout]   18:     0x61c9ef38d11f - <std[617be2ca0a6fd877]::sys::thread::unix::Thread>::new::thread_start
[INFO] [stdout]   19:     0x74697484fdfa - <unknown>
[INFO] [stdout]   20:     0x7469748e33d4 - clone
[INFO] [stdout]   21:                0x0 - <unknown>
[INFO] [stdout] 
[INFO] [stdout] ---- a_file_without_a_url_is_malformed_only_when_the_url_is_demanded stdout ----
[INFO] [stdout] 
[INFO] [stdout] thread 'a_file_without_a_url_is_malformed_only_when_the_url_is_demanded' (170) panicked at tests/url_file.rs:15:41:
[INFO] [stdout] fixture: Os { code: 2, kind: NotFound, message: "No such file or directory" }
[INFO] [stdout] stack backtrace:
[INFO] [stdout]    0:     0x61c9ef38df31 - <<std[617be2ca0a6fd877]::sys::backtrace::BacktraceLock>::print::DisplayBacktrace as core[a373ad73a504971]::fmt::Display>::fmt
[INFO] [stdout]    1:     0x61c9ef3a226a - core[a373ad73a504971]::fmt::write
[INFO] [stdout]    2:     0x61c9ef39241c - <alloc[2e1b2a31b91974c5]::vec::Vec<u8> as core[a373ad73a504971]::io::write::Write>::write_fmt
[INFO] [stdout]    3:     0x61c9ef369546 - std[617be2ca0a6fd877]::panicking::default_hook::{closure#0}
[INFO] [stdout]    4:     0x61c9ef385d49 - std[617be2ca0a6fd877]::panicking::default_hook
[INFO] [stdout]    5:     0x61c9ef31f5d0 - test[aada8e7e76ba119b]::test_main_inner::{closure#0}
[INFO] [stdout]    6:     0x61c9ef385f02 - std[617be2ca0a6fd877]::panicking::panic_with_hook
[INFO] [stdout]    7:     0x61c9ef3695f2 - std[617be2ca0a6fd877]::panicking::panic_handler::{closure#0}
[INFO] [stdout]    8:     0x61c9ef3620d9 - std[617be2ca0a6fd877]::sys::backtrace::__rust_end_short_backtrace::<std[617be2ca0a6fd877]::panicking::panic_handler::{closure#0}, !>
[INFO] [stdout]    9:     0x61c9ef36a1fd - __rustc[ea4f61d10b84890b]::rust_begin_unwind
[INFO] [stdout]   10:     0x61c9ef3a299c - core[a373ad73a504971]::panicking::panic_fmt
[INFO] [stdout]   11:     0x61c9ef3a2772 - core[a373ad73a504971]::result::unwrap_failed
[INFO] [stdout]   12:     0x61c9ef30ec55 - url_file[6db4da26a03542ea]::fixture
[INFO] [stdout]   13:     0x61c9ef3127e2 - <url_file[6db4da26a03542ea]::a_file_without_a_url_is_malformed_only_when_the_url_is_demanded::{closure#0} as core[a373ad73a504971]::ops::function::FnOnce<()>>::call_once
[INFO] [stdout]   14:     0x61c9ef312a1b - test[aada8e7e76ba119b]::__rust_begin_short_backtrace::<core[a373ad73a504971]::result::Result<(), alloc[2e1b2a31b91974c5]::string::String>, fn() -> core[a373ad73a504971]::result::Result<(), alloc[2e1b2a31b91974c5]::string::String>>
[INFO] [stdout]   15:     0x61c9ef31fbf5 - test[aada8e7e76ba119b]::run_test::{closure#0}
[INFO] [stdout]   16:     0x61c9ef3194e4 - std[617be2ca0a6fd877]::sys::backtrace::__rust_begin_short_backtrace::<test[aada8e7e76ba119b]::run_test::{closure#1}, ()>
[INFO] [stdout]   17:     0x61c9ef322c82 - <std[617be2ca0a6fd877]::thread::lifecycle::spawn_unchecked<test[aada8e7e76ba119b]::run_test::{closure#1}, ()>::{closure#1} as core[a373ad73a504971]::ops::function::FnOnce<()>>::call_once::{shim:vtable#0}
[INFO] [stdout]   18:     0x61c9ef38d11f - <std[617be2ca0a6fd877]::sys::thread::unix::Thread>::new::thread_start
[INFO] [stdout]   19:     0x74697484fdfa - <unknown>
[INFO] [stdout]   20:     0x7469748e33d4 - clone
[INFO] [stdout]   21:                0x0 - <unknown>
[INFO] [stdout] 
[INFO] [stdout] 
[INFO] [stdout] failures:
[INFO] [stdout]     a_byte_order_mark_does_not_hide_the_first_section
[INFO] [stdout]     a_file_without_a_url_is_malformed_only_when_the_url_is_demanded
[INFO] [stdout]     a_key_before_the_first_section_is_rejected
[INFO] [stdout]     an_absent_optional_key_is_none_and_not_an_error
[INFO] [stdout]     an_ansi_file_is_refused_whole_not_field_by_field
[INFO] [stdout]     an_unterminated_section_header_is_rejected
[INFO] [stdout]     ansi_and_wide_sections_are_returned_verbatim
[INFO] [stdout]     every_fixture_matches_its_sidecar
[INFO] [stdout]     hotkey_splits_into_virtual_key_and_modifiers
[INFO] [stdout]     minimal_file_with_lf_terminators_parses
[INFO] [stdout]     modified_is_a_little_endian_filetime_plus_a_trailing_byte
[INFO] [stdout]     offsets_are_relative_to_the_original_buffer_not_past_the_bom
[INFO] [stdout]     reads_every_documented_key
[INFO] [stdout]     section_and_key_names_are_case_insensitive
[INFO] [stdout]     semicolon_starts_a_comment_and_hash_does_not
[INFO] [stdout] 
[INFO] [stdout] test result: FAILED. 4 passed; 15 failed; 0 ignored; 0 measured; 0 filtered out; finished in 0.03s
[INFO] [stdout] 
[INFO] running `Command { std: "docker" "inspect" "74ff11f9be61d4d788580bba9110326505bb0962d620e4b76fa4848f406abaad", kill_on_drop: false }`
[INFO] running `Command { std: "docker" "rm" "-f" "74ff11f9be61d4d788580bba9110326505bb0962d620e4b76fa4848f406abaad", kill_on_drop: false }`
[INFO] [stdout] 74ff11f9be61d4d788580bba9110326505bb0962d620e4b76fa4848f406abaad
