[INFO] fetching crate rclip-bookmark 0.1.0...
[INFO] testing rclip-bookmark-0.1.0 against 1.100.0-beta.1+cargoflags=--release for beta-release-1.100-2
[INFO] extracting crate rclip-bookmark 0.1.0 into /workspace/builds/worker-4-tc2/source
[INFO] started tweaking crates.io crate rclip-bookmark 0.1.0
[INFO] removed 0 missing tests
[INFO] finished tweaking crates.io crate rclip-bookmark 0.1.0
[INFO] tweaked toml for crates.io crate rclip-bookmark 0.1.0 written to /workspace/builds/worker-4-tc2/source/Cargo.toml
[INFO] validating manifest of crates.io crate rclip-bookmark 0.1.0 on toolchain 1.100.0-beta.1
[INFO] running `Command { std: CARGO_HOME="/workspace/cargo-home" RUSTUP_HOME="/workspace/rustup-home" "/workspace/cargo-home/bin/cargo" "+1.100.0-beta.1" "metadata" "--manifest-path" "Cargo.toml" "--no-deps", kill_on_drop: false }`
[INFO] crate crates.io crate rclip-bookmark 0.1.0 already has a lockfile, it will not be regenerated
[INFO] running `Command { std: CARGO_HOME="/workspace/cargo-home" RUSTUP_HOME="/workspace/rustup-home" "/workspace/cargo-home/bin/cargo" "+1.100.0-beta.1" "fetch" "--manifest-path" "Cargo.toml", kill_on_drop: false }`
[INFO] running `Command { std: "docker" "create" "-v" "/var/lib/crater-agent-workspace/builds/worker-4-tc2/source:/opt/rustwide/workdir:ro,Z" "-v" "/var/lib/crater-agent-workspace/builds/worker-4-tc2/target:/opt/rustwide/target:rw,Z" "-v" "/var/lib/crater-agent-workspace/cargo-home:/opt/rustwide/cargo-home:ro,Z" "-v" "/var/lib/crater-agent-workspace/rustup-home:/opt/rustwide/rustup-home:ro,Z" "-m" "1610612736" "--network" "none" "ghcr.io/rust-lang/crates-build-env/linux@sha256:77db811e55d90add9212f6832c23229e3de5f1c1f9905e8cb07319ea15df73ac" "sleep" "infinity", kill_on_drop: false }`
[INFO] [stdout] 9c04ea5658f3df2a23738c51222e45df2b81bb7eb1e363c44a2e4883ec9cf2fa
[INFO] running `Command { std: "docker" "start" "9c04ea5658f3df2a23738c51222e45df2b81bb7eb1e363c44a2e4883ec9cf2fa", kill_on_drop: false }`
[INFO] running `Command { std: "docker" "inspect" "9c04ea5658f3df2a23738c51222e45df2b81bb7eb1e363c44a2e4883ec9cf2fa", kill_on_drop: false }`
[INFO] running `Command { std: "docker" "exec" "-e" "SOURCE_DIR=/opt/rustwide/workdir" "-e" "CARGO_HOME=/opt/rustwide/cargo-home" "-e" "RUSTUP_HOME=/opt/rustwide/rustup-home" "-e" "CARGO_TARGET_DIR=/opt/rustwide/target" "-w" "/opt/rustwide/workdir" "--user" "0:0" "9c04ea5658f3df2a23738c51222e45df2b81bb7eb1e363c44a2e4883ec9cf2fa" "/opt/rustwide/cargo-home/bin/cargo" "+1.100.0-beta.1" "metadata" "--no-deps" "--format-version=1", kill_on_drop: false }`
[INFO] running `Command { std: "docker" "inspect" "9c04ea5658f3df2a23738c51222e45df2b81bb7eb1e363c44a2e4883ec9cf2fa", kill_on_drop: false }`
[INFO] running `Command { std: "docker" "exec" "-e" "SOURCE_DIR=/opt/rustwide/workdir" "-e" "CARGO_HOME=/opt/rustwide/cargo-home" "-e" "RUSTUP_HOME=/opt/rustwide/rustup-home" "-e" "CARGO_TARGET_DIR=/opt/rustwide/target" "-e" "CARGO_INCREMENTAL=0" "-e" "RUST_BACKTRACE=full" "-e" "RUSTFLAGS=--cap-lints=warn" "-e" "RUSTDOCFLAGS=--cap-lints=warn" "-w" "/opt/rustwide/workdir" "--user" "0:0" "9c04ea5658f3df2a23738c51222e45df2b81bb7eb1e363c44a2e4883ec9cf2fa" "/opt/rustwide/cargo-home/bin/cargo" "+1.100.0-beta.1" "build" "--frozen" "--message-format=json" "--release", kill_on_drop: false }`
[INFO] [stderr]    Compiling rclip-core v0.1.0
[INFO] [stderr]    Compiling rclip-bookmark v0.1.0 (/opt/rustwide/workdir)
[INFO] [stderr]     Finished `release` profile [optimized] target(s) in 0.72s
[INFO] running `Command { std: "docker" "inspect" "9c04ea5658f3df2a23738c51222e45df2b81bb7eb1e363c44a2e4883ec9cf2fa", kill_on_drop: false }`
[INFO] running `Command { std: "docker" "exec" "-e" "SOURCE_DIR=/opt/rustwide/workdir" "-e" "CARGO_HOME=/opt/rustwide/cargo-home" "-e" "RUSTUP_HOME=/opt/rustwide/rustup-home" "-e" "CARGO_TARGET_DIR=/opt/rustwide/target" "-e" "CARGO_INCREMENTAL=0" "-e" "RUST_BACKTRACE=full" "-e" "RUSTFLAGS=--cap-lints=warn" "-e" "RUSTDOCFLAGS=--cap-lints=warn" "-w" "/opt/rustwide/workdir" "--user" "0:0" "9c04ea5658f3df2a23738c51222e45df2b81bb7eb1e363c44a2e4883ec9cf2fa" "/opt/rustwide/cargo-home/bin/cargo" "+1.100.0-beta.1" "test" "--frozen" "--no-run" "--message-format=json" "--release", kill_on_drop: false }`
[INFO] [stderr]    Compiling rclip-bookmark v0.1.0 (/opt/rustwide/workdir)
[INFO] [stderr]     Finished `release` profile [optimized] target(s) in 0.99s
[INFO] running `Command { std: "docker" "inspect" "9c04ea5658f3df2a23738c51222e45df2b81bb7eb1e363c44a2e4883ec9cf2fa", kill_on_drop: false }`
[INFO] running `Command { std: "docker" "exec" "-e" "SOURCE_DIR=/opt/rustwide/workdir" "-e" "CARGO_HOME=/opt/rustwide/cargo-home" "-e" "RUSTUP_HOME=/opt/rustwide/rustup-home" "-e" "CARGO_TARGET_DIR=/opt/rustwide/target" "-e" "CARGO_INCREMENTAL=0" "-e" "RUST_BACKTRACE=full" "-e" "RUSTFLAGS=--cap-lints=warn" "-e" "RUSTDOCFLAGS=--cap-lints=warn" "-w" "/opt/rustwide/workdir" "--user" "0:0" "9c04ea5658f3df2a23738c51222e45df2b81bb7eb1e363c44a2e4883ec9cf2fa" "/opt/rustwide/cargo-home/bin/cargo" "+1.100.0-beta.1" "test" "--frozen" "--release", kill_on_drop: false }`
[INFO] [stderr]     Finished `release` profile [optimized] target(s) in 0.02s
[INFO] [stderr]      Running unittests src/lib.rs (/opt/rustwide/target/release/build/rclip-bookmark/a6ab51a1e85619e4/out/rclip_bookmark-a6ab51a1e85619e4)
[INFO] [stdout] 
[INFO] [stderr]      Running tests/bookmark.rs (/opt/rustwide/target/release/build/rclip-bookmark/93e9e7c1ffc7b5fe/out/bookmark-93e9e7c1ffc7b5fe)
[INFO] [stdout] running 0 tests
[INFO] [stdout] 
[INFO] [stdout] test result: ok. 0 passed; 0 failed; 0 ignored; 0 measured; 0 filtered out; finished in 0.00s
[INFO] [stdout] 
[INFO] [stdout] 
[INFO] [stdout] running 21 tests
[INFO] [stdout] test empty_and_tiny_inputs_do_not_panic ... ok
[INFO] [stdout] test cyclic_array_terminates_at_the_depth_limit ... FAILED
[INFO] [stdout] test malformed_fixtures_report_the_right_kind ... FAILED
[INFO] [stdout] test path_components_come_back_in_order_without_separators ... FAILED
[INFO] [stdout] test a_width_ambiguous_subtype_follows_the_record_length_and_not_a_guess ... FAILED
[INFO] [stdout] test shared_subtrees_are_not_cycles ... FAILED
[INFO] [stdout] test minimal_book_has_url_and_filename ... FAILED
[INFO] [stdout] test the_c_type_subtypes_are_the_same_values_as_their_fixed_width_twins ... FAILED
[INFO] [stdout] test fanout_bomb_is_stopped_by_the_node_budget ... FAILED
[INFO] [stdout] test cnid_path_matches_path_components ... FAILED
[INFO] [stdout] test toc_chain_that_loops_is_cut_off ... FAILED
[INFO] [stdout] test trailing_bytes_after_the_declared_size_are_unreachable ... FAILED
[INFO] [stdout] test out_of_range_record_offset_is_rejected ... FAILED
[INFO] [stdout] test every_cfnumber_subtype_decodes_at_the_width_the_record_declares ... FAILED
[INFO] [stdout] test flags_record_carries_both_words ... FAILED
[INFO] [stdout] test bit31_key_resolves_to_a_string ... FAILED
[INFO] [stdout] test corefoundation_capture_parses ... FAILED
[INFO] [stdout] test dates_are_big_endian ... FAILED
[INFO] [stdout] test every_fixture_matches_its_sidecar ... FAILED
[INFO] [stdout] test toc_entries_are_enumerable ... FAILED
[INFO] [stdout] test unknown_types_survive_as_raw_bytes ... FAILED
[INFO] [stdout] 
[INFO] [stdout] failures:
[INFO] [stdout] 
[INFO] [stdout] ---- cyclic_array_terminates_at_the_depth_limit stdout ----
[INFO] [stdout] 
[INFO] [stdout] thread 'cyclic_array_terminates_at_the_depth_limit' (192) panicked at tests/bookmark.rs:11:41:
[INFO] [stdout] fixture: Os { code: 2, kind: NotFound, message: "No such file or directory" }
[INFO] [stdout] stack backtrace:
[INFO] [stdout]    0:     0x60a633682e31 - <<std[617be2ca0a6fd877]::sys::backtrace::BacktraceLock>::print::DisplayBacktrace as core[a373ad73a504971]::fmt::Display>::fmt
[INFO] [stdout]    1:     0x60a63369821a - core[a373ad73a504971]::fmt::write
[INFO] [stdout]    2:     0x60a63368731c - <alloc[2e1b2a31b91974c5]::vec::Vec<u8> as core[a373ad73a504971]::io::write::Write>::write_fmt
[INFO] [stdout]    3:     0x60a63365e526 - std[617be2ca0a6fd877]::panicking::default_hook::{closure#0}
[INFO] [stdout]    4:     0x60a63367ac49 - std[617be2ca0a6fd877]::panicking::default_hook
[INFO] [stdout]    5:     0x60a633614100 - test[aada8e7e76ba119b]::test_main_inner::{closure#0}
[INFO] [stdout]    6:     0x60a63367ae02 - std[617be2ca0a6fd877]::panicking::panic_with_hook
[INFO] [stdout]    7:     0x60a63365e5d2 - std[617be2ca0a6fd877]::panicking::panic_handler::{closure#0}
[INFO] [stdout]    8:     0x60a6336570b9 - std[617be2ca0a6fd877]::sys::backtrace::__rust_end_short_backtrace::<std[617be2ca0a6fd877]::panicking::panic_handler::{closure#0}, !>
[INFO] [stdout]    9:     0x60a63365f1dd - __rustc[ea4f61d10b84890b]::rust_begin_unwind
[INFO] [stdout]   10:     0x60a63369894c - core[a373ad73a504971]::panicking::panic_fmt
[INFO] [stdout]   11:     0x60a633698722 - core[a373ad73a504971]::result::unwrap_failed
[INFO] [stdout]   12:     0x60a6335fe295 - bookmark[5e4984920edeb2d0]::fixture
[INFO] [stdout]   13:     0x60a63360281a - <bookmark[5e4984920edeb2d0]::cyclic_array_terminates_at_the_depth_limit::{closure#0} as core[a373ad73a504971]::ops::function::FnOnce<()>>::call_once
[INFO] [stdout]   14:     0x60a63360754b - test[aada8e7e76ba119b]::__rust_begin_short_backtrace::<core[a373ad73a504971]::result::Result<(), alloc[2e1b2a31b91974c5]::string::String>, fn() -> core[a373ad73a504971]::result::Result<(), alloc[2e1b2a31b91974c5]::string::String>>
[INFO] [stdout]   15:     0x60a633614725 - test[aada8e7e76ba119b]::run_test::{closure#0}
[INFO] [stdout]   16:     0x60a63360e014 - std[617be2ca0a6fd877]::sys::backtrace::__rust_begin_short_backtrace::<test[aada8e7e76ba119b]::run_test::{closure#1}, ()>
[INFO] [stdout]   17:     0x60a6336177b2 - <std[617be2ca0a6fd877]::thread::lifecycle::spawn_unchecked<test[aada8e7e76ba119b]::run_test::{closure#1}, ()>::{closure#1} as core[a373ad73a504971]::ops::function::FnOnce<()>>::call_once::{shim:vtable#0}
[INFO] [stdout]   18:     0x60a63368201f - <std[617be2ca0a6fd877]::sys::thread::unix::Thread>::new::thread_start
[INFO] [stdout]   19:     0x7b90b6697dfa - <unknown>
[INFO] [stdout]   20:     0x7b90b672b3d4 - clone
[INFO] [stdout]   21:                0x0 - <unknown>
[INFO] [stdout] 
[INFO] [stdout] ---- malformed_fixtures_report_the_right_kind stdout ----
[INFO] [stdout] 
[INFO] [stdout] thread 'malformed_fixtures_report_the_right_kind' (199) panicked at tests/bookmark.rs:11:41:
[INFO] [stdout] fixture: Os { code: 2, kind: NotFound, message: "No such file or directory" }
[INFO] [stdout] stack backtrace:
[INFO] [stdout]    0:     0x60a633682e31 - <<std[617be2ca0a6fd877]::sys::backtrace::BacktraceLock>::print::DisplayBacktrace as core[a373ad73a504971]::fmt::Display>::fmt
[INFO] [stdout]    1:     0x60a63369821a - core[a373ad73a504971]::fmt::write
[INFO] [stdout]    2:     0x60a63368731c - <alloc[2e1b2a31b91974c5]::vec::Vec<u8> as core[a373ad73a504971]::io::write::Write>::write_fmt
[INFO] [stdout]    3:     0x60a63365e526 - std[617be2ca0a6fd877]::panicking::default_hook::{closure#0}
[INFO] [stdout]    4:     0x60a63367ac49 - std[617be2ca0a6fd877]::panicking::default_hook
[INFO] [stdout]    5:     0x60a633614100 - test[aada8e7e76ba119b]::test_main_inner::{closure#0}
[INFO] [stdout]    6:     0x60a63367ae02 - std[617be2ca0a6fd877]::panicking::panic_with_hook
[INFO] [stdout]    7:     0x60a63365e5d2 - std[617be2ca0a6fd877]::panicking::panic_handler::{closure#0}
[INFO] [stdout]    8:     0x60a6336570b9 - std[617be2ca0a6fd877]::sys::backtrace::__rust_end_short_backtrace::<std[617be2ca0a6fd877]::panicking::panic_handler::{closure#0}, !>
[INFO] [stdout]    9:     0x60a63365f1dd - __rustc[ea4f61d10b84890b]::rust_begin_unwind
[INFO] [stdout]   10:     0x60a63369894c - core[a373ad73a504971]::panicking::panic_fmt
[INFO] [stdout]   11:     0x60a633698722 - core[a373ad73a504971]::result::unwrap_failed
[INFO] [stdout]   12:     0x60a6335fe295 - bookmark[5e4984920edeb2d0]::fixture
[INFO] [stdout]   13:     0x60a6335fe2fb - bookmark[5e4984920edeb2d0]::err_kind
[INFO] [stdout]   14:     0x60a6336022e9 - <bookmark[5e4984920edeb2d0]::malformed_fixtures_report_the_right_kind::{closure#0} as core[a373ad73a504971]::ops::function::FnOnce<()>>::call_once
[INFO] [stdout]   15:     0x60a63360754b - test[aada8e7e76ba119b]::__rust_begin_short_backtrace::<core[a373ad73a504971]::result::Result<(), alloc[2e1b2a31b91974c5]::string::String>, fn() -> core[a373ad73a504971]::result::Result<(), alloc[2e1b2a31b91974c5]::string::String>>
[INFO] [stdout]   16:     0x60a633614725 - test[aada8e7e76ba119b]::run_test::{closure#0}
[INFO] [stdout]   17:     0x60a63360e014 - std[617be2ca0a6fd877]::sys::backtrace::__rust_begin_short_backtrace::<test[aada8e7e76ba119b]::run_test::{closure#1}, ()>
[INFO] [stdout]   18:     0x60a6336177b2 - <std[617be2ca0a6fd877]::thread::lifecycle::spawn_unchecked<test[aada8e7e76ba119b]::run_test::{closure#1}, ()>::{closure#1} as core[a373ad73a504971]::ops::function::FnOnce<()>>::call_once::{shim:vtable#0}
[INFO] [stdout]   19:     0x60a63368201f - <std[617be2ca0a6fd877]::sys::thread::unix::Thread>::new::thread_start
[INFO] [stdout]   20:     0x7b90b6697dfa - <unknown>
[INFO] [stdout]   21:     0x7b90b672b3d4 - clone
[INFO] [stdout]   22:                0x0 - <unknown>
[INFO] [stdout] 
[INFO] [stdout] ---- path_components_come_back_in_order_without_separators stdout ----
[INFO] [stdout] 
[INFO] [stdout] thread 'path_components_come_back_in_order_without_separators' (202) panicked at tests/bookmark.rs:11:41:
[INFO] [stdout] fixture: Os { code: 2, kind: NotFound, message: "No such file or directory" }
[INFO] [stdout] stack backtrace:
[INFO] [stdout]    0:     0x60a633682e31 - <<std[617be2ca0a6fd877]::sys::backtrace::BacktraceLock>::print::DisplayBacktrace as core[a373ad73a504971]::fmt::Display>::fmt
[INFO] [stdout]    1:     0x60a63369821a - core[a373ad73a504971]::fmt::write
[INFO] [stdout]    2:     0x60a63368731c - <alloc[2e1b2a31b91974c5]::vec::Vec<u8> as core[a373ad73a504971]::io::write::Write>::write_fmt
[INFO] [stdout]    3:     0x60a63365e526 - std[617be2ca0a6fd877]::panicking::default_hook::{closure#0}
[INFO] [stdout]    4:     0x60a63367ac49 - std[617be2ca0a6fd877]::panicking::default_hook
[INFO] [stdout]    5:     0x60a633614100 - test[aada8e7e76ba119b]::test_main_inner::{closure#0}
[INFO] [stdout]    6:     0x60a63367ae02 - std[617be2ca0a6fd877]::panicking::panic_with_hook
[INFO] [stdout]    7:     0x60a63365e5d2 - std[617be2ca0a6fd877]::panicking::panic_handler::{closure#0}
[INFO] [stdout]    8:     0x60a6336570b9 - std[617be2ca0a6fd877]::sys::backtrace::__rust_end_short_backtrace::<std[617be2ca0a6fd877]::panicking::panic_handler::{closure#0}, !>
[INFO] [stdout]    9:     0x60a63365f1dd - __rustc[ea4f61d10b84890b]::rust_begin_unwind
[INFO] [stdout]   10:     0x60a63369894c - core[a373ad73a504971]::panicking::panic_fmt
[INFO] [stdout]   11:     0x60a633698722 - core[a373ad73a504971]::result::unwrap_failed
[INFO] [stdout]   12:     0x60a6335fe295 - bookmark[5e4984920edeb2d0]::fixture
[INFO] [stdout]   13:     0x60a633602c1d - <bookmark[5e4984920edeb2d0]::path_components_come_back_in_order_without_separators::{closure#0} as core[a373ad73a504971]::ops::function::FnOnce<()>>::call_once
[INFO] [stdout]   14:     0x60a63360754b - test[aada8e7e76ba119b]::__rust_begin_short_backtrace::<core[a373ad73a504971]::result::Result<(), alloc[2e1b2a31b91974c5]::string::String>, fn() -> core[a373ad73a504971]::result::Result<(), alloc[2e1b2a31b91974c5]::string::String>>
[INFO] [stdout]   15:     0x60a633614725 - test[aada8e7e76ba119b]::run_test::{closure#0}
[INFO] [stdout]   16:     0x60a63360e014 - std[617be2ca0a6fd877]::sys::backtrace::__rust_begin_short_backtrace::<test[aada8e7e76ba119b]::run_test::{closure#1}, ()>
[INFO] [stdout]   17:     0x60a6336177b2 - <std[617be2ca0a6fd877]::thread::lifecycle::spawn_unchecked<test[aada8e7e76ba119b]::run_test::{closure#1}, ()>::{closure#1} as core[a373ad73a504971]::ops::function::FnOnce<()>>::call_once::{shim:vtable#0}
[INFO] [stdout]   18:     0x60a63368201f - <std[617be2ca0a6fd877]::sys::thread::unix::Thread>::new::thread_start
[INFO] [stdout]   19:     0x7b90b6697dfa - <unknown>
[INFO] [stdout]   20:     0x7b90b672b3d4 - clone
[INFO] [stdout]   21:                0x0 - <unknown>
[INFO] [stdout] 
[INFO] [stdout] ---- a_width_ambiguous_subtype_follows_the_record_length_and_not_a_guess stdout ----
[INFO] [stdout] 
[INFO] [stdout] thread 'a_width_ambiguous_subtype_follows_the_record_length_and_not_a_guess' (188) panicked at tests/bookmark.rs:11:41:
[INFO] [stdout] fixture: Os { code: 2, kind: NotFound, message: "No such file or directory" }
[INFO] [stdout] stack backtrace:
[INFO] [stdout]    0:     0x60a633682e31 - <<std[617be2ca0a6fd877]::sys::backtrace::BacktraceLock>::print::DisplayBacktrace as core[a373ad73a504971]::fmt::Display>::fmt
[INFO] [stdout]    1:     0x60a63369821a - core[a373ad73a504971]::fmt::write
[INFO] [stdout]    2:     0x60a63368731c - <alloc[2e1b2a31b91974c5]::vec::Vec<u8> as core[a373ad73a504971]::io::write::Write>::write_fmt
[INFO] [stdout]    3:     0x60a63365e526 - std[617be2ca0a6fd877]::panicking::default_hook::{closure#0}
[INFO] [stdout]    4:     0x60a63367ac49 - std[617be2ca0a6fd877]::panicking::default_hook
[INFO] [stdout]    5:     0x60a633614100 - test[aada8e7e76ba119b]::test_main_inner::{closure#0}
[INFO] [stdout]    6:     0x60a63367ae02 - std[617be2ca0a6fd877]::panicking::panic_with_hook
[INFO] [stdout]    7:     0x60a63365e5d2 - std[617be2ca0a6fd877]::panicking::panic_handler::{closure#0}
[INFO] [stdout]    8:     0x60a6336570b9 - std[617be2ca0a6fd877]::sys::backtrace::__rust_end_short_backtrace::<std[617be2ca0a6fd877]::panicking::panic_handler::{closure#0}, !>
[INFO] [stdout]    9:     0x60a63365f1dd - __rustc[ea4f61d10b84890b]::rust_begin_unwind
[INFO] [stdout]   10:     0x60a63369894c - core[a373ad73a504971]::panicking::panic_fmt
[INFO] [stdout]   11:     0x60a633698722 - core[a373ad73a504971]::result::unwrap_failed
[INFO] [stdout]   12:     0x60a6335fe295 - bookmark[5e4984920edeb2d0]::fixture
[INFO] [stdout]   13:     0x60a633603ead - <bookmark[5e4984920edeb2d0]::a_width_ambiguous_subtype_follows_the_record_length_and_not_a_guess::{closure#0} as core[a373ad73a504971]::ops::function::FnOnce<()>>::call_once
[INFO] [stdout]   14:     0x60a63360754b - test[aada8e7e76ba119b]::__rust_begin_short_backtrace::<core[a373ad73a504971]::result::Result<(), alloc[2e1b2a31b91974c5]::string::String>, fn() -> core[a373ad73a504971]::result::Result<(), alloc[2e1b2a31b91974c5]::string::String>>
[INFO] [stdout]   15:     0x60a633614725 - test[aada8e7e76ba119b]::run_test::{closure#0}
[INFO] [stdout]   16:     0x60a63360e014 - std[617be2ca0a6fd877]::sys::backtrace::__rust_begin_short_backtrace::<test[aada8e7e76ba119b]::run_test::{closure#1}, ()>
[INFO] [stdout]   17:     0x60a6336177b2 - <std[617be2ca0a6fd877]::thread::lifecycle::spawn_unchecked<test[aada8e7e76ba119b]::run_test::{closure#1}, ()>::{closure#1} as core[a373ad73a504971]::ops::function::FnOnce<()>>::call_once::{shim:vtable#0}
[INFO] [stdout]   18:     0x60a63368201f - <std[617be2ca0a6fd877]::sys::thread::unix::Thread>::new::thread_start
[INFO] [stdout]   19:     0x7b90b6697dfa - <unknown>
[INFO] [stdout]   20:     0x7b90b672b3d4 - clone
[INFO] [stdout]   21:                0x0 - <unknown>
[INFO] [stdout] 
[INFO] [stdout] ---- shared_subtrees_are_not_cycles stdout ----
[INFO] [stdout] 
[INFO] [stdout] thread 'shared_subtrees_are_not_cycles' (203) panicked at tests/bookmark.rs:11:41:
[INFO] [stdout] fixture: Os { code: 2, kind: NotFound, message: "No such file or directory" }
[INFO] [stdout] stack backtrace:
[INFO] [stdout]    0:     0x60a633682e31 - <<std[617be2ca0a6fd877]::sys::backtrace::BacktraceLock>::print::DisplayBacktrace as core[a373ad73a504971]::fmt::Display>::fmt
[INFO] [stdout]    1:     0x60a63369821a - core[a373ad73a504971]::fmt::write
[INFO] [stdout]    2:     0x60a63368731c - <alloc[2e1b2a31b91974c5]::vec::Vec<u8> as core[a373ad73a504971]::io::write::Write>::write_fmt
[INFO] [stdout]    3:     0x60a63365e526 - std[617be2ca0a6fd877]::panicking::default_hook::{closure#0}
[INFO] [stdout]    4:     0x60a63367ac49 - std[617be2ca0a6fd877]::panicking::default_hook
[INFO] [stdout]    5:     0x60a633614100 - test[aada8e7e76ba119b]::test_main_inner::{closure#0}
[INFO] [stdout]    6:     0x60a63367ae02 - std[617be2ca0a6fd877]::panicking::panic_with_hook
[INFO] [stdout]    7:     0x60a63365e5d2 - std[617be2ca0a6fd877]::panicking::panic_handler::{closure#0}
[INFO] [stdout]    8:     0x60a6336570b9 - std[617be2ca0a6fd877]::sys::backtrace::__rust_end_short_backtrace::<std[617be2ca0a6fd877]::panicking::panic_handler::{closure#0}, !>
[INFO] [stdout]    9:     0x60a63365f1dd - __rustc[ea4f61d10b84890b]::rust_begin_unwind
[INFO] [stdout]   10:     0x60a63369894c - core[a373ad73a504971]::panicking::panic_fmt
[INFO] [stdout]   11:     0x60a633698722 - core[a373ad73a504971]::result::unwrap_failed
[INFO] [stdout]   12:     0x60a6335fe295 - bookmark[5e4984920edeb2d0]::fixture
[INFO] [stdout]   13:     0x60a6335ffe1d - <bookmark[5e4984920edeb2d0]::shared_subtrees_are_not_cycles::{closure#0} as core[a373ad73a504971]::ops::function::FnOnce<()>>::call_once
[INFO] [stdout]   14:     0x60a63360754b - test[aada8e7e76ba119b]::__rust_begin_short_backtrace::<core[a373ad73a504971]::result::Result<(), alloc[2e1b2a31b91974c5]::string::String>, fn() -> core[a373ad73a504971]::result::Result<(), alloc[2e1b2a31b91974c5]::string::String>>
[INFO] [stdout]   15:     0x60a633614725 - test[aada8e7e76ba119b]::run_test::{closure#0}
[INFO] [stdout]   16:     0x60a63360e014 - std[617be2ca0a6fd877]::sys::backtrace::__rust_begin_short_backtrace::<test[aada8e7e76ba119b]::run_test::{closure#1}, ()>
[INFO] [stdout]   17:     0x60a6336177b2 - <std[617be2ca0a6fd877]::thread::lifecycle::spawn_unchecked<test[aada8e7e76ba119b]::run_test::{closure#1}, ()>::{closure#1} as core[a373ad73a504971]::ops::function::FnOnce<()>>::call_once::{shim:vtable#0}
[INFO] [stdout]   18:     0x60a63368201f - <std[617be2ca0a6fd877]::sys::thread::unix::Thread>::new::thread_start
[INFO] [stdout]   19:     0x7b90b6697dfa - <unknown>
[INFO] [stdout]   20:     0x7b90b672b3d4 - clone
[INFO] [stdout]   21:                0x0 - <unknown>
[INFO] [stdout] 
[INFO] [stdout] ---- minimal_book_has_url_and_filename stdout ----
[INFO] [stdout] 
[INFO] [stdout] thread 'minimal_book_has_url_and_filename' (200) panicked at tests/bookmark.rs:11:41:
[INFO] [stdout] fixture: Os { code: 2, kind: NotFound, message: "No such file or directory" }
[INFO] [stdout] stack backtrace:
[INFO] [stdout]    0:     0x60a633682e31 - <<std[617be2ca0a6fd877]::sys::backtrace::BacktraceLock>::print::DisplayBacktrace as core[a373ad73a504971]::fmt::Display>::fmt
[INFO] [stdout]    1:     0x60a63369821a - core[a373ad73a504971]::fmt::write
[INFO] [stdout]    2:     0x60a63368731c - <alloc[2e1b2a31b91974c5]::vec::Vec<u8> as core[a373ad73a504971]::io::write::Write>::write_fmt
[INFO] [stdout]    3:     0x60a63365e526 - std[617be2ca0a6fd877]::panicking::default_hook::{closure#0}
[INFO] [stdout]    4:     0x60a63367ac49 - std[617be2ca0a6fd877]::panicking::default_hook
[INFO] [stdout]    5:     0x60a633614100 - test[aada8e7e76ba119b]::test_main_inner::{closure#0}
[INFO] [stdout]    6:     0x60a63367ae02 - std[617be2ca0a6fd877]::panicking::panic_with_hook
[INFO] [stdout]    7:     0x60a63365e5d2 - std[617be2ca0a6fd877]::panicking::panic_handler::{closure#0}
[INFO] [stdout]    8:     0x60a6336570b9 - std[617be2ca0a6fd877]::sys::backtrace::__rust_end_short_backtrace::<std[617be2ca0a6fd877]::panicking::panic_handler::{closure#0}, !>
[INFO] [stdout]    9:     0x60a63365f1dd - __rustc[ea4f61d10b84890b]::rust_begin_unwind
[INFO] [stdout]   10:     0x60a63369894c - core[a373ad73a504971]::panicking::panic_fmt
[INFO] [stdout]   11:     0x60a633698722 - core[a373ad73a504971]::result::unwrap_failed
[INFO] [stdout]   12:     0x60a6335fe295 - bookmark[5e4984920edeb2d0]::fixture
[INFO] [stdout]   13:     0x60a633601629 - <bookmark[5e4984920edeb2d0]::minimal_book_has_url_and_filename::{closure#0} as core[a373ad73a504971]::ops::function::FnOnce<()>>::call_once
[INFO] [stdout]   14:     0x60a63360754b - test[aada8e7e76ba119b]::__rust_begin_short_backtrace::<core[a373ad73a504971]::result::Result<(), alloc[2e1b2a31b91974c5]::string::String>, fn() -> core[a373ad73a504971]::result::Result<(), alloc[2e1b2a31b91974c5]::string::String>>
[INFO] [stdout]   15:     0x60a633614725 - test[aada8e7e76ba119b]::run_test::{closure#0}
[INFO] [stdout]   16:     0x60a63360e014 - std[617be2ca0a6fd877]::sys::backtrace::__rust_begin_short_backtrace::<test[aada8e7e76ba119b]::run_test::{closure#1}, ()>
[INFO] [stdout]   17:     0x60a6336177b2 - <std[617be2ca0a6fd877]::thread::lifecycle::spawn_unchecked<test[aada8e7e76ba119b]::run_test::{closure#1}, ()>::{closure#1} as core[a373ad73a504971]::ops::function::FnOnce<()>>::call_once::{shim:vtable#0}
[INFO] [stdout]   18:     0x60a63368201f - <std[617be2ca0a6fd877]::sys::thread::unix::Thread>::new::thread_start
[INFO] [stdout]   19:     0x7b90b6697dfa - <unknown>
[INFO] [stdout]   20:     0x7b90b672b3d4 - clone
[INFO] [stdout]   21:                0x0 - <unknown>
[INFO] [stdout] 
[INFO] [stdout] ---- the_c_type_subtypes_are_the_same_values_as_their_fixed_width_twins stdout ----
[INFO] [stdout] 
[INFO] [stdout] thread 'the_c_type_subtypes_are_the_same_values_as_their_fixed_width_twins' (204) panicked at tests/bookmark.rs:11:41:
[INFO] [stdout] fixture: Os { code: 2, kind: NotFound, message: "No such file or directory" }
[INFO] [stdout] stack backtrace:
[INFO] [stdout]    0:     0x60a633682e31 - <<std[617be2ca0a6fd877]::sys::backtrace::BacktraceLock>::print::DisplayBacktrace as core[a373ad73a504971]::fmt::Display>::fmt
[INFO] [stdout]    1:     0x60a63369821a - core[a373ad73a504971]::fmt::write
[INFO] [stdout]    2:     0x60a63368731c - <alloc[2e1b2a31b91974c5]::vec::Vec<u8> as core[a373ad73a504971]::io::write::Write>::write_fmt
[INFO] [stdout]    3:     0x60a63365e526 - std[617be2ca0a6fd877]::panicking::default_hook::{closure#0}
[INFO] [stdout]    4:     0x60a63367ac49 - std[617be2ca0a6fd877]::panicking::default_hook
[INFO] [stdout]    5:     0x60a633614100 - test[aada8e7e76ba119b]::test_main_inner::{closure#0}
[INFO] [stdout]    6:     0x60a63367ae02 - std[617be2ca0a6fd877]::panicking::panic_with_hook
[INFO] [stdout]    7:     0x60a63365e5d2 - std[617be2ca0a6fd877]::panicking::panic_handler::{closure#0}
[INFO] [stdout]    8:     0x60a6336570b9 - std[617be2ca0a6fd877]::sys::backtrace::__rust_end_short_backtrace::<std[617be2ca0a6fd877]::panicking::panic_handler::{closure#0}, !>
[INFO] [stdout]    9:     0x60a63365f1dd - __rustc[ea4f61d10b84890b]::rust_begin_unwind
[INFO] [stdout]   10:     0x60a63369894c - core[a373ad73a504971]::panicking::panic_fmt
[INFO] [stdout]   11:     0x60a633698722 - core[a373ad73a504971]::result::unwrap_failed
[INFO] [stdout]   12:     0x60a6335fe295 - bookmark[5e4984920edeb2d0]::fixture
[INFO] [stdout]   13:     0x60a63360385a - <bookmark[5e4984920edeb2d0]::the_c_type_subtypes_are_the_same_values_as_their_fixed_width_twins::{closure#0} as core[a373ad73a504971]::ops::function::FnOnce<()>>::call_once
[INFO] [stdout]   14:     0x60a63360754b - test[aada8e7e76ba119b]::__rust_begin_short_backtrace::<core[a373ad73a504971]::result::Result<(), alloc[2e1b2a31b91974c5]::string::String>, fn() -> core[a373ad73a504971]::result::Result<(), alloc[2e1b2a31b91974c5]::string::String>>
[INFO] [stdout]   15:     0x60a633614725 - test[aada8e7e76ba119b]::run_test::{closure#0}
[INFO] [stdout]   16:     0x60a63360e014 - std[617be2ca0a6fd877]::sys::backtrace::__rust_begin_short_backtrace::<test[aada8e7e76ba119b]::run_test::{closure#1}, ()>
[INFO] [stdout]   17:     0x60a6336177b2 - <std[617be2ca0a6fd877]::thread::lifecycle::spawn_unchecked<test[aada8e7e76ba119b]::run_test::{closure#1}, ()>::{closure#1} as core[a373ad73a504971]::ops::function::FnOnce<()>>::call_once::{shim:vtable#0}
[INFO] [stdout]   18:     0x60a63368201f - <std[617be2ca0a6fd877]::sys::thread::unix::Thread>::new::thread_start
[INFO] [stdout]   19:     0x7b90b6697dfa - <unknown>
[INFO] [stdout]   20:     0x7b90b672b3d4 - clone
[INFO] [stdout]   21:                0x0 - <unknown>
[INFO] [stdout] 
[INFO] [stdout] ---- fanout_bomb_is_stopped_by_the_node_budget stdout ----
[INFO] [stdout] 
[INFO] [stdout] thread 'fanout_bomb_is_stopped_by_the_node_budget' (197) panicked at tests/bookmark.rs:11:41:
[INFO] [stdout] fixture: Os { code: 2, kind: NotFound, message: "No such file or directory" }
[INFO] [stdout] stack backtrace:
[INFO] [stdout]    0:     0x60a633682e31 - <<std[617be2ca0a6fd877]::sys::backtrace::BacktraceLock>::print::DisplayBacktrace as core[a373ad73a504971]::fmt::Display>::fmt
[INFO] [stdout]    1:     0x60a63369821a - core[a373ad73a504971]::fmt::write
[INFO] [stdout]    2:     0x60a63368731c - <alloc[2e1b2a31b91974c5]::vec::Vec<u8> as core[a373ad73a504971]::io::write::Write>::write_fmt
[INFO] [stdout]    3:     0x60a63365e526 - std[617be2ca0a6fd877]::panicking::default_hook::{closure#0}
[INFO] [stdout]    4:     0x60a63367ac49 - std[617be2ca0a6fd877]::panicking::default_hook
[INFO] [stdout]    5:     0x60a633614100 - test[aada8e7e76ba119b]::test_main_inner::{closure#0}
[INFO] [stdout]    6:     0x60a63367ae02 - std[617be2ca0a6fd877]::panicking::panic_with_hook
[INFO] [stdout]    7:     0x60a63365e5d2 - std[617be2ca0a6fd877]::panicking::panic_handler::{closure#0}
[INFO] [stdout]    8:     0x60a6336570b9 - std[617be2ca0a6fd877]::sys::backtrace::__rust_end_short_backtrace::<std[617be2ca0a6fd877]::panicking::panic_handler::{closure#0}, !>
[INFO] [stdout]    9:     0x60a63365f1dd - __rustc[ea4f61d10b84890b]::rust_begin_unwind
[INFO] [stdout]   10:     0x60a63369894c - core[a373ad73a504971]::panicking::panic_fmt
[INFO] [stdout]   11:     0x60a633698722 - core[a373ad73a504971]::result::unwrap_failed
[INFO] [stdout]   12:     0x60a6335fe295 - bookmark[5e4984920edeb2d0]::fixture
[INFO] [stdout]   13:     0x60a6336024a8 - <bookmark[5e4984920edeb2d0]::fanout_bomb_is_stopped_by_the_node_budget::{closure#0} as core[a373ad73a504971]::ops::function::FnOnce<()>>::call_once
[INFO] [stdout]   14:     0x60a63360754b - test[aada8e7e76ba119b]::__rust_begin_short_backtrace::<core[a373ad73a504971]::result::Result<(), alloc[2e1b2a31b91974c5]::string::String>, fn() -> core[a373ad73a504971]::result::Result<(), alloc[2e1b2a31b91974c5]::string::String>>
[INFO] [stdout]   15:     0x60a633614725 - test[aada8e7e76ba119b]::run_test::{closure#0}
[INFO] [stdout]   16:     0x60a63360e014 - std[617be2ca0a6fd877]::sys::backtrace::__rust_begin_short_backtrace::<test[aada8e7e76ba119b]::run_test::{closure#1}, ()>
[INFO] [stdout]   17:     0x60a6336177b2 - <std[617be2ca0a6fd877]::thread::lifecycle::spawn_unchecked<test[aada8e7e76ba119b]::run_test::{closure#1}, ()>::{closure#1} as core[a373ad73a504971]::ops::function::FnOnce<()>>::call_once::{shim:vtable#0}
[INFO] [stdout]   18:     0x60a63368201f - <std[617be2ca0a6fd877]::sys::thread::unix::Thread>::new::thread_start
[INFO] [stdout]   19:     0x7b90b6697dfa - <unknown>
[INFO] [stdout]   20:     0x7b90b672b3d4 - clone
[INFO] [stdout]   21:                0x0 - <unknown>
[INFO] [stdout] 
[INFO] [stdout] ---- cnid_path_matches_path_components stdout ----
[INFO] [stdout] 
[INFO] [stdout] thread 'cnid_path_matches_path_components' (190) panicked at tests/bookmark.rs:11:41:
[INFO] [stdout] fixture: Os { code: 2, kind: NotFound, message: "No such file or directory" }
[INFO] [stdout] stack backtrace:
[INFO] [stdout]    0:     0x60a633682e31 - <<std[617be2ca0a6fd877]::sys::backtrace::BacktraceLock>::print::DisplayBacktrace as core[a373ad73a504971]::fmt::Display>::fmt
[INFO] [stdout]    1:     0x60a63369821a - core[a373ad73a504971]::fmt::write
[INFO] [stdout]    2:     0x60a63368731c - <alloc[2e1b2a31b91974c5]::vec::Vec<u8> as core[a373ad73a504971]::io::write::Write>::write_fmt
[INFO] [stdout]    3:     0x60a63365e526 - std[617be2ca0a6fd877]::panicking::default_hook::{closure#0}
[INFO] [stdout]    4:     0x60a63367ac49 - std[617be2ca0a6fd877]::panicking::default_hook
[INFO] [stdout]    5:     0x60a633614100 - test[aada8e7e76ba119b]::test_main_inner::{closure#0}
[INFO] [stdout]    6:     0x60a63367ae02 - std[617be2ca0a6fd877]::panicking::panic_with_hook
[INFO] [stdout]    7:     0x60a63365e5d2 - std[617be2ca0a6fd877]::panicking::panic_handler::{closure#0}
[INFO] [stdout]    8:     0x60a6336570b9 - std[617be2ca0a6fd877]::sys::backtrace::__rust_end_short_backtrace::<std[617be2ca0a6fd877]::panicking::panic_handler::{closure#0}, !>
[INFO] [stdout]    9:     0x60a63365f1dd - __rustc[ea4f61d10b84890b]::rust_begin_unwind
[INFO] [stdout]   10:     0x60a63369894c - core[a373ad73a504971]::panicking::panic_fmt
[INFO] [stdout]   11:     0x60a633698722 - core[a373ad73a504971]::result::unwrap_failed
[INFO] [stdout]   12:     0x60a6335fe295 - bookmark[5e4984920edeb2d0]::fixture
[INFO] [stdout]   13:     0x60a63360087d - <bookmark[5e4984920edeb2d0]::cnid_path_matches_path_components::{closure#0} as core[a373ad73a504971]::ops::function::FnOnce<()>>::call_once
[INFO] [stdout]   14:     0x60a63360754b - test[aada8e7e76ba119b]::__rust_begin_short_backtrace::<core[a373ad73a504971]::result::Result<(), alloc[2e1b2a31b91974c5]::string::String>, fn() -> core[a373ad73a504971]::result::Result<(), alloc[2e1b2a31b91974c5]::string::String>>
[INFO] [stdout]   15:     0x60a633614725 - test[aada8e7e76ba119b]::run_test::{closure#0}
[INFO] [stdout]   16:     0x60a63360e014 - std[617be2ca0a6fd877]::sys::backtrace::__rust_begin_short_backtrace::<test[aada8e7e76ba119b]::run_test::{closure#1}, ()>
[INFO] [stdout]   17:     0x60a6336177b2 - <std[617be2ca0a6fd877]::thread::lifecycle::spawn_unchecked<test[aada8e7e76ba119b]::run_test::{closure#1}, ()>::{closure#1} as core[a373ad73a504971]::ops::function::FnOnce<()>>::call_once::{shim:vtable#0}
[INFO] [stdout]   18:     0x60a63368201f - <std[617be2ca0a6fd877]::sys::thread::unix::Thread>::new::thread_start
[INFO] [stdout]   19:     0x7b90b6697dfa - <unknown>
[INFO] [stdout]   20:     0x7b90b672b3d4 - clone
[INFO] [stdout]   21:                0x0 - <unknown>
[INFO] [stdout] 
[INFO] [stdout] ---- toc_chain_that_loops_is_cut_off stdout ----
[INFO] [stdout] 
[INFO] [stdout] thread 'toc_chain_that_loops_is_cut_off' (205) panicked at tests/bookmark.rs:11:41:
[INFO] [stdout] fixture: Os { code: 2, kind: NotFound, message: "No such file or directory" }
[INFO] [stdout] stack backtrace:
[INFO] [stdout]    0:     0x60a633682e31 - <<std[617be2ca0a6fd877]::sys::backtrace::BacktraceLock>::print::DisplayBacktrace as core[a373ad73a504971]::fmt::Display>::fmt
[INFO] [stdout]    1:     0x60a63369821a - core[a373ad73a504971]::fmt::write
[INFO] [stdout]    2:     0x60a63368731c - <alloc[2e1b2a31b91974c5]::vec::Vec<u8> as core[a373ad73a504971]::io::write::Write>::write_fmt
[INFO] [stdout]    3:     0x60a63365e526 - std[617be2ca0a6fd877]::panicking::default_hook::{closure#0}
[INFO] [stdout]    4:     0x60a63367ac49 - std[617be2ca0a6fd877]::panicking::default_hook
[INFO] [stdout]    5:     0x60a633614100 - test[aada8e7e76ba119b]::test_main_inner::{closure#0}
[INFO] [stdout]    6:     0x60a63367ae02 - std[617be2ca0a6fd877]::panicking::panic_with_hook
[INFO] [stdout]    7:     0x60a63365e5d2 - std[617be2ca0a6fd877]::panicking::panic_handler::{closure#0}
[INFO] [stdout]    8:     0x60a6336570b9 - std[617be2ca0a6fd877]::sys::backtrace::__rust_end_short_backtrace::<std[617be2ca0a6fd877]::panicking::panic_handler::{closure#0}, !>
[INFO] [stdout]    9:     0x60a63365f1dd - __rustc[ea4f61d10b84890b]::rust_begin_unwind
[INFO] [stdout]   10:     0x60a63369894c - core[a373ad73a504971]::panicking::panic_fmt
[INFO] [stdout]   11:     0x60a633698722 - core[a373ad73a504971]::result::unwrap_failed
[INFO] [stdout]   12:     0x60a6335fe295 - bookmark[5e4984920edeb2d0]::fixture
[INFO] [stdout]   13:     0x60a63360066a - <bookmark[5e4984920edeb2d0]::toc_chain_that_loops_is_cut_off::{closure#0} as core[a373ad73a504971]::ops::function::FnOnce<()>>::call_once
[INFO] [stdout]   14:     0x60a63360754b - test[aada8e7e76ba119b]::__rust_begin_short_backtrace::<core[a373ad73a504971]::result::Result<(), alloc[2e1b2a31b91974c5]::string::String>, fn() -> core[a373ad73a504971]::result::Result<(), alloc[2e1b2a31b91974c5]::string::String>>
[INFO] [stdout]   15:     0x60a633614725 - test[aada8e7e76ba119b]::run_test::{closure#0}
[INFO] [stdout]   16:     0x60a63360e014 - std[617be2ca0a6fd877]::sys::backtrace::__rust_begin_short_backtrace::<test[aada8e7e76ba119b]::run_test::{closure#1}, ()>
[INFO] [stdout]   17:     0x60a6336177b2 - <std[617be2ca0a6fd877]::thread::lifecycle::spawn_unchecked<test[aada8e7e76ba119b]::run_test::{closure#1}, ()>::{closure#1} as core[a373ad73a504971]::ops::function::FnOnce<()>>::call_once::{shim:vtable#0}
[INFO] [stdout]   18:     0x60a63368201f - <std[617be2ca0a6fd877]::sys::thread::unix::Thread>::new::thread_start
[INFO] [stdout]   19:     0x7b90b6697dfa - <unknown>
[INFO] [stdout]   20:     0x7b90b672b3d4 - clone
[INFO] [stdout]   21:                0x0 - <unknown>
[INFO] [stdout] 
[INFO] [stdout] ---- trailing_bytes_after_the_declared_size_are_unreachable stdout ----
[INFO] [stdout] 
[INFO] [stdout] thread 'trailing_bytes_after_the_declared_size_are_unreachable' (207) panicked at tests/bookmark.rs:11:41:
[INFO] [stdout] fixture: Os { code: 2, kind: NotFound, message: "No such file or directory" }
[INFO] [stdout] stack backtrace:
[INFO] [stdout]    0:     0x60a633682e31 - <<std[617be2ca0a6fd877]::sys::backtrace::BacktraceLock>::print::DisplayBacktrace as core[a373ad73a504971]::fmt::Display>::fmt
[INFO] [stdout]    1:     0x60a63369821a - core[a373ad73a504971]::fmt::write
[INFO] [stdout]    2:     0x60a63368731c - <alloc[2e1b2a31b91974c5]::vec::Vec<u8> as core[a373ad73a504971]::io::write::Write>::write_fmt
[INFO] [stdout]    3:     0x60a63365e526 - std[617be2ca0a6fd877]::panicking::default_hook::{closure#0}
[INFO] [stdout]    4:     0x60a63367ac49 - std[617be2ca0a6fd877]::panicking::default_hook
[INFO] [stdout]    5:     0x60a633614100 - test[aada8e7e76ba119b]::test_main_inner::{closure#0}
[INFO] [stdout]    6:     0x60a63367ae02 - std[617be2ca0a6fd877]::panicking::panic_with_hook
[INFO] [stdout]    7:     0x60a63365e5d2 - std[617be2ca0a6fd877]::panicking::panic_handler::{closure#0}
[INFO] [stdout]    8:     0x60a6336570b9 - std[617be2ca0a6fd877]::sys::backtrace::__rust_end_short_backtrace::<std[617be2ca0a6fd877]::panicking::panic_handler::{closure#0}, !>
[INFO] [stdout]    9:     0x60a63365f1dd - __rustc[ea4f61d10b84890b]::rust_begin_unwind
[INFO] [stdout]   10:     0x60a63369894c - core[a373ad73a504971]::panicking::panic_fmt
[INFO] [stdout]   11:     0x60a633698722 - core[a373ad73a504971]::result::unwrap_failed
[INFO] [stdout]   12:     0x60a6335fe295 - bookmark[5e4984920edeb2d0]::fixture
[INFO] [stdout]   13:     0x60a633603135 - <bookmark[5e4984920edeb2d0]::trailing_bytes_after_the_declared_size_are_unreachable::{closure#0} as core[a373ad73a504971]::ops::function::FnOnce<()>>::call_once
[INFO] [stdout]   14:     0x60a63360754b - test[aada8e7e76ba119b]::__rust_begin_short_backtrace::<core[a373ad73a504971]::result::Result<(), alloc[2e1b2a31b91974c5]::string::String>, fn() -> core[a373ad73a504971]::result::Result<(), alloc[2e1b2a31b91974c5]::string::String>>
[INFO] [stdout]   15:     0x60a633614725 - test[aada8e7e76ba119b]::run_test::{closure#0}
[INFO] [stdout]   16:     0x60a63360e014 - std[617be2ca0a6fd877]::sys::backtrace::__rust_begin_short_backtrace::<test[aada8e7e76ba119b]::run_test::{closure#1}, ()>
[INFO] [stdout]   17:     0x60a6336177b2 - <std[617be2ca0a6fd877]::thread::lifecycle::spawn_unchecked<test[aada8e7e76ba119b]::run_test::{closure#1}, ()>::{closure#1} as core[a373ad73a504971]::ops::function::FnOnce<()>>::call_once::{shim:vtable#0}
[INFO] [stdout]   18:     0x60a63368201f - <std[617be2ca0a6fd877]::sys::thread::unix::Thread>::new::thread_start
[INFO] [stdout]   19:     0x7b90b6697dfa - <unknown>
[INFO] [stdout]   20:     0x7b90b672b3d4 - clone
[INFO] [stdout]   21:                0x0 - <unknown>
[INFO] [stdout] 
[INFO] [stdout] ---- out_of_range_record_offset_is_rejected stdout ----
[INFO] [stdout] 
[INFO] [stdout] thread 'out_of_range_record_offset_is_rejected' (201) panicked at tests/bookmark.rs:11:41:
[INFO] [stdout] fixture: Os { code: 2, kind: NotFound, message: "No such file or directory" }
[INFO] [stdout] stack backtrace:
[INFO] [stdout]    0:     0x60a633682e31 - <<std[617be2ca0a6fd877]::sys::backtrace::BacktraceLock>::print::DisplayBacktrace as core[a373ad73a504971]::fmt::Display>::fmt
[INFO] [stdout]    1:     0x60a63369821a - core[a373ad73a504971]::fmt::write
[INFO] [stdout]    2:     0x60a63368731c - <alloc[2e1b2a31b91974c5]::vec::Vec<u8> as core[a373ad73a504971]::io::write::Write>::write_fmt
[INFO] [stdout]    3:     0x60a63365e526 - std[617be2ca0a6fd877]::panicking::default_hook::{closure#0}
[INFO] [stdout]    4:     0x60a63367ac49 - std[617be2ca0a6fd877]::panicking::default_hook
[INFO] [stdout]    5:     0x60a633614100 - test[aada8e7e76ba119b]::test_main_inner::{closure#0}
[INFO] [stdout]    6:     0x60a63367ae02 - std[617be2ca0a6fd877]::panicking::panic_with_hook
[INFO] [stdout]    7:     0x60a63365e5d2 - std[617be2ca0a6fd877]::panicking::panic_handler::{closure#0}
[INFO] [stdout]    8:     0x60a6336570b9 - std[617be2ca0a6fd877]::sys::backtrace::__rust_end_short_backtrace::<std[617be2ca0a6fd877]::panicking::panic_handler::{closure#0}, !>
[INFO] [stdout]    9:     0x60a63365f1dd - __rustc[ea4f61d10b84890b]::rust_begin_unwind
[INFO] [stdout]   10:     0x60a63369894c - core[a373ad73a504971]::panicking::panic_fmt
[INFO] [stdout]   11:     0x60a633698722 - core[a373ad73a504971]::result::unwrap_failed
[INFO] [stdout]   12:     0x60a6335fe295 - bookmark[5e4984920edeb2d0]::fixture
[INFO] [stdout]   13:     0x60a6336020e0 - <bookmark[5e4984920edeb2d0]::out_of_range_record_offset_is_rejected::{closure#0} as core[a373ad73a504971]::ops::function::FnOnce<()>>::call_once
[INFO] [stdout]   14:     0x60a63360754b - test[aada8e7e76ba119b]::__rust_begin_short_backtrace::<core[a373ad73a504971]::result::Result<(), alloc[2e1b2a31b91974c5]::string::String>, fn() -> core[a373ad73a504971]::result::Result<(), alloc[2e1b2a31b91974c5]::string::String>>
[INFO] [stdout]   15:     0x60a633614725 - test[aada8e7e76ba119b]::run_test::{closure#0}
[INFO] [stdout]   16:     0x60a63360e014 - std[617be2ca0a6fd877]::sys::backtrace::__rust_begin_short_backtrace::<test[aada8e7e76ba119b]::run_test::{closure#1}, ()>
[INFO] [stdout]   17:     0x60a6336177b2 - <std[617be2ca0a6fd877]::thread::lifecycle::spawn_unchecked<test[aada8e7e76ba119b]::run_test::{closure#1}, ()>::{closure#1} as core[a373ad73a504971]::ops::function::FnOnce<()>>::call_once::{shim:vtable#0}
[INFO] [stdout]   18:     0x60a63368201f - <std[617be2ca0a6fd877]::sys::thread::unix::Thread>::new::thread_start
[INFO] [stdout]   19:     0x7b90b6697dfa - <unknown>
[INFO] [stdout]   20:     0x7b90b672b3d4 - clone
[INFO] [stdout]   21:                0x0 - <unknown>
[INFO] [stdout] 
[INFO] [stdout] ---- every_cfnumber_subtype_decodes_at_the_width_the_record_declares stdout ----
[INFO] [stdout] 
[INFO] [stdout] thread 'every_cfnumber_subtype_decodes_at_the_width_the_record_declares' (195) panicked at tests/bookmark.rs:11:41:
[INFO] [stdout] fixture: Os { code: 2, kind: NotFound, message: "No such file or directory" }
[INFO] [stdout] stack backtrace:
[INFO] [stdout]    0:     0x60a633682e31 - <<std[617be2ca0a6fd877]::sys::backtrace::BacktraceLock>::print::DisplayBacktrace as core[a373ad73a504971]::fmt::Display>::fmt
[INFO] [stdout]    1:     0x60a63369821a - core[a373ad73a504971]::fmt::write
[INFO] [stdout]    2:     0x60a63368731c - <alloc[2e1b2a31b91974c5]::vec::Vec<u8> as core[a373ad73a504971]::io::write::Write>::write_fmt
[INFO] [stdout]    3:     0x60a63365e526 - std[617be2ca0a6fd877]::panicking::default_hook::{closure#0}
[INFO] [stdout]    4:     0x60a63367ac49 - std[617be2ca0a6fd877]::panicking::default_hook
[INFO] [stdout]    5:     0x60a633614100 - test[aada8e7e76ba119b]::test_main_inner::{closure#0}
[INFO] [stdout]    6:     0x60a63367ae02 - std[617be2ca0a6fd877]::panicking::panic_with_hook
[INFO] [stdout]    7:     0x60a63365e5d2 - std[617be2ca0a6fd877]::panicking::panic_handler::{closure#0}
[INFO] [stdout]    8:     0x60a6336570b9 - std[617be2ca0a6fd877]::sys::backtrace::__rust_end_short_backtrace::<std[617be2ca0a6fd877]::panicking::panic_handler::{closure#0}, !>
[INFO] [stdout]    9:     0x60a63365f1dd - __rustc[ea4f61d10b84890b]::rust_begin_unwind
[INFO] [stdout]   10:     0x60a63369894c - core[a373ad73a504971]::panicking::panic_fmt
[INFO] [stdout]   11:     0x60a633698722 - core[a373ad73a504971]::result::unwrap_failed
[INFO] [stdout]   12:     0x60a6335fe295 - bookmark[5e4984920edeb2d0]::fixture
[INFO] [stdout]   13:     0x60a63360338a - <bookmark[5e4984920edeb2d0]::every_cfnumber_subtype_decodes_at_the_width_the_record_declares::{closure#0} as core[a373ad73a504971]::ops::function::FnOnce<()>>::call_once
[INFO] [stdout]   14:     0x60a63360754b - test[aada8e7e76ba119b]::__rust_begin_short_backtrace::<core[a373ad73a504971]::result::Result<(), alloc[2e1b2a31b91974c5]::string::String>, fn() -> core[a373ad73a504971]::result::Result<(), alloc[2e1b2a31b91974c5]::string::String>>
[INFO] [stdout]   15:     0x60a633614725 - test[aada8e7e76ba119b]::run_test::{closure#0}
[INFO] [stdout]   16:     0x60a63360e014 - std[617be2ca0a6fd877]::sys::backtrace::__rust_begin_short_backtrace::<test[aada8e7e76ba119b]::run_test::{closure#1}, ()>
[INFO] [stdout]   17:     0x60a6336177b2 - <std[617be2ca0a6fd877]::thread::lifecycle::spawn_unchecked<test[aada8e7e76ba119b]::run_test::{closure#1}, ()>::{closure#1} as core[a373ad73a504971]::ops::function::FnOnce<()>>::call_once::{shim:vtable#0}
[INFO] [stdout]   18:     0x60a63368201f - <std[617be2ca0a6fd877]::sys::thread::unix::Thread>::new::thread_start
[INFO] [stdout]   19:     0x7b90b6697dfa - <unknown>
[INFO] [stdout]   20:     0x7b90b672b3d4 - clone
[INFO] [stdout]   21:                0x0 - <unknown>
[INFO] [stdout] 
[INFO] [stdout] ---- flags_record_carries_both_words stdout ----
[INFO] [stdout] 
[INFO] [stdout] thread 'flags_record_carries_both_words' (198) panicked at tests/bookmark.rs:11:41:
[INFO] [stdout] fixture: Os { code: 2, kind: NotFound, message: "No such file or directory" }
[INFO] [stdout] stack backtrace:
[INFO] [stdout]    0:     0x60a633682e31 - <<std[617be2ca0a6fd877]::sys::backtrace::BacktraceLock>::print::DisplayBacktrace as core[a373ad73a504971]::fmt::Display>::fmt
[INFO] [stdout]    1:     0x60a63369821a - core[a373ad73a504971]::fmt::write
[INFO] [stdout]    2:     0x60a63368731c - <alloc[2e1b2a31b91974c5]::vec::Vec<u8> as core[a373ad73a504971]::io::write::Write>::write_fmt
[INFO] [stdout]    3:     0x60a63365e526 - std[617be2ca0a6fd877]::panicking::default_hook::{closure#0}
[INFO] [stdout]    4:     0x60a63367ac49 - std[617be2ca0a6fd877]::panicking::default_hook
[INFO] [stdout]    5:     0x60a633614100 - test[aada8e7e76ba119b]::test_main_inner::{closure#0}
[INFO] [stdout]    6:     0x60a63367ae02 - std[617be2ca0a6fd877]::panicking::panic_with_hook
[INFO] [stdout]    7:     0x60a63365e5d2 - std[617be2ca0a6fd877]::panicking::panic_handler::{closure#0}
[INFO] [stdout]    8:     0x60a6336570b9 - std[617be2ca0a6fd877]::sys::backtrace::__rust_end_short_backtrace::<std[617be2ca0a6fd877]::panicking::panic_handler::{closure#0}, !>
[INFO] [stdout]    9:     0x60a63365f1dd - __rustc[ea4f61d10b84890b]::rust_begin_unwind
[INFO] [stdout]   10:     0x60a63369894c - core[a373ad73a504971]::panicking::panic_fmt
[INFO] [stdout]   11:     0x60a633698722 - core[a373ad73a504971]::result::unwrap_failed
[INFO] [stdout]   12:     0x60a6335fe295 - bookmark[5e4984920edeb2d0]::fixture
[INFO] [stdout]   13:     0x60a633600490 - <bookmark[5e4984920edeb2d0]::flags_record_carries_both_words::{closure#0} as core[a373ad73a504971]::ops::function::FnOnce<()>>::call_once
[INFO] [stdout]   14:     0x60a63360754b - test[aada8e7e76ba119b]::__rust_begin_short_backtrace::<core[a373ad73a504971]::result::Result<(), alloc[2e1b2a31b91974c5]::string::String>, fn() -> core[a373ad73a504971]::result::Result<(), alloc[2e1b2a31b91974c5]::string::String>>
[INFO] [stdout]   15:     0x60a633614725 - test[aada8e7e76ba119b]::run_test::{closure#0}
[INFO] [stdout]   16:     0x60a63360e014 - std[617be2ca0a6fd877]::sys::backtrace::__rust_begin_short_backtrace::<test[aada8e7e76ba119b]::run_test::{closure#1}, ()>
[INFO] [stdout]   17:     0x60a6336177b2 - <std[617be2ca0a6fd877]::thread::lifecycle::spawn_unchecked<test[aada8e7e76ba119b]::run_test::{closure#1}, ()>::{closure#1} as core[a373ad73a504971]::ops::function::FnOnce<()>>::call_once::{shim:vtable#0}
[INFO] [stdout]   18:     0x60a63368201f - <std[617be2ca0a6fd877]::sys::thread::unix::Thread>::new::thread_start
[INFO] [stdout]   19:     0x7b90b6697dfa - <unknown>
[INFO] [stdout]   20:     0x7b90b672b3d4 - clone
[INFO] [stdout]   21:                0x0 - <unknown>
[INFO] [stdout] 
[INFO] [stdout] ---- bit31_key_resolves_to_a_string stdout ----
[INFO] [stdout] 
[INFO] [stdout] thread 'bit31_key_resolves_to_a_string' (189) panicked at tests/bookmark.rs:11:41:
[INFO] [stdout] fixture: Os { code: 2, kind: NotFound, message: "No such file or directory" }
[INFO] [stdout] stack backtrace:
[INFO] [stdout]    0:     0x60a633682e31 - <<std[617be2ca0a6fd877]::sys::backtrace::BacktraceLock>::print::DisplayBacktrace as core[a373ad73a504971]::fmt::Display>::fmt
[INFO] [stdout]    1:     0x60a63369821a - core[a373ad73a504971]::fmt::write
[INFO] [stdout]    2:     0x60a63368731c - <alloc[2e1b2a31b91974c5]::vec::Vec<u8> as core[a373ad73a504971]::io::write::Write>::write_fmt
[INFO] [stdout]    3:     0x60a63365e526 - std[617be2ca0a6fd877]::panicking::default_hook::{closure#0}
[INFO] [stdout]    4:     0x60a63367ac49 - std[617be2ca0a6fd877]::panicking::default_hook
[INFO] [stdout]    5:     0x60a633614100 - test[aada8e7e76ba119b]::test_main_inner::{closure#0}
[INFO] [stdout]    6:     0x60a63367ae02 - std[617be2ca0a6fd877]::panicking::panic_with_hook
[INFO] [stdout]    7:     0x60a63365e5d2 - std[617be2ca0a6fd877]::panicking::panic_handler::{closure#0}
[INFO] [stdout]    8:     0x60a6336570b9 - std[617be2ca0a6fd877]::sys::backtrace::__rust_end_short_backtrace::<std[617be2ca0a6fd877]::panicking::panic_handler::{closure#0}, !>
[INFO] [stdout]    9:     0x60a63365f1dd - __rustc[ea4f61d10b84890b]::rust_begin_unwind
[INFO] [stdout]   10:     0x60a63369894c - core[a373ad73a504971]::panicking::panic_fmt
[INFO] [stdout]   11:     0x60a633698722 - core[a373ad73a504971]::result::unwrap_failed
[INFO] [stdout]   12:     0x60a6335fe295 - bookmark[5e4984920edeb2d0]::fixture
[INFO] [stdout]   13:     0x60a6335ff96c - <bookmark[5e4984920edeb2d0]::bit31_key_resolves_to_a_string::{closure#0} as core[a373ad73a504971]::ops::function::FnOnce<()>>::call_once
[INFO] [stdout]   14:     0x60a63360754b - test[aada8e7e76ba119b]::__rust_begin_short_backtrace::<core[a373ad73a504971]::result::Result<(), alloc[2e1b2a31b91974c5]::string::String>, fn() -> core[a373ad73a504971]::result::Result<(), alloc[2e1b2a31b91974c5]::string::String>>
[INFO] [stdout]   15:     0x60a633614725 - test[aada8e7e76ba119b]::run_test::{closure#0}
[INFO] [stdout]   16:     0x60a63360e014 - std[617be2ca0a6fd877]::sys::backtrace::__rust_begin_short_backtrace::<test[aada8e7e76ba119b]::run_test::{closure#1}, ()>
[INFO] [stdout]   17:     0x60a6336177b2 - <std[617be2ca0a6fd877]::thread::lifecycle::spawn_unchecked<test[aada8e7e76ba119b]::run_test::{closure#1}, ()>::{closure#1} as core[a373ad73a504971]::ops::function::FnOnce<()>>::call_once::{shim:vtable#0}
[INFO] [stdout]   18:     0x60a63368201f - <std[617be2ca0a6fd877]::sys::thread::unix::Thread>::new::thread_start
[INFO] [stdout]   19:     0x7b90b6697dfa - <unknown>
[INFO] [stdout]   20:     0x7b90b672b3d4 - clone
[INFO] [stdout]   21:                0x0 - <unknown>
[INFO] [stdout] 
[INFO] [stdout] ---- corefoundation_capture_parses stdout ----
[INFO] [stdout] 
[INFO] [stdout] thread 'corefoundation_capture_parses' (191) panicked at tests/bookmark.rs:11:41:
[INFO] [stdout] fixture: Os { code: 2, kind: NotFound, message: "No such file or directory" }
[INFO] [stdout] stack backtrace:
[INFO] [stdout]    0:     0x60a633682e31 - <<std[617be2ca0a6fd877]::sys::backtrace::BacktraceLock>::print::DisplayBacktrace as core[a373ad73a504971]::fmt::Display>::fmt
[INFO] [stdout]    1:     0x60a63369821a - core[a373ad73a504971]::fmt::write
[INFO] [stdout]    2:     0x60a63368731c - <alloc[2e1b2a31b91974c5]::vec::Vec<u8> as core[a373ad73a504971]::io::write::Write>::write_fmt
[INFO] [stdout]    3:     0x60a63365e526 - std[617be2ca0a6fd877]::panicking::default_hook::{closure#0}
[INFO] [stdout]    4:     0x60a63367ac49 - std[617be2ca0a6fd877]::panicking::default_hook
[INFO] [stdout]    5:     0x60a633614100 - test[aada8e7e76ba119b]::test_main_inner::{closure#0}
[INFO] [stdout]    6:     0x60a63367ae02 - std[617be2ca0a6fd877]::panicking::panic_with_hook
[INFO] [stdout]    7:     0x60a63365e5d2 - std[617be2ca0a6fd877]::panicking::panic_handler::{closure#0}
[INFO] [stdout]    8:     0x60a6336570b9 - std[617be2ca0a6fd877]::sys::backtrace::__rust_end_short_backtrace::<std[617be2ca0a6fd877]::panicking::panic_handler::{closure#0}, !>
[INFO] [stdout]    9:     0x60a63365f1dd - __rustc[ea4f61d10b84890b]::rust_begin_unwind
[INFO] [stdout]   10:     0x60a63369894c - core[a373ad73a504971]::panicking::panic_fmt
[INFO] [stdout]   11:     0x60a633698722 - core[a373ad73a504971]::result::unwrap_failed
[INFO] [stdout]   12:     0x60a6335fe295 - bookmark[5e4984920edeb2d0]::fixture
[INFO] [stdout]   13:     0x60a6335fef02 - <bookmark[5e4984920edeb2d0]::corefoundation_capture_parses::{closure#0} as core[a373ad73a504971]::ops::function::FnOnce<()>>::call_once
[INFO] [stdout]   14:     0x60a63360754b - test[aada8e7e76ba119b]::__rust_begin_short_backtrace::<core[a373ad73a504971]::result::Result<(), alloc[2e1b2a31b91974c5]::string::String>, fn() -> core[a373ad73a504971]::result::Result<(), alloc[2e1b2a31b91974c5]::string::String>>
[INFO] [stderr] error: test failed, to rerun pass `--test bookmark`
[INFO] [stdout]   15:     0x60a633614725 - test[aada8e7e76ba119b]::run_test::{closure#0}
[INFO] [stdout]   16:     0x60a63360e014 - std[617be2ca0a6fd877]::sys::backtrace::__rust_begin_short_backtrace::<test[aada8e7e76ba119b]::run_test::{closure#1}, ()>
[INFO] [stdout]   17:     0x60a6336177b2 - <std[617be2ca0a6fd877]::thread::lifecycle::spawn_unchecked<test[aada8e7e76ba119b]::run_test::{closure#1}, ()>::{closure#1} as core[a373ad73a504971]::ops::function::FnOnce<()>>::call_once::{shim:vtable#0}
[INFO] [stdout]   18:     0x60a63368201f - <std[617be2ca0a6fd877]::sys::thread::unix::Thread>::new::thread_start
[INFO] [stdout]   19:     0x7b90b6697dfa - <unknown>
[INFO] [stdout]   20:     0x7b90b672b3d4 - clone
[INFO] [stdout]   21:                0x0 - <unknown>
[INFO] [stdout] 
[INFO] [stdout] ---- dates_are_big_endian stdout ----
[INFO] [stdout] 
[INFO] [stdout] thread 'dates_are_big_endian' (193) panicked at tests/bookmark.rs:11:41:
[INFO] [stdout] fixture: Os { code: 2, kind: NotFound, message: "No such file or directory" }
[INFO] [stdout] stack backtrace:
[INFO] [stdout]    0:     0x60a633682e31 - <<std[617be2ca0a6fd877]::sys::backtrace::BacktraceLock>::print::DisplayBacktrace as core[a373ad73a504971]::fmt::Display>::fmt
[INFO] [stdout]    1:     0x60a63369821a - core[a373ad73a504971]::fmt::write
[INFO] [stdout]    2:     0x60a63368731c - <alloc[2e1b2a31b91974c5]::vec::Vec<u8> as core[a373ad73a504971]::io::write::Write>::write_fmt
[INFO] [stdout]    3:     0x60a63365e526 - std[617be2ca0a6fd877]::panicking::default_hook::{closure#0}
[INFO] [stdout]    4:     0x60a63367ac49 - std[617be2ca0a6fd877]::panicking::default_hook
[INFO] [stdout]    5:     0x60a633614100 - test[aada8e7e76ba119b]::test_main_inner::{closure#0}
[INFO] [stdout]    6:     0x60a63367ae02 - std[617be2ca0a6fd877]::panicking::panic_with_hook
[INFO] [stdout]    7:     0x60a63365e5d2 - std[617be2ca0a6fd877]::panicking::panic_handler::{closure#0}
[INFO] [stdout]    8:     0x60a6336570b9 - std[617be2ca0a6fd877]::sys::backtrace::__rust_end_short_backtrace::<std[617be2ca0a6fd877]::panicking::panic_handler::{closure#0}, !>
[INFO] [stdout]    9:     0x60a63365f1dd - __rustc[ea4f61d10b84890b]::rust_begin_unwind
[INFO] [stdout]   10:     0x60a63369894c - core[a373ad73a504971]::panicking::panic_fmt
[INFO] [stdout]   11:     0x60a633698722 - core[a373ad73a504971]::result::unwrap_failed
[INFO] [stdout]   12:     0x60a6335fe295 - bookmark[5e4984920edeb2d0]::fixture
[INFO] [stdout]   13:     0x60a6335fe8a3 - <bookmark[5e4984920edeb2d0]::dates_are_big_endian::{closure#0} as core[a373ad73a504971]::ops::function::FnOnce<()>>::call_once
[INFO] [stdout]   14:     0x60a63360754b - test[aada8e7e76ba119b]::__rust_begin_short_backtrace::<core[a373ad73a504971]::result::Result<(), alloc[2e1b2a31b91974c5]::string::String>, fn() -> core[a373ad73a504971]::result::Result<(), alloc[2e1b2a31b91974c5]::string::String>>
[INFO] [stdout]   15:     0x60a633614725 - test[aada8e7e76ba119b]::run_test::{closure#0}
[INFO] [stdout]   16:     0x60a63360e014 - std[617be2ca0a6fd877]::sys::backtrace::__rust_begin_short_backtrace::<test[aada8e7e76ba119b]::run_test::{closure#1}, ()>
[INFO] [stdout]   17:     0x60a6336177b2 - <std[617be2ca0a6fd877]::thread::lifecycle::spawn_unchecked<test[aada8e7e76ba119b]::run_test::{closure#1}, ()>::{closure#1} as core[a373ad73a504971]::ops::function::FnOnce<()>>::call_once::{shim:vtable#0}
[INFO] [stdout]   18:     0x60a63368201f - <std[617be2ca0a6fd877]::sys::thread::unix::Thread>::new::thread_start
[INFO] [stdout]   19:     0x7b90b6697dfa - <unknown>
[INFO] [stdout]   20:     0x7b90b672b3d4 - clone
[INFO] [stdout]   21:                0x0 - <unknown>
[INFO] [stdout] 
[INFO] [stdout] ---- every_fixture_matches_its_sidecar stdout ----
[INFO] [stdout] 
[INFO] [stdout] thread 'every_fixture_matches_its_sidecar' (196) panicked at tests/bookmark.rs:429:41:
[INFO] [stdout] corpus dir: Os { code: 2, kind: NotFound, message: "No such file or directory" }
[INFO] [stdout] stack backtrace:
[INFO] [stdout]    0:     0x60a633682e31 - <<std[617be2ca0a6fd877]::sys::backtrace::BacktraceLock>::print::DisplayBacktrace as core[a373ad73a504971]::fmt::Display>::fmt
[INFO] [stdout]    1:     0x60a63369821a - core[a373ad73a504971]::fmt::write
[INFO] [stdout]    2:     0x60a63368731c - <alloc[2e1b2a31b91974c5]::vec::Vec<u8> as core[a373ad73a504971]::io::write::Write>::write_fmt
[INFO] [stdout]    3:     0x60a63365e526 - std[617be2ca0a6fd877]::panicking::default_hook::{closure#0}
[INFO] [stdout]    4:     0x60a63367ac49 - std[617be2ca0a6fd877]::panicking::default_hook
[INFO] [stdout]    5:     0x60a633614100 - test[aada8e7e76ba119b]::test_main_inner::{closure#0}
[INFO] [stdout]    6:     0x60a63367ae02 - std[617be2ca0a6fd877]::panicking::panic_with_hook
[INFO] [stdout]    7:     0x60a63365e5d2 - std[617be2ca0a6fd877]::panicking::panic_handler::{closure#0}
[INFO] [stdout]    8:     0x60a6336570b9 - std[617be2ca0a6fd877]::sys::backtrace::__rust_end_short_backtrace::<std[617be2ca0a6fd877]::panicking::panic_handler::{closure#0}, !>
[INFO] [stdout]    9:     0x60a63365f1dd - __rustc[ea4f61d10b84890b]::rust_begin_unwind
[INFO] [stdout]   10:     0x60a63369894c - core[a373ad73a504971]::panicking::panic_fmt
[INFO] [stdout]   11:     0x60a633698722 - core[a373ad73a504971]::result::unwrap_failed
[INFO] [stdout]   12:     0x60a63360147a - <bookmark[5e4984920edeb2d0]::every_fixture_matches_its_sidecar::{closure#0} as core[a373ad73a504971]::ops::function::FnOnce<()>>::call_once
[INFO] [stdout]   13:     0x60a63360754b - test[aada8e7e76ba119b]::__rust_begin_short_backtrace::<core[a373ad73a504971]::result::Result<(), alloc[2e1b2a31b91974c5]::string::String>, fn() -> core[a373ad73a504971]::result::Result<(), alloc[2e1b2a31b91974c5]::string::String>>
[INFO] [stdout]   14:     0x60a633614725 - test[aada8e7e76ba119b]::run_test::{closure#0}
[INFO] [stdout]   15:     0x60a63360e014 - std[617be2ca0a6fd877]::sys::backtrace::__rust_begin_short_backtrace::<test[aada8e7e76ba119b]::run_test::{closure#1}, ()>
[INFO] [stdout]   16:     0x60a6336177b2 - <std[617be2ca0a6fd877]::thread::lifecycle::spawn_unchecked<test[aada8e7e76ba119b]::run_test::{closure#1}, ()>::{closure#1} as core[a373ad73a504971]::ops::function::FnOnce<()>>::call_once::{shim:vtable#0}
[INFO] [stdout]   17:     0x60a63368201f - <std[617be2ca0a6fd877]::sys::thread::unix::Thread>::new::thread_start
[INFO] [stdout]   18:     0x7b90b6697dfa - <unknown>
[INFO] [stdout]   19:     0x7b90b672b3d4 - clone
[INFO] [stdout]   20:                0x0 - <unknown>
[INFO] [stdout] 
[INFO] [stdout] ---- toc_entries_are_enumerable stdout ----
[INFO] [stdout] 
[INFO] [stdout] thread 'toc_entries_are_enumerable' (206) panicked at tests/bookmark.rs:11:41:
[INFO] [stdout] fixture: Os { code: 2, kind: NotFound, message: "No such file or directory" }
[INFO] [stdout] stack backtrace:
[INFO] [stdout]    0:     0x60a633682e31 - <<std[617be2ca0a6fd877]::sys::backtrace::BacktraceLock>::print::DisplayBacktrace as core[a373ad73a504971]::fmt::Display>::fmt
[INFO] [stdout]    1:     0x60a63369821a - core[a373ad73a504971]::fmt::write
[INFO] [stdout]    2:     0x60a63368731c - <alloc[2e1b2a31b91974c5]::vec::Vec<u8> as core[a373ad73a504971]::io::write::Write>::write_fmt
[INFO] [stdout]    3:     0x60a63365e526 - std[617be2ca0a6fd877]::panicking::default_hook::{closure#0}
[INFO] [stdout]    4:     0x60a63367ac49 - std[617be2ca0a6fd877]::panicking::default_hook
[INFO] [stdout]    5:     0x60a633614100 - test[aada8e7e76ba119b]::test_main_inner::{closure#0}
[INFO] [stdout]    6:     0x60a63367ae02 - std[617be2ca0a6fd877]::panicking::panic_with_hook
[INFO] [stdout]    7:     0x60a63365e5d2 - std[617be2ca0a6fd877]::panicking::panic_handler::{closure#0}
[INFO] [stdout]    8:     0x60a6336570b9 - std[617be2ca0a6fd877]::sys::backtrace::__rust_end_short_backtrace::<std[617be2ca0a6fd877]::panicking::panic_handler::{closure#0}, !>
[INFO] [stdout]    9:     0x60a63365f1dd - __rustc[ea4f61d10b84890b]::rust_begin_unwind
[INFO] [stdout]   10:     0x60a63369894c - core[a373ad73a504971]::panicking::panic_fmt
[INFO] [stdout]   11:     0x60a633698722 - core[a373ad73a504971]::result::unwrap_failed
[INFO] [stdout]   12:     0x60a6335fe295 - bookmark[5e4984920edeb2d0]::fixture
[INFO] [stdout]   13:     0x60a6335feb5c - <bookmark[5e4984920edeb2d0]::toc_entries_are_enumerable::{closure#0} as core[a373ad73a504971]::ops::function::FnOnce<()>>::call_once
[INFO] [stdout]   14:     0x60a63360754b - test[aada8e7e76ba119b]::__rust_begin_short_backtrace::<core[a373ad73a504971]::result::Result<(), alloc[2e1b2a31b91974c5]::string::String>, fn() -> core[a373ad73a504971]::result::Result<(), alloc[2e1b2a31b91974c5]::string::String>>
[INFO] [stdout]   15:     0x60a633614725 - test[aada8e7e76ba119b]::run_test::{closure#0}
[INFO] [stdout]   16:     0x60a63360e014 - std[617be2ca0a6fd877]::sys::backtrace::__rust_begin_short_backtrace::<test[aada8e7e76ba119b]::run_test::{closure#1}, ()>
[INFO] [stdout]   17:     0x60a6336177b2 - <std[617be2ca0a6fd877]::thread::lifecycle::spawn_unchecked<test[aada8e7e76ba119b]::run_test::{closure#1}, ()>::{closure#1} as core[a373ad73a504971]::ops::function::FnOnce<()>>::call_once::{shim:vtable#0}
[INFO] [stdout]   18:     0x60a63368201f - <std[617be2ca0a6fd877]::sys::thread::unix::Thread>::new::thread_start
[INFO] [stdout]   19:     0x7b90b6697dfa - <unknown>
[INFO] [stdout]   20:     0x7b90b672b3d4 - clone
[INFO] [stdout]   21:                0x0 - <unknown>
[INFO] [stdout] 
[INFO] [stdout] ---- unknown_types_survive_as_raw_bytes stdout ----
[INFO] [stdout] 
[INFO] [stdout] thread 'unknown_types_survive_as_raw_bytes' (208) panicked at tests/bookmark.rs:11:41:
[INFO] [stdout] fixture: Os { code: 2, kind: NotFound, message: "No such file or directory" }
[INFO] [stdout] stack backtrace:
[INFO] [stdout]    0:     0x60a633682e31 - <<std[617be2ca0a6fd877]::sys::backtrace::BacktraceLock>::print::DisplayBacktrace as core[a373ad73a504971]::fmt::Display>::fmt
[INFO] [stdout]    1:     0x60a63369821a - core[a373ad73a504971]::fmt::write
[INFO] [stdout]    2:     0x60a63368731c - <alloc[2e1b2a31b91974c5]::vec::Vec<u8> as core[a373ad73a504971]::io::write::Write>::write_fmt
[INFO] [stdout]    3:     0x60a63365e526 - std[617be2ca0a6fd877]::panicking::default_hook::{closure#0}
[INFO] [stdout]    4:     0x60a63367ac49 - std[617be2ca0a6fd877]::panicking::default_hook
[INFO] [stdout]    5:     0x60a633614100 - test[aada8e7e76ba119b]::test_main_inner::{closure#0}
[INFO] [stdout]    6:     0x60a63367ae02 - std[617be2ca0a6fd877]::panicking::panic_with_hook
[INFO] [stdout]    7:     0x60a63365e5d2 - std[617be2ca0a6fd877]::panicking::panic_handler::{closure#0}
[INFO] [stdout]    8:     0x60a6336570b9 - std[617be2ca0a6fd877]::sys::backtrace::__rust_end_short_backtrace::<std[617be2ca0a6fd877]::panicking::panic_handler::{closure#0}, !>
[INFO] [stdout]    9:     0x60a63365f1dd - __rustc[ea4f61d10b84890b]::rust_begin_unwind
[INFO] [stdout]   10:     0x60a63369894c - core[a373ad73a504971]::panicking::panic_fmt
[INFO] [stdout]   11:     0x60a633698722 - core[a373ad73a504971]::result::unwrap_failed
[INFO] [stdout]   12:     0x60a6335fe295 - bookmark[5e4984920edeb2d0]::fixture
[INFO] [stdout]   13:     0x60a633601cfc - <bookmark[5e4984920edeb2d0]::unknown_types_survive_as_raw_bytes::{closure#0} as core[a373ad73a504971]::ops::function::FnOnce<()>>::call_once
[INFO] [stdout]   14:     0x60a63360754b - test[aada8e7e76ba119b]::__rust_begin_short_backtrace::<core[a373ad73a504971]::result::Result<(), alloc[2e1b2a31b91974c5]::string::String>, fn() -> core[a373ad73a504971]::result::Result<(), alloc[2e1b2a31b91974c5]::string::String>>
[INFO] [stdout]   15:     0x60a633614725 - test[aada8e7e76ba119b]::run_test::{closure#0}
[INFO] [stdout]   16:     0x60a63360e014 - std[617be2ca0a6fd877]::sys::backtrace::__rust_begin_short_backtrace::<test[aada8e7e76ba119b]::run_test::{closure#1}, ()>
[INFO] [stdout]   17:     0x60a6336177b2 - <std[617be2ca0a6fd877]::thread::lifecycle::spawn_unchecked<test[aada8e7e76ba119b]::run_test::{closure#1}, ()>::{closure#1} as core[a373ad73a504971]::ops::function::FnOnce<()>>::call_once::{shim:vtable#0}
[INFO] [stdout]   18:     0x60a63368201f - <std[617be2ca0a6fd877]::sys::thread::unix::Thread>::new::thread_start
[INFO] [stdout]   19:     0x7b90b6697dfa - <unknown>
[INFO] [stdout]   20:     0x7b90b672b3d4 - clone
[INFO] [stdout]   21:                0x0 - <unknown>
[INFO] [stdout] 
[INFO] [stdout] 
[INFO] [stdout] failures:
[INFO] [stdout]     a_width_ambiguous_subtype_follows_the_record_length_and_not_a_guess
[INFO] [stdout]     bit31_key_resolves_to_a_string
[INFO] [stdout]     cnid_path_matches_path_components
[INFO] [stdout]     corefoundation_capture_parses
[INFO] [stdout]     cyclic_array_terminates_at_the_depth_limit
[INFO] [stdout]     dates_are_big_endian
[INFO] [stdout]     every_cfnumber_subtype_decodes_at_the_width_the_record_declares
[INFO] [stdout]     every_fixture_matches_its_sidecar
[INFO] [stdout]     fanout_bomb_is_stopped_by_the_node_budget
[INFO] [stdout]     flags_record_carries_both_words
[INFO] [stdout]     malformed_fixtures_report_the_right_kind
[INFO] [stdout]     minimal_book_has_url_and_filename
[INFO] [stdout]     out_of_range_record_offset_is_rejected
[INFO] [stdout]     path_components_come_back_in_order_without_separators
[INFO] [stdout]     shared_subtrees_are_not_cycles
[INFO] [stdout]     the_c_type_subtypes_are_the_same_values_as_their_fixed_width_twins
[INFO] [stdout]     toc_chain_that_loops_is_cut_off
[INFO] [stdout]     toc_entries_are_enumerable
[INFO] [stdout]     trailing_bytes_after_the_declared_size_are_unreachable
[INFO] [stdout]     unknown_types_survive_as_raw_bytes
[INFO] [stdout] 
[INFO] [stdout] test result: FAILED. 1 passed; 20 failed; 0 ignored; 0 measured; 0 filtered out; finished in 0.01s
[INFO] [stdout] 
[INFO] running `Command { std: "docker" "inspect" "9c04ea5658f3df2a23738c51222e45df2b81bb7eb1e363c44a2e4883ec9cf2fa", kill_on_drop: false }`
[INFO] running `Command { std: "docker" "rm" "-f" "9c04ea5658f3df2a23738c51222e45df2b81bb7eb1e363c44a2e4883ec9cf2fa", kill_on_drop: false }`
[INFO] [stdout] 9c04ea5658f3df2a23738c51222e45df2b81bb7eb1e363c44a2e4883ec9cf2fa
