[INFO] fetching crate rc_conf 0.19.0...
[INFO] testing rc_conf-0.19.0 against 1.99.0-beta.8+cargoflags=--release for beta-release-1.100-2
[INFO] extracting crate rc_conf 0.19.0 into /workspace/builds/worker-6-tc1/source
[INFO] started tweaking crates.io crate rc_conf 0.19.0
[INFO] removed 0 missing tests
[INFO] finished tweaking crates.io crate rc_conf 0.19.0
[INFO] tweaked toml for crates.io crate rc_conf 0.19.0 written to /workspace/builds/worker-6-tc1/source/Cargo.toml
[INFO] validating manifest of crates.io crate rc_conf 0.19.0 on toolchain 1.99.0-beta.8
[INFO] running `Command { std: CARGO_HOME="/workspace/cargo-home" RUSTUP_HOME="/workspace/rustup-home" "/workspace/cargo-home/bin/cargo" "+1.99.0-beta.8" "metadata" "--manifest-path" "Cargo.toml" "--no-deps", kill_on_drop: false }`
[INFO] crate crates.io crate rc_conf 0.19.0 already has a lockfile, it will not be regenerated
[INFO] running `Command { std: CARGO_HOME="/workspace/cargo-home" RUSTUP_HOME="/workspace/rustup-home" "/workspace/cargo-home/bin/cargo" "+1.99.0-beta.8" "fetch" "--manifest-path" "Cargo.toml", kill_on_drop: false }`
[INFO] [stderr]     Updating crates.io index
[INFO] [stderr]  Downloading crates ...
[INFO] [stderr]   Downloaded utf8path v0.11.0
[INFO] [stderr]   Downloaded biometrics v0.15.0
[INFO] [stderr]   Downloaded shvar v0.11.0
[INFO] [stderr]   Downloaded toml v0.7.8
[INFO] [stderr]   Downloaded derive_util v0.7.0
[INFO] [stderr]   Downloaded arrrg_derive v0.10.0
[INFO] [stderr]   Downloaded arrrg v0.11.0
[INFO] [stderr]   Downloaded unicode-ident v1.0.19
[INFO] [stderr]   Downloaded proc-macro2 v1.0.101
[INFO] [stderr]   Downloaded sig_fig_histogram v0.8.0
[INFO] [stderr]   Downloaded indexmap v2.11.4
[INFO] [stderr]   Downloaded hashbrown v0.16.0
[INFO] [stderr]   Downloaded syn v2.0.106
[INFO] running `Command { std: "docker" "create" "-v" "/var/lib/crater-agent-workspace/builds/worker-6-tc1/source:/opt/rustwide/workdir:ro,Z" "-v" "/var/lib/crater-agent-workspace/builds/worker-6-tc1/target:/opt/rustwide/target:rw,Z" "-v" "/var/lib/crater-agent-workspace/cargo-home:/opt/rustwide/cargo-home:ro,Z" "-v" "/var/lib/crater-agent-workspace/rustup-home:/opt/rustwide/rustup-home:ro,Z" "-m" "1610612736" "--network" "none" "ghcr.io/rust-lang/crates-build-env/linux@sha256:77db811e55d90add9212f6832c23229e3de5f1c1f9905e8cb07319ea15df73ac" "sleep" "infinity", kill_on_drop: false }`
[INFO] [stdout] c2d9fd46eb54a42e582bdc829703efe4eca4fa7278a6ba0aa538d5f5d0961e3c
[INFO] running `Command { std: "docker" "start" "c2d9fd46eb54a42e582bdc829703efe4eca4fa7278a6ba0aa538d5f5d0961e3c", kill_on_drop: false }`
[INFO] running `Command { std: "docker" "inspect" "c2d9fd46eb54a42e582bdc829703efe4eca4fa7278a6ba0aa538d5f5d0961e3c", kill_on_drop: false }`
[INFO] running `Command { std: "docker" "exec" "-e" "SOURCE_DIR=/opt/rustwide/workdir" "-e" "CARGO_HOME=/opt/rustwide/cargo-home" "-e" "RUSTUP_HOME=/opt/rustwide/rustup-home" "-e" "CARGO_TARGET_DIR=/opt/rustwide/target" "-w" "/opt/rustwide/workdir" "--user" "0:0" "c2d9fd46eb54a42e582bdc829703efe4eca4fa7278a6ba0aa538d5f5d0961e3c" "/opt/rustwide/cargo-home/bin/cargo" "+1.99.0-beta.8" "metadata" "--no-deps" "--format-version=1", kill_on_drop: false }`
[INFO] running `Command { std: "docker" "inspect" "c2d9fd46eb54a42e582bdc829703efe4eca4fa7278a6ba0aa538d5f5d0961e3c", kill_on_drop: false }`
[INFO] running `Command { std: "docker" "exec" "-e" "SOURCE_DIR=/opt/rustwide/workdir" "-e" "CARGO_HOME=/opt/rustwide/cargo-home" "-e" "RUSTUP_HOME=/opt/rustwide/rustup-home" "-e" "CARGO_TARGET_DIR=/opt/rustwide/target" "-e" "CARGO_INCREMENTAL=0" "-e" "RUST_BACKTRACE=full" "-e" "RUSTFLAGS=--cap-lints=warn" "-e" "RUSTDOCFLAGS=--cap-lints=warn" "-w" "/opt/rustwide/workdir" "--user" "0:0" "c2d9fd46eb54a42e582bdc829703efe4eca4fa7278a6ba0aa538d5f5d0961e3c" "/opt/rustwide/cargo-home/bin/cargo" "+1.99.0-beta.8" "build" "--frozen" "--message-format=json" "--release", kill_on_drop: false }`
[INFO] [stderr]    Compiling proc-macro2 v1.0.101
[INFO] [stderr]    Compiling unicode-ident v1.0.19
[INFO] [stderr]    Compiling quote v1.0.45
[INFO] [stderr]    Compiling syn v1.0.109
[INFO] [stderr]    Compiling equivalent v1.0.2
[INFO] [stderr]    Compiling hashbrown v0.16.0
[INFO] [stderr]    Compiling winnow v0.5.40
[INFO] [stderr]    Compiling unicode-width v0.2.2
[INFO] [stderr]    Compiling sig_fig_histogram v0.8.0
[INFO] [stderr]    Compiling utf8path v0.11.0
[INFO] [stderr]    Compiling shvar v0.11.0
[INFO] [stderr]    Compiling getopts v0.2.24
[INFO] [stderr]    Compiling indexmap v2.11.4
[INFO] [stderr]    Compiling syn v2.0.106
[INFO] [stderr]    Compiling derive_util v0.7.0
[INFO] [stderr]    Compiling arrrg_derive v0.10.0
[INFO] [stderr]    Compiling serde_derive v1.0.228
[INFO] [stderr]    Compiling arrrg v0.11.0
[INFO] [stderr]    Compiling serde v1.0.228
[INFO] [stderr]    Compiling toml_datetime v0.6.11
[INFO] [stderr]    Compiling serde_spanned v0.6.9
[INFO] [stderr]    Compiling toml_edit v0.19.15
[INFO] [stderr]    Compiling toml v0.7.8
[INFO] [stderr]    Compiling biometrics v0.15.0
[INFO] [stderr]    Compiling rc_conf v0.19.0 (/opt/rustwide/workdir)
[INFO] [stderr]     Finished `release` profile [optimized] target(s) in 42.24s
[INFO] running `Command { std: "docker" "inspect" "c2d9fd46eb54a42e582bdc829703efe4eca4fa7278a6ba0aa538d5f5d0961e3c", kill_on_drop: false }`
[INFO] running `Command { std: "docker" "exec" "-e" "SOURCE_DIR=/opt/rustwide/workdir" "-e" "CARGO_HOME=/opt/rustwide/cargo-home" "-e" "RUSTUP_HOME=/opt/rustwide/rustup-home" "-e" "CARGO_TARGET_DIR=/opt/rustwide/target" "-e" "CARGO_INCREMENTAL=0" "-e" "RUST_BACKTRACE=full" "-e" "RUSTFLAGS=--cap-lints=warn" "-e" "RUSTDOCFLAGS=--cap-lints=warn" "-w" "/opt/rustwide/workdir" "--user" "0:0" "c2d9fd46eb54a42e582bdc829703efe4eca4fa7278a6ba0aa538d5f5d0961e3c" "/opt/rustwide/cargo-home/bin/cargo" "+1.99.0-beta.8" "test" "--frozen" "--no-run" "--message-format=json" "--release", kill_on_drop: false }`
[INFO] [stderr]    Compiling rc_conf v0.19.0 (/opt/rustwide/workdir)
[INFO] [stderr]     Finished `release` profile [optimized] target(s) in 4.29s
[INFO] running `Command { std: "docker" "inspect" "c2d9fd46eb54a42e582bdc829703efe4eca4fa7278a6ba0aa538d5f5d0961e3c", kill_on_drop: false }`
[INFO] running `Command { std: "docker" "exec" "-e" "SOURCE_DIR=/opt/rustwide/workdir" "-e" "CARGO_HOME=/opt/rustwide/cargo-home" "-e" "RUSTUP_HOME=/opt/rustwide/rustup-home" "-e" "CARGO_TARGET_DIR=/opt/rustwide/target" "-e" "CARGO_INCREMENTAL=0" "-e" "RUST_BACKTRACE=full" "-e" "RUSTFLAGS=--cap-lints=warn" "-e" "RUSTDOCFLAGS=--cap-lints=warn" "-w" "/opt/rustwide/workdir" "--user" "0:0" "c2d9fd46eb54a42e582bdc829703efe4eca4fa7278a6ba0aa538d5f5d0961e3c" "/opt/rustwide/cargo-home/bin/cargo" "+1.99.0-beta.8" "test" "--frozen" "--release", kill_on_drop: false }`
[INFO] [stderr]     Finished `release` profile [optimized] target(s) in 0.05s
[INFO] [stderr]      Running unittests src/lib.rs (/opt/rustwide/target/release/deps/rc_conf-f716204503cad2c4)
[INFO] [stdout] 
[INFO] [stdout] running 28 tests
[INFO] [stdout] test tests::error_handling_split_failure ... ok
[INFO] [stdout] test tests::error_handling_invalid_switch ... ok
[INFO] [stdout] test tests::dashed_aliases::underscore_form_resolves_alias ... ok
[INFO] [stdout] test tests::dashed_aliases::colliding_alias_spellings_are_an_error ... ok
[INFO] [stdout] test tests::rc_script::from ... ok
[INFO] [stdout] test tests::dashed_aliases::self_alias_through_spelling_is_an_error ... ok
[INFO] [stdout] test tests::orphan_inherit_target_is_invalid ... ok
[INFO] [stdout] test tests::dashed_aliases::alias_cycle_is_an_error ... ok
[INFO] [stdout] test tests::duplication_issue_test ... ok
[INFO] [stdout] test tests::fragmented_services ... ok
[INFO] [stdout] test tests::rc_script::new ... ok
[INFO] [stdout] test tests::switch_position_can_be_started ... ok
[INFO] [stdout] test tests::rc_script::rcvar ... ok
[INFO] [stdout] test tests::rc_script::quoted ... ok
[INFO] [stdout] test tests::strip_prefix_values ... ok
[INFO] [stdout] test tests::rc_script::rcvar_omits_restricted_name ... ok
[INFO] [stdout] test tests::dashed_aliases::dashed_form_resolves_alias ... ok
[INFO] [stdout] test tests::alias_variable_prefix_collision_is_invalid ... ok
[INFO] [stdout] test tests::examine_rejects_unsafe_source_path ... ok
[INFO] [stdout] test tests::orphan_inherit_flag_is_invalid ... ok
[INFO] [stdout] test tests::rc_script::with_newline ... ok
[INFO] [stdout] test tests::rclist::list_rc_d_once ... ok
[INFO] [stdout] test tests::alias_self_cycle_is_invalid ... ok
[INFO] [stdout] test tests::rclist::list_rc_d_twice ... ok
[INFO] [stdout] test tests::alias_cycle_is_invalid ... ok
[INFO] [stdout] test tests::switch_position_from_enable ... ok
[INFO] [stdout] test tests::rcexamine::examine ... ok
[INFO] [stderr] error: test failed, to rerun pass `--lib`
[INFO] [stdout] test tests::dashed_aliases::dashed_autogen_alias_resolves ... FAILED
[INFO] [stdout] 
[INFO] [stdout] failures:
[INFO] [stdout] 
[INFO] [stdout] ---- tests::dashed_aliases::dashed_autogen_alias_resolves stdout ----
[INFO] [stdout] 
[INFO] [stdout] thread 'tests::dashed_aliases::dashed_autogen_alias_resolves' (1404) panicked at src/lib.rs:2242:58:
[INFO] [stdout] called `Result::unwrap()` on an `Err` value: Os { code: 30, kind: ReadOnlyFilesystem, message: "Read-only file system" }
[INFO] [stdout] stack backtrace:
[INFO] [stdout]    0:     0x5d97d05d5721 - <<std[70759c8f55707aa4]::sys::backtrace::BacktraceLock>::print::DisplayBacktrace as core[df12db4294e9bfd3]::fmt::Display>::fmt
[INFO] [stdout]    1:     0x5d97d05eb03a - core[df12db4294e9bfd3]::fmt::write
[INFO] [stdout]    2:     0x5d97d05d9e9c - <alloc[2182bb758b4b3781]::vec::Vec<u8> as core[df12db4294e9bfd3]::io::write::Write>::write_fmt
[INFO] [stdout]    3:     0x5d97d05b0836 - std[70759c8f55707aa4]::panicking::default_hook::{closure#0}
[INFO] [stdout]    4:     0x5d97d05cd639 - std[70759c8f55707aa4]::panicking::default_hook
[INFO] [stdout]    5:     0x5d97d0560030 - test[9d35eded1c95d3be]::test_main_inner::<test[9d35eded1c95d3be]::test_main_static::{closure#0}>::{closure#0}
[INFO] [stdout]    6:     0x5d97d05cd7f2 - std[70759c8f55707aa4]::panicking::panic_with_hook
[INFO] [stdout]    7:     0x5d97d05b08e2 - std[70759c8f55707aa4]::panicking::panic_handler::{closure#0}
[INFO] [stdout]    8:     0x5d97d05a9319 - std[70759c8f55707aa4]::sys::backtrace::__rust_end_short_backtrace::<std[70759c8f55707aa4]::panicking::panic_handler::{closure#0}, !>
[INFO] [stdout]    9:     0x5d97d05b14dd - __rustc[8fa7c3cbc660c2b3]::rust_begin_unwind
[INFO] [stdout]   10:     0x5d97d05eb76c - core[df12db4294e9bfd3]::panicking::panic_fmt
[INFO] [stdout]   11:     0x5d97d05eb542 - core[df12db4294e9bfd3]::result::unwrap_failed
[INFO] [stdout]   12:     0x5d97d053f7c5 - rc_conf[9a359397703341da]::tests::dashed_aliases::dashed_autogen_alias_resolves
[INFO] [stdout]   13:     0x5d97d053c5f9 - <rc_conf[9a359397703341da]::tests::dashed_aliases::dashed_autogen_alias_resolves::{closure#0} as core[df12db4294e9bfd3]::ops::function::FnOnce<()>>::call_once
[INFO] [stdout]   14:     0x5d97d055331b - test[9d35eded1c95d3be]::__rust_begin_short_backtrace::<core[df12db4294e9bfd3]::result::Result<(), alloc[2182bb758b4b3781]::string::String>, fn() -> core[df12db4294e9bfd3]::result::Result<(), alloc[2182bb758b4b3781]::string::String>>
[INFO] [stdout]   15:     0x5d97d0560985 - test[9d35eded1c95d3be]::run_test::{closure#0}
[INFO] [stdout]   16:     0x5d97d055a244 - std[70759c8f55707aa4]::sys::backtrace::__rust_begin_short_backtrace::<test[9d35eded1c95d3be]::run_test::{closure#1}, ()>
[INFO] [stdout]   17:     0x5d97d0563ae2 - <std[70759c8f55707aa4]::thread::lifecycle::spawn_unchecked<test[9d35eded1c95d3be]::run_test::{closure#1}, ()>::{closure#1} as core[df12db4294e9bfd3]::ops::function::FnOnce<()>>::call_once::{shim:vtable#0}
[INFO] [stdout]   18:     0x5d97d05d4a99 - <std[70759c8f55707aa4]::sys::thread::unix::Thread>::new::thread_start
[INFO] [stdout]   19:     0x710bf6ce0dfa - <unknown>
[INFO] [stdout]   20:     0x710bf6d743d4 - clone
[INFO] [stdout]   21:                0x0 - <unknown>
[INFO] [stdout] 
[INFO] [stdout] 
[INFO] [stdout] failures:
[INFO] [stdout]     tests::dashed_aliases::dashed_autogen_alias_resolves
[INFO] [stdout] 
[INFO] [stdout] test result: FAILED. 27 passed; 1 failed; 0 ignored; 0 measured; 0 filtered out; finished in 0.02s
[INFO] [stdout] 
[INFO] running `Command { std: "docker" "inspect" "c2d9fd46eb54a42e582bdc829703efe4eca4fa7278a6ba0aa538d5f5d0961e3c", kill_on_drop: false }`
[INFO] running `Command { std: "docker" "rm" "-f" "c2d9fd46eb54a42e582bdc829703efe4eca4fa7278a6ba0aa538d5f5d0961e3c", kill_on_drop: false }`
[INFO] [stdout] c2d9fd46eb54a42e582bdc829703efe4eca4fa7278a6ba0aa538d5f5d0961e3c
