[INFO] fetching crate rbx_xml 3.0.1...
[INFO] testing rbx_xml-3.0.1 against 1.99.0-beta.8+cargoflags=--release for beta-release-1.100-2
[INFO] extracting crate rbx_xml 3.0.1 into /workspace/builds/worker-1-tc1/source
[INFO] started tweaking crates.io crate rbx_xml 3.0.1
[INFO] finished tweaking crates.io crate rbx_xml 3.0.1
[INFO] tweaked toml for crates.io crate rbx_xml 3.0.1 written to /workspace/builds/worker-1-tc1/source/Cargo.toml
[INFO] validating manifest of crates.io crate rbx_xml 3.0.1 on toolchain 1.99.0-beta.8
[INFO] running `Command { std: CARGO_HOME="/workspace/cargo-home" RUSTUP_HOME="/workspace/rustup-home" "/workspace/cargo-home/bin/cargo" "+1.99.0-beta.8" "metadata" "--manifest-path" "Cargo.toml" "--no-deps", kill_on_drop: false }`
[INFO] crate crates.io crate rbx_xml 3.0.1 already has a lockfile, it will not be regenerated
[INFO] running `Command { std: CARGO_HOME="/workspace/cargo-home" RUSTUP_HOME="/workspace/rustup-home" "/workspace/cargo-home/bin/cargo" "+1.99.0-beta.8" "fetch" "--manifest-path" "Cargo.toml", kill_on_drop: false }`
[INFO] [stderr]     Updating crates.io index
[INFO] [stderr]  Downloading crates ...
[INFO] [stderr]   Downloaded rbx_reflection v7.0.0
[INFO] [stderr]   Downloaded xml-rs v1.0.0
[INFO] [stderr]   Downloaded rbx_dom_weak v4.2.0
[INFO] [stderr]   Downloaded rbx_types v3.1.0
[INFO] [stderr]   Downloaded similar v2.5.0
[INFO] [stderr]   Downloaded rbx_reflection_database v3.0.1+roblox-741
[INFO] [stderr]   Downloaded insta v1.39.0
[INFO] [stderr]   Downloaded blake3 v1.5.3
[INFO] running `Command { std: "docker" "create" "-v" "/var/lib/crater-agent-workspace/builds/worker-1-tc1/source:/opt/rustwide/workdir:ro,Z" "-v" "/var/lib/crater-agent-workspace/builds/worker-1-tc1/target:/opt/rustwide/target:rw,Z" "-v" "/var/lib/crater-agent-workspace/cargo-home:/opt/rustwide/cargo-home:ro,Z" "-v" "/var/lib/crater-agent-workspace/rustup-home:/opt/rustwide/rustup-home:ro,Z" "-m" "1610612736" "--network" "none" "ghcr.io/rust-lang/crates-build-env/linux@sha256:77db811e55d90add9212f6832c23229e3de5f1c1f9905e8cb07319ea15df73ac" "sleep" "infinity", kill_on_drop: false }`
[INFO] [stdout] a17fa14542963a300d9ee8f971eaeab11a3ca06b25bfbb0318449bda866fd141
[INFO] running `Command { std: "docker" "start" "a17fa14542963a300d9ee8f971eaeab11a3ca06b25bfbb0318449bda866fd141", kill_on_drop: false }`
[INFO] running `Command { std: "docker" "inspect" "a17fa14542963a300d9ee8f971eaeab11a3ca06b25bfbb0318449bda866fd141", kill_on_drop: false }`
[INFO] running `Command { std: "docker" "exec" "-e" "SOURCE_DIR=/opt/rustwide/workdir" "-e" "CARGO_HOME=/opt/rustwide/cargo-home" "-e" "RUSTUP_HOME=/opt/rustwide/rustup-home" "-e" "CARGO_TARGET_DIR=/opt/rustwide/target" "-w" "/opt/rustwide/workdir" "--user" "0:0" "a17fa14542963a300d9ee8f971eaeab11a3ca06b25bfbb0318449bda866fd141" "/opt/rustwide/cargo-home/bin/cargo" "+1.99.0-beta.8" "metadata" "--no-deps" "--format-version=1", kill_on_drop: false }`
[INFO] running `Command { std: "docker" "inspect" "a17fa14542963a300d9ee8f971eaeab11a3ca06b25bfbb0318449bda866fd141", kill_on_drop: false }`
[INFO] running `Command { std: "docker" "exec" "-e" "SOURCE_DIR=/opt/rustwide/workdir" "-e" "CARGO_HOME=/opt/rustwide/cargo-home" "-e" "RUSTUP_HOME=/opt/rustwide/rustup-home" "-e" "CARGO_TARGET_DIR=/opt/rustwide/target" "-e" "CARGO_INCREMENTAL=0" "-e" "RUST_BACKTRACE=full" "-e" "RUSTFLAGS=--cap-lints=warn" "-e" "RUSTDOCFLAGS=--cap-lints=warn" "-w" "/opt/rustwide/workdir" "--user" "0:0" "a17fa14542963a300d9ee8f971eaeab11a3ca06b25bfbb0318449bda866fd141" "/opt/rustwide/cargo-home/bin/cargo" "+1.99.0-beta.8" "build" "--frozen" "--message-format=json" "--release", kill_on_drop: false }`
[INFO] [stderr]    Compiling autocfg v1.3.0
[INFO] [stderr]    Compiling thiserror v1.0.63
[INFO] [stderr]    Compiling arrayvec v0.7.4
[INFO] [stderr]    Compiling cc v1.2.63
[INFO] [stderr]    Compiling proc-macro2 v1.0.106
[INFO] [stderr]    Compiling getrandom v0.2.15
[INFO] [stderr]    Compiling ahash v0.8.11
[INFO] [stderr]    Compiling parking_lot_core v0.9.10
[INFO] [stderr]    Compiling xml v1.3.0
[INFO] [stderr]    Compiling dirs-sys v0.5.0
[INFO] [stderr]    Compiling rand_core v0.6.4
[INFO] [stderr]    Compiling dirs v6.0.0
[INFO] [stderr]    Compiling rand_chacha v0.3.1
[INFO] [stderr]    Compiling quote v1.0.45
[INFO] [stderr]    Compiling lock_api v0.4.12
[INFO] [stderr]    Compiling num-traits v0.2.19
[INFO] [stderr]    Compiling rand v0.8.8
[INFO] [stderr]    Compiling syn v2.0.117
[INFO] [stderr]    Compiling parking_lot v0.12.3
[INFO] [stderr]    Compiling xml-rs v1.0.0
[INFO] [stderr]    Compiling blake3 v1.5.3
[INFO] [stderr]    Compiling rmp v0.8.15
[INFO] [stderr]    Compiling serde_derive v1.0.228
[INFO] [stderr]    Compiling thiserror-impl v1.0.63
[INFO] [stderr]    Compiling serde v1.0.228
[INFO] [stderr]    Compiling rbx_types v3.1.0
[INFO] [stderr]    Compiling ustr v1.1.0
[INFO] [stderr]    Compiling rmp-serde v1.3.0
[INFO] [stderr]    Compiling rbx_reflection v7.0.0
[INFO] [stderr]    Compiling rbx_dom_weak v4.2.0
[INFO] [stderr]    Compiling rbx_reflection_database v3.0.1+roblox-741
[INFO] [stderr]    Compiling rbx_xml v3.0.1 (/opt/rustwide/workdir)
[INFO] [stderr]     Finished `release` profile [optimized] target(s) in 31.55s
[INFO] running `Command { std: "docker" "inspect" "a17fa14542963a300d9ee8f971eaeab11a3ca06b25bfbb0318449bda866fd141", kill_on_drop: false }`
[INFO] running `Command { std: "docker" "exec" "-e" "SOURCE_DIR=/opt/rustwide/workdir" "-e" "CARGO_HOME=/opt/rustwide/cargo-home" "-e" "RUSTUP_HOME=/opt/rustwide/rustup-home" "-e" "CARGO_TARGET_DIR=/opt/rustwide/target" "-e" "CARGO_INCREMENTAL=0" "-e" "RUST_BACKTRACE=full" "-e" "RUSTFLAGS=--cap-lints=warn" "-e" "RUSTDOCFLAGS=--cap-lints=warn" "-w" "/opt/rustwide/workdir" "--user" "0:0" "a17fa14542963a300d9ee8f971eaeab11a3ca06b25bfbb0318449bda866fd141" "/opt/rustwide/cargo-home/bin/cargo" "+1.99.0-beta.8" "test" "--frozen" "--no-run" "--message-format=json" "--release", kill_on_drop: false }`
[INFO] [stderr]    Compiling log v0.4.32
[INFO] [stderr]    Compiling regex-automata v0.4.14
[INFO] [stderr]    Compiling is_terminal_polyfill v1.70.0
[INFO] [stderr]    Compiling colorchoice v1.0.1
[INFO] [stderr]    Compiling anstyle-query v1.1.0
[INFO] [stderr]    Compiling console v0.15.8
[INFO] [stderr]    Compiling similar v2.5.0
[INFO] [stderr]    Compiling jiff v0.2.28
[INFO] [stderr]    Compiling heck v0.5.0
[INFO] [stderr]    Compiling anstream v1.0.0
[INFO] [stderr]    Compiling rbx_reflection_database v3.0.1+roblox-741
[INFO] [stderr]    Compiling rbx_xml v3.0.1 (/opt/rustwide/workdir)
[INFO] [stderr]    Compiling insta v1.39.0
[INFO] [stderr]    Compiling regex v1.12.4
[INFO] [stderr]    Compiling env_filter v1.0.1
[INFO] [stderr]    Compiling env_logger v0.11.10
[INFO] [stderr]     Finished `release` profile [optimized] target(s) in 43.70s
[INFO] running `Command { std: "docker" "inspect" "a17fa14542963a300d9ee8f971eaeab11a3ca06b25bfbb0318449bda866fd141", kill_on_drop: false }`
[INFO] running `Command { std: "docker" "exec" "-e" "SOURCE_DIR=/opt/rustwide/workdir" "-e" "CARGO_HOME=/opt/rustwide/cargo-home" "-e" "RUSTUP_HOME=/opt/rustwide/rustup-home" "-e" "CARGO_TARGET_DIR=/opt/rustwide/target" "-e" "CARGO_INCREMENTAL=0" "-e" "RUST_BACKTRACE=full" "-e" "RUSTFLAGS=--cap-lints=warn" "-e" "RUSTDOCFLAGS=--cap-lints=warn" "-w" "/opt/rustwide/workdir" "--user" "0:0" "a17fa14542963a300d9ee8f971eaeab11a3ca06b25bfbb0318449bda866fd141" "/opt/rustwide/cargo-home/bin/cargo" "+1.99.0-beta.8" "test" "--frozen" "--release", kill_on_drop: false }`
[INFO] [stderr]     Finished `release` profile [optimized] target(s) in 0.14s
[INFO] [stderr]      Running unittests src/lib.rs (/opt/rustwide/target/release/deps/rbx_xml-3169e16321130eaf)
[INFO] [stdout] 
[INFO] [stdout] running 139 tests
[INFO] [stdout] test tests::basic::one_to_many_migrated_properties_deserialize ... ok
[INFO] [stdout] test tests::basic::read_material_colors ... ok
[INFO] [stdout] test tests::basic::with_bool ... ok
[INFO] [stdout] test tests::basic::read_attributes ... ok
[INFO] [stdout] test tests::basic::number_widening ... ok
[INFO] [stdout] test tests::basic::read_unique_id ... ok
[INFO] [stdout] test tests::basic::enum_item_to_enum ... ok
[INFO] [stdout] test tests::basic::sharedstring_tags ... ok
[INFO] [stdout] test tests::models::attributes ... FAILED
[INFO] [stdout] test tests::models::content_mixed ... FAILED
[INFO] [stdout] test tests::edge_cases::xml_unknown_type ... FAILED
[INFO] [stdout] test tests::edge_cases::empty_font ... FAILED
[INFO] [stdout] test tests::models::default_inserted_modulescript ... FAILED
[INFO] [stdout] test tests::models::cframe_case_mixture ... FAILED
[INFO] [stdout] test tests::models::faces ... FAILED
[INFO] [stdout] test tests::models::axes ... FAILED
[INFO] [stdout] test tests::models::bloomeffect ... FAILED
[INFO] [stdout] test tests::models::default_inserted_folder ... FAILED
[INFO] [stdout] test tests::models::folder_with_enum_attribute ... FAILED
[INFO] [stdout] test tests::models::folder_with_font_attribute ... FAILED
[INFO] [stdout] test tests::models::funny_uipadding ... FAILED
[INFO] [stdout] test tests::models::imagelabel_content ... FAILED
[INFO] [stdout] test tests::models::lighting_with_int32_attribute ... FAILED
[INFO] [stdout] test tests::models::netassetref ... FAILED
[INFO] [stdout] test tests::models::optionalcoordinateframe_models ... FAILED
[INFO] [stdout] test tests::models::ref_adjacent ... FAILED
[INFO] [stdout] test tests::models::ref_child ... FAILED
[INFO] [stdout] test tests::models::ref_parent ... FAILED
[INFO] [stdout] test tests::models::gui_inset_and_font_migration ... FAILED
[INFO] [stdout] test tests::models::package_link ... FAILED
[INFO] [stdout] test tests::models::physical_properties_acoustics ... FAILED
[INFO] [stdout] test tests::models::funny_numbervalue ... FAILED
[INFO] [stdout] test tests::models::number_values_with_security_capabilities ... FAILED
[INFO] [stdout] test tests::models::sharedstring ... FAILED
[INFO] [stdout] test tests::models::stylesheet ... FAILED
[INFO] [stdout] test tests::models::tags ... FAILED
[INFO] [stdout] test tests::models::text_label_with_font ... FAILED
[INFO] [stdout] test tests::models::three_beams ... FAILED
[INFO] [stdout] test tests::models::three_nested_folders ... FAILED
[INFO] [stdout] test tests::models::three_screengui ... FAILED
[INFO] [stdout] test tests::models::three_uigradients ... FAILED
[INFO] [stdout] test tests::models::three_uigridlayouts ... FAILED
[INFO] [stdout] test tests::models::three_unique_parts ... FAILED
[INFO] [stdout] test tests::models::three_vector3values ... FAILED
[INFO] [stdout] test tests::models::two_cframevalues ... FAILED
[INFO] [stdout] test tests::models::three_unique_frames ... FAILED
[INFO] [stdout] test tests::models::three_brickcolorvalues ... FAILED
[INFO] [stdout] test tests::models::three_color3values ... FAILED
[INFO] [stdout] test tests::models::two_ray_values ... FAILED
[INFO] [stdout] test tests::models::two_terrainregions ... FAILED
[INFO] [stdout] test tests::models::two_particleemitters ... FAILED
[INFO] [stdout] test tests::models::unions ... FAILED
[INFO] [stdout] test tests::models::weldconstraint ... FAILED
[INFO] [stdout] test tests::places::baseplate_727_with_tags ... FAILED
[INFO] [stdout] test tests::models::two_imagebuttons ... FAILED
[INFO] [stdout] test types::axes::test::round_trip_axes ... ok
[INFO] [stdout] test types::axes::test::serialize_axes ... ok
[INFO] [stdout] test types::axes::test::deserialize_axes ... ok
[INFO] [stdout] test types::binary_string::test::cdata_serialize ... ok
[INFO] [stdout] test types::binary_string::test::decode_crlf ... ok
[INFO] [stdout] test types::binary_string::test::decode_lf ... ok
[INFO] [stdout] test types::binary_string::test::decode_spaces ... ok
[INFO] [stdout] test types::binary_string::test::round_trip_binary_string ... ok
[INFO] [stdout] test types::binary_string::test::round_trip_empty ... ok
[INFO] [stdout] test types::bool::test::round_trip_false ... ok
[INFO] [stdout] test types::bool::test::round_trip_true ... ok
[INFO] [stdout] test types::binary_string::test::decode_simple ... ok
[INFO] [stdout] test types::color_sequence::test::deserialize_color_sequence ... ok
[INFO] [stdout] test types::color_sequence::test::round_trip_color_sequence ... ok
[INFO] [stdout] test types::content::test::deserialize_content_null ... ok
[INFO] [stdout] test types::color_sequence::test::serialize_color_sequence ... ok
[INFO] [stdout] test types::cframe::test::round_trip ... ok
[INFO] [stdout] test types::content::test::deserialize_content_url ... ok
[INFO] [stdout] test types::content::test::deserialize_contentid_null ... ok
[INFO] [stdout] test types::content::test::deserialize_contentid_url ... ok
[INFO] [stdout] test types::content::test::round_trip_content_url ... ok
[INFO] [stdout] test types::content::test::serialize_content_null ... ok
[INFO] [stdout] test types::content::test::deserialize_content_uri ... ok
[INFO] [stdout] test types::content::test::serialize_content_uri ... ok
[INFO] [stdout] test types::binary_string::test::no_cdata_empty ... ok
[INFO] [stdout] test types::content::test::round_trip_content_null ... ok
[INFO] [stdout] test types::faces::test::serialize_faces ... ok
[INFO] [stdout] test types::font::test::deserialize_font_face ... ok
[INFO] [stdout] test types::faces::test::deserialize_faces ... ok
[INFO] [stdout] test types::enumeration::test::round_trip ... ok
[INFO] [stdout] test types::faces::test::round_trip_faces ... ok
[INFO] [stdout] test types::number_range::test::round_trip_number_range ... ok
[INFO] [stdout] test types::number_sequence::test::deserialize_number_sequence ... ok
[INFO] [stdout] test types::number_sequence::test::round_trip_number_sequence ... ok
[INFO] [stdout] test types::font::test::serialize_font_face ... ok
[INFO] [stdout] test types::number_range::test::deserialize_number_range ... ok
[INFO] [stdout] test tests::models::folder_with_cframe_attributes ... FAILED
[INFO] [stdout] test tests::models::three_intvalues ... FAILED
[INFO] [stdout] test tests::basic::read_tags ... ok
[INFO] [stdout] test types::number_sequence::test::serialize_number_sequence ... ok
[INFO] [stdout] test types::numbers::test::test_inf_and_nan_serialize ... ok
[INFO] [stdout] test types::numbers::test::round_trip_f32 ... ok
[INFO] [stdout] test types::numbers::test::round_trip_i64 ... ok
[INFO] [stdout] test types::numbers::test::round_trip_i32 ... ok
[INFO] [stdout] test types::numbers::test::test_inf_and_nan_deserialize ... ok
[INFO] [stdout] test types::optional_cframe::test::round_trip_none ... ok
[INFO] [stdout] test types::numbers::test::round_trip_f64 ... ok
[INFO] [stdout] test types::font::test::round_trip_font_face ... ok
[INFO] [stdout] test types::number_range::test::serialize_number_range ... ok
[INFO] [stdout] test types::optional_cframe::test::round_trip_some ... ok
[INFO] [stdout] test types::physical_properties::test::deserialize_physical_properties_custom ... ok
[INFO] [stdout] test types::physical_properties::test::deserialize_physical_properties_default ... ok
[INFO] [stdout] test types::physical_properties::test::round_trip_physical_properties_custom ... ok
[INFO] [stdout] test types::physical_properties::test::serialize_physical_properties_default ... ok
[INFO] [stdout] test types::ray::test::deserialize_rect ... ok
[INFO] [stdout] test types::ray::test::serialize_ray ... ok
[INFO] [stdout] test types::ray::test::round_trip_ray ... ok
[INFO] [stdout] test types::strings::test::round_trip_empty_string ... ok
[INFO] [stdout] test types::physical_properties::test::round_trip_physical_properties_default ... ok
[INFO] [stdout] test types::strings::test::de_protected_string ... ok
[INFO] [stdout] test types::strings::test::round_trip_just_whitespace_string ... ok
[INFO] [stdout] test types::physical_properties::test::serialize_physical_properties_custom ... ok
[INFO] [stdout] test types::rect::test::round_trip_rect ... ok
[INFO] [stdout] test types::rect::test::deserialize_rect ... ok
[INFO] [stdout] test types::rect::test::serialize_rect ... ok
[INFO] [stdout] test types::udims::test::round_trip_udim2 ... ok
[INFO] [stdout] test types::strings::test::serialize_sensitive_whitespace_string ... ok
[INFO] [stdout] test types::strings::test::serialize_simple_string ... ok
[INFO] [stdout] test types::udims::test::de_udim2 ... ok
[INFO] [stdout] test types::vectors::test::round_trip_vector3 ... ok
[INFO] [stdout] test types::vectors::test::round_trip_vector3int16 ... ok
[INFO] [stdout] test types::strings::test::round_trip_string ... ok
[INFO] [stdout] test types::vectors::test::round_trip_vector2 ... ok
[INFO] [stdout] test types::vectors::test::round_trip_vector2int16 ... ok
[INFO] [stdout] test types::udims::test::round_trip_udim ... ok
[INFO] [stdout] test types::udims::test::de_udim ... ok
[INFO] [stdout] test tests::basic::migrated_properties ... ok
[INFO] [stdout] test tests::basic::one_to_many_migrated_properties ... ok
[INFO] [stdout] test tests::basic::bad_migrated_property ... ok
[INFO] [stdout] test tests::basic::write_empty_tags ... ok
[INFO] [stdout] test tests::basic::write_tags ... ok
[INFO] [stdout] test tests::basic::write_material_colors ... ok
[INFO] [stdout] test tests::basic::write_empty_properties_serialize ... ok
[INFO] [stdout] test tests::formatting::formatting ... ok
[INFO] [stdout] 
[INFO] [stdout] failures:
[INFO] [stdout] 
[INFO] [stdout] ---- tests::models::attributes stdout ----
[INFO] [stdout] 
[INFO] [stdout] thread 'tests::models::attributes' (1177) panicked at src/tests/models.rs:29:1:
[INFO] [stdout] called `Result::unwrap()` on an `Err` value: could not read file because No such file or directory (os error 2)
[INFO] [stdout] stack backtrace:
[INFO] [stdout]    0:     0x64461088de31 - <<std[70759c8f55707aa4]::sys::backtrace::BacktraceLock>::print::DisplayBacktrace as core[df12db4294e9bfd3]::fmt::Display>::fmt
[INFO] [stdout]    1:     0x6446108a7d7a - core[df12db4294e9bfd3]::fmt::write
[INFO] [stdout]    2:     0x644610893bac - <alloc[2182bb758b4b3781]::vec::Vec<u8> as core[df12db4294e9bfd3]::io::write::Write>::write_fmt
[INFO] [stdout]    3:     0x644610868316 - std[70759c8f55707aa4]::panicking::default_hook::{closure#0}
[INFO] [stdout]    4:     0x644610885a69 - std[70759c8f55707aa4]::panicking::default_hook
[INFO] [stdout]    5:     0x6446107d8bc0 - test[9d35eded1c95d3be]::test_main_inner::<test[9d35eded1c95d3be]::test_main_static::{closure#0}>::{closure#0}
[INFO] [stdout]    6:     0x644610885c22 - std[70759c8f55707aa4]::panicking::panic_with_hook
[INFO] [stdout]    7:     0x6446108683c2 - std[70759c8f55707aa4]::panicking::panic_handler::{closure#0}
[INFO] [stdout]    8:     0x644610860cd9 - std[70759c8f55707aa4]::sys::backtrace::__rust_end_short_backtrace::<std[70759c8f55707aa4]::panicking::panic_handler::{closure#0}, !>
[INFO] [stdout]    9:     0x64461086905d - __rustc[8fa7c3cbc660c2b3]::rust_begin_unwind
[INFO] [stdout]   10:     0x6446108a855c - core[df12db4294e9bfd3]::panicking::panic_fmt
[INFO] [stdout]   11:     0x6446108a8332 - core[df12db4294e9bfd3]::result::unwrap_failed
[INFO] [stdout]   12:     0x6446105eef0b - rbx_xml[3b734fa320993fe6]::tests::models::attributes
[INFO] [stdout]   13:     0x6446105d2c19 - <rbx_xml[3b734fa320993fe6]::tests::models::attributes::{closure#0} as core[df12db4294e9bfd3]::ops::function::FnOnce<()>>::call_once
[INFO] [stdout]   14:     0x6446107cbeab - test[9d35eded1c95d3be]::__rust_begin_short_backtrace::<core[df12db4294e9bfd3]::result::Result<(), alloc[2182bb758b4b3781]::string::String>, fn() -> core[df12db4294e9bfd3]::result::Result<(), alloc[2182bb758b4b3781]::string::String>>
[INFO] [stdout]   15:     0x6446107d9515 - test[9d35eded1c95d3be]::run_test::{closure#0}
[INFO] [stdout]   16:     0x6446107d2dd4 - std[70759c8f55707aa4]::sys::backtrace::__rust_begin_short_backtrace::<test[9d35eded1c95d3be]::run_test::{closure#1}, ()>
[INFO] [stdout]   17:     0x6446107dc672 - <std[70759c8f55707aa4]::thread::lifecycle::spawn_unchecked<test[9d35eded1c95d3be]::run_test::{closure#1}, ()>::{closure#1} as core[df12db4294e9bfd3]::ops::function::FnOnce<()>>::call_once::{shim:vtable#0}
[INFO] [stdout]   18:     0x64461088ce89 - <std[70759c8f55707aa4]::sys::thread::unix::Thread>::new::thread_start
[INFO] [stdout]   19:     0x7bea4d329dfa - <unknown>
[INFO] [stdout]   20:     0x7bea4d3bd3d4 - clone
[INFO] [stdout]   21:                0x0 - <unknown>
[INFO] [stdout] 
[INFO] [stdout] ---- tests::models::content_mixed stdout ----
[INFO] [stdout] 
[INFO] [stdout] thread 'tests::models::content_mixed' (1181) panicked at src/tests/models.rs:29:1:
[INFO] [stdout] called `Result::unwrap()` on an `Err` value: could not read file because No such file or directory (os error 2)
[INFO] [stdout] stack backtrace:
[INFO] [stdout]    0:     0x64461088de31 - <<std[70759c8f55707aa4]::sys::backtrace::BacktraceLock>::print::DisplayBacktrace as core[df12db4294e9bfd3]::fmt::Display>::fmt
[INFO] [stdout]    1:     0x6446108a7d7a - core[df12db4294e9bfd3]::fmt::write
[INFO] [stdout]    2:     0x644610893bac - <alloc[2182bb758b4b3781]::vec::Vec<u8> as core[df12db4294e9bfd3]::io::write::Write>::write_fmt
[INFO] [stdout]    3:     0x644610868316 - std[70759c8f55707aa4]::panicking::default_hook::{closure#0}
[INFO] [stdout]    4:     0x644610885a69 - std[70759c8f55707aa4]::panicking::default_hook
[INFO] [stdout]    5:     0x6446107d8bc0 - test[9d35eded1c95d3be]::test_main_inner::<test[9d35eded1c95d3be]::test_main_static::{closure#0}>::{closure#0}
[INFO] [stdout]    6:     0x644610885c22 - std[70759c8f55707aa4]::panicking::panic_with_hook
[INFO] [stdout]    7:     0x6446108683c2 - std[70759c8f55707aa4]::panicking::panic_handler::{closure#0}
[INFO] [stdout]    8:     0x644610860cd9 - std[70759c8f55707aa4]::sys::backtrace::__rust_end_short_backtrace::<std[70759c8f55707aa4]::panicking::panic_handler::{closure#0}, !>
[INFO] [stdout]    9:     0x64461086905d - __rustc[8fa7c3cbc660c2b3]::rust_begin_unwind
[INFO] [stdout]   10:     0x6446108a855c - core[df12db4294e9bfd3]::panicking::panic_fmt
[INFO] [stdout]   11:     0x6446108a8332 - core[df12db4294e9bfd3]::result::unwrap_failed
[INFO] [stdout]   12:     0x6446105f010b - rbx_xml[3b734fa320993fe6]::tests::models::content_mixed
[INFO] [stdout]   13:     0x6446105d2d39 - <rbx_xml[3b734fa320993fe6]::tests::models::content_mixed::{closure#0} as core[df12db4294e9bfd3]::ops::function::FnOnce<()>>::call_once
[INFO] [stdout]   14:     0x6446107cbeab - test[9d35eded1c95d3be]::__rust_begin_short_backtrace::<core[df12db4294e9bfd3]::result::Result<(), alloc[2182bb758b4b3781]::string::String>, fn() -> core[df12db4294e9bfd3]::result::Result<(), alloc[2182bb758b4b3781]::string::String>>
[INFO] [stdout]   15:     0x6446107d9515 - test[9d35eded1c95d3be]::run_test::{closure#0}
[INFO] [stdout]   16:     0x6446107d2dd4 - std[70759c8f55707aa4]::sys::backtrace::__rust_begin_short_backtrace::<test[9d35eded1c95d3be]::run_test::{closure#1}, ()>
[INFO] [stdout]   17:     0x6446107dc672 - <std[70759c8f55707aa4]::thread::lifecycle::spawn_unchecked<test[9d35eded1c95d3be]::run_test::{closure#1}, ()>::{closure#1} as core[df12db4294e9bfd3]::ops::function::FnOnce<()>>::call_once::{shim:vtable#0}
[INFO] [stdout]   18:     0x64461088ce89 - <std[70759c8f55707aa4]::sys::thread::unix::Thread>::new::thread_start
[INFO] [stdout]   19:     0x7bea4d329dfa - <unknown>
[INFO] [stdout]   20:     0x7bea4d3bd3d4 - clone
[INFO] [stdout]   21:                0x0 - <unknown>
[INFO] [stdout] 
[INFO] [stdout] ---- tests::edge_cases::xml_unknown_type stdout ----
[INFO] [stdout] 
[INFO] [stdout] thread 'tests::edge_cases::xml_unknown_type' (1175) panicked at src/tests/edge_cases.rs:29:1:
[INFO] [stdout] called `Result::unwrap()` on an `Err` value: could not read file because No such file or directory (os error 2)
[INFO] [stdout] stack backtrace:
[INFO] [stdout]    0:     0x64461088de31 - <<std[70759c8f55707aa4]::sys::backtrace::BacktraceLock>::print::DisplayBacktrace as core[df12db4294e9bfd3]::fmt::Display>::fmt
[INFO] [stdout]    1:     0x6446108a7d7a - core[df12db4294e9bfd3]::fmt::write
[INFO] [stdout]    2:     0x644610893bac - <alloc[2182bb758b4b3781]::vec::Vec<u8> as core[df12db4294e9bfd3]::io::write::Write>::write_fmt
[INFO] [stdout]    3:     0x644610868316 - std[70759c8f55707aa4]::panicking::default_hook::{closure#0}
[INFO] [stdout]    4:     0x644610885a69 - std[70759c8f55707aa4]::panicking::default_hook
[INFO] [stdout]    5:     0x6446107d8bc0 - test[9d35eded1c95d3be]::test_main_inner::<test[9d35eded1c95d3be]::test_main_static::{closure#0}>::{closure#0}
[INFO] [stdout]    6:     0x644610885c22 - std[70759c8f55707aa4]::panicking::panic_with_hook
[INFO] [stdout]    7:     0x6446108683c2 - std[70759c8f55707aa4]::panicking::panic_handler::{closure#0}
[INFO] [stdout]    8:     0x644610860cd9 - std[70759c8f55707aa4]::sys::backtrace::__rust_end_short_backtrace::<std[70759c8f55707aa4]::panicking::panic_handler::{closure#0}, !>
[INFO] [stdout]    9:     0x64461086905d - __rustc[8fa7c3cbc660c2b3]::rust_begin_unwind
[INFO] [stdout]   10:     0x6446108a855c - core[df12db4294e9bfd3]::panicking::panic_fmt
[INFO] [stdout]   11:     0x6446108a8332 - core[df12db4294e9bfd3]::result::unwrap_failed
[INFO] [stdout]   12:     0x6446105eed0b - rbx_xml[3b734fa320993fe6]::tests::edge_cases::xml_unknown_type
[INFO] [stdout]   13:     0x6446105d29d9 - <rbx_xml[3b734fa320993fe6]::tests::edge_cases::xml_unknown_type::{closure#0} as core[df12db4294e9bfd3]::ops::function::FnOnce<()>>::call_once
[INFO] [stdout]   14:     0x6446107cbeab - test[9d35eded1c95d3be]::__rust_begin_short_backtrace::<core[df12db4294e9bfd3]::result::Result<(), alloc[2182bb758b4b3781]::string::String>, fn() -> core[df12db4294e9bfd3]::result::Result<(), alloc[2182bb758b4b3781]::string::String>>
[INFO] [stdout]   15:     0x6446107d9515 - test[9d35eded1c95d3be]::run_test::{closure#0}
[INFO] [stdout]   16:     0x6446107d2dd4 - std[70759c8f55707aa4]::sys::backtrace::__rust_begin_short_backtrace::<test[9d35eded1c95d3be]::run_test::{closure#1}, ()>
[INFO] [stdout]   17:     0x6446107dc672 - <std[70759c8f55707aa4]::thread::lifecycle::spawn_unchecked<test[9d35eded1c95d3be]::run_test::{closure#1}, ()>::{closure#1} as core[df12db4294e9bfd3]::ops::function::FnOnce<()>>::call_once::{shim:vtable#0}
[INFO] [stdout]   18:     0x64461088ce89 - <std[70759c8f55707aa4]::sys::thread::unix::Thread>::new::thread_start
[INFO] [stdout]   19:     0x7bea4d329dfa - <unknown>
[INFO] [stdout]   20:     0x7bea4d3bd3d4 - clone
[INFO] [stdout]   21:                0x0 - <unknown>
[INFO] [stdout] 
[INFO] [stdout] ---- tests::edge_cases::empty_font stdout ----
[INFO] [stdout] 
[INFO] [stdout] thread 'tests::edge_cases::empty_font' (1174) panicked at src/tests/edge_cases.rs:29:1:
[INFO] [stdout] called `Result::unwrap()` on an `Err` value: could not read file because No such file or directory (os error 2)
[INFO] [stdout] stack backtrace:
[INFO] [stdout]    0:     0x64461088de31 - <<std[70759c8f55707aa4]::sys::backtrace::BacktraceLock>::print::DisplayBacktrace as core[df12db4294e9bfd3]::fmt::Display>::fmt
[INFO] [stdout]    1:     0x6446108a7d7a - core[df12db4294e9bfd3]::fmt::write
[INFO] [stdout]    2:     0x644610893bac - <alloc[2182bb758b4b3781]::vec::Vec<u8> as core[df12db4294e9bfd3]::io::write::Write>::write_fmt
[INFO] [stdout]    3:     0x644610868316 - std[70759c8f55707aa4]::panicking::default_hook::{closure#0}
[INFO] [stdout]    4:     0x644610885a69 - std[70759c8f55707aa4]::panicking::default_hook
[INFO] [stdout]    5:     0x6446107d8bc0 - test[9d35eded1c95d3be]::test_main_inner::<test[9d35eded1c95d3be]::test_main_static::{closure#0}>::{closure#0}
[INFO] [stdout]    6:     0x644610885c22 - std[70759c8f55707aa4]::panicking::panic_with_hook
[INFO] [stdout]    7:     0x6446108683c2 - std[70759c8f55707aa4]::panicking::panic_handler::{closure#0}
[INFO] [stdout]    8:     0x644610860cd9 - std[70759c8f55707aa4]::sys::backtrace::__rust_end_short_backtrace::<std[70759c8f55707aa4]::panicking::panic_handler::{closure#0}, !>
[INFO] [stdout]    9:     0x64461086905d - __rustc[8fa7c3cbc660c2b3]::rust_begin_unwind
[INFO] [stdout]   10:     0x6446108a855c - core[df12db4294e9bfd3]::panicking::panic_fmt
[INFO] [stdout]   11:     0x6446108a8332 - core[df12db4294e9bfd3]::result::unwrap_failed
[INFO] [stdout]   12:     0x6446105eeb0b - rbx_xml[3b734fa320993fe6]::tests::edge_cases::empty_font
[INFO] [stdout]   13:     0x6446105d29b9 - <rbx_xml[3b734fa320993fe6]::tests::edge_cases::empty_font::{closure#0} as core[df12db4294e9bfd3]::ops::function::FnOnce<()>>::call_once
[INFO] [stdout]   14:     0x6446107cbeab - test[9d35eded1c95d3be]::__rust_begin_short_backtrace::<core[df12db4294e9bfd3]::result::Result<(), alloc[2182bb758b4b3781]::string::String>, fn() -> core[df12db4294e9bfd3]::result::Result<(), alloc[2182bb758b4b3781]::string::String>>
[INFO] [stdout]   15:     0x6446107d9515 - test[9d35eded1c95d3be]::run_test::{closure#0}
[INFO] [stdout]   16:     0x6446107d2dd4 - std[70759c8f55707aa4]::sys::backtrace::__rust_begin_short_backtrace::<test[9d35eded1c95d3be]::run_test::{closure#1}, ()>
[INFO] [stdout]   17:     0x6446107dc672 - <std[70759c8f55707aa4]::thread::lifecycle::spawn_unchecked<test[9d35eded1c95d3be]::run_test::{closure#1}, ()>::{closure#1} as core[df12db4294e9bfd3]::ops::function::FnOnce<()>>::call_once::{shim:vtable#0}
[INFO] [stdout]   18:     0x64461088ce89 - <std[70759c8f55707aa4]::sys::thread::unix::Thread>::new::thread_start
[INFO] [stdout]   19:     0x7bea4d329dfa - <unknown>
[INFO] [stdout]   20:     0x7bea4d3bd3d4 - clone
[INFO] [stdout]   21:                0x0 - <unknown>
[INFO] [stdout] 
[INFO] [stdout] ---- tests::models::default_inserted_modulescript stdout ----
[INFO] [stdout] 
[INFO] [stdout] thread 'tests::models::default_inserted_modulescript' (1183) panicked at src/tests/models.rs:29:1:
[INFO] [stdout] called `Result::unwrap()` on an `Err` value: could not read file because No such file or directory (os error 2)
[INFO] [stdout] stack backtrace:
[INFO] [stdout]    0:     0x64461088de31 - <<std[70759c8f55707aa4]::sys::backtrace::BacktraceLock>::print::DisplayBacktrace as core[df12db4294e9bfd3]::fmt::Display>::fmt
[INFO] [stdout]    1:     0x6446108a7d7a - core[df12db4294e9bfd3]::fmt::write
[INFO] [stdout]    2:     0x644610893bac - <alloc[2182bb758b4b3781]::vec::Vec<u8> as core[df12db4294e9bfd3]::io::write::Write>::write_fmt
[INFO] [stdout]    3:     0x644610868316 - std[70759c8f55707aa4]::panicking::default_hook::{closure#0}
[INFO] [stdout]    4:     0x644610885a69 - std[70759c8f55707aa4]::panicking::default_hook
[INFO] [stdout]    5:     0x6446107d8bc0 - test[9d35eded1c95d3be]::test_main_inner::<test[9d35eded1c95d3be]::test_main_static::{closure#0}>::{closure#0}
[INFO] [stdout]    6:     0x644610885c22 - std[70759c8f55707aa4]::panicking::panic_with_hook
[INFO] [stdout]    7:     0x6446108683c2 - std[70759c8f55707aa4]::panicking::panic_handler::{closure#0}
[INFO] [stdout]    8:     0x644610860cd9 - std[70759c8f55707aa4]::sys::backtrace::__rust_end_short_backtrace::<std[70759c8f55707aa4]::panicking::panic_handler::{closure#0}, !>
[INFO] [stdout]    9:     0x64461086905d - __rustc[8fa7c3cbc660c2b3]::rust_begin_unwind
[INFO] [stdout]   10:     0x6446108a855c - core[df12db4294e9bfd3]::panicking::panic_fmt
[INFO] [stdout]   11:     0x6446108a8332 - core[df12db4294e9bfd3]::result::unwrap_failed
[INFO] [stdout]   12:     0x6446105f350b - rbx_xml[3b734fa320993fe6]::tests::models::default_inserted_modulescript
[INFO] [stdout]   13:     0x6446105d3079 - <rbx_xml[3b734fa320993fe6]::tests::models::default_inserted_modulescript::{closure#0} as core[df12db4294e9bfd3]::ops::function::FnOnce<()>>::call_once
[INFO] [stdout]   14:     0x6446107cbeab - test[9d35eded1c95d3be]::__rust_begin_short_backtrace::<core[df12db4294e9bfd3]::result::Result<(), alloc[2182bb758b4b3781]::string::String>, fn() -> core[df12db4294e9bfd3]::result::Result<(), alloc[2182bb758b4b3781]::string::String>>
[INFO] [stdout]   15:     0x6446107d9515 - test[9d35eded1c95d3be]::run_test::{closure#0}
[INFO] [stdout]   16:     0x6446107d2dd4 - std[70759c8f55707aa4]::sys::backtrace::__rust_begin_short_backtrace::<test[9d35eded1c95d3be]::run_test::{closure#1}, ()>
[INFO] [stdout]   17:     0x6446107dc672 - <std[70759c8f55707aa4]::thread::lifecycle::spawn_unchecked<test[9d35eded1c95d3be]::run_test::{closure#1}, ()>::{closure#1} as core[df12db4294e9bfd3]::ops::function::FnOnce<()>>::call_once::{shim:vtable#0}
[INFO] [stdout]   18:     0x64461088ce89 - <std[70759c8f55707aa4]::sys::thread::unix::Thread>::new::thread_start
[INFO] [stdout]   19:     0x7bea4d329dfa - <unknown>
[INFO] [stdout]   20:     0x7bea4d3bd3d4 - clone
[INFO] [stdout]   21:                0x0 - <unknown>
[INFO] [stdout] 
[INFO] [stdout] ---- tests::models::cframe_case_mixture stdout ----
[INFO] [stdout] 
[INFO] [stdout] thread 'tests::models::cframe_case_mixture' (1180) panicked at src/tests/models.rs:29:1:
[INFO] [stdout] called `Result::unwrap()` on an `Err` value: could not read file because No such file or directory (os error 2)
[INFO] [stdout] stack backtrace:
[INFO] [stdout]    0:     0x64461088de31 - <<std[70759c8f55707aa4]::sys::backtrace::BacktraceLock>::print::DisplayBacktrace as core[df12db4294e9bfd3]::fmt::Display>::fmt
[INFO] [stdout]    1:     0x6446108a7d7a - core[df12db4294e9bfd3]::fmt::write
[INFO] [stdout]    2:     0x644610893bac - <alloc[2182bb758b4b3781]::vec::Vec<u8> as core[df12db4294e9bfd3]::io::write::Write>::write_fmt
[INFO] [stdout]    3:     0x644610868316 - std[70759c8f55707aa4]::panicking::default_hook::{closure#0}
[INFO] [stdout]    4:     0x644610885a69 - std[70759c8f55707aa4]::panicking::default_hook
[INFO] [stdout]    5:     0x6446107d8bc0 - test[9d35eded1c95d3be]::test_main_inner::<test[9d35eded1c95d3be]::test_main_static::{closure#0}>::{closure#0}
[INFO] [stdout]    6:     0x644610885c22 - std[70759c8f55707aa4]::panicking::panic_with_hook
[INFO] [stdout]    7:     0x6446108683c2 - std[70759c8f55707aa4]::panicking::panic_handler::{closure#0}
[INFO] [stdout]    8:     0x644610860cd9 - std[70759c8f55707aa4]::sys::backtrace::__rust_end_short_backtrace::<std[70759c8f55707aa4]::panicking::panic_handler::{closure#0}, !>
[INFO] [stdout]    9:     0x64461086905d - __rustc[8fa7c3cbc660c2b3]::rust_begin_unwind
[INFO] [stdout]   10:     0x6446108a855c - core[df12db4294e9bfd3]::panicking::panic_fmt
[INFO] [stdout]   11:     0x6446108a8332 - core[df12db4294e9bfd3]::result::unwrap_failed
[INFO] [stdout]   12:     0x6446105f1d0b - rbx_xml[3b734fa320993fe6]::tests::models::cframe_case_mixture
[INFO] [stdout]   13:     0x6446105d2ef9 - <rbx_xml[3b734fa320993fe6]::tests::models::cframe_case_mixture::{closure#0} as core[df12db4294e9bfd3]::ops::function::FnOnce<()>>::call_once
[INFO] [stdout]   14:     0x6446107cbeab - test[9d35eded1c95d3be]::__rust_begin_short_backtrace::<core[df12db4294e9bfd3]::result::Result<(), alloc[2182bb758b4b3781]::string::String>, fn() -> core[df12db4294e9bfd3]::result::Result<(), alloc[2182bb758b4b3781]::string::String>>
[INFO] [stdout]   15:     0x6446107d9515 - test[9d35eded1c95d3be]::run_test::{closure#0}
[INFO] [stdout]   16:     0x6446107d2dd4 - std[70759c8f55707aa4]::sys::backtrace::__rust_begin_short_backtrace::<test[9d35eded1c95d3be]::run_test::{closure#1}, ()>
[INFO] [stdout]   17:     0x6446107dc672 - <std[70759c8f55707aa4]::thread::lifecycle::spawn_unchecked<test[9d35eded1c95d3be]::run_test::{closure#1}, ()>::{closure#1} as core[df12db4294e9bfd3]::ops::function::FnOnce<()>>::call_once::{shim:vtable#0}
[INFO] [stdout]   18:     0x64461088ce89 - <std[70759c8f55707aa4]::sys::thread::unix::Thread>::new::thread_start
[INFO] [stdout]   19:     0x7bea4d329dfa - <unknown>
[INFO] [stdout]   20:     0x7bea4d3bd3d4 - clone
[INFO] [stdout]   21:                0x0 - <unknown>
[INFO] [stdout] 
[INFO] [stdout] ---- tests::models::faces stdout ----
[INFO] [stdout] 
[INFO] [stdout] thread 'tests::models::faces' (1184) panicked at src/tests/models.rs:29:1:
[INFO] [stdout] called `Result::unwrap()` on an `Err` value: could not read file because No such file or directory (os error 2)
[INFO] [stdout] stack backtrace:
[INFO] [stdout]    0:     0x64461088de31 - <<std[70759c8f55707aa4]::sys::backtrace::BacktraceLock>::print::DisplayBacktrace as core[df12db4294e9bfd3]::fmt::Display>::fmt
[INFO] [stdout]    1:     0x6446108a7d7a - core[df12db4294e9bfd3]::fmt::write
[INFO] [stdout]    2:     0x644610893bac - <alloc[2182bb758b4b3781]::vec::Vec<u8> as core[df12db4294e9bfd3]::io::write::Write>::write_fmt
[INFO] [stdout]    3:     0x644610868316 - std[70759c8f55707aa4]::panicking::default_hook::{closure#0}
[INFO] [stdout]    4:     0x644610885a69 - std[70759c8f55707aa4]::panicking::default_hook
[INFO] [stdout]    5:     0x6446107d8bc0 - test[9d35eded1c95d3be]::test_main_inner::<test[9d35eded1c95d3be]::test_main_static::{closure#0}>::{closure#0}
[INFO] [stdout]    6:     0x644610885c22 - std[70759c8f55707aa4]::panicking::panic_with_hook
[INFO] [stdout]    7:     0x6446108683c2 - std[70759c8f55707aa4]::panicking::panic_handler::{closure#0}
[INFO] [stdout]    8:     0x644610860cd9 - std[70759c8f55707aa4]::sys::backtrace::__rust_end_short_backtrace::<std[70759c8f55707aa4]::panicking::panic_handler::{closure#0}, !>
[INFO] [stdout]    9:     0x64461086905d - __rustc[8fa7c3cbc660c2b3]::rust_begin_unwind
[INFO] [stdout]   10:     0x6446108a855c - core[df12db4294e9bfd3]::panicking::panic_fmt
[INFO] [stdout]   11:     0x6446108a8332 - core[df12db4294e9bfd3]::result::unwrap_failed
[INFO] [stdout]   12:     0x6446105f450b - rbx_xml[3b734fa320993fe6]::tests::models::faces
[INFO] [stdout]   13:     0x6446105d3179 - <rbx_xml[3b734fa320993fe6]::tests::models::faces::{closure#0} as core[df12db4294e9bfd3]::ops::function::FnOnce<()>>::call_once
[INFO] [stdout]   14:     0x6446107cbeab - test[9d35eded1c95d3be]::__rust_begin_short_backtrace::<core[df12db4294e9bfd3]::result::Result<(), alloc[2182bb758b4b3781]::string::String>, fn() -> core[df12db4294e9bfd3]::result::Result<(), alloc[2182bb758b4b3781]::string::String>>
[INFO] [stdout]   15:     0x6446107d9515 - test[9d35eded1c95d3be]::run_test::{closure#0}
[INFO] [stdout]   16:     0x6446107d2dd4 - std[70759c8f55707aa4]::sys::backtrace::__rust_begin_short_backtrace::<test[9d35eded1c95d3be]::run_test::{closure#1}, ()>
[INFO] [stdout]   17:     0x6446107dc672 - <std[70759c8f55707aa4]::thread::lifecycle::spawn_unchecked<test[9d35eded1c95d3be]::run_test::{closure#1}, ()>::{closure#1} as core[df12db4294e9bfd3]::ops::function::FnOnce<()>>::call_once::{shim:vtable#0}
[INFO] [stdout]   18:     0x64461088ce89 - <std[70759c8f55707aa4]::sys::thread::unix::Thread>::new::thread_start
[INFO] [stdout]   19:     0x7bea4d329dfa - <unknown>
[INFO] [stdout]   20:     0x7bea4d3bd3d4 - clone
[INFO] [stdout]   21:                0x0 - <unknown>
[INFO] [stdout] 
[INFO] [stdout] ---- tests::models::axes stdout ----
[INFO] [stdout] 
[INFO] [stdout] thread 'tests::models::axes' (1178) panicked at src/tests/models.rs:29:1:
[INFO] [stdout] called `Result::unwrap()` on an `Err` value: could not read file because No such file or directory (os error 2)
[INFO] [stdout] stack backtrace:
[INFO] [stdout]    0:     0x64461088de31 - <<std[70759c8f55707aa4]::sys::backtrace::BacktraceLock>::print::DisplayBacktrace as core[df12db4294e9bfd3]::fmt::Display>::fmt
[INFO] [stdout]    1:     0x6446108a7d7a - core[df12db4294e9bfd3]::fmt::write
[INFO] [stdout]    2:     0x644610893bac - <alloc[2182bb758b4b3781]::vec::Vec<u8> as core[df12db4294e9bfd3]::io::write::Write>::write_fmt
[INFO] [stdout]    3:     0x644610868316 - std[70759c8f55707aa4]::panicking::default_hook::{closure#0}
[INFO] [stdout]    4:     0x644610885a69 - std[70759c8f55707aa4]::panicking::default_hook
[INFO] [stdout]    5:     0x6446107d8bc0 - test[9d35eded1c95d3be]::test_main_inner::<test[9d35eded1c95d3be]::test_main_static::{closure#0}>::{closure#0}
[INFO] [stdout]    6:     0x644610885c22 - std[70759c8f55707aa4]::panicking::panic_with_hook
[INFO] [stdout]    7:     0x6446108683c2 - std[70759c8f55707aa4]::panicking::panic_handler::{closure#0}
[INFO] [stdout]    8:     0x644610860cd9 - std[70759c8f55707aa4]::sys::backtrace::__rust_end_short_backtrace::<std[70759c8f55707aa4]::panicking::panic_handler::{closure#0}, !>
[INFO] [stdout]    9:     0x64461086905d - __rustc[8fa7c3cbc660c2b3]::rust_begin_unwind
[INFO] [stdout]   10:     0x6446108a855c - core[df12db4294e9bfd3]::panicking::panic_fmt
[INFO] [stdout]   11:     0x6446108a8332 - core[df12db4294e9bfd3]::result::unwrap_failed
[INFO] [stdout]   12:     0x6446105f410b - rbx_xml[3b734fa320993fe6]::tests::models::axes
[INFO] [stdout]   13:     0x6446105d3139 - <rbx_xml[3b734fa320993fe6]::tests::models::axes::{closure#0} as core[df12db4294e9bfd3]::ops::function::FnOnce<()>>::call_once
[INFO] [stdout]   14:     0x6446107cbeab - test[9d35eded1c95d3be]::__rust_begin_short_backtrace::<core[df12db4294e9bfd3]::result::Result<(), alloc[2182bb758b4b3781]::string::String>, fn() -> core[df12db4294e9bfd3]::result::Result<(), alloc[2182bb758b4b3781]::string::String>>
[INFO] [stdout]   15:     0x6446107d9515 - test[9d35eded1c95d3be]::run_test::{closure#0}
[INFO] [stdout]   16:     0x6446107d2dd4 - std[70759c8f55707aa4]::sys::backtrace::__rust_begin_short_backtrace::<test[9d35eded1c95d3be]::run_test::{closure#1}, ()>
[INFO] [stdout]   17:     0x6446107dc672 - <std[70759c8f55707aa4]::thread::lifecycle::spawn_unchecked<test[9d35eded1c95d3be]::run_test::{closure#1}, ()>::{closure#1} as core[df12db4294e9bfd3]::ops::function::FnOnce<()>>::call_once::{shim:vtable#0}
[INFO] [stdout]   18:     0x64461088ce89 - <std[70759c8f55707aa4]::sys::thread::unix::Thread>::new::thread_start
[INFO] [stdout]   19:     0x7bea4d329dfa - <unknown>
[INFO] [stdout]   20:     0x7bea4d3bd3d4 - clone
[INFO] [stdout]   21:                0x0 - <unknown>
[INFO] [stdout] 
[INFO] [stdout] ---- tests::models::bloomeffect stdout ----
[INFO] [stdout] 
[INFO] [stdout] thread 'tests::models::bloomeffect' (1179) panicked at src/tests/models.rs:29:1:
[INFO] [stdout] called `Result::unwrap()` on an `Err` value: could not read file because No such file or directory (os error 2)
[INFO] [stdout] stack backtrace:
[INFO] [stdout]    0:     0x64461088de31 - <<std[70759c8f55707aa4]::sys::backtrace::BacktraceLock>::print::DisplayBacktrace as core[df12db4294e9bfd3]::fmt::Display>::fmt
[INFO] [stdout]    1:     0x6446108a7d7a - core[df12db4294e9bfd3]::fmt::write
[INFO] [stdout]    2:     0x644610893bac - <alloc[2182bb758b4b3781]::vec::Vec<u8> as core[df12db4294e9bfd3]::io::write::Write>::write_fmt
[INFO] [stdout]    3:     0x644610868316 - std[70759c8f55707aa4]::panicking::default_hook::{closure#0}
[INFO] [stdout]    4:     0x644610885a69 - std[70759c8f55707aa4]::panicking::default_hook
[INFO] [stdout]    5:     0x6446107d8bc0 - test[9d35eded1c95d3be]::test_main_inner::<test[9d35eded1c95d3be]::test_main_static::{closure#0}>::{closure#0}
[INFO] [stdout]    6:     0x644610885c22 - std[70759c8f55707aa4]::panicking::panic_with_hook
[INFO] [stdout]    7:     0x6446108683c2 - std[70759c8f55707aa4]::panicking::panic_handler::{closure#0}
[INFO] [stdout]    8:     0x644610860cd9 - std[70759c8f55707aa4]::sys::backtrace::__rust_end_short_backtrace::<std[70759c8f55707aa4]::panicking::panic_handler::{closure#0}, !>
[INFO] [stdout]    9:     0x64461086905d - __rustc[8fa7c3cbc660c2b3]::rust_begin_unwind
[INFO] [stdout]   10:     0x6446108a855c - core[df12db4294e9bfd3]::panicking::panic_fmt
[INFO] [stdout]   11:     0x6446108a8332 - core[df12db4294e9bfd3]::result::unwrap_failed
[INFO] [stdout]   12:     0x6446105ef50b - rbx_xml[3b734fa320993fe6]::tests::models::bloomeffect
[INFO] [stdout]   13:     0x6446105d2c79 - <rbx_xml[3b734fa320993fe6]::tests::models::bloomeffect::{closure#0} as core[df12db4294e9bfd3]::ops::function::FnOnce<()>>::call_once
[INFO] [stdout]   14:     0x6446107cbeab - test[9d35eded1c95d3be]::__rust_begin_short_backtrace::<core[df12db4294e9bfd3]::result::Result<(), alloc[2182bb758b4b3781]::string::String>, fn() -> core[df12db4294e9bfd3]::result::Result<(), alloc[2182bb758b4b3781]::string::String>>
[INFO] [stdout]   15:     0x6446107d9515 - test[9d35eded1c95d3be]::run_test::{closure#0}
[INFO] [stdout]   16:     0x6446107d2dd4 - std[70759c8f55707aa4]::sys::backtrace::__rust_begin_short_backtrace::<test[9d35eded1c95d3be]::run_test::{closure#1}, ()>
[INFO] [stdout]   17:     0x6446107dc672 - <std[70759c8f55707aa4]::thread::lifecycle::spawn_unchecked<test[9d35eded1c95d3be]::run_test::{closure#1}, ()>::{closure#1} as core[df12db4294e9bfd3]::ops::function::FnOnce<()>>::call_once::{shim:vtable#0}
[INFO] [stdout]   18:     0x64461088ce89 - <std[70759c8f55707aa4]::sys::thread::unix::Thread>::new::thread_start
[INFO] [stdout]   19:     0x7bea4d329dfa - <unknown>
[INFO] [stdout]   20:     0x7bea4d3bd3d4 - clone
[INFO] [stdout]   21:                0x0 - <unknown>
[INFO] [stdout] 
[INFO] [stdout] ---- tests::models::default_inserted_folder stdout ----
[INFO] [stdout] 
[INFO] [stdout] thread 'tests::models::default_inserted_folder' (1182) panicked at src/tests/models.rs:29:1:
[INFO] [stdout] called `Result::unwrap()` on an `Err` value: could not read file because No such file or directory (os error 2)
[INFO] [stdout] stack backtrace:
[INFO] [stdout]    0:     0x64461088de31 - <<std[70759c8f55707aa4]::sys::backtrace::BacktraceLock>::print::DisplayBacktrace as core[df12db4294e9bfd3]::fmt::Display>::fmt
[INFO] [stdout]    1:     0x6446108a7d7a - core[df12db4294e9bfd3]::fmt::write
[INFO] [stdout]    2:     0x644610893bac - <alloc[2182bb758b4b3781]::vec::Vec<u8> as core[df12db4294e9bfd3]::io::write::Write>::write_fmt
[INFO] [stdout]    3:     0x644610868316 - std[70759c8f55707aa4]::panicking::default_hook::{closure#0}
[INFO] [stdout]    4:     0x644610885a69 - std[70759c8f55707aa4]::panicking::default_hook
[INFO] [stdout]    5:     0x6446107d8bc0 - test[9d35eded1c95d3be]::test_main_inner::<test[9d35eded1c95d3be]::test_main_static::{closure#0}>::{closure#0}
[INFO] [stdout]    6:     0x644610885c22 - std[70759c8f55707aa4]::panicking::panic_with_hook
[INFO] [stdout]    7:     0x6446108683c2 - std[70759c8f55707aa4]::panicking::panic_handler::{closure#0}
[INFO] [stdout]    8:     0x644610860cd9 - std[70759c8f55707aa4]::sys::backtrace::__rust_end_short_backtrace::<std[70759c8f55707aa4]::panicking::panic_handler::{closure#0}, !>
[INFO] [stdout]    9:     0x64461086905d - __rustc[8fa7c3cbc660c2b3]::rust_begin_unwind
[INFO] [stdout]   10:     0x6446108a855c - core[df12db4294e9bfd3]::panicking::panic_fmt
[INFO] [stdout]   11:     0x6446108a8332 - core[df12db4294e9bfd3]::result::unwrap_failed
[INFO] [stdout]   12:     0x6446105f2d0b - rbx_xml[3b734fa320993fe6]::tests::models::default_inserted_folder
[INFO] [stdout]   13:     0x6446105d2ff9 - <rbx_xml[3b734fa320993fe6]::tests::models::default_inserted_folder::{closure#0} as core[df12db4294e9bfd3]::ops::function::FnOnce<()>>::call_once
[INFO] [stdout]   14:     0x6446107cbeab - test[9d35eded1c95d3be]::__rust_begin_short_backtrace::<core[df12db4294e9bfd3]::result::Result<(), alloc[2182bb758b4b3781]::string::String>, fn() -> core[df12db4294e9bfd3]::result::Result<(), alloc[2182bb758b4b3781]::string::String>>
[INFO] [stdout]   15:     0x6446107d9515 - test[9d35eded1c95d3be]::run_test::{closure#0}
[INFO] [stdout]   16:     0x6446107d2dd4 - std[70759c8f55707aa4]::sys::backtrace::__rust_begin_short_backtrace::<test[9d35eded1c95d3be]::run_test::{closure#1}, ()>
[INFO] [stdout]   17:     0x6446107dc672 - <std[70759c8f55707aa4]::thread::lifecycle::spawn_unchecked<test[9d35eded1c95d3be]::run_test::{closure#1}, ()>::{closure#1} as core[df12db4294e9bfd3]::ops::function::FnOnce<()>>::call_once::{shim:vtable#0}
[INFO] [stdout]   18:     0x64461088ce89 - <std[70759c8f55707aa4]::sys::thread::unix::Thread>::new::thread_start
[INFO] [stdout]   19:     0x7bea4d329dfa - <unknown>
[INFO] [stdout]   20:     0x7bea4d3bd3d4 - clone
[INFO] [stdout]   21:                0x0 - <unknown>
[INFO] [stdout] 
[INFO] [stdout] ---- tests::models::folder_with_enum_attribute stdout ----
[INFO] [stdout] 
[INFO] [stdout] thread 'tests::models::folder_with_enum_attribute' (1186) panicked at src/tests/models.rs:29:1:
[INFO] [stdout] called `Result::unwrap()` on an `Err` value: could not read file because No such file or directory (os error 2)
[INFO] [stdout] stack backtrace:
[INFO] [stdout]    0:     0x64461088de31 - <<std[70759c8f55707aa4]::sys::backtrace::BacktraceLock>::print::DisplayBacktrace as core[df12db4294e9bfd3]::fmt::Display>::fmt
[INFO] [stdout]    1:     0x6446108a7d7a - core[df12db4294e9bfd3]::fmt::write
[INFO] [stdout]    2:     0x644610893bac - <alloc[2182bb758b4b3781]::vec::Vec<u8> as core[df12db4294e9bfd3]::io::write::Write>::write_fmt
[INFO] [stdout]    3:     0x644610868316 - std[70759c8f55707aa4]::panicking::default_hook::{closure#0}
[INFO] [stdout]    4:     0x644610885a69 - std[70759c8f55707aa4]::panicking::default_hook
[INFO] [stdout]    5:     0x6446107d8bc0 - test[9d35eded1c95d3be]::test_main_inner::<test[9d35eded1c95d3be]::test_main_static::{closure#0}>::{closure#0}
[INFO] [stdout]    6:     0x644610885c22 - std[70759c8f55707aa4]::panicking::panic_with_hook
[INFO] [stdout]    7:     0x6446108683c2 - std[70759c8f55707aa4]::panicking::panic_handler::{closure#0}
[INFO] [stdout]    8:     0x644610860cd9 - std[70759c8f55707aa4]::sys::backtrace::__rust_end_short_backtrace::<std[70759c8f55707aa4]::panicking::panic_handler::{closure#0}, !>
[INFO] [stdout]    9:     0x64461086905d - __rustc[8fa7c3cbc660c2b3]::rust_begin_unwind
[INFO] [stdout]   10:     0x6446108a855c - core[df12db4294e9bfd3]::panicking::panic_fmt
[INFO] [stdout]   11:     0x6446108a8332 - core[df12db4294e9bfd3]::result::unwrap_failed
[INFO] [stdout]   12:     0x6446105f2f0b - rbx_xml[3b734fa320993fe6]::tests::models::folder_with_enum_attribute
[INFO] [stdout]   13:     0x6446105d3019 - <rbx_xml[3b734fa320993fe6]::tests::models::folder_with_enum_attribute::{closure#0} as core[df12db4294e9bfd3]::ops::function::FnOnce<()>>::call_once
[INFO] [stdout]   14:     0x6446107cbeab - test[9d35eded1c95d3be]::__rust_begin_short_backtrace::<core[df12db4294e9bfd3]::result::Result<(), alloc[2182bb758b4b3781]::string::String>, fn() -> core[df12db4294e9bfd3]::result::Result<(), alloc[2182bb758b4b3781]::string::String>>
[INFO] [stdout]   15:     0x6446107d9515 - test[9d35eded1c95d3be]::run_test::{closure#0}
[INFO] [stdout]   16:     0x6446107d2dd4 - std[70759c8f55707aa4]::sys::backtrace::__rust_begin_short_backtrace::<test[9d35eded1c95d3be]::run_test::{closure#1}, ()>
[INFO] [stdout]   17:     0x6446107dc672 - <std[70759c8f55707aa4]::thread::lifecycle::spawn_unchecked<test[9d35eded1c95d3be]::run_test::{closure#1}, ()>::{closure#1} as core[df12db4294e9bfd3]::ops::function::FnOnce<()>>::call_once::{shim:vtable#0}
[INFO] [stdout]   18:     0x64461088ce89 - <std[70759c8f55707aa4]::sys::thread::unix::Thread>::new::thread_start
[INFO] [stdout]   19:     0x7bea4d329dfa - <unknown>
[INFO] [stdout]   20:     0x7bea4d3bd3d4 - clone
[INFO] [stdout]   21:                0x0 - <unknown>
[INFO] [stdout] 
[INFO] [stdout] ---- tests::models::folder_with_font_attribute stdout ----
[INFO] [stdout] 
[INFO] [stdout] thread 'tests::models::folder_with_font_attribute' (1187) panicked at src/tests/models.rs:29:1:
[INFO] [stdout] called `Result::unwrap()` on an `Err` value: could not read file because No such file or directory (os error 2)
[INFO] [stdout] stack backtrace:
[INFO] [stdout]    0:     0x64461088de31 - <<std[70759c8f55707aa4]::sys::backtrace::BacktraceLock>::print::DisplayBacktrace as core[df12db4294e9bfd3]::fmt::Display>::fmt
[INFO] [stdout]    1:     0x6446108a7d7a - core[df12db4294e9bfd3]::fmt::write
[INFO] [stdout]    2:     0x644610893bac - <alloc[2182bb758b4b3781]::vec::Vec<u8> as core[df12db4294e9bfd3]::io::write::Write>::write_fmt
[INFO] [stdout]    3:     0x644610868316 - std[70759c8f55707aa4]::panicking::default_hook::{closure#0}
[INFO] [stdout]    4:     0x644610885a69 - std[70759c8f55707aa4]::panicking::default_hook
[INFO] [stdout]    5:     0x6446107d8bc0 - test[9d35eded1c95d3be]::test_main_inner::<test[9d35eded1c95d3be]::test_main_static::{closure#0}>::{closure#0}
[INFO] [stdout]    6:     0x644610885c22 - std[70759c8f55707aa4]::panicking::panic_with_hook
[INFO] [stdout]    7:     0x6446108683c2 - std[70759c8f55707aa4]::panicking::panic_handler::{closure#0}
[INFO] [stdout]    8:     0x644610860cd9 - std[70759c8f55707aa4]::sys::backtrace::__rust_end_short_backtrace::<std[70759c8f55707aa4]::panicking::panic_handler::{closure#0}, !>
[INFO] [stdout]    9:     0x64461086905d - __rustc[8fa7c3cbc660c2b3]::rust_begin_unwind
[INFO] [stdout]   10:     0x6446108a855c - core[df12db4294e9bfd3]::panicking::panic_fmt
[INFO] [stdout]   11:     0x6446108a8332 - core[df12db4294e9bfd3]::result::unwrap_failed
[INFO] [stdout]   12:     0x6446105f310b - rbx_xml[3b734fa320993fe6]::tests::models::folder_with_font_attribute
[INFO] [stdout]   13:     0x6446105d3039 - <rbx_xml[3b734fa320993fe6]::tests::models::folder_with_font_attribute::{closure#0} as core[df12db4294e9bfd3]::ops::function::FnOnce<()>>::call_once
[INFO] [stdout]   14:     0x6446107cbeab - test[9d35eded1c95d3be]::__rust_begin_short_backtrace::<core[df12db4294e9bfd3]::result::Result<(), alloc[2182bb758b4b3781]::string::String>, fn() -> core[df12db4294e9bfd3]::result::Result<(), alloc[2182bb758b4b3781]::string::String>>
[INFO] [stdout]   15:     0x6446107d9515 - test[9d35eded1c95d3be]::run_test::{closure#0}
[INFO] [stdout]   16:     0x6446107d2dd4 - std[70759c8f55707aa4]::sys::backtrace::__rust_begin_short_backtrace::<test[9d35eded1c95d3be]::run_test::{closure#1}, ()>
[INFO] [stdout]   17:     0x6446107dc672 - <std[70759c8f55707aa4]::thread::lifecycle::spawn_unchecked<test[9d35eded1c95d3be]::run_test::{closure#1}, ()>::{closure#1} as core[df12db4294e9bfd3]::ops::function::FnOnce<()>>::call_once::{shim:vtable#0}
[INFO] [stdout]   18:     0x64461088ce89 - <std[70759c8f55707aa4]::sys::thread::unix::Thread>::new::thread_start
[INFO] [stdout]   19:     0x7bea4d329dfa - <unknown>
[INFO] [stdout]   20:     0x7bea4d3bd3d4 - clone
[INFO] [stdout]   21:                0x0 - <unknown>
[INFO] [stdout] 
[INFO] [stdout] ---- tests::models::funny_uipadding stdout ----
[INFO] [stdout] 
[INFO] [stdout] thread 'tests::models::funny_uipadding' (1189) panicked at src/tests/models.rs:29:1:
[INFO] [stdout] called `Result::unwrap()` on an `Err` value: could not read file because No such file or directory (os error 2)
[INFO] [stdout] stack backtrace:
[INFO] [stdout]    0:     0x64461088de31 - <<std[70759c8f55707aa4]::sys::backtrace::BacktraceLock>::print::DisplayBacktrace as core[df12db4294e9bfd3]::fmt::Display>::fmt
[INFO] [stdout]    1:     0x6446108a7d7a - core[df12db4294e9bfd3]::fmt::write
[INFO] [stdout]    2:     0x644610893bac - <alloc[2182bb758b4b3781]::vec::Vec<u8> as core[df12db4294e9bfd3]::io::write::Write>::write_fmt
[INFO] [stdout]    3:     0x644610868316 - std[70759c8f55707aa4]::panicking::default_hook::{closure#0}
[INFO] [stdout]    4:     0x644610885a69 - std[70759c8f55707aa4]::panicking::default_hook
[INFO] [stdout]    5:     0x6446107d8bc0 - test[9d35eded1c95d3be]::test_main_inner::<test[9d35eded1c95d3be]::test_main_static::{closure#0}>::{closure#0}
[INFO] [stdout]    6:     0x644610885c22 - std[70759c8f55707aa4]::panicking::panic_with_hook
[INFO] [stdout]    7:     0x6446108683c2 - std[70759c8f55707aa4]::panicking::panic_handler::{closure#0}
[INFO] [stdout]    8:     0x644610860cd9 - std[70759c8f55707aa4]::sys::backtrace::__rust_end_short_backtrace::<std[70759c8f55707aa4]::panicking::panic_handler::{closure#0}, !>
[INFO] [stdout]    9:     0x64461086905d - __rustc[8fa7c3cbc660c2b3]::rust_begin_unwind
[INFO] [stdout]   10:     0x6446108a855c - core[df12db4294e9bfd3]::panicking::panic_fmt
[INFO] [stdout]   11:     0x6446108a8332 - core[df12db4294e9bfd3]::result::unwrap_failed
[INFO] [stdout]   12:     0x6446105f070b - rbx_xml[3b734fa320993fe6]::tests::models::funny_uipadding
[INFO] [stdout]   13:     0x6446105d2d99 - <rbx_xml[3b734fa320993fe6]::tests::models::funny_uipadding::{closure#0} as core[df12db4294e9bfd3]::ops::function::FnOnce<()>>::call_once
[INFO] [stdout]   14:     0x6446107cbeab - test[9d35eded1c95d3be]::__rust_begin_short_backtrace::<core[df12db4294e9bfd3]::result::Result<(), alloc[2182bb758b4b3781]::string::String>, fn() -> core[df12db4294e9bfd3]::result::Result<(), alloc[2182bb758b4b3781]::string::String>>
[INFO] [stdout]   15:     0x6446107d9515 - test[9d35eded1c95d3be]::run_test::{closure#0}
[INFO] [stdout]   16:     0x6446107d2dd4 - std[70759c8f55707aa4]::sys::backtrace::__rust_begin_short_backtrace::<test[9d35eded1c95d3be]::run_test::{closure#1}, ()>
[INFO] [stdout]   17:     0x6446107dc672 - <std[70759c8f55707aa4]::thread::lifecycle::spawn_unchecked<test[9d35eded1c95d3be]::run_test::{closure#1}, ()>::{closure#1} as core[df12db4294e9bfd3]::ops::function::FnOnce<()>>::call_once::{shim:vtable#0}
[INFO] [stdout]   18:     0x64461088ce89 - <std[70759c8f55707aa4]::sys::thread::unix::Thread>::new::thread_start
[INFO] [stdout]   19:     0x7bea4d329dfa - <unknown>
[INFO] [stdout]   20:     0x7bea4d3bd3d4 - clone
[INFO] [stdout]   21:                0x0 - <unknown>
[INFO] [stdout] 
[INFO] [stdout] ---- tests::models::imagelabel_content stdout ----
[INFO] [stdout] 
[INFO] [stdout] thread 'tests::models::imagelabel_content' (1191) panicked at src/tests/models.rs:29:1:
[INFO] [stdout] called `Result::unwrap()` on an `Err` value: could not read file because No such file or directory (os error 2)
[INFO] [stdout] stack backtrace:
[INFO] [stdout]    0:     0x64461088de31 - <<std[70759c8f55707aa4]::sys::backtrace::BacktraceLock>::print::DisplayBacktrace as core[df12db4294e9bfd3]::fmt::Display>::fmt
[INFO] [stdout]    1:     0x6446108a7d7a - core[df12db4294e9bfd3]::fmt::write
[INFO] [stdout]    2:     0x644610893bac - <alloc[2182bb758b4b3781]::vec::Vec<u8> as core[df12db4294e9bfd3]::io::write::Write>::write_fmt
[INFO] [stdout]    3:     0x644610868316 - std[70759c8f55707aa4]::panicking::default_hook::{closure#0}
[INFO] [stdout]    4:     0x644610885a69 - std[70759c8f55707aa4]::panicking::default_hook
[INFO] [stdout]    5:     0x6446107d8bc0 - test[9d35eded1c95d3be]::test_main_inner::<test[9d35eded1c95d3be]::test_main_static::{closure#0}>::{closure#0}
[INFO] [stdout]    6:     0x644610885c22 - std[70759c8f55707aa4]::panicking::panic_with_hook
[INFO] [stdout]    7:     0x6446108683c2 - std[70759c8f55707aa4]::panicking::panic_handler::{closure#0}
[INFO] [stdout]    8:     0x644610860cd9 - std[70759c8f55707aa4]::sys::backtrace::__rust_end_short_backtrace::<std[70759c8f55707aa4]::panicking::panic_handler::{closure#0}, !>
[INFO] [stdout]    9:     0x64461086905d - __rustc[8fa7c3cbc660c2b3]::rust_begin_unwind
[INFO] [stdout]   10:     0x6446108a855c - core[df12db4294e9bfd3]::panicking::panic_fmt
[INFO] [stdout]   11:     0x6446108a8332 - core[df12db4294e9bfd3]::result::unwrap_failed
[INFO] [stdout]   12:     0x6446105f150b - rbx_xml[3b734fa320993fe6]::tests::models::imagelabel_content
[INFO] [stdout]   13:     0x6446105d2e79 - <rbx_xml[3b734fa320993fe6]::tests::models::imagelabel_content::{closure#0} as core[df12db4294e9bfd3]::ops::function::FnOnce<()>>::call_once
[INFO] [stdout]   14:     0x6446107cbeab - test[9d35eded1c95d3be]::__rust_begin_short_backtrace::<core[df12db4294e9bfd3]::result::Result<(), alloc[2182bb758b4b3781]::string::String>, fn() -> core[df12db4294e9bfd3]::result::Result<(), alloc[2182bb758b4b3781]::string::String>>
[INFO] [stdout]   15:     0x6446107d9515 - test[9d35eded1c95d3be]::run_test::{closure#0}
[INFO] [stdout]   16:     0x6446107d2dd4 - std[70759c8f55707aa4]::sys::backtrace::__rust_begin_short_backtrace::<test[9d35eded1c95d3be]::run_test::{closure#1}, ()>
[INFO] [stdout]   17:     0x6446107dc672 - <std[70759c8f55707aa4]::thread::lifecycle::spawn_unchecked<test[9d35eded1c95d3be]::run_test::{closure#1}, ()>::{closure#1} as core[df12db4294e9bfd3]::ops::function::FnOnce<()>>::call_once::{shim:vtable#0}
[INFO] [stdout]   18:     0x64461088ce89 - <std[70759c8f55707aa4]::sys::thread::unix::Thread>::new::thread_start
[INFO] [stdout]   19:     0x7bea4d329dfa - <unknown>
[INFO] [stdout]   20:     0x7bea4d3bd3d4 - clone
[INFO] [stdout]   21:                0x0 - <unknown>
[INFO] [stdout] 
[INFO] [stdout] ---- tests::models::lighting_with_int32_attribute stdout ----
[INFO] [stdout] 
[INFO] [stdout] thread 'tests::models::lighting_with_int32_attribute' (1192) panicked at src/tests/models.rs:29:1:
[INFO] [stdout] called `Result::unwrap()` on an `Err` value: could not read file because No such file or directory (os error 2)
[INFO] [stdout] stack backtrace:
[INFO] [stdout]    0:     0x64461088de31 - <<std[70759c8f55707aa4]::sys::backtrace::BacktraceLock>::print::DisplayBacktrace as core[df12db4294e9bfd3]::fmt::Display>::fmt
[INFO] [stdout]    1:     0x6446108a7d7a - core[df12db4294e9bfd3]::fmt::write
[INFO] [stdout]    2:     0x644610893bac - <alloc[2182bb758b4b3781]::vec::Vec<u8> as core[df12db4294e9bfd3]::io::write::Write>::write_fmt
[INFO] [stdout]    3:     0x644610868316 - std[70759c8f55707aa4]::panicking::default_hook::{closure#0}
[INFO] [stdout]    4:     0x644610885a69 - std[70759c8f55707aa4]::panicking::default_hook
[INFO] [stdout]    5:     0x6446107d8bc0 - test[9d35eded1c95d3be]::test_main_inner::<test[9d35eded1c95d3be]::test_main_static::{closure#0}>::{closure#0}
[INFO] [stdout]    6:     0x644610885c22 - std[70759c8f55707aa4]::panicking::panic_with_hook
[INFO] [stdout]    7:     0x6446108683c2 - std[70759c8f55707aa4]::panicking::panic_handler::{closure#0}
[INFO] [stdout]    8:     0x644610860cd9 - std[70759c8f55707aa4]::sys::backtrace::__rust_end_short_backtrace::<std[70759c8f55707aa4]::panicking::panic_handler::{closure#0}, !>
[INFO] [stdout]    9:     0x64461086905d - __rustc[8fa7c3cbc660c2b3]::rust_begin_unwind
[INFO] [stdout]   10:     0x6446108a855c - core[df12db4294e9bfd3]::panicking::panic_fmt
[INFO] [stdout]   11:     0x6446108a8332 - core[df12db4294e9bfd3]::result::unwrap_failed
[INFO] [stdout]   12:     0x6446105f390b - rbx_xml[3b734fa320993fe6]::tests::models::lighting_with_int32_attribute
[INFO] [stdout]   13:     0x6446105d30b9 - <rbx_xml[3b734fa320993fe6]::tests::models::lighting_with_int32_attribute::{closure#0} as core[df12db4294e9bfd3]::ops::function::FnOnce<()>>::call_once
[INFO] [stdout]   14:     0x6446107cbeab - test[9d35eded1c95d3be]::__rust_begin_short_backtrace::<core[df12db4294e9bfd3]::result::Result<(), alloc[2182bb758b4b3781]::string::String>, fn() -> core[df12db4294e9bfd3]::result::Result<(), alloc[2182bb758b4b3781]::string::String>>
[INFO] [stdout]   15:     0x6446107d9515 - test[9d35eded1c95d3be]::run_test::{closure#0}
[INFO] [stdout]   16:     0x6446107d2dd4 - std[70759c8f55707aa4]::sys::backtrace::__rust_begin_short_backtrace::<test[9d35eded1c95d3be]::run_test::{closure#1}, ()>
[INFO] [stdout]   17:     0x6446107dc672 - <std[70759c8f55707aa4]::thread::lifecycle::spawn_unchecked<test[9d35eded1c95d3be]::run_test::{closure#1}, ()>::{closure#1} as core[df12db4294e9bfd3]::ops::function::FnOnce<()>>::call_once::{shim:vtable#0}
[INFO] [stdout]   18:     0x64461088ce89 - <std[70759c8f55707aa4]::sys::thread::unix::Thread>::new::thread_start
[INFO] [stdout]   19:     0x7bea4d329dfa - <unknown>
[INFO] [stdout]   20:     0x7bea4d3bd3d4 - clone
[INFO] [stdout]   21:                0x0 - <unknown>
[INFO] [stdout] 
[INFO] [stdout] ---- tests::models::netassetref stdout ----
[INFO] [stdout] 
[INFO] [stdout] thread 'tests::models::netassetref' (1193) panicked at src/tests/models.rs:29:1:
[INFO] [stdout] called `Result::unwrap()` on an `Err` value: could not read file because No such file or directory (os error 2)
[INFO] [stdout] stack backtrace:
[INFO] [stdout]    0:     0x64461088de31 - <<std[70759c8f55707aa4]::sys::backtrace::BacktraceLock>::print::DisplayBacktrace as core[df12db4294e9bfd3]::fmt::Display>::fmt
[INFO] [stdout]    1:     0x6446108a7d7a - core[df12db4294e9bfd3]::fmt::write
[INFO] [stdout]    2:     0x644610893bac - <alloc[2182bb758b4b3781]::vec::Vec<u8> as core[df12db4294e9bfd3]::io::write::Write>::write_fmt
[INFO] [stdout]    3:     0x644610868316 - std[70759c8f55707aa4]::panicking::default_hook::{closure#0}
[INFO] [stdout]    4:     0x644610885a69 - std[70759c8f55707aa4]::panicking::default_hook
[INFO] [stdout]    5:     0x6446107d8bc0 - test[9d35eded1c95d3be]::test_main_inner::<test[9d35eded1c95d3be]::test_main_static::{closure#0}>::{closure#0}
[INFO] [stdout]    6:     0x644610885c22 - std[70759c8f55707aa4]::panicking::panic_with_hook
[INFO] [stdout]    7:     0x6446108683c2 - std[70759c8f55707aa4]::panicking::panic_handler::{closure#0}
[INFO] [stdout]    8:     0x644610860cd9 - std[70759c8f55707aa4]::sys::backtrace::__rust_end_short_backtrace::<std[70759c8f55707aa4]::panicking::panic_handler::{closure#0}, !>
[INFO] [stdout]    9:     0x64461086905d - __rustc[8fa7c3cbc660c2b3]::rust_begin_unwind
[INFO] [stdout]   10:     0x6446108a855c - core[df12db4294e9bfd3]::panicking::panic_fmt
[INFO] [stdout]   11:     0x6446108a8332 - core[df12db4294e9bfd3]::result::unwrap_failed
[INFO] [stdout]   12:     0x6446105ef70b - rbx_xml[3b734fa320993fe6]::tests::models::netassetref
[INFO] [stdout]   13:     0x6446105d2c99 - <rbx_xml[3b734fa320993fe6]::tests::models::netassetref::{closure#0} as core[df12db4294e9bfd3]::ops::function::FnOnce<()>>::call_once
[INFO] [stdout]   14:     0x6446107cbeab - test[9d35eded1c95d3be]::__rust_begin_short_backtrace::<core[df12db4294e9bfd3]::result::Result<(), alloc[2182bb758b4b3781]::string::String>, fn() -> core[df12db4294e9bfd3]::result::Result<(), alloc[2182bb758b4b3781]::string::String>>
[INFO] [stdout]   15:     0x6446107d9515 - test[9d35eded1c95d3be]::run_test::{closure#0}
[INFO] [stdout]   16:     0x6446107d2dd4 - std[70759c8f55707aa4]::sys::backtrace::__rust_begin_short_backtrace::<test[9d35eded1c95d3be]::run_test::{closure#1}, ()>
[INFO] [stdout]   17:     0x6446107dc672 - <std[70759c8f55707aa4]::thread::lifecycle::spawn_unchecked<test[9d35eded1c95d3be]::run_test::{closure#1}, ()>::{closure#1} as core[df12db4294e9bfd3]::ops::function::FnOnce<()>>::call_once::{shim:vtable#0}
[INFO] [stdout]   18:     0x64461088ce89 - <std[70759c8f55707aa4]::sys::thread::unix::Thread>::new::thread_start
[INFO] [stdout]   19:     0x7bea4d329dfa - <unknown>
[INFO] [stdout]   20:     0x7bea4d3bd3d4 - clone
[INFO] [stdout]   21:                0x0 - <unknown>
[INFO] [stdout] 
[INFO] [stdout] ---- tests::models::optionalcoordinateframe_models stdout ----
[INFO] [stdout] 
[INFO] [stdout] thread 'tests::models::optionalcoordinateframe_models' (1195) panicked at src/tests/models.rs:29:1:
[INFO] [stdout] called `Result::unwrap()` on an `Err` value: could not read file because No such file or directory (os error 2)
[INFO] [stdout] stack backtrace:
[INFO] [stdout]    0:     0x64461088de31 - <<std[70759c8f55707aa4]::sys::backtrace::BacktraceLock>::print::DisplayBacktrace as core[df12db4294e9bfd3]::fmt::Display>::fmt
[INFO] [stdout]    1:     0x6446108a7d7a - core[df12db4294e9bfd3]::fmt::write
[INFO] [stdout]    2:     0x644610893bac - <alloc[2182bb758b4b3781]::vec::Vec<u8> as core[df12db4294e9bfd3]::io::write::Write>::write_fmt
[INFO] [stdout]    3:     0x644610868316 - std[70759c8f55707aa4]::panicking::default_hook::{closure#0}
[INFO] [stdout]    4:     0x644610885a69 - std[70759c8f55707aa4]::panicking::default_hook
[INFO] [stdout]    5:     0x6446107d8bc0 - test[9d35eded1c95d3be]::test_main_inner::<test[9d35eded1c95d3be]::test_main_static::{closure#0}>::{closure#0}
[INFO] [stdout]    6:     0x644610885c22 - std[70759c8f55707aa4]::panicking::panic_with_hook
[INFO] [stdout]    7:     0x6446108683c2 - std[70759c8f55707aa4]::panicking::panic_handler::{closure#0}
[INFO] [stdout]    8:     0x644610860cd9 - std[70759c8f55707aa4]::sys::backtrace::__rust_end_short_backtrace::<std[70759c8f55707aa4]::panicking::panic_handler::{closure#0}, !>
[INFO] [stdout]    9:     0x64461086905d - __rustc[8fa7c3cbc660c2b3]::rust_begin_unwind
[INFO] [stdout]   10:     0x6446108a855c - core[df12db4294e9bfd3]::panicking::panic_fmt
[INFO] [stdout]   11:     0x6446108a8332 - core[df12db4294e9bfd3]::result::unwrap_failed
[INFO] [stdout]   12:     0x6446105f3d0b - rbx_xml[3b734fa320993fe6]::tests::models::optionalcoordinateframe_models
[INFO] [stdout]   13:     0x6446105d30f9 - <rbx_xml[3b734fa320993fe6]::tests::models::optionalcoordinateframe_models::{closure#0} as core[df12db4294e9bfd3]::ops::function::FnOnce<()>>::call_once
[INFO] [stdout]   14:     0x6446107cbeab - test[9d35eded1c95d3be]::__rust_begin_short_backtrace::<core[df12db4294e9bfd3]::result::Result<(), alloc[2182bb758b4b3781]::string::String>, fn() -> core[df12db4294e9bfd3]::result::Result<(), alloc[2182bb758b4b3781]::string::String>>
[INFO] [stdout]   15:     0x6446107d9515 - test[9d35eded1c95d3be]::run_test::{closure#0}
[INFO] [stdout]   16:     0x6446107d2dd4 - std[70759c8f55707aa4]::sys::backtrace::__rust_begin_short_backtrace::<test[9d35eded1c95d3be]::run_test::{closure#1}, ()>
[INFO] [stdout]   17:     0x6446107dc672 - <std[70759c8f55707aa4]::thread::lifecycle::spawn_unchecked<test[9d35eded1c95d3be]::run_test::{closure#1}, ()>::{closure#1} as core[df12db4294e9bfd3]::ops::function::FnOnce<()>>::call_once::{shim:vtable#0}
[INFO] [stdout]   18:     0x64461088ce89 - <std[70759c8f55707aa4]::sys::thread::unix::Thread>::new::thread_start
[INFO] [stdout]   19:     0x7bea4d329dfa - <unknown>
[INFO] [stdout]   20:     0x7bea4d3bd3d4 - clone
[INFO] [stdout]   21:                0x0 - <unknown>
[INFO] [stdout] 
[INFO] [stdout] ---- tests::models::ref_adjacent stdout ----
[INFO] [stdout] 
[INFO] [stdout] thread 'tests::models::ref_adjacent' (1198) panicked at src/tests/models.rs:29:1:
[INFO] [stdout] called `Result::unwrap()` on an `Err` value: could not read file because No such file or directory (os error 2)
[INFO] [stdout] stack backtrace:
[INFO] [stdout]    0:     0x64461088de31 - <<std[70759c8f55707aa4]::sys::backtrace::BacktraceLock>::print::DisplayBacktrace as core[df12db4294e9bfd3]::fmt::Display>::fmt
[INFO] [stdout]    1:     0x6446108a7d7a - core[df12db4294e9bfd3]::fmt::write
[INFO] [stdout]    2:     0x644610893bac - <alloc[2182bb758b4b3781]::vec::Vec<u8> as core[df12db4294e9bfd3]::io::write::Write>::write_fmt
[INFO] [stdout]    3:     0x644610868316 - std[70759c8f55707aa4]::panicking::default_hook::{closure#0}
[INFO] [stdout]    4:     0x644610885a69 - std[70759c8f55707aa4]::panicking::default_hook
[INFO] [stdout]    5:     0x6446107d8bc0 - test[9d35eded1c95d3be]::test_main_inner::<test[9d35eded1c95d3be]::test_main_static::{closure#0}>::{closure#0}
[INFO] [stdout]    6:     0x644610885c22 - std[70759c8f55707aa4]::panicking::panic_with_hook
[INFO] [stdout]    7:     0x6446108683c2 - std[70759c8f55707aa4]::panicking::panic_handler::{closure#0}
[INFO] [stdout]    8:     0x644610860cd9 - std[70759c8f55707aa4]::sys::backtrace::__rust_end_short_backtrace::<std[70759c8f55707aa4]::panicking::panic_handler::{closure#0}, !>
[INFO] [stdout]    9:     0x64461086905d - __rustc[8fa7c3cbc660c2b3]::rust_begin_unwind
[INFO] [stdout]   10:     0x6446108a855c - core[df12db4294e9bfd3]::panicking::panic_fmt
[INFO] [stdout]   11:     0x6446108a8332 - core[df12db4294e9bfd3]::result::unwrap_failed
[INFO] [stdout]   12:     0x6446105efd0b - rbx_xml[3b734fa320993fe6]::tests::models::ref_adjacent
[INFO] [stdout]   13:     0x6446105d2cf9 - <rbx_xml[3b734fa320993fe6]::tests::models::ref_adjacent::{closure#0} as core[df12db4294e9bfd3]::ops::function::FnOnce<()>>::call_once
[INFO] [stdout]   14:     0x6446107cbeab - test[9d35eded1c95d3be]::__rust_begin_short_backtrace::<core[df12db4294e9bfd3]::result::Result<(), alloc[2182bb758b4b3781]::string::String>, fn() -> core[df12db4294e9bfd3]::result::Result<(), alloc[2182bb758b4b3781]::string::String>>
[INFO] [stdout]   15:     0x6446107d9515 - test[9d35eded1c95d3be]::run_test::{closure#0}
[INFO] [stdout]   16:     0x6446107d2dd4 - std[70759c8f55707aa4]::sys::backtrace::__rust_begin_short_backtrace::<test[9d35eded1c95d3be]::run_test::{closure#1}, ()>
[INFO] [stdout]   17:     0x6446107dc672 - <std[70759c8f55707aa4]::thread::lifecycle::spawn_unchecked<test[9d35eded1c95d3be]::run_test::{closure#1}, ()>::{closure#1} as core[df12db4294e9bfd3]::ops::function::FnOnce<()>>::call_once::{shim:vtable#0}
[INFO] [stdout]   18:     0x64461088ce89 - <std[70759c8f55707aa4]::sys::thread::unix::Thread>::new::thread_start
[INFO] [stdout]   19:     0x7bea4d329dfa - <unknown>
[INFO] [stdout]   20:     0x7bea4d3bd3d4 - clone
[INFO] [stdout]   21:                0x0 - <unknown>
[INFO] [stdout] 
[INFO] [stdout] ---- tests::models::ref_child stdout ----
[INFO] [stdout] 
[INFO] [stdout] thread 'tests::models::ref_child' (1199) panicked at src/tests/models.rs:29:1:
[INFO] [stdout] called `Result::unwrap()` on an `Err` value: could not read file because No such file or directory (os error 2)
[INFO] [stdout] stack backtrace:
[INFO] [stdout]    0:     0x64461088de31 - <<std[70759c8f55707aa4]::sys::backtrace::BacktraceLock>::print::DisplayBacktrace as core[df12db4294e9bfd3]::fmt::Display>::fmt
[INFO] [stdout]    1:     0x6446108a7d7a - core[df12db4294e9bfd3]::fmt::write
[INFO] [stdout]    2:     0x644610893bac - <alloc[2182bb758b4b3781]::vec::Vec<u8> as core[df12db4294e9bfd3]::io::write::Write>::write_fmt
[INFO] [stdout]    3:     0x644610868316 - std[70759c8f55707aa4]::panicking::default_hook::{closure#0}
[INFO] [stdout]    4:     0x644610885a69 - std[70759c8f55707aa4]::panicking::default_hook
[INFO] [stdout]    5:     0x6446107d8bc0 - test[9d35eded1c95d3be]::test_main_inner::<test[9d35eded1c95d3be]::test_main_static::{closure#0}>::{closure#0}
[INFO] [stdout]    6:     0x644610885c22 - std[70759c8f55707aa4]::panicking::panic_with_hook
[INFO] [stdout]    7:     0x6446108683c2 - std[70759c8f55707aa4]::panicking::panic_handler::{closure#0}
[INFO] [stdout]    8:     0x644610860cd9 - std[70759c8f55707aa4]::sys::backtrace::__rust_end_short_backtrace::<std[70759c8f55707aa4]::panicking::panic_handler::{closure#0}, !>
[INFO] [stdout]    9:     0x64461086905d - __rustc[8fa7c3cbc660c2b3]::rust_begin_unwind
[INFO] [stdout]   10:     0x6446108a855c - core[df12db4294e9bfd3]::panicking::panic_fmt
[INFO] [stdout]   11:     0x6446108a8332 - core[df12db4294e9bfd3]::result::unwrap_failed
[INFO] [stdout]   12:     0x6446105f490b - rbx_xml[3b734fa320993fe6]::tests::models::ref_child
[INFO] [stdout]   13:     0x6446105d31b9 - <rbx_xml[3b734fa320993fe6]::tests::models::ref_child::{closure#0} as core[df12db4294e9bfd3]::ops::function::FnOnce<()>>::call_once
[INFO] [stdout]   14:     0x6446107cbeab - test[9d35eded1c95d3be]::__rust_begin_short_backtrace::<core[df12db4294e9bfd3]::result::Result<(), alloc[2182bb758b4b3781]::string::String>, fn() -> core[df12db4294e9bfd3]::result::Result<(), alloc[2182bb758b4b3781]::string::String>>
[INFO] [stdout]   15:     0x6446107d9515 - test[9d35eded1c95d3be]::run_test::{closure#0}
[INFO] [stdout]   16:     0x6446107d2dd4 - std[70759c8f55707aa4]::sys::backtrace::__rust_begin_short_backtrace::<test[9d35eded1c95d3be]::run_test::{closure#1}, ()>
[INFO] [stdout]   17:     0x6446107dc672 - <std[70759c8f55707aa4]::thread::lifecycle::spawn_unchecked<test[9d35eded1c95d3be]::run_test::{closure#1}, ()>::{closure#1} as core[df12db4294e9bfd3]::ops::function::FnOnce<()>>::call_once::{shim:vtable#0}
[INFO] [stdout]   18:     0x64461088ce89 - <std[70759c8f55707aa4]::sys::thread::unix::Thread>::new::thread_start
[INFO] [stdout]   19:     0x7bea4d329dfa - <unknown>
[INFO] [stdout]   20:     0x7bea4d3bd3d4 - clone
[INFO] [stdout]   21:                0x0 - <unknown>
[INFO] [stdout] 
[INFO] [stdout] ---- tests::models::ref_parent stdout ----
[INFO] [stdout] 
[INFO] [stdout] thread 'tests::models::ref_parent' (1200) panicked at src/tests/models.rs:29:1:
[INFO] [stdout] called `Result::unwrap()` on an `Err` value: could not read file because No such file or directory (os error 2)
[INFO] [stdout] stack backtrace:
[INFO] [stdout]    0:     0x64461088de31 - <<std[70759c8f55707aa4]::sys::backtrace::BacktraceLock>::print::DisplayBacktrace as core[df12db4294e9bfd3]::fmt::Display>::fmt
[INFO] [stdout]    1:     0x6446108a7d7a - core[df12db4294e9bfd3]::fmt::write
[INFO] [stdout]    2:     0x644610893bac - <alloc[2182bb758b4b3781]::vec::Vec<u8> as core[df12db4294e9bfd3]::io::write::Write>::write_fmt
[INFO] [stdout]    3:     0x644610868316 - std[70759c8f55707aa4]::panicking::default_hook::{closure#0}
[INFO] [stdout]    4:     0x644610885a69 - std[70759c8f55707aa4]::panicking::default_hook
[INFO] [stdout]    5:     0x6446107d8bc0 - test[9d35eded1c95d3be]::test_main_inner::<test[9d35eded1c95d3be]::test_main_static::{closure#0}>::{closure#0}
[INFO] [stdout]    6:     0x644610885c22 - std[70759c8f55707aa4]::panicking::panic_with_hook
[INFO] [stdout]    7:     0x6446108683c2 - std[70759c8f55707aa4]::panicking::panic_handler::{closure#0}
[INFO] [stdout]    8:     0x644610860cd9 - std[70759c8f55707aa4]::sys::backtrace::__rust_end_short_backtrace::<std[70759c8f55707aa4]::panicking::panic_handler::{closure#0}, !>
[INFO] [stdout]    9:     0x64461086905d - __rustc[8fa7c3cbc660c2b3]::rust_begin_unwind
[INFO] [stdout]   10:     0x6446108a855c - core[df12db4294e9bfd3]::panicking::panic_fmt
[INFO] [stdout]   11:     0x6446108a8332 - core[df12db4294e9bfd3]::result::unwrap_failed
[INFO] [stdout]   12:     0x6446105ef10b - rbx_xml[3b734fa320993fe6]::tests::models::ref_parent
[INFO] [stdout]   13:     0x6446105d2c39 - <rbx_xml[3b734fa320993fe6]::tests::models::ref_parent::{closure#0} as core[df12db4294e9bfd3]::ops::function::FnOnce<()>>::call_once
[INFO] [stdout]   14:     0x6446107cbeab - test[9d35eded1c95d3be]::__rust_begin_short_backtrace::<core[df12db4294e9bfd3]::result::Result<(), alloc[2182bb758b4b3781]::string::String>, fn() -> core[df12db4294e9bfd3]::result::Result<(), alloc[2182bb758b4b3781]::string::String>>
[INFO] [stdout]   15:     0x6446107d9515 - test[9d35eded1c95d3be]::run_test::{closure#0}
[INFO] [stdout]   16:     0x6446107d2dd4 - std[70759c8f55707aa4]::sys::backtrace::__rust_begin_short_backtrace::<test[9d35eded1c95d3be]::run_test::{closure#1}, ()>
[INFO] [stdout]   17:     0x6446107dc672 - <std[70759c8f55707aa4]::thread::lifecycle::spawn_unchecked<test[9d35eded1c95d3be]::run_test::{closure#1}, ()>::{closure#1} as core[df12db4294e9bfd3]::ops::function::FnOnce<()>>::call_once::{shim:vtable#0}
[INFO] [stdout]   18:     0x64461088ce89 - <std[70759c8f55707aa4]::sys::thread::unix::Thread>::new::thread_start
[INFO] [stdout]   19:     0x7bea4d329dfa - <unknown>
[INFO] [stdout]   20:     0x7bea4d3bd3d4 - clone
[INFO] [stdout]   21:                0x0 - <unknown>
[INFO] [stdout] 
[INFO] [stdout] ---- tests::models::gui_inset_and_font_migration stdout ----
[INFO] [stdout] 
[INFO] [stdout] thread 'tests::models::gui_inset_and_font_migration' (1190) panicked at src/tests/models.rs:29:1:
[INFO] [stdout] called `Result::unwrap()` on an `Err` value: could not read file because No such file or directory (os error 2)
[INFO] [stdout] stack backtrace:
[INFO] [stdout]    0:     0x64461088de31 - <<std[70759c8f55707aa4]::sys::backtrace::BacktraceLock>::print::DisplayBacktrace as core[df12db4294e9bfd3]::fmt::Display>::fmt
[INFO] [stdout]    1:     0x6446108a7d7a - core[df12db4294e9bfd3]::fmt::write
[INFO] [stdout]    2:     0x644610893bac - <alloc[2182bb758b4b3781]::vec::Vec<u8> as core[df12db4294e9bfd3]::io::write::Write>::write_fmt
[INFO] [stdout]    3:     0x644610868316 - std[70759c8f55707aa4]::panicking::default_hook::{closure#0}
[INFO] [stdout]    4:     0x644610885a69 - std[70759c8f55707aa4]::panicking::default_hook
[INFO] [stdout]    5:     0x6446107d8bc0 - test[9d35eded1c95d3be]::test_main_inner::<test[9d35eded1c95d3be]::test_main_static::{closure#0}>::{closure#0}
[INFO] [stdout]    6:     0x644610885c22 - std[70759c8f55707aa4]::panicking::panic_with_hook
[INFO] [stdout]    7:     0x6446108683c2 - std[70759c8f55707aa4]::panicking::panic_handler::{closure#0}
[INFO] [stdout]    8:     0x644610860cd9 - std[70759c8f55707aa4]::sys::backtrace::__rust_end_short_backtrace::<std[70759c8f55707aa4]::panicking::panic_handler::{closure#0}, !>
[INFO] [stdout]    9:     0x64461086905d - __rustc[8fa7c3cbc660c2b3]::rust_begin_unwind
[INFO] [stdout]   10:     0x6446108a855c - core[df12db4294e9bfd3]::panicking::panic_fmt
[INFO] [stdout]   11:     0x6446108a8332 - core[df12db4294e9bfd3]::result::unwrap_failed
[INFO] [stdout]   12:     0x6446105f330b - rbx_xml[3b734fa320993fe6]::tests::models::gui_inset_and_font_migration
[INFO] [stdout]   13:     0x6446105d3059 - <rbx_xml[3b734fa320993fe6]::tests::models::gui_inset_and_font_migration::{closure#0} as core[df12db4294e9bfd3]::ops::function::FnOnce<()>>::call_once
[INFO] [stdout]   14:     0x6446107cbeab - test[9d35eded1c95d3be]::__rust_begin_short_backtrace::<core[df12db4294e9bfd3]::result::Result<(), alloc[2182bb758b4b3781]::string::String>, fn() -> core[df12db4294e9bfd3]::result::Result<(), alloc[2182bb758b4b3781]::string::String>>
[INFO] [stdout]   15:     0x6446107d9515 - test[9d35eded1c95d3be]::run_test::{closure#0}
[INFO] [stdout]   16:     0x6446107d2dd4 - std[70759c8f55707aa4]::sys::backtrace::__rust_begin_short_backtrace::<test[9d35eded1c95d3be]::run_test::{closure#1}, ()>
[INFO] [stdout]   17:     0x6446107dc672 - <std[70759c8f55707aa4]::thread::lifecycle::spawn_unchecked<test[9d35eded1c95d3be]::run_test::{closure#1}, ()>::{closure#1} as core[df12db4294e9bfd3]::ops::function::FnOnce<()>>::call_once::{shim:vtable#0}
[INFO] [stdout]   18:     0x64461088ce89 - <std[70759c8f55707aa4]::sys::thread::unix::Thread>::new::thread_start
[INFO] [stdout]   19:     0x7bea4d329dfa - <unknown>
[INFO] [stdout]   20:     0x7bea4d3bd3d4 - clone
[INFO] [stdout]   21:                0x0 - <unknown>
[INFO] [stdout] 
[INFO] [stdout] ---- tests::models::package_link stdout ----
[INFO] [stdout] 
[INFO] [stdout] thread 'tests::models::package_link' (1196) panicked at src/tests/models.rs:29:1:
[INFO] [stdout] called `Result::unwrap()` on an `Err` value: could not read file because No such file or directory (os error 2)
[INFO] [stdout] stack backtrace:
[INFO] [stdout]    0:     0x64461088de31 - <<std[70759c8f55707aa4]::sys::backtrace::BacktraceLock>::print::DisplayBacktrace as core[df12db4294e9bfd3]::fmt::Display>::fmt
[INFO] [stdout]    1:     0x6446108a7d7a - core[df12db4294e9bfd3]::fmt::write
[INFO] [stdout]    2:     0x644610893bac - <alloc[2182bb758b4b3781]::vec::Vec<u8> as core[df12db4294e9bfd3]::io::write::Write>::write_fmt
[INFO] [stdout]    3:     0x644610868316 - std[70759c8f55707aa4]::panicking::default_hook::{closure#0}
[INFO] [stdout]    4:     0x644610885a69 - std[70759c8f55707aa4]::panicking::default_hook
[INFO] [stdout]    5:     0x6446107d8bc0 - test[9d35eded1c95d3be]::test_main_inner::<test[9d35eded1c95d3be]::test_main_static::{closure#0}>::{closure#0}
[INFO] [stdout]    6:     0x644610885c22 - std[70759c8f55707aa4]::panicking::panic_with_hook
[INFO] [stdout]    7:     0x6446108683c2 - std[70759c8f55707aa4]::panicking::panic_handler::{closure#0}
[INFO] [stdout]    8:     0x644610860cd9 - std[70759c8f55707aa4]::sys::backtrace::__rust_end_short_backtrace::<std[70759c8f55707aa4]::panicking::panic_handler::{closure#0}, !>
[INFO] [stdout]    9:     0x64461086905d - __rustc[8fa7c3cbc660c2b3]::rust_begin_unwind
[INFO] [stdout]   10:     0x6446108a855c - core[df12db4294e9bfd3]::panicking::panic_fmt
[INFO] [stdout]   11:     0x6446108a8332 - core[df12db4294e9bfd3]::result::unwrap_failed
[INFO] [stdout]   12:     0x6446105efb0b - rbx_xml[3b734fa320993fe6]::tests::models::package_link
[INFO] [stdout]   13:     0x6446105d2cd9 - <rbx_xml[3b734fa320993fe6]::tests::models::package_link::{closure#0} as core[df12db4294e9bfd3]::ops::function::FnOnce<()>>::call_once
[INFO] [stdout]   14:     0x6446107cbeab - test[9d35eded1c95d3be]::__rust_begin_short_backtrace::<core[df12db4294e9bfd3]::result::Result<(), alloc[2182bb758b4b3781]::string::String>, fn() -> core[df12db4294e9bfd3]::result::Result<(), alloc[2182bb758b4b3781]::string::String>>
[INFO] [stdout]   15:     0x6446107d9515 - test[9d35eded1c95d3be]::run_test::{closure#0}
[INFO] [stdout]   16:     0x6446107d2dd4 - std[70759c8f55707aa4]::sys::backtrace::__rust_begin_short_backtrace::<test[9d35eded1c95d3be]::run_test::{closure#1}, ()>
[INFO] [stdout]   17:     0x6446107dc672 - <std[70759c8f55707aa4]::thread::lifecycle::spawn_unchecked<test[9d35eded1c95d3be]::run_test::{closure#1}, ()>::{closure#1} as core[df12db4294e9bfd3]::ops::function::FnOnce<()>>::call_once::{shim:vtable#0}
[INFO] [stdout]   18:     0x64461088ce89 - <std[70759c8f55707aa4]::sys::thread::unix::Thread>::new::thread_start
[INFO] [stdout]   19:     0x7bea4d329dfa - <unknown>
[INFO] [stdout]   20:     0x7bea4d3bd3d4 - clone
[INFO] [stdout]   21:                0x0 - <unknown>
[INFO] [stdout] 
[INFO] [stdout] ---- tests::models::physical_properties_acoustics stdout ----
[INFO] [stdout] 
[INFO] [stdout] thread 'tests::models::physical_properties_acoustics' (1197) panicked at src/tests/models.rs:29:1:
[INFO] [stdout] called `Result::unwrap()` on an `Err` value: could not read file because No such file or directory (os error 2)
[INFO] [stdout] stack backtrace:
[INFO] [stdout]    0:     0x64461088de31 - <<std[70759c8f55707aa4]::sys::backtrace::BacktraceLock>::print::DisplayBacktrace as core[df12db4294e9bfd3]::fmt::Display>::fmt
[INFO] [stdout]    1:     0x6446108a7d7a - core[df12db4294e9bfd3]::fmt::write
[INFO] [stdout]    2:     0x644610893bac - <alloc[2182bb758b4b3781]::vec::Vec<u8> as core[df12db4294e9bfd3]::io::write::Write>::write_fmt
[INFO] [stdout]    3:     0x644610868316 - std[70759c8f55707aa4]::panicking::default_hook::{closure#0}
[INFO] [stdout]    4:     0x644610885a69 - std[70759c8f55707aa4]::panicking::default_hook
[INFO] [stdout]    5:     0x6446107d8bc0 - test[9d35eded1c95d3be]::test_main_inner::<test[9d35eded1c95d3be]::test_main_static::{closure#0}>::{closure#0}
[INFO] [stdout]    6:     0x644610885c22 - std[70759c8f55707aa4]::panicking::panic_with_hook
[INFO] [stdout]    7:     0x6446108683c2 - std[70759c8f55707aa4]::panicking::panic_handler::{closure#0}
[INFO] [stdout]    8:     0x644610860cd9 - std[70759c8f55707aa4]::sys::backtrace::__rust_end_short_backtrace::<std[70759c8f55707aa4]::panicking::panic_handler::{closure#0}, !>
[INFO] [stdout]    9:     0x64461086905d - __rustc[8fa7c3cbc660c2b3]::rust_begin_unwind
[INFO] [stdout]   10:     0x6446108a855c - core[df12db4294e9bfd3]::panicking::panic_fmt
[INFO] [stdout]   11:     0x6446108a8332 - core[df12db4294e9bfd3]::result::unwrap_failed
[INFO] [stdout]   12:     0x6446105f3b0b - rbx_xml[3b734fa320993fe6]::tests::models::physical_properties_acoustics
[INFO] [stdout]   13:     0x6446105d30d9 - <rbx_xml[3b734fa320993fe6]::tests::models::physical_properties_acoustics::{closure#0} as core[df12db4294e9bfd3]::ops::function::FnOnce<()>>::call_once
[INFO] [stdout]   14:     0x6446107cbeab - test[9d35eded1c95d3be]::__rust_begin_short_backtrace::<core[df12db4294e9bfd3]::result::Result<(), alloc[2182bb758b4b3781]::string::String>, fn() -> core[df12db4294e9bfd3]::result::Result<(), alloc[2182bb758b4b3781]::string::String>>
[INFO] [stdout]   15:     0x6446107d9515 - test[9d35eded1c95d3be]::run_test::{closure#0}
[INFO] [stdout]   16:     0x6446107d2dd4 - std[70759c8f55707aa4]::sys::backtrace::__rust_begin_short_backtrace::<test[9d35eded1c95d3be]::run_test::{closure#1}, ()>
[INFO] [stdout]   17:     0x6446107dc672 - <std[70759c8f55707aa4]::thread::lifecycle::spawn_unchecked<test[9d35eded1c95d3be]::run_test::{closure#1}, ()>::{closure#1} as core[df12db4294e9bfd3]::ops::function::FnOnce<()>>::call_once::{shim:vtable#0}
[INFO] [stdout]   18:     0x64461088ce89 - <std[70759c8f55707aa4]::sys::thread::unix::Thread>::new::thread_start
[INFO] [stdout]   19:     0x7bea4d329dfa - <unknown>
[INFO] [stdout]   20:     0x7bea4d3bd3d4 - clone
[INFO] [stdout]   21:                0x0 - <unknown>
[INFO] [stdout] 
[INFO] [stdout] ---- tests::models::funny_numbervalue stdout ----
[INFO] [stdout] 
[INFO] [stdout] thread 'tests::models::funny_numbervalue' (1188) panicked at src/tests/models.rs:29:1:
[INFO] [stdout] called `Result::unwrap()` on an `Err` value: could not read file because No such file or directory (os error 2)
[INFO] [stdout] stack backtrace:
[INFO] [stdout]    0:     0x64461088de31 - <<std[70759c8f55707aa4]::sys::backtrace::BacktraceLock>::print::DisplayBacktrace as core[df12db4294e9bfd3]::fmt::Display>::fmt
[INFO] [stdout]    1:     0x6446108a7d7a - core[df12db4294e9bfd3]::fmt::write
[INFO] [stdout]    2:     0x644610893bac - <alloc[2182bb758b4b3781]::vec::Vec<u8> as core[df12db4294e9bfd3]::io::write::Write>::write_fmt
[INFO] [stdout]    3:     0x644610868316 - std[70759c8f55707aa4]::panicking::default_hook::{closure#0}
[INFO] [stdout]    4:     0x644610885a69 - std[70759c8f55707aa4]::panicking::default_hook
[INFO] [stdout]    5:     0x6446107d8bc0 - test[9d35eded1c95d3be]::test_main_inner::<test[9d35eded1c95d3be]::test_main_static::{closure#0}>::{closure#0}
[INFO] [stdout]    6:     0x644610885c22 - std[70759c8f55707aa4]::panicking::panic_with_hook
[INFO] [stdout]    7:     0x6446108683c2 - std[70759c8f55707aa4]::panicking::panic_handler::{closure#0}
[INFO] [stdout]    8:     0x644610860cd9 - std[70759c8f55707aa4]::sys::backtrace::__rust_end_short_backtrace::<std[70759c8f55707aa4]::panicking::panic_handler::{closure#0}, !>
[INFO] [stdout]    9:     0x64461086905d - __rustc[8fa7c3cbc660c2b3]::rust_begin_unwind
[INFO] [stderr] error: test failed, to rerun pass `--lib`
[INFO] [stdout]   10:     0x6446108a855c - core[df12db4294e9bfd3]::panicking::panic_fmt
[INFO] [stdout]   11:     0x6446108a8332 - core[df12db4294e9bfd3]::result::unwrap_failed
[INFO] [stdout]   12:     0x6446105f110b - rbx_xml[3b734fa320993fe6]::tests::models::funny_numbervalue
[INFO] [stdout]   13:     0x6446105d2e39 - <rbx_xml[3b734fa320993fe6]::tests::models::funny_numbervalue::{closure#0} as core[df12db4294e9bfd3]::ops::function::FnOnce<()>>::call_once
[INFO] [stdout]   14:     0x6446107cbeab - test[9d35eded1c95d3be]::__rust_begin_short_backtrace::<core[df12db4294e9bfd3]::result::Result<(), alloc[2182bb758b4b3781]::string::String>, fn() -> core[df12db4294e9bfd3]::result::Result<(), alloc[2182bb758b4b3781]::string::String>>
[INFO] [stdout]   15:     0x6446107d9515 - test[9d35eded1c95d3be]::run_test::{closure#0}
[INFO] [stdout]   16:     0x6446107d2dd4 - std[70759c8f55707aa4]::sys::backtrace::__rust_begin_short_backtrace::<test[9d35eded1c95d3be]::run_test::{closure#1}, ()>
[INFO] [stdout]   17:     0x6446107dc672 - <std[70759c8f55707aa4]::thread::lifecycle::spawn_unchecked<test[9d35eded1c95d3be]::run_test::{closure#1}, ()>::{closure#1} as core[df12db4294e9bfd3]::ops::function::FnOnce<()>>::call_once::{shim:vtable#0}
[INFO] [stdout]   18:     0x64461088ce89 - <std[70759c8f55707aa4]::sys::thread::unix::Thread>::new::thread_start
[INFO] [stdout]   19:     0x7bea4d329dfa - <unknown>
[INFO] [stdout]   20:     0x7bea4d3bd3d4 - clone
[INFO] [stdout]   21:                0x0 - <unknown>
[INFO] [stdout] 
[INFO] [stdout] ---- tests::models::number_values_with_security_capabilities stdout ----
[INFO] [stdout] 
[INFO] [stdout] thread 'tests::models::number_values_with_security_capabilities' (1194) panicked at src/tests/models.rs:29:1:
[INFO] [stdout] called `Result::unwrap()` on an `Err` value: could not read file because No such file or directory (os error 2)
[INFO] [stdout] stack backtrace:
[INFO] [stdout]    0:     0x64461088de31 - <<std[70759c8f55707aa4]::sys::backtrace::BacktraceLock>::print::DisplayBacktrace as core[df12db4294e9bfd3]::fmt::Display>::fmt
[INFO] [stdout]    1:     0x6446108a7d7a - core[df12db4294e9bfd3]::fmt::write
[INFO] [stdout]    2:     0x644610893bac - <alloc[2182bb758b4b3781]::vec::Vec<u8> as core[df12db4294e9bfd3]::io::write::Write>::write_fmt
[INFO] [stdout]    3:     0x644610868316 - std[70759c8f55707aa4]::panicking::default_hook::{closure#0}
[INFO] [stdout]    4:     0x644610885a69 - std[70759c8f55707aa4]::panicking::default_hook
[INFO] [stdout]    5:     0x6446107d8bc0 - test[9d35eded1c95d3be]::test_main_inner::<test[9d35eded1c95d3be]::test_main_static::{closure#0}>::{closure#0}
[INFO] [stdout]    6:     0x644610885c22 - std[70759c8f55707aa4]::panicking::panic_with_hook
[INFO] [stdout]    7:     0x6446108683c2 - std[70759c8f55707aa4]::panicking::panic_handler::{closure#0}
[INFO] [stdout]    8:     0x644610860cd9 - std[70759c8f55707aa4]::sys::backtrace::__rust_end_short_backtrace::<std[70759c8f55707aa4]::panicking::panic_handler::{closure#0}, !>
[INFO] [stdout]    9:     0x64461086905d - __rustc[8fa7c3cbc660c2b3]::rust_begin_unwind
[INFO] [stdout]   10:     0x6446108a855c - core[df12db4294e9bfd3]::panicking::panic_fmt
[INFO] [stdout]   11:     0x6446108a8332 - core[df12db4294e9bfd3]::result::unwrap_failed
[INFO] [stdout]   12:     0x6446105f3f0b - rbx_xml[3b734fa320993fe6]::tests::models::number_values_with_security_capabilities
[INFO] [stdout]   13:     0x6446105d3119 - <rbx_xml[3b734fa320993fe6]::tests::models::number_values_with_security_capabilities::{closure#0} as core[df12db4294e9bfd3]::ops::function::FnOnce<()>>::call_once
[INFO] [stdout]   14:     0x6446107cbeab - test[9d35eded1c95d3be]::__rust_begin_short_backtrace::<core[df12db4294e9bfd3]::result::Result<(), alloc[2182bb758b4b3781]::string::String>, fn() -> core[df12db4294e9bfd3]::result::Result<(), alloc[2182bb758b4b3781]::string::String>>
[INFO] [stdout]   15:     0x6446107d9515 - test[9d35eded1c95d3be]::run_test::{closure#0}
[INFO] [stdout]   16:     0x6446107d2dd4 - std[70759c8f55707aa4]::sys::backtrace::__rust_begin_short_backtrace::<test[9d35eded1c95d3be]::run_test::{closure#1}, ()>
[INFO] [stdout]   17:     0x6446107dc672 - <std[70759c8f55707aa4]::thread::lifecycle::spawn_unchecked<test[9d35eded1c95d3be]::run_test::{closure#1}, ()>::{closure#1} as core[df12db4294e9bfd3]::ops::function::FnOnce<()>>::call_once::{shim:vtable#0}
[INFO] [stdout]   18:     0x64461088ce89 - <std[70759c8f55707aa4]::sys::thread::unix::Thread>::new::thread_start
[INFO] [stdout]   19:     0x7bea4d329dfa - <unknown>
[INFO] [stdout]   20:     0x7bea4d3bd3d4 - clone
[INFO] [stdout]   21:                0x0 - <unknown>
[INFO] [stdout] 
[INFO] [stdout] ---- tests::models::sharedstring stdout ----
[INFO] [stdout] 
[INFO] [stdout] thread 'tests::models::sharedstring' (1201) panicked at src/tests/models.rs:29:1:
[INFO] [stdout] called `Result::unwrap()` on an `Err` value: could not read file because No such file or directory (os error 2)
[INFO] [stdout] stack backtrace:
[INFO] [stdout]    0:     0x64461088de31 - <<std[70759c8f55707aa4]::sys::backtrace::BacktraceLock>::print::DisplayBacktrace as core[df12db4294e9bfd3]::fmt::Display>::fmt
[INFO] [stdout]    1:     0x6446108a7d7a - core[df12db4294e9bfd3]::fmt::write
[INFO] [stdout]    2:     0x644610893bac - <alloc[2182bb758b4b3781]::vec::Vec<u8> as core[df12db4294e9bfd3]::io::write::Write>::write_fmt
[INFO] [stdout]    3:     0x644610868316 - std[70759c8f55707aa4]::panicking::default_hook::{closure#0}
[INFO] [stdout]    4:     0x644610885a69 - std[70759c8f55707aa4]::panicking::default_hook
[INFO] [stdout]    5:     0x6446107d8bc0 - test[9d35eded1c95d3be]::test_main_inner::<test[9d35eded1c95d3be]::test_main_static::{closure#0}>::{closure#0}
[INFO] [stdout]    6:     0x644610885c22 - std[70759c8f55707aa4]::panicking::panic_with_hook
[INFO] [stdout]    7:     0x6446108683c2 - std[70759c8f55707aa4]::panicking::panic_handler::{closure#0}
[INFO] [stdout]    8:     0x644610860cd9 - std[70759c8f55707aa4]::sys::backtrace::__rust_end_short_backtrace::<std[70759c8f55707aa4]::panicking::panic_handler::{closure#0}, !>
[INFO] [stdout]    9:     0x64461086905d - __rustc[8fa7c3cbc660c2b3]::rust_begin_unwind
[INFO] [stdout]   10:     0x6446108a855c - core[df12db4294e9bfd3]::panicking::panic_fmt
[INFO] [stdout]   11:     0x6446108a8332 - core[df12db4294e9bfd3]::result::unwrap_failed
[INFO] [stdout]   12:     0x6446105eff0b - rbx_xml[3b734fa320993fe6]::tests::models::sharedstring
[INFO] [stdout]   13:     0x6446105d2d19 - <rbx_xml[3b734fa320993fe6]::tests::models::sharedstring::{closure#0} as core[df12db4294e9bfd3]::ops::function::FnOnce<()>>::call_once
[INFO] [stdout]   14:     0x6446107cbeab - test[9d35eded1c95d3be]::__rust_begin_short_backtrace::<core[df12db4294e9bfd3]::result::Result<(), alloc[2182bb758b4b3781]::string::String>, fn() -> core[df12db4294e9bfd3]::result::Result<(), alloc[2182bb758b4b3781]::string::String>>
[INFO] [stdout]   15:     0x6446107d9515 - test[9d35eded1c95d3be]::run_test::{closure#0}
[INFO] [stdout]   16:     0x6446107d2dd4 - std[70759c8f55707aa4]::sys::backtrace::__rust_begin_short_backtrace::<test[9d35eded1c95d3be]::run_test::{closure#1}, ()>
[INFO] [stdout]   17:     0x6446107dc672 - <std[70759c8f55707aa4]::thread::lifecycle::spawn_unchecked<test[9d35eded1c95d3be]::run_test::{closure#1}, ()>::{closure#1} as core[df12db4294e9bfd3]::ops::function::FnOnce<()>>::call_once::{shim:vtable#0}
[INFO] [stdout]   18:     0x64461088ce89 - <std[70759c8f55707aa4]::sys::thread::unix::Thread>::new::thread_start
[INFO] [stdout]   19:     0x7bea4d329dfa - <unknown>
[INFO] [stdout]   20:     0x7bea4d3bd3d4 - clone
[INFO] [stdout]   21:                0x0 - <unknown>
[INFO] [stdout] 
[INFO] [stdout] ---- tests::models::stylesheet stdout ----
[INFO] [stdout] 
[INFO] [stdout] thread 'tests::models::stylesheet' (1202) panicked at src/tests/models.rs:29:1:
[INFO] [stdout] called `Result::unwrap()` on an `Err` value: could not read file because No such file or directory (os error 2)
[INFO] [stdout] stack backtrace:
[INFO] [stdout]    0:     0x64461088de31 - <<std[70759c8f55707aa4]::sys::backtrace::BacktraceLock>::print::DisplayBacktrace as core[df12db4294e9bfd3]::fmt::Display>::fmt
[INFO] [stdout]    1:     0x6446108a7d7a - core[df12db4294e9bfd3]::fmt::write
[INFO] [stdout]    2:     0x644610893bac - <alloc[2182bb758b4b3781]::vec::Vec<u8> as core[df12db4294e9bfd3]::io::write::Write>::write_fmt
[INFO] [stdout]    3:     0x644610868316 - std[70759c8f55707aa4]::panicking::default_hook::{closure#0}
[INFO] [stdout]    4:     0x644610885a69 - std[70759c8f55707aa4]::panicking::default_hook
[INFO] [stdout]    5:     0x6446107d8bc0 - test[9d35eded1c95d3be]::test_main_inner::<test[9d35eded1c95d3be]::test_main_static::{closure#0}>::{closure#0}
[INFO] [stdout]    6:     0x644610885c22 - std[70759c8f55707aa4]::panicking::panic_with_hook
[INFO] [stdout]    7:     0x6446108683c2 - std[70759c8f55707aa4]::panicking::panic_handler::{closure#0}
[INFO] [stdout]    8:     0x644610860cd9 - std[70759c8f55707aa4]::sys::backtrace::__rust_end_short_backtrace::<std[70759c8f55707aa4]::panicking::panic_handler::{closure#0}, !>
[INFO] [stdout]    9:     0x64461086905d - __rustc[8fa7c3cbc660c2b3]::rust_begin_unwind
[INFO] [stdout]   10:     0x6446108a855c - core[df12db4294e9bfd3]::panicking::panic_fmt
[INFO] [stdout]   11:     0x6446108a8332 - core[df12db4294e9bfd3]::result::unwrap_failed
[INFO] [stdout]   12:     0x6446105ef30b - rbx_xml[3b734fa320993fe6]::tests::models::stylesheet
[INFO] [stdout]   13:     0x6446105d2c59 - <rbx_xml[3b734fa320993fe6]::tests::models::stylesheet::{closure#0} as core[df12db4294e9bfd3]::ops::function::FnOnce<()>>::call_once
[INFO] [stdout]   14:     0x6446107cbeab - test[9d35eded1c95d3be]::__rust_begin_short_backtrace::<core[df12db4294e9bfd3]::result::Result<(), alloc[2182bb758b4b3781]::string::String>, fn() -> core[df12db4294e9bfd3]::result::Result<(), alloc[2182bb758b4b3781]::string::String>>
[INFO] [stdout]   15:     0x6446107d9515 - test[9d35eded1c95d3be]::run_test::{closure#0}
[INFO] [stdout]   16:     0x6446107d2dd4 - std[70759c8f55707aa4]::sys::backtrace::__rust_begin_short_backtrace::<test[9d35eded1c95d3be]::run_test::{closure#1}, ()>
[INFO] [stdout]   17:     0x6446107dc672 - <std[70759c8f55707aa4]::thread::lifecycle::spawn_unchecked<test[9d35eded1c95d3be]::run_test::{closure#1}, ()>::{closure#1} as core[df12db4294e9bfd3]::ops::function::FnOnce<()>>::call_once::{shim:vtable#0}
[INFO] [stdout]   18:     0x64461088ce89 - <std[70759c8f55707aa4]::sys::thread::unix::Thread>::new::thread_start
[INFO] [stdout]   19:     0x7bea4d329dfa - <unknown>
[INFO] [stdout]   20:     0x7bea4d3bd3d4 - clone
[INFO] [stdout]   21:                0x0 - <unknown>
[INFO] [stdout] 
[INFO] [stdout] ---- tests::models::tags stdout ----
[INFO] [stdout] 
[INFO] [stdout] thread 'tests::models::tags' (1203) panicked at src/tests/models.rs:29:1:
[INFO] [stdout] called `Result::unwrap()` on an `Err` value: could not read file because No such file or directory (os error 2)
[INFO] [stdout] stack backtrace:
[INFO] [stdout]    0:     0x64461088de31 - <<std[70759c8f55707aa4]::sys::backtrace::BacktraceLock>::print::DisplayBacktrace as core[df12db4294e9bfd3]::fmt::Display>::fmt
[INFO] [stdout]    1:     0x6446108a7d7a - core[df12db4294e9bfd3]::fmt::write
[INFO] [stdout]    2:     0x644610893bac - <alloc[2182bb758b4b3781]::vec::Vec<u8> as core[df12db4294e9bfd3]::io::write::Write>::write_fmt
[INFO] [stdout]    3:     0x644610868316 - std[70759c8f55707aa4]::panicking::default_hook::{closure#0}
[INFO] [stdout]    4:     0x644610885a69 - std[70759c8f55707aa4]::panicking::default_hook
[INFO] [stdout]    5:     0x6446107d8bc0 - test[9d35eded1c95d3be]::test_main_inner::<test[9d35eded1c95d3be]::test_main_static::{closure#0}>::{closure#0}
[INFO] [stdout]    6:     0x644610885c22 - std[70759c8f55707aa4]::panicking::panic_with_hook
[INFO] [stdout]    7:     0x6446108683c2 - std[70759c8f55707aa4]::panicking::panic_handler::{closure#0}
[INFO] [stdout]    8:     0x644610860cd9 - std[70759c8f55707aa4]::sys::backtrace::__rust_end_short_backtrace::<std[70759c8f55707aa4]::panicking::panic_handler::{closure#0}, !>
[INFO] [stdout]    9:     0x64461086905d - __rustc[8fa7c3cbc660c2b3]::rust_begin_unwind
[INFO] [stdout]   10:     0x6446108a855c - core[df12db4294e9bfd3]::panicking::panic_fmt
[INFO] [stdout]   11:     0x6446108a8332 - core[df12db4294e9bfd3]::result::unwrap_failed
[INFO] [stdout]   12:     0x6446105f430b - rbx_xml[3b734fa320993fe6]::tests::models::tags
[INFO] [stdout]   13:     0x6446105d3159 - <rbx_xml[3b734fa320993fe6]::tests::models::tags::{closure#0} as core[df12db4294e9bfd3]::ops::function::FnOnce<()>>::call_once
[INFO] [stdout]   14:     0x6446107cbeab - test[9d35eded1c95d3be]::__rust_begin_short_backtrace::<core[df12db4294e9bfd3]::result::Result<(), alloc[2182bb758b4b3781]::string::String>, fn() -> core[df12db4294e9bfd3]::result::Result<(), alloc[2182bb758b4b3781]::string::String>>
[INFO] [stdout]   15:     0x6446107d9515 - test[9d35eded1c95d3be]::run_test::{closure#0}
[INFO] [stdout]   16:     0x6446107d2dd4 - std[70759c8f55707aa4]::sys::backtrace::__rust_begin_short_backtrace::<test[9d35eded1c95d3be]::run_test::{closure#1}, ()>
[INFO] [stdout]   17:     0x6446107dc672 - <std[70759c8f55707aa4]::thread::lifecycle::spawn_unchecked<test[9d35eded1c95d3be]::run_test::{closure#1}, ()>::{closure#1} as core[df12db4294e9bfd3]::ops::function::FnOnce<()>>::call_once::{shim:vtable#0}
[INFO] [stdout]   18:     0x64461088ce89 - <std[70759c8f55707aa4]::sys::thread::unix::Thread>::new::thread_start
[INFO] [stdout]   19:     0x7bea4d329dfa - <unknown>
[INFO] [stdout]   20:     0x7bea4d3bd3d4 - clone
[INFO] [stdout]   21:                0x0 - <unknown>
[INFO] [stdout] 
[INFO] [stdout] ---- tests::models::text_label_with_font stdout ----
[INFO] [stdout] 
[INFO] [stdout] thread 'tests::models::text_label_with_font' (1204) panicked at src/tests/models.rs:29:1:
[INFO] [stdout] called `Result::unwrap()` on an `Err` value: could not read file because No such file or directory (os error 2)
[INFO] [stdout] stack backtrace:
[INFO] [stdout]    0:     0x64461088de31 - <<std[70759c8f55707aa4]::sys::backtrace::BacktraceLock>::print::DisplayBacktrace as core[df12db4294e9bfd3]::fmt::Display>::fmt
[INFO] [stdout]    1:     0x6446108a7d7a - core[df12db4294e9bfd3]::fmt::write
[INFO] [stdout]    2:     0x644610893bac - <alloc[2182bb758b4b3781]::vec::Vec<u8> as core[df12db4294e9bfd3]::io::write::Write>::write_fmt
[INFO] [stdout]    3:     0x644610868316 - std[70759c8f55707aa4]::panicking::default_hook::{closure#0}
[INFO] [stdout]    4:     0x644610885a69 - std[70759c8f55707aa4]::panicking::default_hook
[INFO] [stdout]    5:     0x6446107d8bc0 - test[9d35eded1c95d3be]::test_main_inner::<test[9d35eded1c95d3be]::test_main_static::{closure#0}>::{closure#0}
[INFO] [stdout]    6:     0x644610885c22 - std[70759c8f55707aa4]::panicking::panic_with_hook
[INFO] [stdout]    7:     0x6446108683c2 - std[70759c8f55707aa4]::panicking::panic_handler::{closure#0}
[INFO] [stdout]    8:     0x644610860cd9 - std[70759c8f55707aa4]::sys::backtrace::__rust_end_short_backtrace::<std[70759c8f55707aa4]::panicking::panic_handler::{closure#0}, !>
[INFO] [stdout]    9:     0x64461086905d - __rustc[8fa7c3cbc660c2b3]::rust_begin_unwind
[INFO] [stdout]   10:     0x6446108a855c - core[df12db4294e9bfd3]::panicking::panic_fmt
[INFO] [stdout]   11:     0x6446108a8332 - core[df12db4294e9bfd3]::result::unwrap_failed
[INFO] [stdout]   12:     0x6446105f250b - rbx_xml[3b734fa320993fe6]::tests::models::text_label_with_font
[INFO] [stdout]   13:     0x6446105d2f79 - <rbx_xml[3b734fa320993fe6]::tests::models::text_label_with_font::{closure#0} as core[df12db4294e9bfd3]::ops::function::FnOnce<()>>::call_once
[INFO] [stdout]   14:     0x6446107cbeab - test[9d35eded1c95d3be]::__rust_begin_short_backtrace::<core[df12db4294e9bfd3]::result::Result<(), alloc[2182bb758b4b3781]::string::String>, fn() -> core[df12db4294e9bfd3]::result::Result<(), alloc[2182bb758b4b3781]::string::String>>
[INFO] [stdout]   15:     0x6446107d9515 - test[9d35eded1c95d3be]::run_test::{closure#0}
[INFO] [stdout]   16:     0x6446107d2dd4 - std[70759c8f55707aa4]::sys::backtrace::__rust_begin_short_backtrace::<test[9d35eded1c95d3be]::run_test::{closure#1}, ()>
[INFO] [stdout]   17:     0x6446107dc672 - <std[70759c8f55707aa4]::thread::lifecycle::spawn_unchecked<test[9d35eded1c95d3be]::run_test::{closure#1}, ()>::{closure#1} as core[df12db4294e9bfd3]::ops::function::FnOnce<()>>::call_once::{shim:vtable#0}
[INFO] [stdout]   18:     0x64461088ce89 - <std[70759c8f55707aa4]::sys::thread::unix::Thread>::new::thread_start
[INFO] [stdout]   19:     0x7bea4d329dfa - <unknown>
[INFO] [stdout]   20:     0x7bea4d3bd3d4 - clone
[INFO] [stdout]   21:                0x0 - <unknown>
[INFO] [stdout] 
[INFO] [stdout] ---- tests::models::three_beams stdout ----
[INFO] [stdout] 
[INFO] [stdout] thread 'tests::models::three_beams' (1205) panicked at src/tests/models.rs:29:1:
[INFO] [stdout] called `Result::unwrap()` on an `Err` value: could not read file because No such file or directory (os error 2)
[INFO] [stdout] stack backtrace:
[INFO] [stdout]    0:     0x64461088de31 - <<std[70759c8f55707aa4]::sys::backtrace::BacktraceLock>::print::DisplayBacktrace as core[df12db4294e9bfd3]::fmt::Display>::fmt
[INFO] [stdout]    1:     0x6446108a7d7a - core[df12db4294e9bfd3]::fmt::write
[INFO] [stdout]    2:     0x644610893bac - <alloc[2182bb758b4b3781]::vec::Vec<u8> as core[df12db4294e9bfd3]::io::write::Write>::write_fmt
[INFO] [stdout]    3:     0x644610868316 - std[70759c8f55707aa4]::panicking::default_hook::{closure#0}
[INFO] [stdout]    4:     0x644610885a69 - std[70759c8f55707aa4]::panicking::default_hook
[INFO] [stdout]    5:     0x6446107d8bc0 - test[9d35eded1c95d3be]::test_main_inner::<test[9d35eded1c95d3be]::test_main_static::{closure#0}>::{closure#0}
[INFO] [stdout]    6:     0x644610885c22 - std[70759c8f55707aa4]::panicking::panic_with_hook
[INFO] [stdout]    7:     0x6446108683c2 - std[70759c8f55707aa4]::panicking::panic_handler::{closure#0}
[INFO] [stdout]    8:     0x644610860cd9 - std[70759c8f55707aa4]::sys::backtrace::__rust_end_short_backtrace::<std[70759c8f55707aa4]::panicking::panic_handler::{closure#0}, !>
[INFO] [stdout]    9:     0x64461086905d - __rustc[8fa7c3cbc660c2b3]::rust_begin_unwind
[INFO] [stdout]   10:     0x6446108a855c - core[df12db4294e9bfd3]::panicking::panic_fmt
[INFO] [stdout]   11:     0x6446108a8332 - core[df12db4294e9bfd3]::result::unwrap_failed
[INFO] [stdout]   12:     0x6446105ef90b - rbx_xml[3b734fa320993fe6]::tests::models::three_beams
[INFO] [stdout]   13:     0x6446105d2cb9 - <rbx_xml[3b734fa320993fe6]::tests::models::three_beams::{closure#0} as core[df12db4294e9bfd3]::ops::function::FnOnce<()>>::call_once
[INFO] [stdout]   14:     0x6446107cbeab - test[9d35eded1c95d3be]::__rust_begin_short_backtrace::<core[df12db4294e9bfd3]::result::Result<(), alloc[2182bb758b4b3781]::string::String>, fn() -> core[df12db4294e9bfd3]::result::Result<(), alloc[2182bb758b4b3781]::string::String>>
[INFO] [stdout]   15:     0x6446107d9515 - test[9d35eded1c95d3be]::run_test::{closure#0}
[INFO] [stdout]   16:     0x6446107d2dd4 - std[70759c8f55707aa4]::sys::backtrace::__rust_begin_short_backtrace::<test[9d35eded1c95d3be]::run_test::{closure#1}, ()>
[INFO] [stdout]   17:     0x6446107dc672 - <std[70759c8f55707aa4]::thread::lifecycle::spawn_unchecked<test[9d35eded1c95d3be]::run_test::{closure#1}, ()>::{closure#1} as core[df12db4294e9bfd3]::ops::function::FnOnce<()>>::call_once::{shim:vtable#0}
[INFO] [stdout]   18:     0x64461088ce89 - <std[70759c8f55707aa4]::sys::thread::unix::Thread>::new::thread_start
[INFO] [stdout]   19:     0x7bea4d329dfa - <unknown>
[INFO] [stdout]   20:     0x7bea4d3bd3d4 - clone
[INFO] [stdout]   21:                0x0 - <unknown>
[INFO] [stdout] 
[INFO] [stdout] ---- tests::models::three_nested_folders stdout ----
[INFO] [stdout] 
[INFO] [stdout] thread 'tests::models::three_nested_folders' (1209) panicked at src/tests/models.rs:29:1:
[INFO] [stdout] called `Result::unwrap()` on an `Err` value: could not read file because No such file or directory (os error 2)
[INFO] [stdout] stack backtrace:
[INFO] [stdout]    0:     0x64461088de31 - <<std[70759c8f55707aa4]::sys::backtrace::BacktraceLock>::print::DisplayBacktrace as core[df12db4294e9bfd3]::fmt::Display>::fmt
[INFO] [stdout]    1:     0x6446108a7d7a - core[df12db4294e9bfd3]::fmt::write
[INFO] [stdout]    2:     0x644610893bac - <alloc[2182bb758b4b3781]::vec::Vec<u8> as core[df12db4294e9bfd3]::io::write::Write>::write_fmt
[INFO] [stdout]    3:     0x644610868316 - std[70759c8f55707aa4]::panicking::default_hook::{closure#0}
[INFO] [stdout]    4:     0x644610885a69 - std[70759c8f55707aa4]::panicking::default_hook
[INFO] [stdout]    5:     0x6446107d8bc0 - test[9d35eded1c95d3be]::test_main_inner::<test[9d35eded1c95d3be]::test_main_static::{closure#0}>::{closure#0}
[INFO] [stdout]    6:     0x644610885c22 - std[70759c8f55707aa4]::panicking::panic_with_hook
[INFO] [stdout]    7:     0x6446108683c2 - std[70759c8f55707aa4]::panicking::panic_handler::{closure#0}
[INFO] [stdout]    8:     0x644610860cd9 - std[70759c8f55707aa4]::sys::backtrace::__rust_end_short_backtrace::<std[70759c8f55707aa4]::panicking::panic_handler::{closure#0}, !>
[INFO] [stdout]    9:     0x64461086905d - __rustc[8fa7c3cbc660c2b3]::rust_begin_unwind
[INFO] [stdout]   10:     0x6446108a855c - core[df12db4294e9bfd3]::panicking::panic_fmt
[INFO] [stdout]   11:     0x6446108a8332 - core[df12db4294e9bfd3]::result::unwrap_failed
[INFO] [stdout]   12:     0x6446105f270b - rbx_xml[3b734fa320993fe6]::tests::models::three_nested_folders
[INFO] [stdout]   13:     0x6446105d2f99 - <rbx_xml[3b734fa320993fe6]::tests::models::three_nested_folders::{closure#0} as core[df12db4294e9bfd3]::ops::function::FnOnce<()>>::call_once
[INFO] [stdout]   14:     0x6446107cbeab - test[9d35eded1c95d3be]::__rust_begin_short_backtrace::<core[df12db4294e9bfd3]::result::Result<(), alloc[2182bb758b4b3781]::string::String>, fn() -> core[df12db4294e9bfd3]::result::Result<(), alloc[2182bb758b4b3781]::string::String>>
[INFO] [stdout]   15:     0x6446107d9515 - test[9d35eded1c95d3be]::run_test::{closure#0}
[INFO] [stdout]   16:     0x6446107d2dd4 - std[70759c8f55707aa4]::sys::backtrace::__rust_begin_short_backtrace::<test[9d35eded1c95d3be]::run_test::{closure#1}, ()>
[INFO] [stdout]   17:     0x6446107dc672 - <std[70759c8f55707aa4]::thread::lifecycle::spawn_unchecked<test[9d35eded1c95d3be]::run_test::{closure#1}, ()>::{closure#1} as core[df12db4294e9bfd3]::ops::function::FnOnce<()>>::call_once::{shim:vtable#0}
[INFO] [stdout]   18:     0x64461088ce89 - <std[70759c8f55707aa4]::sys::thread::unix::Thread>::new::thread_start
[INFO] [stdout]   19:     0x7bea4d329dfa - <unknown>
[INFO] [stdout]   20:     0x7bea4d3bd3d4 - clone
[INFO] [stdout]   21:                0x0 - <unknown>
[INFO] [stdout] 
[INFO] [stdout] ---- tests::models::three_screengui stdout ----
[INFO] [stdout] 
[INFO] [stdout] thread 'tests::models::three_screengui' (1210) panicked at src/tests/models.rs:29:1:
[INFO] [stdout] called `Result::unwrap()` on an `Err` value: could not read file because No such file or directory (os error 2)
[INFO] [stdout] stack backtrace:
[INFO] [stdout]    0:     0x64461088de31 - <<std[70759c8f55707aa4]::sys::backtrace::BacktraceLock>::print::DisplayBacktrace as core[df12db4294e9bfd3]::fmt::Display>::fmt
[INFO] [stdout]    1:     0x6446108a7d7a - core[df12db4294e9bfd3]::fmt::write
[INFO] [stdout]    2:     0x644610893bac - <alloc[2182bb758b4b3781]::vec::Vec<u8> as core[df12db4294e9bfd3]::io::write::Write>::write_fmt
[INFO] [stdout]    3:     0x644610868316 - std[70759c8f55707aa4]::panicking::default_hook::{closure#0}
[INFO] [stdout]    4:     0x644610885a69 - std[70759c8f55707aa4]::panicking::default_hook
[INFO] [stdout]    5:     0x6446107d8bc0 - test[9d35eded1c95d3be]::test_main_inner::<test[9d35eded1c95d3be]::test_main_static::{closure#0}>::{closure#0}
[INFO] [stdout]    6:     0x644610885c22 - std[70759c8f55707aa4]::panicking::panic_with_hook
[INFO] [stdout]    7:     0x6446108683c2 - std[70759c8f55707aa4]::panicking::panic_handler::{closure#0}
[INFO] [stdout]    8:     0x644610860cd9 - std[70759c8f55707aa4]::sys::backtrace::__rust_end_short_backtrace::<std[70759c8f55707aa4]::panicking::panic_handler::{closure#0}, !>
[INFO] [stdout]    9:     0x64461086905d - __rustc[8fa7c3cbc660c2b3]::rust_begin_unwind
[INFO] [stdout]   10:     0x6446108a855c - core[df12db4294e9bfd3]::panicking::panic_fmt
[INFO] [stdout]   11:     0x6446108a8332 - core[df12db4294e9bfd3]::result::unwrap_failed
[INFO] [stdout]   12:     0x6446105f0b0b - rbx_xml[3b734fa320993fe6]::tests::models::three_screengui
[INFO] [stdout]   13:     0x6446105d2dd9 - <rbx_xml[3b734fa320993fe6]::tests::models::three_screengui::{closure#0} as core[df12db4294e9bfd3]::ops::function::FnOnce<()>>::call_once
[INFO] [stdout]   14:     0x6446107cbeab - test[9d35eded1c95d3be]::__rust_begin_short_backtrace::<core[df12db4294e9bfd3]::result::Result<(), alloc[2182bb758b4b3781]::string::String>, fn() -> core[df12db4294e9bfd3]::result::Result<(), alloc[2182bb758b4b3781]::string::String>>
[INFO] [stdout]   15:     0x6446107d9515 - test[9d35eded1c95d3be]::run_test::{closure#0}
[INFO] [stdout]   16:     0x6446107d2dd4 - std[70759c8f55707aa4]::sys::backtrace::__rust_begin_short_backtrace::<test[9d35eded1c95d3be]::run_test::{closure#1}, ()>
[INFO] [stdout]   17:     0x6446107dc672 - <std[70759c8f55707aa4]::thread::lifecycle::spawn_unchecked<test[9d35eded1c95d3be]::run_test::{closure#1}, ()>::{closure#1} as core[df12db4294e9bfd3]::ops::function::FnOnce<()>>::call_once::{shim:vtable#0}
[INFO] [stdout]   18:     0x64461088ce89 - <std[70759c8f55707aa4]::sys::thread::unix::Thread>::new::thread_start
[INFO] [stdout]   19:     0x7bea4d329dfa - <unknown>
[INFO] [stdout]   20:     0x7bea4d3bd3d4 - clone
[INFO] [stdout]   21:                0x0 - <unknown>
[INFO] [stdout] 
[INFO] [stdout] ---- tests::models::three_uigradients stdout ----
[INFO] [stdout] 
[INFO] [stdout] thread 'tests::models::three_uigradients' (1211) panicked at src/tests/models.rs:29:1:
[INFO] [stdout] called `Result::unwrap()` on an `Err` value: could not read file because No such file or directory (os error 2)
[INFO] [stdout] stack backtrace:
[INFO] [stdout]    0:     0x64461088de31 - <<std[70759c8f55707aa4]::sys::backtrace::BacktraceLock>::print::DisplayBacktrace as core[df12db4294e9bfd3]::fmt::Display>::fmt
[INFO] [stdout]    1:     0x6446108a7d7a - core[df12db4294e9bfd3]::fmt::write
[INFO] [stdout]    2:     0x644610893bac - <alloc[2182bb758b4b3781]::vec::Vec<u8> as core[df12db4294e9bfd3]::io::write::Write>::write_fmt
[INFO] [stdout]    3:     0x644610868316 - std[70759c8f55707aa4]::panicking::default_hook::{closure#0}
[INFO] [stdout]    4:     0x644610885a69 - std[70759c8f55707aa4]::panicking::default_hook
[INFO] [stdout]    5:     0x6446107d8bc0 - test[9d35eded1c95d3be]::test_main_inner::<test[9d35eded1c95d3be]::test_main_static::{closure#0}>::{closure#0}
[INFO] [stdout]    6:     0x644610885c22 - std[70759c8f55707aa4]::panicking::panic_with_hook
[INFO] [stdout]    7:     0x6446108683c2 - std[70759c8f55707aa4]::panicking::panic_handler::{closure#0}
[INFO] [stdout]    8:     0x644610860cd9 - std[70759c8f55707aa4]::sys::backtrace::__rust_end_short_backtrace::<std[70759c8f55707aa4]::panicking::panic_handler::{closure#0}, !>
[INFO] [stdout]    9:     0x64461086905d - __rustc[8fa7c3cbc660c2b3]::rust_begin_unwind
[INFO] [stdout]   10:     0x6446108a855c - core[df12db4294e9bfd3]::panicking::panic_fmt
[INFO] [stdout]   11:     0x6446108a8332 - core[df12db4294e9bfd3]::result::unwrap_failed
[INFO] [stdout]   12:     0x6446105f130b - rbx_xml[3b734fa320993fe6]::tests::models::three_uigradients
[INFO] [stdout]   13:     0x6446105d2e59 - <rbx_xml[3b734fa320993fe6]::tests::models::three_uigradients::{closure#0} as core[df12db4294e9bfd3]::ops::function::FnOnce<()>>::call_once
[INFO] [stdout]   14:     0x6446107cbeab - test[9d35eded1c95d3be]::__rust_begin_short_backtrace::<core[df12db4294e9bfd3]::result::Result<(), alloc[2182bb758b4b3781]::string::String>, fn() -> core[df12db4294e9bfd3]::result::Result<(), alloc[2182bb758b4b3781]::string::String>>
[INFO] [stdout]   15:     0x6446107d9515 - test[9d35eded1c95d3be]::run_test::{closure#0}
[INFO] [stdout]   16:     0x6446107d2dd4 - std[70759c8f55707aa4]::sys::backtrace::__rust_begin_short_backtrace::<test[9d35eded1c95d3be]::run_test::{closure#1}, ()>
[INFO] [stdout]   17:     0x6446107dc672 - <std[70759c8f55707aa4]::thread::lifecycle::spawn_unchecked<test[9d35eded1c95d3be]::run_test::{closure#1}, ()>::{closure#1} as core[df12db4294e9bfd3]::ops::function::FnOnce<()>>::call_once::{shim:vtable#0}
[INFO] [stdout]   18:     0x64461088ce89 - <std[70759c8f55707aa4]::sys::thread::unix::Thread>::new::thread_start
[INFO] [stdout]   19:     0x7bea4d329dfa - <unknown>
[INFO] [stdout]   20:     0x7bea4d3bd3d4 - clone
[INFO] [stdout]   21:                0x0 - <unknown>
[INFO] [stdout] 
[INFO] [stdout] ---- tests::models::three_uigridlayouts stdout ----
[INFO] [stdout] 
[INFO] [stdout] thread 'tests::models::three_uigridlayouts' (1212) panicked at src/tests/models.rs:29:1:
[INFO] [stdout] called `Result::unwrap()` on an `Err` value: could not read file because No such file or directory (os error 2)
[INFO] [stdout] stack backtrace:
[INFO] [stdout]    0:     0x64461088de31 - <<std[70759c8f55707aa4]::sys::backtrace::BacktraceLock>::print::DisplayBacktrace as core[df12db4294e9bfd3]::fmt::Display>::fmt
[INFO] [stdout]    1:     0x6446108a7d7a - core[df12db4294e9bfd3]::fmt::write
[INFO] [stdout]    2:     0x644610893bac - <alloc[2182bb758b4b3781]::vec::Vec<u8> as core[df12db4294e9bfd3]::io::write::Write>::write_fmt
[INFO] [stdout]    3:     0x644610868316 - std[70759c8f55707aa4]::panicking::default_hook::{closure#0}
[INFO] [stdout]    4:     0x644610885a69 - std[70759c8f55707aa4]::panicking::default_hook
[INFO] [stdout]    5:     0x6446107d8bc0 - test[9d35eded1c95d3be]::test_main_inner::<test[9d35eded1c95d3be]::test_main_static::{closure#0}>::{closure#0}
[INFO] [stdout]    6:     0x644610885c22 - std[70759c8f55707aa4]::panicking::panic_with_hook
[INFO] [stdout]    7:     0x6446108683c2 - std[70759c8f55707aa4]::panicking::panic_handler::{closure#0}
[INFO] [stdout]    8:     0x644610860cd9 - std[70759c8f55707aa4]::sys::backtrace::__rust_end_short_backtrace::<std[70759c8f55707aa4]::panicking::panic_handler::{closure#0}, !>
[INFO] [stdout]    9:     0x64461086905d - __rustc[8fa7c3cbc660c2b3]::rust_begin_unwind
[INFO] [stdout]   10:     0x6446108a855c - core[df12db4294e9bfd3]::panicking::panic_fmt
[INFO] [stdout]   11:     0x6446108a8332 - core[df12db4294e9bfd3]::result::unwrap_failed
[INFO] [stdout]   12:     0x6446105f1f0b - rbx_xml[3b734fa320993fe6]::tests::models::three_uigridlayouts
[INFO] [stdout]   13:     0x6446105d2f19 - <rbx_xml[3b734fa320993fe6]::tests::models::three_uigridlayouts::{closure#0} as core[df12db4294e9bfd3]::ops::function::FnOnce<()>>::call_once
[INFO] [stdout]   14:     0x6446107cbeab - test[9d35eded1c95d3be]::__rust_begin_short_backtrace::<core[df12db4294e9bfd3]::result::Result<(), alloc[2182bb758b4b3781]::string::String>, fn() -> core[df12db4294e9bfd3]::result::Result<(), alloc[2182bb758b4b3781]::string::String>>
[INFO] [stdout]   15:     0x6446107d9515 - test[9d35eded1c95d3be]::run_test::{closure#0}
[INFO] [stdout]   16:     0x6446107d2dd4 - std[70759c8f55707aa4]::sys::backtrace::__rust_begin_short_backtrace::<test[9d35eded1c95d3be]::run_test::{closure#1}, ()>
[INFO] [stdout]   17:     0x6446107dc672 - <std[70759c8f55707aa4]::thread::lifecycle::spawn_unchecked<test[9d35eded1c95d3be]::run_test::{closure#1}, ()>::{closure#1} as core[df12db4294e9bfd3]::ops::function::FnOnce<()>>::call_once::{shim:vtable#0}
[INFO] [stdout]   18:     0x64461088ce89 - <std[70759c8f55707aa4]::sys::thread::unix::Thread>::new::thread_start
[INFO] [stdout]   19:     0x7bea4d329dfa - <unknown>
[INFO] [stdout]   20:     0x7bea4d3bd3d4 - clone
[INFO] [stdout]   21:                0x0 - <unknown>
[INFO] [stdout] 
[INFO] [stdout] ---- tests::models::three_unique_parts stdout ----
[INFO] [stdout] 
[INFO] [stdout] thread 'tests::models::three_unique_parts' (1214) panicked at src/tests/models.rs:29:1:
[INFO] [stdout] called `Result::unwrap()` on an `Err` value: could not read file because No such file or directory (os error 2)
[INFO] [stdout] stack backtrace:
[INFO] [stdout]    0:     0x64461088de31 - <<std[70759c8f55707aa4]::sys::backtrace::BacktraceLock>::print::DisplayBacktrace as core[df12db4294e9bfd3]::fmt::Display>::fmt
[INFO] [stdout]    1:     0x6446108a7d7a - core[df12db4294e9bfd3]::fmt::write
[INFO] [stdout]    2:     0x644610893bac - <alloc[2182bb758b4b3781]::vec::Vec<u8> as core[df12db4294e9bfd3]::io::write::Write>::write_fmt
[INFO] [stdout]    3:     0x644610868316 - std[70759c8f55707aa4]::panicking::default_hook::{closure#0}
[INFO] [stdout]    4:     0x644610885a69 - std[70759c8f55707aa4]::panicking::default_hook
[INFO] [stdout]    5:     0x6446107d8bc0 - test[9d35eded1c95d3be]::test_main_inner::<test[9d35eded1c95d3be]::test_main_static::{closure#0}>::{closure#0}
[INFO] [stdout]    6:     0x644610885c22 - std[70759c8f55707aa4]::panicking::panic_with_hook
[INFO] [stdout]    7:     0x6446108683c2 - std[70759c8f55707aa4]::panicking::panic_handler::{closure#0}
[INFO] [stdout]    8:     0x644610860cd9 - std[70759c8f55707aa4]::sys::backtrace::__rust_end_short_backtrace::<std[70759c8f55707aa4]::panicking::panic_handler::{closure#0}, !>
[INFO] [stdout]    9:     0x64461086905d - __rustc[8fa7c3cbc660c2b3]::rust_begin_unwind
[INFO] [stdout]   10:     0x6446108a855c - core[df12db4294e9bfd3]::panicking::panic_fmt
[INFO] [stdout]   11:     0x6446108a8332 - core[df12db4294e9bfd3]::result::unwrap_failed
[INFO] [stdout]   12:     0x6446105f190b - rbx_xml[3b734fa320993fe6]::tests::models::three_unique_parts
[INFO] [stdout]   13:     0x6446105d2eb9 - <rbx_xml[3b734fa320993fe6]::tests::models::three_unique_parts::{closure#0} as core[df12db4294e9bfd3]::ops::function::FnOnce<()>>::call_once
[INFO] [stdout]   14:     0x6446107cbeab - test[9d35eded1c95d3be]::__rust_begin_short_backtrace::<core[df12db4294e9bfd3]::result::Result<(), alloc[2182bb758b4b3781]::string::String>, fn() -> core[df12db4294e9bfd3]::result::Result<(), alloc[2182bb758b4b3781]::string::String>>
[INFO] [stdout]   15:     0x6446107d9515 - test[9d35eded1c95d3be]::run_test::{closure#0}
[INFO] [stdout]   16:     0x6446107d2dd4 - std[70759c8f55707aa4]::sys::backtrace::__rust_begin_short_backtrace::<test[9d35eded1c95d3be]::run_test::{closure#1}, ()>
[INFO] [stdout]   17:     0x6446107dc672 - <std[70759c8f55707aa4]::thread::lifecycle::spawn_unchecked<test[9d35eded1c95d3be]::run_test::{closure#1}, ()>::{closure#1} as core[df12db4294e9bfd3]::ops::function::FnOnce<()>>::call_once::{shim:vtable#0}
[INFO] [stdout]   18:     0x64461088ce89 - <std[70759c8f55707aa4]::sys::thread::unix::Thread>::new::thread_start
[INFO] [stdout]   19:     0x7bea4d329dfa - <unknown>
[INFO] [stdout]   20:     0x7bea4d3bd3d4 - clone
[INFO] [stdout]   21:                0x0 - <unknown>
[INFO] [stdout] 
[INFO] [stdout] ---- tests::models::three_vector3values stdout ----
[INFO] [stdout] 
[INFO] [stdout] thread 'tests::models::three_vector3values' (1215) panicked at src/tests/models.rs:29:1:
[INFO] [stdout] called `Result::unwrap()` on an `Err` value: could not read file because No such file or directory (os error 2)
[INFO] [stdout] stack backtrace:
[INFO] [stdout]    0:     0x64461088de31 - <<std[70759c8f55707aa4]::sys::backtrace::BacktraceLock>::print::DisplayBacktrace as core[df12db4294e9bfd3]::fmt::Display>::fmt
[INFO] [stdout]    1:     0x6446108a7d7a - core[df12db4294e9bfd3]::fmt::write
[INFO] [stdout]    2:     0x644610893bac - <alloc[2182bb758b4b3781]::vec::Vec<u8> as core[df12db4294e9bfd3]::io::write::Write>::write_fmt
[INFO] [stdout]    3:     0x644610868316 - std[70759c8f55707aa4]::panicking::default_hook::{closure#0}
[INFO] [stdout]    4:     0x644610885a69 - std[70759c8f55707aa4]::panicking::default_hook
[INFO] [stdout]    5:     0x6446107d8bc0 - test[9d35eded1c95d3be]::test_main_inner::<test[9d35eded1c95d3be]::test_main_static::{closure#0}>::{closure#0}
[INFO] [stdout]    6:     0x644610885c22 - std[70759c8f55707aa4]::panicking::panic_with_hook
[INFO] [stdout]    7:     0x6446108683c2 - std[70759c8f55707aa4]::panicking::panic_handler::{closure#0}
[INFO] [stdout]    8:     0x644610860cd9 - std[70759c8f55707aa4]::sys::backtrace::__rust_end_short_backtrace::<std[70759c8f55707aa4]::panicking::panic_handler::{closure#0}, !>
[INFO] [stdout]    9:     0x64461086905d - __rustc[8fa7c3cbc660c2b3]::rust_begin_unwind
[INFO] [stdout]   10:     0x6446108a855c - core[df12db4294e9bfd3]::panicking::panic_fmt
[INFO] [stdout]   11:     0x6446108a8332 - core[df12db4294e9bfd3]::result::unwrap_failed
[INFO] [stdout]   12:     0x6446105f230b - rbx_xml[3b734fa320993fe6]::tests::models::three_vector3values
[INFO] [stdout]   13:     0x6446105d2f59 - <rbx_xml[3b734fa320993fe6]::tests::models::three_vector3values::{closure#0} as core[df12db4294e9bfd3]::ops::function::FnOnce<()>>::call_once
[INFO] [stdout]   14:     0x6446107cbeab - test[9d35eded1c95d3be]::__rust_begin_short_backtrace::<core[df12db4294e9bfd3]::result::Result<(), alloc[2182bb758b4b3781]::string::String>, fn() -> core[df12db4294e9bfd3]::result::Result<(), alloc[2182bb758b4b3781]::string::String>>
[INFO] [stdout]   15:     0x6446107d9515 - test[9d35eded1c95d3be]::run_test::{closure#0}
[INFO] [stdout]   16:     0x6446107d2dd4 - std[70759c8f55707aa4]::sys::backtrace::__rust_begin_short_backtrace::<test[9d35eded1c95d3be]::run_test::{closure#1}, ()>
[INFO] [stdout]   17:     0x6446107dc672 - <std[70759c8f55707aa4]::thread::lifecycle::spawn_unchecked<test[9d35eded1c95d3be]::run_test::{closure#1}, ()>::{closure#1} as core[df12db4294e9bfd3]::ops::function::FnOnce<()>>::call_once::{shim:vtable#0}
[INFO] [stdout]   18:     0x64461088ce89 - <std[70759c8f55707aa4]::sys::thread::unix::Thread>::new::thread_start
[INFO] [stdout]   19:     0x7bea4d329dfa - <unknown>
[INFO] [stdout]   20:     0x7bea4d3bd3d4 - clone
[INFO] [stdout]   21:                0x0 - <unknown>
[INFO] [stdout] 
[INFO] [stdout] ---- tests::models::two_cframevalues stdout ----
[INFO] [stdout] 
[INFO] [stdout] thread 'tests::models::two_cframevalues' (1216) panicked at src/tests/models.rs:29:1:
[INFO] [stdout] called `Result::unwrap()` on an `Err` value: could not read file because No such file or directory (os error 2)
[INFO] [stdout] stack backtrace:
[INFO] [stdout]    0:     0x64461088de31 - <<std[70759c8f55707aa4]::sys::backtrace::BacktraceLock>::print::DisplayBacktrace as core[df12db4294e9bfd3]::fmt::Display>::fmt
[INFO] [stdout]    1:     0x6446108a7d7a - core[df12db4294e9bfd3]::fmt::write
[INFO] [stdout]    2:     0x644610893bac - <alloc[2182bb758b4b3781]::vec::Vec<u8> as core[df12db4294e9bfd3]::io::write::Write>::write_fmt
[INFO] [stdout]    3:     0x644610868316 - std[70759c8f55707aa4]::panicking::default_hook::{closure#0}
[INFO] [stdout]    4:     0x644610885a69 - std[70759c8f55707aa4]::panicking::default_hook
[INFO] [stdout]    5:     0x6446107d8bc0 - test[9d35eded1c95d3be]::test_main_inner::<test[9d35eded1c95d3be]::test_main_static::{closure#0}>::{closure#0}
[INFO] [stdout]    6:     0x644610885c22 - std[70759c8f55707aa4]::panicking::panic_with_hook
[INFO] [stdout]    7:     0x6446108683c2 - std[70759c8f55707aa4]::panicking::panic_handler::{closure#0}
[INFO] [stdout]    8:     0x644610860cd9 - std[70759c8f55707aa4]::sys::backtrace::__rust_end_short_backtrace::<std[70759c8f55707aa4]::panicking::panic_handler::{closure#0}, !>
[INFO] [stdout]    9:     0x64461086905d - __rustc[8fa7c3cbc660c2b3]::rust_begin_unwind
[INFO] [stdout]   10:     0x6446108a855c - core[df12db4294e9bfd3]::panicking::panic_fmt
[INFO] [stdout]   11:     0x6446108a8332 - core[df12db4294e9bfd3]::result::unwrap_failed
[INFO] [stdout]   12:     0x6446105f0d0b - rbx_xml[3b734fa320993fe6]::tests::models::two_cframevalues
[INFO] [stdout]   13:     0x6446105d2df9 - <rbx_xml[3b734fa320993fe6]::tests::models::two_cframevalues::{closure#0} as core[df12db4294e9bfd3]::ops::function::FnOnce<()>>::call_once
[INFO] [stdout]   14:     0x6446107cbeab - test[9d35eded1c95d3be]::__rust_begin_short_backtrace::<core[df12db4294e9bfd3]::result::Result<(), alloc[2182bb758b4b3781]::string::String>, fn() -> core[df12db4294e9bfd3]::result::Result<(), alloc[2182bb758b4b3781]::string::String>>
[INFO] [stdout]   15:     0x6446107d9515 - test[9d35eded1c95d3be]::run_test::{closure#0}
[INFO] [stdout]   16:     0x6446107d2dd4 - std[70759c8f55707aa4]::sys::backtrace::__rust_begin_short_backtrace::<test[9d35eded1c95d3be]::run_test::{closure#1}, ()>
[INFO] [stdout]   17:     0x6446107dc672 - <std[70759c8f55707aa4]::thread::lifecycle::spawn_unchecked<test[9d35eded1c95d3be]::run_test::{closure#1}, ()>::{closure#1} as core[df12db4294e9bfd3]::ops::function::FnOnce<()>>::call_once::{shim:vtable#0}
[INFO] [stdout]   18:     0x64461088ce89 - <std[70759c8f55707aa4]::sys::thread::unix::Thread>::new::thread_start
[INFO] [stdout]   19:     0x7bea4d329dfa - <unknown>
[INFO] [stdout]   20:     0x7bea4d3bd3d4 - clone
[INFO] [stdout]   21:                0x0 - <unknown>
[INFO] [stdout] 
[INFO] [stdout] ---- tests::models::three_unique_frames stdout ----
[INFO] [stdout] 
[INFO] [stdout] thread 'tests::models::three_unique_frames' (1213) panicked at src/tests/models.rs:29:1:
[INFO] [stdout] called `Result::unwrap()` on an `Err` value: could not read file because No such file or directory (os error 2)
[INFO] [stdout] stack backtrace:
[INFO] [stdout]    0:     0x64461088de31 - <<std[70759c8f55707aa4]::sys::backtrace::BacktraceLock>::print::DisplayBacktrace as core[df12db4294e9bfd3]::fmt::Display>::fmt
[INFO] [stdout]    1:     0x6446108a7d7a - core[df12db4294e9bfd3]::fmt::write
[INFO] [stdout]    2:     0x644610893bac - <alloc[2182bb758b4b3781]::vec::Vec<u8> as core[df12db4294e9bfd3]::io::write::Write>::write_fmt
[INFO] [stdout]    3:     0x644610868316 - std[70759c8f55707aa4]::panicking::default_hook::{closure#0}
[INFO] [stdout]    4:     0x644610885a69 - std[70759c8f55707aa4]::panicking::default_hook
[INFO] [stdout]    5:     0x6446107d8bc0 - test[9d35eded1c95d3be]::test_main_inner::<test[9d35eded1c95d3be]::test_main_static::{closure#0}>::{closure#0}
[INFO] [stdout]    6:     0x644610885c22 - std[70759c8f55707aa4]::panicking::panic_with_hook
[INFO] [stdout]    7:     0x6446108683c2 - std[70759c8f55707aa4]::panicking::panic_handler::{closure#0}
[INFO] [stdout]    8:     0x644610860cd9 - std[70759c8f55707aa4]::sys::backtrace::__rust_end_short_backtrace::<std[70759c8f55707aa4]::panicking::panic_handler::{closure#0}, !>
[INFO] [stdout]    9:     0x64461086905d - __rustc[8fa7c3cbc660c2b3]::rust_begin_unwind
[INFO] [stdout]   10:     0x6446108a855c - core[df12db4294e9bfd3]::panicking::panic_fmt
[INFO] [stdout]   11:     0x6446108a8332 - core[df12db4294e9bfd3]::result::unwrap_failed
[INFO] [stdout]   12:     0x6446105f210b - rbx_xml[3b734fa320993fe6]::tests::models::three_unique_frames
[INFO] [stdout]   13:     0x6446105d2f39 - <rbx_xml[3b734fa320993fe6]::tests::models::three_unique_frames::{closure#0} as core[df12db4294e9bfd3]::ops::function::FnOnce<()>>::call_once
[INFO] [stdout]   14:     0x6446107cbeab - test[9d35eded1c95d3be]::__rust_begin_short_backtrace::<core[df12db4294e9bfd3]::result::Result<(), alloc[2182bb758b4b3781]::string::String>, fn() -> core[df12db4294e9bfd3]::result::Result<(), alloc[2182bb758b4b3781]::string::String>>
[INFO] [stdout]   15:     0x6446107d9515 - test[9d35eded1c95d3be]::run_test::{closure#0}
[INFO] [stdout]   16:     0x6446107d2dd4 - std[70759c8f55707aa4]::sys::backtrace::__rust_begin_short_backtrace::<test[9d35eded1c95d3be]::run_test::{closure#1}, ()>
[INFO] [stdout]   17:     0x6446107dc672 - <std[70759c8f55707aa4]::thread::lifecycle::spawn_unchecked<test[9d35eded1c95d3be]::run_test::{closure#1}, ()>::{closure#1} as core[df12db4294e9bfd3]::ops::function::FnOnce<()>>::call_once::{shim:vtable#0}
[INFO] [stdout]   18:     0x64461088ce89 - <std[70759c8f55707aa4]::sys::thread::unix::Thread>::new::thread_start
[INFO] [stdout]   19:     0x7bea4d329dfa - <unknown>
[INFO] [stdout]   20:     0x7bea4d3bd3d4 - clone
[INFO] [stdout]   21:                0x0 - <unknown>
[INFO] [stdout] 
[INFO] [stdout] ---- tests::models::three_brickcolorvalues stdout ----
[INFO] [stdout] 
[INFO] [stdout] thread 'tests::models::three_brickcolorvalues' (1206) panicked at src/tests/models.rs:29:1:
[INFO] [stdout] called `Result::unwrap()` on an `Err` value: could not read file because No such file or directory (os error 2)
[INFO] [stdout] stack backtrace:
[INFO] [stdout]    0:     0x64461088de31 - <<std[70759c8f55707aa4]::sys::backtrace::BacktraceLock>::print::DisplayBacktrace as core[df12db4294e9bfd3]::fmt::Display>::fmt
[INFO] [stdout]    1:     0x6446108a7d7a - core[df12db4294e9bfd3]::fmt::write
[INFO] [stdout]    2:     0x644610893bac - <alloc[2182bb758b4b3781]::vec::Vec<u8> as core[df12db4294e9bfd3]::io::write::Write>::write_fmt
[INFO] [stdout]    3:     0x644610868316 - std[70759c8f55707aa4]::panicking::default_hook::{closure#0}
[INFO] [stdout]    4:     0x644610885a69 - std[70759c8f55707aa4]::panicking::default_hook
[INFO] [stdout]    5:     0x6446107d8bc0 - test[9d35eded1c95d3be]::test_main_inner::<test[9d35eded1c95d3be]::test_main_static::{closure#0}>::{closure#0}
[INFO] [stdout]    6:     0x644610885c22 - std[70759c8f55707aa4]::panicking::panic_with_hook
[INFO] [stdout]    7:     0x6446108683c2 - std[70759c8f55707aa4]::panicking::panic_handler::{closure#0}
[INFO] [stdout]    8:     0x644610860cd9 - std[70759c8f55707aa4]::sys::backtrace::__rust_end_short_backtrace::<std[70759c8f55707aa4]::panicking::panic_handler::{closure#0}, !>
[INFO] [stdout]    9:     0x64461086905d - __rustc[8fa7c3cbc660c2b3]::rust_begin_unwind
[INFO] [stdout]   10:     0x6446108a855c - core[df12db4294e9bfd3]::panicking::panic_fmt
[INFO] [stdout]   11:     0x6446108a8332 - core[df12db4294e9bfd3]::result::unwrap_failed
[INFO] [stdout]   12:     0x6446105f2b0b - rbx_xml[3b734fa320993fe6]::tests::models::three_brickcolorvalues
[INFO] [stdout]   13:     0x6446105d2fd9 - <rbx_xml[3b734fa320993fe6]::tests::models::three_brickcolorvalues::{closure#0} as core[df12db4294e9bfd3]::ops::function::FnOnce<()>>::call_once
[INFO] [stdout]   14:     0x6446107cbeab - test[9d35eded1c95d3be]::__rust_begin_short_backtrace::<core[df12db4294e9bfd3]::result::Result<(), alloc[2182bb758b4b3781]::string::String>, fn() -> core[df12db4294e9bfd3]::result::Result<(), alloc[2182bb758b4b3781]::string::String>>
[INFO] [stdout]   15:     0x6446107d9515 - test[9d35eded1c95d3be]::run_test::{closure#0}
[INFO] [stdout]   16:     0x6446107d2dd4 - std[70759c8f55707aa4]::sys::backtrace::__rust_begin_short_backtrace::<test[9d35eded1c95d3be]::run_test::{closure#1}, ()>
[INFO] [stdout]   17:     0x6446107dc672 - <std[70759c8f55707aa4]::thread::lifecycle::spawn_unchecked<test[9d35eded1c95d3be]::run_test::{closure#1}, ()>::{closure#1} as core[df12db4294e9bfd3]::ops::function::FnOnce<()>>::call_once::{shim:vtable#0}
[INFO] [stdout]   18:     0x64461088ce89 - <std[70759c8f55707aa4]::sys::thread::unix::Thread>::new::thread_start
[INFO] [stdout]   19:     0x7bea4d329dfa - <unknown>
[INFO] [stdout]   20:     0x7bea4d3bd3d4 - clone
[INFO] [stdout]   21:                0x0 - <unknown>
[INFO] [stdout] 
[INFO] [stdout] ---- tests::models::three_color3values stdout ----
[INFO] [stdout] 
[INFO] [stdout] thread 'tests::models::three_color3values' (1207) panicked at src/tests/models.rs:29:1:
[INFO] [stdout] called `Result::unwrap()` on an `Err` value: could not read file because No such file or directory (os error 2)
[INFO] [stdout] stack backtrace:
[INFO] [stdout]    0:     0x64461088de31 - <<std[70759c8f55707aa4]::sys::backtrace::BacktraceLock>::print::DisplayBacktrace as core[df12db4294e9bfd3]::fmt::Display>::fmt
[INFO] [stdout]    1:     0x6446108a7d7a - core[df12db4294e9bfd3]::fmt::write
[INFO] [stdout]    2:     0x644610893bac - <alloc[2182bb758b4b3781]::vec::Vec<u8> as core[df12db4294e9bfd3]::io::write::Write>::write_fmt
[INFO] [stdout]    3:     0x644610868316 - std[70759c8f55707aa4]::panicking::default_hook::{closure#0}
[INFO] [stdout]    4:     0x644610885a69 - std[70759c8f55707aa4]::panicking::default_hook
[INFO] [stdout]    5:     0x6446107d8bc0 - test[9d35eded1c95d3be]::test_main_inner::<test[9d35eded1c95d3be]::test_main_static::{closure#0}>::{closure#0}
[INFO] [stdout]    6:     0x644610885c22 - std[70759c8f55707aa4]::panicking::panic_with_hook
[INFO] [stdout]    7:     0x6446108683c2 - std[70759c8f55707aa4]::panicking::panic_handler::{closure#0}
[INFO] [stdout]    8:     0x644610860cd9 - std[70759c8f55707aa4]::sys::backtrace::__rust_end_short_backtrace::<std[70759c8f55707aa4]::panicking::panic_handler::{closure#0}, !>
[INFO] [stdout]    9:     0x64461086905d - __rustc[8fa7c3cbc660c2b3]::rust_begin_unwind
[INFO] [stdout]   10:     0x6446108a855c - core[df12db4294e9bfd3]::panicking::panic_fmt
[INFO] [stdout]   11:     0x6446108a8332 - core[df12db4294e9bfd3]::result::unwrap_failed
[INFO] [stdout]   12:     0x6446105f170b - rbx_xml[3b734fa320993fe6]::tests::models::three_color3values
[INFO] [stdout]   13:     0x6446105d2e99 - <rbx_xml[3b734fa320993fe6]::tests::models::three_color3values::{closure#0} as core[df12db4294e9bfd3]::ops::function::FnOnce<()>>::call_once
[INFO] [stdout]   14:     0x6446107cbeab - test[9d35eded1c95d3be]::__rust_begin_short_backtrace::<core[df12db4294e9bfd3]::result::Result<(), alloc[2182bb758b4b3781]::string::String>, fn() -> core[df12db4294e9bfd3]::result::Result<(), alloc[2182bb758b4b3781]::string::String>>
[INFO] [stdout]   15:     0x6446107d9515 - test[9d35eded1c95d3be]::run_test::{closure#0}
[INFO] [stdout]   16:     0x6446107d2dd4 - std[70759c8f55707aa4]::sys::backtrace::__rust_begin_short_backtrace::<test[9d35eded1c95d3be]::run_test::{closure#1}, ()>
[INFO] [stdout]   17:     0x6446107dc672 - <std[70759c8f55707aa4]::thread::lifecycle::spawn_unchecked<test[9d35eded1c95d3be]::run_test::{closure#1}, ()>::{closure#1} as core[df12db4294e9bfd3]::ops::function::FnOnce<()>>::call_once::{shim:vtable#0}
[INFO] [stdout]   18:     0x64461088ce89 - <std[70759c8f55707aa4]::sys::thread::unix::Thread>::new::thread_start
[INFO] [stdout]   19:     0x7bea4d329dfa - <unknown>
[INFO] [stdout]   20:     0x7bea4d3bd3d4 - clone
[INFO] [stdout]   21:                0x0 - <unknown>
[INFO] [stdout] 
[INFO] [stdout] ---- tests::models::two_ray_values stdout ----
[INFO] [stdout] 
[INFO] [stdout] thread 'tests::models::two_ray_values' (1219) panicked at src/tests/models.rs:29:1:
[INFO] [stdout] called `Result::unwrap()` on an `Err` value: could not read file because No such file or directory (os error 2)
[INFO] [stdout] stack backtrace:
[INFO] [stdout]    0:     0x64461088de31 - <<std[70759c8f55707aa4]::sys::backtrace::BacktraceLock>::print::DisplayBacktrace as core[df12db4294e9bfd3]::fmt::Display>::fmt
[INFO] [stdout]    1:     0x6446108a7d7a - core[df12db4294e9bfd3]::fmt::write
[INFO] [stdout]    2:     0x644610893bac - <alloc[2182bb758b4b3781]::vec::Vec<u8> as core[df12db4294e9bfd3]::io::write::Write>::write_fmt
[INFO] [stdout]    3:     0x644610868316 - std[70759c8f55707aa4]::panicking::default_hook::{closure#0}
[INFO] [stdout]    4:     0x644610885a69 - std[70759c8f55707aa4]::panicking::default_hook
[INFO] [stdout]    5:     0x6446107d8bc0 - test[9d35eded1c95d3be]::test_main_inner::<test[9d35eded1c95d3be]::test_main_static::{closure#0}>::{closure#0}
[INFO] [stdout]    6:     0x644610885c22 - std[70759c8f55707aa4]::panicking::panic_with_hook
[INFO] [stdout]    7:     0x6446108683c2 - std[70759c8f55707aa4]::panicking::panic_handler::{closure#0}
[INFO] [stdout]    8:     0x644610860cd9 - std[70759c8f55707aa4]::sys::backtrace::__rust_end_short_backtrace::<std[70759c8f55707aa4]::panicking::panic_handler::{closure#0}, !>
[INFO] [stdout]    9:     0x64461086905d - __rustc[8fa7c3cbc660c2b3]::rust_begin_unwind
[INFO] [stdout]   10:     0x6446108a855c - core[df12db4294e9bfd3]::panicking::panic_fmt
[INFO] [stdout]   11:     0x6446108a8332 - core[df12db4294e9bfd3]::result::unwrap_failed
[INFO] [stdout]   12:     0x6446105f030b - rbx_xml[3b734fa320993fe6]::tests::models::two_ray_values
[INFO] [stdout]   13:     0x6446105d2d59 - <rbx_xml[3b734fa320993fe6]::tests::models::two_ray_values::{closure#0} as core[df12db4294e9bfd3]::ops::function::FnOnce<()>>::call_once
[INFO] [stdout]   14:     0x6446107cbeab - test[9d35eded1c95d3be]::__rust_begin_short_backtrace::<core[df12db4294e9bfd3]::result::Result<(), alloc[2182bb758b4b3781]::string::String>, fn() -> core[df12db4294e9bfd3]::result::Result<(), alloc[2182bb758b4b3781]::string::String>>
[INFO] [stdout]   15:     0x6446107d9515 - test[9d35eded1c95d3be]::run_test::{closure#0}
[INFO] [stdout]   16:     0x6446107d2dd4 - std[70759c8f55707aa4]::sys::backtrace::__rust_begin_short_backtrace::<test[9d35eded1c95d3be]::run_test::{closure#1}, ()>
[INFO] [stdout]   17:     0x6446107dc672 - <std[70759c8f55707aa4]::thread::lifecycle::spawn_unchecked<test[9d35eded1c95d3be]::run_test::{closure#1}, ()>::{closure#1} as core[df12db4294e9bfd3]::ops::function::FnOnce<()>>::call_once::{shim:vtable#0}
[INFO] [stdout]   18:     0x64461088ce89 - <std[70759c8f55707aa4]::sys::thread::unix::Thread>::new::thread_start
[INFO] [stdout]   19:     0x7bea4d329dfa - <unknown>
[INFO] [stdout]   20:     0x7bea4d3bd3d4 - clone
[INFO] [stdout]   21:                0x0 - <unknown>
[INFO] [stdout] 
[INFO] [stdout] ---- tests::models::two_terrainregions stdout ----
[INFO] [stdout] 
[INFO] [stdout] thread 'tests::models::two_terrainregions' (1220) panicked at src/tests/models.rs:29:1:
[INFO] [stdout] called `Result::unwrap()` on an `Err` value: could not read file because No such file or directory (os error 2)
[INFO] [stdout] stack backtrace:
[INFO] [stdout]    0:     0x64461088de31 - <<std[70759c8f55707aa4]::sys::backtrace::BacktraceLock>::print::DisplayBacktrace as core[df12db4294e9bfd3]::fmt::Display>::fmt
[INFO] [stdout]    1:     0x6446108a7d7a - core[df12db4294e9bfd3]::fmt::write
[INFO] [stdout]    2:     0x644610893bac - <alloc[2182bb758b4b3781]::vec::Vec<u8> as core[df12db4294e9bfd3]::io::write::Write>::write_fmt
[INFO] [stdout]    3:     0x644610868316 - std[70759c8f55707aa4]::panicking::default_hook::{closure#0}
[INFO] [stdout]    4:     0x644610885a69 - std[70759c8f55707aa4]::panicking::default_hook
[INFO] [stdout]    5:     0x6446107d8bc0 - test[9d35eded1c95d3be]::test_main_inner::<test[9d35eded1c95d3be]::test_main_static::{closure#0}>::{closure#0}
[INFO] [stdout]    6:     0x644610885c22 - std[70759c8f55707aa4]::panicking::panic_with_hook
[INFO] [stdout]    7:     0x6446108683c2 - std[70759c8f55707aa4]::panicking::panic_handler::{closure#0}
[INFO] [stdout]    8:     0x644610860cd9 - std[70759c8f55707aa4]::sys::backtrace::__rust_end_short_backtrace::<std[70759c8f55707aa4]::panicking::panic_handler::{closure#0}, !>
[INFO] [stdout]    9:     0x64461086905d - __rustc[8fa7c3cbc660c2b3]::rust_begin_unwind
[INFO] [stdout]   10:     0x6446108a855c - core[df12db4294e9bfd3]::panicking::panic_fmt
[INFO] [stdout]   11:     0x6446108a8332 - core[df12db4294e9bfd3]::result::unwrap_failed
[INFO] [stdout]   12:     0x6446105f1b0b - rbx_xml[3b734fa320993fe6]::tests::models::two_terrainregions
[INFO] [stdout]   13:     0x6446105d2ed9 - <rbx_xml[3b734fa320993fe6]::tests::models::two_terrainregions::{closure#0} as core[df12db4294e9bfd3]::ops::function::FnOnce<()>>::call_once
[INFO] [stdout]   14:     0x6446107cbeab - test[9d35eded1c95d3be]::__rust_begin_short_backtrace::<core[df12db4294e9bfd3]::result::Result<(), alloc[2182bb758b4b3781]::string::String>, fn() -> core[df12db4294e9bfd3]::result::Result<(), alloc[2182bb758b4b3781]::string::String>>
[INFO] [stdout]   15:     0x6446107d9515 - test[9d35eded1c95d3be]::run_test::{closure#0}
[INFO] [stdout]   16:     0x6446107d2dd4 - std[70759c8f55707aa4]::sys::backtrace::__rust_begin_short_backtrace::<test[9d35eded1c95d3be]::run_test::{closure#1}, ()>
[INFO] [stdout]   17:     0x6446107dc672 - <std[70759c8f55707aa4]::thread::lifecycle::spawn_unchecked<test[9d35eded1c95d3be]::run_test::{closure#1}, ()>::{closure#1} as core[df12db4294e9bfd3]::ops::function::FnOnce<()>>::call_once::{shim:vtable#0}
[INFO] [stdout]   18:     0x64461088ce89 - <std[70759c8f55707aa4]::sys::thread::unix::Thread>::new::thread_start
[INFO] [stdout]   19:     0x7bea4d329dfa - <unknown>
[INFO] [stdout]   20:     0x7bea4d3bd3d4 - clone
[INFO] [stdout]   21:                0x0 - <unknown>
[INFO] [stdout] 
[INFO] [stdout] ---- tests::models::two_particleemitters stdout ----
[INFO] [stdout] 
[INFO] [stdout] thread 'tests::models::two_particleemitters' (1218) panicked at src/tests/models.rs:29:1:
[INFO] [stdout] called `Result::unwrap()` on an `Err` value: could not read file because No such file or directory (os error 2)
[INFO] [stdout] stack backtrace:
[INFO] [stdout]    0:     0x64461088de31 - <<std[70759c8f55707aa4]::sys::backtrace::BacktraceLock>::print::DisplayBacktrace as core[df12db4294e9bfd3]::fmt::Display>::fmt
[INFO] [stdout]    1:     0x6446108a7d7a - core[df12db4294e9bfd3]::fmt::write
[INFO] [stdout]    2:     0x644610893bac - <alloc[2182bb758b4b3781]::vec::Vec<u8> as core[df12db4294e9bfd3]::io::write::Write>::write_fmt
[INFO] [stdout]    3:     0x644610868316 - std[70759c8f55707aa4]::panicking::default_hook::{closure#0}
[INFO] [stdout]    4:     0x644610885a69 - std[70759c8f55707aa4]::panicking::default_hook
[INFO] [stdout]    5:     0x6446107d8bc0 - test[9d35eded1c95d3be]::test_main_inner::<test[9d35eded1c95d3be]::test_main_static::{closure#0}>::{closure#0}
[INFO] [stdout]    6:     0x644610885c22 - std[70759c8f55707aa4]::panicking::panic_with_hook
[INFO] [stdout]    7:     0x6446108683c2 - std[70759c8f55707aa4]::panicking::panic_handler::{closure#0}
[INFO] [stdout]    8:     0x644610860cd9 - std[70759c8f55707aa4]::sys::backtrace::__rust_end_short_backtrace::<std[70759c8f55707aa4]::panicking::panic_handler::{closure#0}, !>
[INFO] [stdout]    9:     0x64461086905d - __rustc[8fa7c3cbc660c2b3]::rust_begin_unwind
[INFO] [stdout]   10:     0x6446108a855c - core[df12db4294e9bfd3]::panicking::panic_fmt
[INFO] [stdout]   11:     0x6446108a8332 - core[df12db4294e9bfd3]::result::unwrap_failed
[INFO] [stdout]   12:     0x6446105f290b - rbx_xml[3b734fa320993fe6]::tests::models::two_particleemitters
[INFO] [stdout]   13:     0x6446105d2fb9 - <rbx_xml[3b734fa320993fe6]::tests::models::two_particleemitters::{closure#0} as core[df12db4294e9bfd3]::ops::function::FnOnce<()>>::call_once
[INFO] [stdout]   14:     0x6446107cbeab - test[9d35eded1c95d3be]::__rust_begin_short_backtrace::<core[df12db4294e9bfd3]::result::Result<(), alloc[2182bb758b4b3781]::string::String>, fn() -> core[df12db4294e9bfd3]::result::Result<(), alloc[2182bb758b4b3781]::string::String>>
[INFO] [stdout]   15:     0x6446107d9515 - test[9d35eded1c95d3be]::run_test::{closure#0}
[INFO] [stdout]   16:     0x6446107d2dd4 - std[70759c8f55707aa4]::sys::backtrace::__rust_begin_short_backtrace::<test[9d35eded1c95d3be]::run_test::{closure#1}, ()>
[INFO] [stdout]   17:     0x6446107dc672 - <std[70759c8f55707aa4]::thread::lifecycle::spawn_unchecked<test[9d35eded1c95d3be]::run_test::{closure#1}, ()>::{closure#1} as core[df12db4294e9bfd3]::ops::function::FnOnce<()>>::call_once::{shim:vtable#0}
[INFO] [stdout]   18:     0x64461088ce89 - <std[70759c8f55707aa4]::sys::thread::unix::Thread>::new::thread_start
[INFO] [stdout]   19:     0x7bea4d329dfa - <unknown>
[INFO] [stdout]   20:     0x7bea4d3bd3d4 - clone
[INFO] [stdout]   21:                0x0 - <unknown>
[INFO] [stdout] 
[INFO] [stdout] ---- tests::models::unions stdout ----
[INFO] [stdout] 
[INFO] [stdout] thread 'tests::models::unions' (1221) panicked at src/tests/models.rs:29:1:
[INFO] [stdout] called `Result::unwrap()` on an `Err` value: could not read file because No such file or directory (os error 2)
[INFO] [stdout] stack backtrace:
[INFO] [stdout]    0:     0x64461088de31 - <<std[70759c8f55707aa4]::sys::backtrace::BacktraceLock>::print::DisplayBacktrace as core[df12db4294e9bfd3]::fmt::Display>::fmt
[INFO] [stdout]    1:     0x6446108a7d7a - core[df12db4294e9bfd3]::fmt::write
[INFO] [stdout]    2:     0x644610893bac - <alloc[2182bb758b4b3781]::vec::Vec<u8> as core[df12db4294e9bfd3]::io::write::Write>::write_fmt
[INFO] [stdout]    3:     0x644610868316 - std[70759c8f55707aa4]::panicking::default_hook::{closure#0}
[INFO] [stdout]    4:     0x644610885a69 - std[70759c8f55707aa4]::panicking::default_hook
[INFO] [stdout]    5:     0x6446107d8bc0 - test[9d35eded1c95d3be]::test_main_inner::<test[9d35eded1c95d3be]::test_main_static::{closure#0}>::{closure#0}
[INFO] [stdout]    6:     0x644610885c22 - std[70759c8f55707aa4]::panicking::panic_with_hook
[INFO] [stdout]    7:     0x6446108683c2 - std[70759c8f55707aa4]::panicking::panic_handler::{closure#0}
[INFO] [stdout]    8:     0x644610860cd9 - std[70759c8f55707aa4]::sys::backtrace::__rust_end_short_backtrace::<std[70759c8f55707aa4]::panicking::panic_handler::{closure#0}, !>
[INFO] [stdout]    9:     0x64461086905d - __rustc[8fa7c3cbc660c2b3]::rust_begin_unwind
[INFO] [stdout]   10:     0x6446108a855c - core[df12db4294e9bfd3]::panicking::panic_fmt
[INFO] [stdout]   11:     0x6446108a8332 - core[df12db4294e9bfd3]::result::unwrap_failed
[INFO] [stdout]   12:     0x6446105f470b - rbx_xml[3b734fa320993fe6]::tests::models::unions
[INFO] [stdout]   13:     0x6446105d3199 - <rbx_xml[3b734fa320993fe6]::tests::models::unions::{closure#0} as core[df12db4294e9bfd3]::ops::function::FnOnce<()>>::call_once
[INFO] [stdout]   14:     0x6446107cbeab - test[9d35eded1c95d3be]::__rust_begin_short_backtrace::<core[df12db4294e9bfd3]::result::Result<(), alloc[2182bb758b4b3781]::string::String>, fn() -> core[df12db4294e9bfd3]::result::Result<(), alloc[2182bb758b4b3781]::string::String>>
[INFO] [stdout]   15:     0x6446107d9515 - test[9d35eded1c95d3be]::run_test::{closure#0}
[INFO] [stdout]   16:     0x6446107d2dd4 - std[70759c8f55707aa4]::sys::backtrace::__rust_begin_short_backtrace::<test[9d35eded1c95d3be]::run_test::{closure#1}, ()>
[INFO] [stdout]   17:     0x6446107dc672 - <std[70759c8f55707aa4]::thread::lifecycle::spawn_unchecked<test[9d35eded1c95d3be]::run_test::{closure#1}, ()>::{closure#1} as core[df12db4294e9bfd3]::ops::function::FnOnce<()>>::call_once::{shim:vtable#0}
[INFO] [stdout]   18:     0x64461088ce89 - <std[70759c8f55707aa4]::sys::thread::unix::Thread>::new::thread_start
[INFO] [stdout]   19:     0x7bea4d329dfa - <unknown>
[INFO] [stdout]   20:     0x7bea4d3bd3d4 - clone
[INFO] [stdout]   21:                0x0 - <unknown>
[INFO] [stdout] 
[INFO] [stdout] ---- tests::models::weldconstraint stdout ----
[INFO] [stdout] 
[INFO] [stdout] thread 'tests::models::weldconstraint' (1222) panicked at src/tests/models.rs:29:1:
[INFO] [stdout] called `Result::unwrap()` on an `Err` value: could not read file because No such file or directory (os error 2)
[INFO] [stdout] stack backtrace:
[INFO] [stdout]    0:     0x64461088de31 - <<std[70759c8f55707aa4]::sys::backtrace::BacktraceLock>::print::DisplayBacktrace as core[df12db4294e9bfd3]::fmt::Display>::fmt
[INFO] [stdout]    1:     0x6446108a7d7a - core[df12db4294e9bfd3]::fmt::write
[INFO] [stdout]    2:     0x644610893bac - <alloc[2182bb758b4b3781]::vec::Vec<u8> as core[df12db4294e9bfd3]::io::write::Write>::write_fmt
[INFO] [stdout]    3:     0x644610868316 - std[70759c8f55707aa4]::panicking::default_hook::{closure#0}
[INFO] [stdout]    4:     0x644610885a69 - std[70759c8f55707aa4]::panicking::default_hook
[INFO] [stdout]    5:     0x6446107d8bc0 - test[9d35eded1c95d3be]::test_main_inner::<test[9d35eded1c95d3be]::test_main_static::{closure#0}>::{closure#0}
[INFO] [stdout]    6:     0x644610885c22 - std[70759c8f55707aa4]::panicking::panic_with_hook
[INFO] [stdout]    7:     0x6446108683c2 - std[70759c8f55707aa4]::panicking::panic_handler::{closure#0}
[INFO] [stdout]    8:     0x644610860cd9 - std[70759c8f55707aa4]::sys::backtrace::__rust_end_short_backtrace::<std[70759c8f55707aa4]::panicking::panic_handler::{closure#0}, !>
[INFO] [stdout]    9:     0x64461086905d - __rustc[8fa7c3cbc660c2b3]::rust_begin_unwind
[INFO] [stdout]   10:     0x6446108a855c - core[df12db4294e9bfd3]::panicking::panic_fmt
[INFO] [stdout]   11:     0x6446108a8332 - core[df12db4294e9bfd3]::result::unwrap_failed
[INFO] [stdout]   12:     0x6446105f050b - rbx_xml[3b734fa320993fe6]::tests::models::weldconstraint
[INFO] [stdout]   13:     0x6446105d2d79 - <rbx_xml[3b734fa320993fe6]::tests::models::weldconstraint::{closure#0} as core[df12db4294e9bfd3]::ops::function::FnOnce<()>>::call_once
[INFO] [stdout]   14:     0x6446107cbeab - test[9d35eded1c95d3be]::__rust_begin_short_backtrace::<core[df12db4294e9bfd3]::result::Result<(), alloc[2182bb758b4b3781]::string::String>, fn() -> core[df12db4294e9bfd3]::result::Result<(), alloc[2182bb758b4b3781]::string::String>>
[INFO] [stdout]   15:     0x6446107d9515 - test[9d35eded1c95d3be]::run_test::{closure#0}
[INFO] [stdout]   16:     0x6446107d2dd4 - std[70759c8f55707aa4]::sys::backtrace::__rust_begin_short_backtrace::<test[9d35eded1c95d3be]::run_test::{closure#1}, ()>
[INFO] [stdout]   17:     0x6446107dc672 - <std[70759c8f55707aa4]::thread::lifecycle::spawn_unchecked<test[9d35eded1c95d3be]::run_test::{closure#1}, ()>::{closure#1} as core[df12db4294e9bfd3]::ops::function::FnOnce<()>>::call_once::{shim:vtable#0}
[INFO] [stdout]   18:     0x64461088ce89 - <std[70759c8f55707aa4]::sys::thread::unix::Thread>::new::thread_start
[INFO] [stdout]   19:     0x7bea4d329dfa - <unknown>
[INFO] [stdout]   20:     0x7bea4d3bd3d4 - clone
[INFO] [stdout]   21:                0x0 - <unknown>
[INFO] [stdout] 
[INFO] [stdout] ---- tests::places::baseplate_727_with_tags stdout ----
[INFO] [stdout] 
[INFO] [stdout] thread 'tests::places::baseplate_727_with_tags' (1223) panicked at src/tests/places.rs:29:1:
[INFO] [stdout] called `Result::unwrap()` on an `Err` value: could not read file because No such file or directory (os error 2)
[INFO] [stdout] stack backtrace:
[INFO] [stdout]    0:     0x64461088de31 - <<std[70759c8f55707aa4]::sys::backtrace::BacktraceLock>::print::DisplayBacktrace as core[df12db4294e9bfd3]::fmt::Display>::fmt
[INFO] [stdout]    1:     0x6446108a7d7a - core[df12db4294e9bfd3]::fmt::write
[INFO] [stdout]    2:     0x644610893bac - <alloc[2182bb758b4b3781]::vec::Vec<u8> as core[df12db4294e9bfd3]::io::write::Write>::write_fmt
[INFO] [stdout]    3:     0x644610868316 - std[70759c8f55707aa4]::panicking::default_hook::{closure#0}
[INFO] [stdout]    4:     0x644610885a69 - std[70759c8f55707aa4]::panicking::default_hook
[INFO] [stdout]    5:     0x6446107d8bc0 - test[9d35eded1c95d3be]::test_main_inner::<test[9d35eded1c95d3be]::test_main_static::{closure#0}>::{closure#0}
[INFO] [stdout]    6:     0x644610885c22 - std[70759c8f55707aa4]::panicking::panic_with_hook
[INFO] [stdout]    7:     0x6446108683c2 - std[70759c8f55707aa4]::panicking::panic_handler::{closure#0}
[INFO] [stdout]    8:     0x644610860cd9 - std[70759c8f55707aa4]::sys::backtrace::__rust_end_short_backtrace::<std[70759c8f55707aa4]::panicking::panic_handler::{closure#0}, !>
[INFO] [stdout]    9:     0x64461086905d - __rustc[8fa7c3cbc660c2b3]::rust_begin_unwind
[INFO] [stdout]   10:     0x6446108a855c - core[df12db4294e9bfd3]::panicking::panic_fmt
[INFO] [stdout]   11:     0x6446108a8332 - core[df12db4294e9bfd3]::result::unwrap_failed
[INFO] [stdout]   12:     0x6446105f4b0b - rbx_xml[3b734fa320993fe6]::tests::places::baseplate_727_with_tags
[INFO] [stdout]   13:     0x6446105d31d9 - <rbx_xml[3b734fa320993fe6]::tests::places::baseplate_727_with_tags::{closure#0} as core[df12db4294e9bfd3]::ops::function::FnOnce<()>>::call_once
[INFO] [stdout]   14:     0x6446107cbeab - test[9d35eded1c95d3be]::__rust_begin_short_backtrace::<core[df12db4294e9bfd3]::result::Result<(), alloc[2182bb758b4b3781]::string::String>, fn() -> core[df12db4294e9bfd3]::result::Result<(), alloc[2182bb758b4b3781]::string::String>>
[INFO] [stdout]   15:     0x6446107d9515 - test[9d35eded1c95d3be]::run_test::{closure#0}
[INFO] [stdout]   16:     0x6446107d2dd4 - std[70759c8f55707aa4]::sys::backtrace::__rust_begin_short_backtrace::<test[9d35eded1c95d3be]::run_test::{closure#1}, ()>
[INFO] [stdout]   17:     0x6446107dc672 - <std[70759c8f55707aa4]::thread::lifecycle::spawn_unchecked<test[9d35eded1c95d3be]::run_test::{closure#1}, ()>::{closure#1} as core[df12db4294e9bfd3]::ops::function::FnOnce<()>>::call_once::{shim:vtable#0}
[INFO] [stdout]   18:     0x64461088ce89 - <std[70759c8f55707aa4]::sys::thread::unix::Thread>::new::thread_start
[INFO] [stdout]   19:     0x7bea4d329dfa - <unknown>
[INFO] [stdout]   20:     0x7bea4d3bd3d4 - clone
[INFO] [stdout]   21:                0x0 - <unknown>
[INFO] [stdout] 
[INFO] [stdout] ---- tests::models::two_imagebuttons stdout ----
[INFO] [stdout] 
[INFO] [stdout] thread 'tests::models::two_imagebuttons' (1217) panicked at src/tests/models.rs:29:1:
[INFO] [stdout] called `Result::unwrap()` on an `Err` value: could not read file because No such file or directory (os error 2)
[INFO] [stdout] stack backtrace:
[INFO] [stdout]    0:     0x64461088de31 - <<std[70759c8f55707aa4]::sys::backtrace::BacktraceLock>::print::DisplayBacktrace as core[df12db4294e9bfd3]::fmt::Display>::fmt
[INFO] [stdout]    1:     0x6446108a7d7a - core[df12db4294e9bfd3]::fmt::write
[INFO] [stdout]    2:     0x644610893bac - <alloc[2182bb758b4b3781]::vec::Vec<u8> as core[df12db4294e9bfd3]::io::write::Write>::write_fmt
[INFO] [stdout]    3:     0x644610868316 - std[70759c8f55707aa4]::panicking::default_hook::{closure#0}
[INFO] [stdout]    4:     0x644610885a69 - std[70759c8f55707aa4]::panicking::default_hook
[INFO] [stdout]    5:     0x6446107d8bc0 - test[9d35eded1c95d3be]::test_main_inner::<test[9d35eded1c95d3be]::test_main_static::{closure#0}>::{closure#0}
[INFO] [stdout]    6:     0x644610885c22 - std[70759c8f55707aa4]::panicking::panic_with_hook
[INFO] [stdout]    7:     0x6446108683c2 - std[70759c8f55707aa4]::panicking::panic_handler::{closure#0}
[INFO] [stdout]    8:     0x644610860cd9 - std[70759c8f55707aa4]::sys::backtrace::__rust_end_short_backtrace::<std[70759c8f55707aa4]::panicking::panic_handler::{closure#0}, !>
[INFO] [stdout]    9:     0x64461086905d - __rustc[8fa7c3cbc660c2b3]::rust_begin_unwind
[INFO] [stdout]   10:     0x6446108a855c - core[df12db4294e9bfd3]::panicking::panic_fmt
[INFO] [stdout]   11:     0x6446108a8332 - core[df12db4294e9bfd3]::result::unwrap_failed
[INFO] [stdout]   12:     0x6446105f0f0b - rbx_xml[3b734fa320993fe6]::tests::models::two_imagebuttons
[INFO] [stdout]   13:     0x6446105d2e19 - <rbx_xml[3b734fa320993fe6]::tests::models::two_imagebuttons::{closure#0} as core[df12db4294e9bfd3]::ops::function::FnOnce<()>>::call_once
[INFO] [stdout]   14:     0x6446107cbeab - test[9d35eded1c95d3be]::__rust_begin_short_backtrace::<core[df12db4294e9bfd3]::result::Result<(), alloc[2182bb758b4b3781]::string::String>, fn() -> core[df12db4294e9bfd3]::result::Result<(), alloc[2182bb758b4b3781]::string::String>>
[INFO] [stdout]   15:     0x6446107d9515 - test[9d35eded1c95d3be]::run_test::{closure#0}
[INFO] [stdout]   16:     0x6446107d2dd4 - std[70759c8f55707aa4]::sys::backtrace::__rust_begin_short_backtrace::<test[9d35eded1c95d3be]::run_test::{closure#1}, ()>
[INFO] [stdout]   17:     0x6446107dc672 - <std[70759c8f55707aa4]::thread::lifecycle::spawn_unchecked<test[9d35eded1c95d3be]::run_test::{closure#1}, ()>::{closure#1} as core[df12db4294e9bfd3]::ops::function::FnOnce<()>>::call_once::{shim:vtable#0}
[INFO] [stdout]   18:     0x64461088ce89 - <std[70759c8f55707aa4]::sys::thread::unix::Thread>::new::thread_start
[INFO] [stdout]   19:     0x7bea4d329dfa - <unknown>
[INFO] [stdout]   20:     0x7bea4d3bd3d4 - clone
[INFO] [stdout]   21:                0x0 - <unknown>
[INFO] [stdout] 
[INFO] [stdout] ---- tests::models::folder_with_cframe_attributes stdout ----
[INFO] [stdout] 
[INFO] [stdout] thread 'tests::models::folder_with_cframe_attributes' (1185) panicked at src/tests/models.rs:29:1:
[INFO] [stdout] called `Result::unwrap()` on an `Err` value: could not read file because No such file or directory (os error 2)
[INFO] [stdout] stack backtrace:
[INFO] [stdout]    0:     0x64461088de31 - <<std[70759c8f55707aa4]::sys::backtrace::BacktraceLock>::print::DisplayBacktrace as core[df12db4294e9bfd3]::fmt::Display>::fmt
[INFO] [stdout]    1:     0x6446108a7d7a - core[df12db4294e9bfd3]::fmt::write
[INFO] [stdout]    2:     0x644610893bac - <alloc[2182bb758b4b3781]::vec::Vec<u8> as core[df12db4294e9bfd3]::io::write::Write>::write_fmt
[INFO] [stdout]    3:     0x644610868316 - std[70759c8f55707aa4]::panicking::default_hook::{closure#0}
[INFO] [stdout]    4:     0x644610885a69 - std[70759c8f55707aa4]::panicking::default_hook
[INFO] [stdout]    5:     0x6446107d8bc0 - test[9d35eded1c95d3be]::test_main_inner::<test[9d35eded1c95d3be]::test_main_static::{closure#0}>::{closure#0}
[INFO] [stdout]    6:     0x644610885c22 - std[70759c8f55707aa4]::panicking::panic_with_hook
[INFO] [stdout]    7:     0x6446108683c2 - std[70759c8f55707aa4]::panicking::panic_handler::{closure#0}
[INFO] [stdout]    8:     0x644610860cd9 - std[70759c8f55707aa4]::sys::backtrace::__rust_end_short_backtrace::<std[70759c8f55707aa4]::panicking::panic_handler::{closure#0}, !>
[INFO] [stdout]    9:     0x64461086905d - __rustc[8fa7c3cbc660c2b3]::rust_begin_unwind
[INFO] [stdout]   10:     0x6446108a855c - core[df12db4294e9bfd3]::panicking::panic_fmt
[INFO] [stdout]   11:     0x6446108a8332 - core[df12db4294e9bfd3]::result::unwrap_failed
[INFO] [stdout]   12:     0x6446105f370b - rbx_xml[3b734fa320993fe6]::tests::models::folder_with_cframe_attributes
[INFO] [stdout]   13:     0x6446105d3099 - <rbx_xml[3b734fa320993fe6]::tests::models::folder_with_cframe_attributes::{closure#0} as core[df12db4294e9bfd3]::ops::function::FnOnce<()>>::call_once
[INFO] [stdout]   14:     0x6446107cbeab - test[9d35eded1c95d3be]::__rust_begin_short_backtrace::<core[df12db4294e9bfd3]::result::Result<(), alloc[2182bb758b4b3781]::string::String>, fn() -> core[df12db4294e9bfd3]::result::Result<(), alloc[2182bb758b4b3781]::string::String>>
[INFO] [stdout]   15:     0x6446107d9515 - test[9d35eded1c95d3be]::run_test::{closure#0}
[INFO] [stdout]   16:     0x6446107d2dd4 - std[70759c8f55707aa4]::sys::backtrace::__rust_begin_short_backtrace::<test[9d35eded1c95d3be]::run_test::{closure#1}, ()>
[INFO] [stdout]   17:     0x6446107dc672 - <std[70759c8f55707aa4]::thread::lifecycle::spawn_unchecked<test[9d35eded1c95d3be]::run_test::{closure#1}, ()>::{closure#1} as core[df12db4294e9bfd3]::ops::function::FnOnce<()>>::call_once::{shim:vtable#0}
[INFO] [stdout]   18:     0x64461088ce89 - <std[70759c8f55707aa4]::sys::thread::unix::Thread>::new::thread_start
[INFO] [stdout]   19:     0x7bea4d329dfa - <unknown>
[INFO] [stdout]   20:     0x7bea4d3bd3d4 - clone
[INFO] [stdout]   21:                0x0 - <unknown>
[INFO] [stdout] 
[INFO] [stdout] ---- tests::models::three_intvalues stdout ----
[INFO] [stdout] 
[INFO] [stdout] thread 'tests::models::three_intvalues' (1208) panicked at src/tests/models.rs:29:1:
[INFO] [stdout] called `Result::unwrap()` on an `Err` value: could not read file because No such file or directory (os error 2)
[INFO] [stdout] stack backtrace:
[INFO] [stdout]    0:     0x64461088de31 - <<std[70759c8f55707aa4]::sys::backtrace::BacktraceLock>::print::DisplayBacktrace as core[df12db4294e9bfd3]::fmt::Display>::fmt
[INFO] [stdout]    1:     0x6446108a7d7a - core[df12db4294e9bfd3]::fmt::write
[INFO] [stdout]    2:     0x644610893bac - <alloc[2182bb758b4b3781]::vec::Vec<u8> as core[df12db4294e9bfd3]::io::write::Write>::write_fmt
[INFO] [stdout]    3:     0x644610868316 - std[70759c8f55707aa4]::panicking::default_hook::{closure#0}
[INFO] [stdout]    4:     0x644610885a69 - std[70759c8f55707aa4]::panicking::default_hook
[INFO] [stdout]    5:     0x6446107d8bc0 - test[9d35eded1c95d3be]::test_main_inner::<test[9d35eded1c95d3be]::test_main_static::{closure#0}>::{closure#0}
[INFO] [stdout]    6:     0x644610885c22 - std[70759c8f55707aa4]::panicking::panic_with_hook
[INFO] [stdout]    7:     0x6446108683c2 - std[70759c8f55707aa4]::panicking::panic_handler::{closure#0}
[INFO] [stdout]    8:     0x644610860cd9 - std[70759c8f55707aa4]::sys::backtrace::__rust_end_short_backtrace::<std[70759c8f55707aa4]::panicking::panic_handler::{closure#0}, !>
[INFO] [stdout]    9:     0x64461086905d - __rustc[8fa7c3cbc660c2b3]::rust_begin_unwind
[INFO] [stdout]   10:     0x6446108a855c - core[df12db4294e9bfd3]::panicking::panic_fmt
[INFO] [stdout]   11:     0x6446108a8332 - core[df12db4294e9bfd3]::result::unwrap_failed
[INFO] [stdout]   12:     0x6446105f090b - rbx_xml[3b734fa320993fe6]::tests::models::three_intvalues
[INFO] [stdout]   13:     0x6446105d2db9 - <rbx_xml[3b734fa320993fe6]::tests::models::three_intvalues::{closure#0} as core[df12db4294e9bfd3]::ops::function::FnOnce<()>>::call_once
[INFO] [stdout]   14:     0x6446107cbeab - test[9d35eded1c95d3be]::__rust_begin_short_backtrace::<core[df12db4294e9bfd3]::result::Result<(), alloc[2182bb758b4b3781]::string::String>, fn() -> core[df12db4294e9bfd3]::result::Result<(), alloc[2182bb758b4b3781]::string::String>>
[INFO] [stdout]   15:     0x6446107d9515 - test[9d35eded1c95d3be]::run_test::{closure#0}
[INFO] [stdout]   16:     0x6446107d2dd4 - std[70759c8f55707aa4]::sys::backtrace::__rust_begin_short_backtrace::<test[9d35eded1c95d3be]::run_test::{closure#1}, ()>
[INFO] [stdout]   17:     0x6446107dc672 - <std[70759c8f55707aa4]::thread::lifecycle::spawn_unchecked<test[9d35eded1c95d3be]::run_test::{closure#1}, ()>::{closure#1} as core[df12db4294e9bfd3]::ops::function::FnOnce<()>>::call_once::{shim:vtable#0}
[INFO] [stdout]   18:     0x64461088ce89 - <std[70759c8f55707aa4]::sys::thread::unix::Thread>::new::thread_start
[INFO] [stdout]   19:     0x7bea4d329dfa - <unknown>
[INFO] [stdout]   20:     0x7bea4d3bd3d4 - clone
[INFO] [stdout]   21:                0x0 - <unknown>
[INFO] [stdout] 
[INFO] [stdout] 
[INFO] [stdout] failures:
[INFO] [stdout]     tests::edge_cases::empty_font
[INFO] [stdout]     tests::edge_cases::xml_unknown_type
[INFO] [stdout]     tests::models::attributes
[INFO] [stdout]     tests::models::axes
[INFO] [stdout]     tests::models::bloomeffect
[INFO] [stdout]     tests::models::cframe_case_mixture
[INFO] [stdout]     tests::models::content_mixed
[INFO] [stdout]     tests::models::default_inserted_folder
[INFO] [stdout]     tests::models::default_inserted_modulescript
[INFO] [stdout]     tests::models::faces
[INFO] [stdout]     tests::models::folder_with_cframe_attributes
[INFO] [stdout]     tests::models::folder_with_enum_attribute
[INFO] [stdout]     tests::models::folder_with_font_attribute
[INFO] [stdout]     tests::models::funny_numbervalue
[INFO] [stdout]     tests::models::funny_uipadding
[INFO] [stdout]     tests::models::gui_inset_and_font_migration
[INFO] [stdout]     tests::models::imagelabel_content
[INFO] [stdout]     tests::models::lighting_with_int32_attribute
[INFO] [stdout]     tests::models::netassetref
[INFO] [stdout]     tests::models::number_values_with_security_capabilities
[INFO] [stdout]     tests::models::optionalcoordinateframe_models
[INFO] [stdout]     tests::models::package_link
[INFO] [stdout]     tests::models::physical_properties_acoustics
[INFO] [stdout]     tests::models::ref_adjacent
[INFO] [stdout]     tests::models::ref_child
[INFO] [stdout]     tests::models::ref_parent
[INFO] [stdout]     tests::models::sharedstring
[INFO] [stdout]     tests::models::stylesheet
[INFO] [stdout]     tests::models::tags
[INFO] [stdout]     tests::models::text_label_with_font
[INFO] [stdout]     tests::models::three_beams
[INFO] [stdout]     tests::models::three_brickcolorvalues
[INFO] [stdout]     tests::models::three_color3values
[INFO] [stdout]     tests::models::three_intvalues
[INFO] [stdout]     tests::models::three_nested_folders
[INFO] [stdout]     tests::models::three_screengui
[INFO] [stdout]     tests::models::three_uigradients
[INFO] [stdout]     tests::models::three_uigridlayouts
[INFO] [stdout]     tests::models::three_unique_frames
[INFO] [stdout]     tests::models::three_unique_parts
[INFO] [stdout]     tests::models::three_vector3values
[INFO] [stdout]     tests::models::two_cframevalues
[INFO] [stdout]     tests::models::two_imagebuttons
[INFO] [stdout]     tests::models::two_particleemitters
[INFO] [stdout]     tests::models::two_ray_values
[INFO] [stdout]     tests::models::two_terrainregions
[INFO] [stdout]     tests::models::unions
[INFO] [stdout]     tests::models::weldconstraint
[INFO] [stdout]     tests::places::baseplate_727_with_tags
[INFO] [stdout] 
[INFO] [stdout] test result: FAILED. 90 passed; 49 failed; 0 ignored; 0 measured; 0 filtered out; finished in 0.16s
[INFO] [stdout] 
[INFO] running `Command { std: "docker" "inspect" "a17fa14542963a300d9ee8f971eaeab11a3ca06b25bfbb0318449bda866fd141", kill_on_drop: false }`
[INFO] running `Command { std: "docker" "rm" "-f" "a17fa14542963a300d9ee8f971eaeab11a3ca06b25bfbb0318449bda866fd141", kill_on_drop: false }`
[INFO] [stdout] a17fa14542963a300d9ee8f971eaeab11a3ca06b25bfbb0318449bda866fd141
